24.197.4.214 - - [06/Jan/2008:14:24:41 -0800] "www.modestolan.com: GET /~twentydead/laptop/P1030436.JPG HTTP/1.1" 200 579544 "http://www.modestolan.com/~twentydead/laptop/" "Mozilla/5.0 (Windows; U; Windows NT 6.0; en-US; rv:1.9b2) Gecko/2007121120 Firefox/3.0b2"
24.197.4.214 - - [06/Jan/2008:14:24:44 -0800] "www.modestolan.com: GET /~twentydead/laptop/P1030437.JPG HTTP/1.1" 200 517669 "http://www.modestolan.com/~twentydead/laptop/" "Mozilla/5.0 (Windows; U; Windows NT 6.0; en-US; rv:1.9b2) Gecko/2007121120 Firefox/3.0b2"
66.249.70.51 - - [06/Jan/2008:14:24:45 -0800] "www.modestolan.com: GET /vb/calendar.php?do=add&c=2&day=2006-12-6 HTTP/1.1" 200 6383 "-" "Mozilla/5.0 (compatible; Googlebot/2.1; +http://www.google.com/bot.html)"
24.197.4.214 - - [06/Jan/2008:14:24:47 -0800] "www.modestolan.com: GET /~twentydead/laptop/P1030442.JPG HTTP/1.1" 200 506938 "http://www.modestolan.com/~twentydead/laptop/" "Mozilla/5.0 (Windows; U; Windows NT 6.0; en-US; rv:1.9b2) Gecko/2007121120 Firefox/3.0b2"
66.249.70.51 - - [06/Jan/2008:14:24:49 -0800] "www.modestolan.com: GET /vb/showthread.php?t=4224 HTTP/1.1" 200 11096 "-" "Mozilla/5.0 (compatible; Googlebot/2.1; +http://www.google.com/bot.html)"
24.197.4.214 - - [06/Jan/2008:14:24:50 -0800] "www.modestolan.com: GET /~twentydead/volvo.jpg HTTP/1.1" 200 50051 "http://www.modestolan.com/~twentydead/" "Mozilla/5.0 (Windows; U; Windows NT 6.0; en-US; rv:1.9b2) Gecko/2007121120 Firefox/3.0b2"
66.249.70.51 - - [06/Jan/2008:14:24:52 -0800] "www.modestolan.com: GET /vb/calendar.php?do=add&c=2&day=2006-4-15 HTTP/1.1" 200 6383 "-" "Mozilla/5.0 (compatible; Googlebot/2.1; +http://www.google.com/bot.html)"
24.197.4.214 - - [06/Jan/2008:14:24:59 -0800] "www.modestolan.com: GET /~twentydead/ubuntu.JPG HTTP/1.1" 200 516736 "http://www.modestolan.com/~twentydead/" "Mozilla/5.0 (Windows; U; Windows NT 6.0; en-US; rv:1.9b2) Gecko/2007121120 Firefox/3.0b2"
66.249.70.51 - - [06/Jan/2008:14:25:00 -0800] "www.modestolan.com: GET /vb/calendar.php?do=add&c=2&day=2006-11-3 HTTP/1.1" 200 6380 "-" "Mozilla/5.0 (compatible; Googlebot/2.1; +http://www.google.com/bot.html)"
24.197.4.214 - - [06/Jan/2008:14:25:03 -0800] "www.modestolan.com: GET /~twentydead/truck/ HTTP/1.1" 200 2546 "http://www.modestolan.com/~twentydead/" "Mozilla/5.0 (Windows; U; Windows NT 6.0; en-US; rv:1.9b2) Gecko/2007121120 Firefox/3.0b2"
24.197.4.214 - - [06/Jan/2008:14:25:07 -0800] "www.modestolan.com: GET /~twentydead/truck/P1030474.JPG HTTP/1.1" 200 1168922 "http://www.modestolan.com/~twentydead/truck/" "Mozilla/5.0 (Windows; U; Windows NT 6.0; en-US; rv:1.9b2) Gecko/2007121120 Firefox/3.0b2"
66.249.70.51 - - [06/Jan/2008:14:25:08 -0800] "www.modestolan.com: GET /vb/calendar.php?do=add&c=2&day=2006-12-7 HTTP/1.1" 200 6383 "-" "Mozilla/5.0 (compatible; Googlebot/2.1; +http://www.google.com/bot.html)"
24.197.4.214 - - [06/Jan/2008:14:25:09 -0800] "www.modestolan.com: GET /~twentydead/truck/P1030487.JPG HTTP/1.1" 200 495521 "http://www.modestolan.com/~twentydead/truck/" "Mozilla/5.0 (Windows; U; Windows NT 6.0; en-US; rv:1.9b2) Gecko/2007121120 Firefox/3.0b2"
24.197.4.214 - - [06/Jan/2008:14:25:14 -0800] "www.modestolan.com: GET /~twentydead/truck/P1030489.JPG HTTP/1.1" 200 539049 "http://www.modestolan.com/~twentydead/truck/" "Mozilla/5.0 (Windows; U; Windows NT 6.0; en-US; rv:1.9b2) Gecko/2007121120 Firefox/3.0b2"
66.249.70.51 - - [06/Jan/2008:14:25:15 -0800] "www.modestolan.com: GET /vb/calendar.php?do=add&c=2&day=2006-1-17 HTTP/1.1" 200 6383 "-" "Mozilla/5.0 (compatible; Googlebot/2.1; +http://www.google.com/bot.html)"
24.197.4.214 - - [06/Jan/2008:14:25:19 -0800] "www.modestolan.com: GET /~twentydead/truck/P1030491.JPG HTTP/1.1" 200 1141249 "http://www.modestolan.com/~twentydead/truck/" "Mozilla/5.0 (Windows; U; Windows NT 6.0; en-US; rv:1.9b2) Gecko/2007121120 Firefox/3.0b2"
24.197.4.214 - - [06/Jan/2008:14:25:22 -0800] "www.modestolan.com: GET /~twentydead/truck/P1030494.JPG HTTP/1.1" 200 421423 "http://www.modestolan.com/~twentydead/truck/" "Mozilla/5.0 (Windows; U; Windows NT 6.0; en-US; rv:1.9b2) Gecko/2007121120 Firefox/3.0b2"
66.249.70.51 - - [06/Jan/2008:14:25:23 -0800] "www.modestolan.com: GET /vb/calendar.php?do=add&c=2&day=2006-10-15 HTTP/1.1" 200 6384 "-" "Mozilla/5.0 (compatible; Googlebot/2.1; +http://www.google.com/bot.html)"
24.197.4.214 - - [06/Jan/2008:14:25:26 -0800] "www.modestolan.com: GET /~twentydead/truck/P1030495.JPG HTTP/1.1" 200 566334 "http://www.modestolan.com/~twentydead/truck/" "Mozilla/5.0 (Windows; U; Windows NT 6.0; en-US; rv:1.9b2) Gecko/2007121120 Firefox/3.0b2"
66.249.70.51 - - [06/Jan/2008:14:25:31 -0800] "www.modestolan.com: GET /vb/calendar.php?do=add&c=2&day=2006-10-23 HTTP/1.1" 200 6384 "-" "Mozilla/5.0 (compatible; Googlebot/2.1; +http://www.google.com/bot.html)"
24.197.4.214 - - [06/Jan/2008:14:25:31 -0800] "www.modestolan.com: GET /~twentydead/trans.jpg HTTP/1.1" 200 275924 "http://www.modestolan.com/~twentydead/" "Mozilla/5.0 (Windows; U; Windows NT 6.0; en-US; rv:1.9b2) Gecko/2007121120 Firefox/3.0b2"
24.197.4.214 - - [06/Jan/2008:14:25:38 -0800] "www.modestolan.com: GET /~twentydead/gutiarhero.JPG HTTP/1.1" 200 1060038 "http://www.modestolan.com/~twentydead/" "Mozilla/5.0 (Windows; U; Windows NT 6.0; en-US; rv:1.9b2) Gecko/2007121120 Firefox/3.0b2"
66.249.70.51 - - [06/Jan/2008:14:25:39 -0800] "www.modestolan.com: GET /vb/calendar.php?do=add&c=2&day=2006-4-13 HTTP/1.1" 200 6382 "-" "Mozilla/5.0 (compatible; Googlebot/2.1; +http://www.google.com/bot.html)"
66.249.70.51 - - [06/Jan/2008:14:25:46 -0800] "www.modestolan.com: GET /vb/calendar.php?do=add&c=2&day=2006-12-30 HTTP/1.1" 200 6385 "-" "Mozilla/5.0 (compatible; Googlebot/2.1; +http://www.google.com/bot.html)"
82.99.30.9 - - [06/Jan/2008:14:25:49 -0800] "www.modestolan.com: GET /vb/index.php?s=052f59334c6850fc254456ead467f88e HTTP/1.0" 200 32244 "-" "Mozilla/4.0 (compatible; MSIE 6.0; Windows NT 5.1)"
24.197.4.214 - - [06/Jan/2008:14:25:50 -0800] "www.modestolan.com: GET /~twentydead/guitar.jpg HTTP/1.1" 200 96998 "http://www.modestolan.com/~twentydead/" "Mozilla/5.0 (Windows; U; Windows NT 6.0; en-US; rv:1.9b2) Gecko/2007121120 Firefox/3.0b2"
66.249.70.51 - - [06/Jan/2008:14:25:54 -0800] "www.modestolan.com: GET /vb/calendar.php?do=add&c=2&day=2006-2-22 HTTP/1.1" 200 6381 "-" "Mozilla/5.0 (compatible; Googlebot/2.1; +http://www.google.com/bot.html)"
74.6.26.109 - - [06/Jan/2008:14:25:58 -0800] "www.modestolan.com: GET /vb/archive/index.php/t-4671.html HTTP/1.0" 200 2469 "-" "Mozilla/5.0 (compatible; Yahoo! Slurp; http://help.yahoo.com/help/us/ysearch/slurp)"
66.249.70.51 - - [06/Jan/2008:14:26:02 -0800] "www.modestolan.com: GET /vb/calendar.php?do=add&c=2&day=2006-10-1 HTTP/1.1" 200 6383 "-" "Mozilla/5.0 (compatible; Googlebot/2.1; +http://www.google.com/bot.html)"
24.197.4.214 - - [06/Jan/2008:14:26:05 -0800] "www.modestolan.com: GET /~twentydead/desk1.JPG HTTP/1.1" 200 591710 "http://www.modestolan.com/~twentydead/" "Mozilla/5.0 (Windows; U; Windows NT 6.0; en-US; rv:1.9b2) Gecko/2007121120 Firefox/3.0b2"
66.249.70.51 - - [06/Jan/2008:14:26:09 -0800] "www.modestolan.com: GET /vb/calendar.php?do=add&c=2&day=2006-11-16 HTTP/1.1" 200 6382 "-" "Mozilla/5.0 (compatible; Googlebot/2.1; +http://www.google.com/bot.html)"
24.197.4.214 - - [06/Jan/2008:14:26:12 -0800] "www.modestolan.com: GET /~twentydead/desk2.JPG HTTP/1.1" 200 1145276 "http://www.modestolan.com/~twentydead/" "Mozilla/5.0 (Windows; U; Windows NT 6.0; en-US; rv:1.9b2) Gecko/2007121120 Firefox/3.0b2"
66.249.70.51 - - [06/Jan/2008:14:26:17 -0800] "www.modestolan.com: GET /vb/calendar.php?do=add&c=2&day=2006-11-2 HTTP/1.1" 200 6381 "-" "Mozilla/5.0 (compatible; Googlebot/2.1; +http://www.google.com/bot.html)"
24.197.4.214 - - [06/Jan/2008:14:26:21 -0800] "www.modestolan.com: GET /~twentydead/Spider/ HTTP/1.1" 200 1629 "http://www.modestolan.com/~twentydead/" "Mozilla/5.0 (Windows; U; Windows NT 6.0; en-US; rv:1.9b2) Gecko/2007121120 Firefox/3.0b2"
24.197.4.214 - - [06/Jan/2008:14:26:24 -0800] "www.modestolan.com: GET /~twentydead/Spider/P1040390.JPG HTTP/1.1" 200 970874 "http://www.modestolan.com/~twentydead/Spider/" "Mozilla/5.0 (Windows; U; Windows NT 6.0; en-US; rv:1.9b2) Gecko/2007121120 Firefox/3.0b2"
66.249.70.51 - - [06/Jan/2008:14:26:25 -0800] "www.modestolan.com: GET /vb/calendar.php?do=add&c=2&day=2006-11-15 HTTP/1.1" 200 6383 "-" "Mozilla/5.0 (compatible; Googlebot/2.1; +http://www.google.com/bot.html)"
24.197.4.214 - - [06/Jan/2008:14:26:28 -0800] "www.modestolan.com: GET /~twentydead/Spider/P1040391.JPG HTTP/1.1" 200 1064470 "http://www.modestolan.com/~twentydead/Spider/" "Mozilla/5.0 (Windows; U; Windows NT 6.0; en-US; rv:1.9b2) Gecko/2007121120 Firefox/3.0b2"
24.197.4.214 - - [06/Jan/2008:14:26:31 -0800] "www.modestolan.com: GET /~twentydead/Spider/P1040393.JPG HTTP/1.1" 200 1055586 "http://www.modestolan.com/~twentydead/Spider/" "Mozilla/5.0 (Windows; U; Windows NT 6.0; en-US; rv:1.9b2) Gecko/2007121120 Firefox/3.0b2"
66.249.70.51 - - [06/Jan/2008:14:26:32 -0800] "www.modestolan.com: GET /vb/calendar.php?do=add&c=2&day=2006-2-21 HTTP/1.1" 200 6380 "-" "Mozilla/5.0 (compatible; Googlebot/2.1; +http://www.google.com/bot.html)"
24.197.4.214 - - [06/Jan/2008:14:26:34 -0800] "www.modestolan.com: GET /~twentydead/Spider/P1040395.JPG HTTP/1.1" 200 1118961 "http://www.modestolan.com/~twentydead/Spider/" "Mozilla/5.0 (Windows; U; Windows NT 6.0; en-US; rv:1.9b2) Gecko/2007121120 Firefox/3.0b2"
24.197.4.214 - - [06/Jan/2008:14:26:37 -0800] "www.modestolan.com: GET /~twentydead/Shitbox/ HTTP/1.1" 200 1893 "http://www.modestolan.com/~twentydead/" "Mozilla/5.0 (Windows; U; Windows NT 6.0; en-US; rv:1.9b2) Gecko/2007121120 Firefox/3.0b2"
24.197.4.214 - - [06/Jan/2008:14:26:38 -0800] "www.modestolan.com: GET /~twentydead/Screenshot.png HTTP/1.1" 403 354 "http://www.modestolan.com/~twentydead/" "Mozilla/5.0 (Windows; U; Windows NT 6.0; en-US; rv:1.9b2) Gecko/2007121120 Firefox/3.0b2"
24.197.4.214 - - [06/Jan/2008:14:26:39 -0800] "www.modestolan.com: GET /~twentydead/Scratch/ HTTP/1.1" 200 1631 "http://www.modestolan.com/~twentydead/" "Mozilla/5.0 (Windows; U; Windows NT 6.0; en-US; rv:1.9b2) Gecko/2007121120 Firefox/3.0b2"
66.249.70.51 - - [06/Jan/2008:14:26:40 -0800] "www.modestolan.com: GET /vb/calendar.php?do=add&c=2&day=2006-6-20 HTTP/1.1" 200 6383 "-" "Mozilla/5.0 (compatible; Googlebot/2.1; +http://www.google.com/bot.html)"
24.197.4.214 - - [06/Jan/2008:14:26:42 -0800] "www.modestolan.com: GET /~twentydead/Scratch/P1040383.JPG HTTP/1.1" 200 1122575 "http://www.modestolan.com/~twentydead/Scratch/" "Mozilla/5.0 (Windows; U; Windows NT 6.0; en-US; rv:1.9b2) Gecko/2007121120 Firefox/3.0b2"
24.197.4.214 - - [06/Jan/2008:14:26:46 -0800] "www.modestolan.com: GET /~twentydead/Scratch/P1040384.JPG HTTP/1.1" 200 1119513 "http://www.modestolan.com/~twentydead/Scratch/" "Mozilla/5.0 (Windows; U; Windows NT 6.0; en-US; rv:1.9b2) Gecko/2007121120 Firefox/3.0b2"
66.249.70.51 - - [06/Jan/2008:14:26:48 -0800] "www.modestolan.com: GET /vb/calendar.php?do=add&c=2&day=2006-1-23 HTTP/1.1" 200 6383 "-" "Mozilla/5.0 (compatible; Googlebot/2.1; +http://www.google.com/bot.html)"
24.197.4.214 - - [06/Jan/2008:14:26:50 -0800] "www.modestolan.com: GET /~twentydead/P1030978.JPG HTTP/1.1" 200 1033263 "http://www.modestolan.com/~twentydead/" "Mozilla/5.0 (Windows; U; Windows NT 6.0; en-US; rv:1.9b2) Gecko/2007121120 Firefox/3.0b2"
24.197.4.214 - - [06/Jan/2008:14:26:54 -0800] "www.modestolan.com: GET /~twentydead/P1030304.JPG HTTP/1.1" 200 1111062 "http://www.modestolan.com/~twentydead/" "Mozilla/5.0 (Windows; U; Windows NT 6.0; en-US; rv:1.9b2) Gecko/2007121120 Firefox/3.0b2"
66.249.70.51 - - [06/Jan/2008:14:26:56 -0800] "www.modestolan.com: GET /vb/calendar.php?do=add&c=2&day=2006-9-25 HTTP/1.1" 200 6381 "-" "Mozilla/5.0 (compatible; Googlebot/2.1; +http://www.google.com/bot.html)"
24.197.4.214 - - [06/Jan/2008:14:26:59 -0800] "www.modestolan.com: GET /~twentydead/Mobo/ HTTP/1.1" 200 1234 "http://www.modestolan.com/~twentydead/" "Mozilla/5.0 (Windows; U; Windows NT 6.0; en-US; rv:1.9b2) Gecko/2007121120 Firefox/3.0b2"
24.197.4.214 - - [06/Jan/2008:14:27:02 -0800] "www.modestolan.com: GET /~twentydead/Mobo/P1040413.JPG HTTP/1.1" 200 1194315 "http://www.modestolan.com/~twentydead/Mobo/" "Mozilla/5.0 (Windows; U; Windows NT 6.0; en-US; rv:1.9b2) Gecko/2007121120 Firefox/3.0b2"
66.249.70.51 - - [06/Jan/2008:14:27:03 -0800] "www.modestolan.com: GET /vb/calendar.php?do=add&c=2&day=2006-2-2 HTTP/1.1" 200 6380 "-" "Mozilla/5.0 (compatible; Googlebot/2.1; +http://www.google.com/bot.html)"
24.197.4.214 - - [06/Jan/2008:14:27:05 -0800] "www.modestolan.com: GET /~twentydead/1172208573143.jpg HTTP/1.1" 200 36846 "http://www.modestolan.com/~twentydead/" "Mozilla/5.0 (Windows; U; Windows NT 6.0; en-US; rv:1.9b2) Gecko/2007121120 Firefox/3.0b2"
66.249.70.51 - - [06/Jan/2008:14:27:06 -0800] "www.modestolan.com: GET /vb/memberlist.php HTTP/1.1" 200 7869 "-" "Mozilla/5.0 (compatible; Googlebot/2.1; +http://www.google.com/bot.html)"
66.249.70.51 - - [06/Jan/2008:14:27:33 -0800] "www.modestolan.com: GET /vb/calendar.php?do=add&c=2&day=2006-7-22 HTTP/1.1" 200 6381 "-" "Mozilla/5.0 (compatible; Googlebot/2.1; +http://www.google.com/bot.html)"
74.6.27.120 - - [06/Jan/2008:14:27:49 -0800] "www.modestolan.com: GET /vb/archive/index.php/t-5429.html HTTP/1.0" 200 3435 "-" "Mozilla/5.0 (compatible; Yahoo! Slurp; http://help.yahoo.com/help/us/ysearch/slurp)"
66.249.70.51 - - [06/Jan/2008:14:28:02 -0800] "www.modestolan.com: GET /vb/calendar.php?do=add&c=2&day=2006-12-12 HTTP/1.1" 200 6382 "-" "Mozilla/5.0 (compatible; Googlebot/2.1; +http://www.google.com/bot.html)"
74.6.25.214 - - [06/Jan/2008:14:28:25 -0800] "www.modestolan.com: GET /vb/member.php?u=7 HTTP/1.0" 200 6450 "-" "Mozilla/5.0 (compatible; Yahoo! Slurp; http://help.yahoo.com/help/us/ysearch/slurp)"
66.249.70.51 - - [06/Jan/2008:14:28:31 -0800] "www.modestolan.com: GET /vb/calendar.php?do=add&c=2&day=2006-6-3 HTTP/1.1" 200 6380 "-" "Mozilla/5.0 (compatible; Googlebot/2.1; +http://www.google.com/bot.html)"
66.249.70.51 - - [06/Jan/2008:14:29:00 -0800] "www.modestolan.com: GET /vb/calendar.php?do=add&c=2&day=2006-2-27 HTTP/1.1" 200 6382 "-" "Mozilla/5.0 (compatible; Googlebot/2.1; +http://www.google.com/bot.html)"
74.6.7.114 - - [06/Jan/2008:14:29:20 -0800] "www.modestolan.com: GET /vb/archive/index.php/t-5116.html HTTP/1.0" 200 2865 "-" "Mozilla/5.0 (compatible; Yahoo! Slurp; http://help.yahoo.com/help/us/ysearch/slurp)"
74.6.19.234 - - [06/Jan/2008:14:29:25 -0800] "www.modestolan.com: GET /vb/search.php?searchid=9820 HTTP/1.0" 200 5764 "-" "Mozilla/5.0 (compatible; Yahoo! Slurp; http://help.yahoo.com/help/us/ysearch/slurp)"
66.249.70.51 - - [06/Jan/2008:14:29:29 -0800] "www.modestolan.com: GET /vb/calendar.php?do=add&c=2&day=2006-6-30 HTTP/1.1" 200 6384 "-" "Mozilla/5.0 (compatible; Googlebot/2.1; +http://www.google.com/bot.html)"
74.6.24.107 - - [06/Jan/2008:14:29:48 -0800] "www.modestolan.com: GET /vb/misc.php?do=whoposted&t=5699 HTTP/1.0" 200 2930 "-" "Mozilla/5.0 (compatible; Yahoo! Slurp; http://help.yahoo.com/help/us/ysearch/slurp)"
66.249.70.51 - - [06/Jan/2008:14:29:58 -0800] "www.modestolan.com: GET /vb/calendar.php?do=add&c=2&day=2006-7-19 HTTP/1.1" 200 6384 "-" "Mozilla/5.0 (compatible; Googlebot/2.1; +http://www.google.com/bot.html)"
82.99.30.53 - - [06/Jan/2008:14:30:11 -0800] "www.modestolan.com: GET /vb/member.php?u=5 HTTP/1.0" 200 25467 "-" "Mozilla/4.0 (compatible; MSIE 6.0; Windows NT 5.1)"
66.249.70.51 - - [06/Jan/2008:14:30:27 -0800] "www.modestolan.com: GET /vb/calendar.php?do=add&c=2&day=2006-10-7 HTTP/1.1" 200 6383 "-" "Mozilla/5.0 (compatible; Googlebot/2.1; +http://www.google.com/bot.html)"
66.249.70.51 - - [06/Jan/2008:14:30:56 -0800] "www.modestolan.com: GET /vb/calendar.php?do=add&c=2&day=2006-9-8 HTTP/1.1" 200 6383 "-" "Mozilla/5.0 (compatible; Googlebot/2.1; +http://www.google.com/bot.html)"
66.249.70.51 - - [06/Jan/2008:14:31:25 -0800] "www.modestolan.com: GET /vb/calendar.php?do=add&c=2&day=2006-2-5 HTTP/1.1" 200 6380 "-" "Mozilla/5.0 (compatible; Googlebot/2.1; +http://www.google.com/bot.html)"
74.6.25.169 - - [06/Jan/2008:14:31:41 -0800] "www.modestolan.com: GET /vb/forumdisplay.php?f=4 HTTP/1.0" 200 19564 "-" "Mozilla/5.0 (compatible; Yahoo! Slurp; http://help.yahoo.com/help/us/ysearch/slurp)"
66.249.70.51 - - [06/Jan/2008:14:31:54 -0800] "www.modestolan.com: GET /vb/calendar.php?do=add&c=2&day=2006-2-9 HTTP/1.1" 200 6382 "-" "Mozilla/5.0 (compatible; Googlebot/2.1; +http://www.google.com/bot.html)"
66.249.70.51 - - [06/Jan/2008:14:32:23 -0800] "www.modestolan.com: GET /vb/calendar.php?do=add&c=2&day=2006-5-26 HTTP/1.1" 200 6383 "-" "Mozilla/5.0 (compatible; Googlebot/2.1; +http://www.google.com/bot.html)"
66.249.70.51 - - [06/Jan/2008:14:32:52 -0800] "www.modestolan.com: GET /vb/calendar.php?do=add&c=2&day=2006-11-22 HTTP/1.1" 200 6382 "-" "Mozilla/5.0 (compatible; Googlebot/2.1; +http://www.google.com/bot.html)"
66.249.70.51 - - [06/Jan/2008:14:33:21 -0800] "www.modestolan.com: GET /vb/calendar.php?do=add&c=2&day=2006-11-1 HTTP/1.1" 200 6383 "-" "Mozilla/5.0 (compatible; Googlebot/2.1; +http://www.google.com/bot.html)"
66.249.70.51 - - [06/Jan/2008:14:33:50 -0800] "www.modestolan.com: GET /vb/calendar.php?do=add&c=2&day=2006-12-5 HTTP/1.1" 200 6381 "-" "Mozilla/5.0 (compatible; Googlebot/2.1; +http://www.google.com/bot.html)"
66.249.70.51 - - [06/Jan/2008:14:34:20 -0800] "www.modestolan.com: GET /vb/calendar.php?do=add&c=2&day=2006-9-28 HTTP/1.1" 200 6383 "-" "Mozilla/5.0 (compatible; Googlebot/2.1; +http://www.google.com/bot.html)"
66.249.70.51 - - [06/Jan/2008:14:34:49 -0800] "www.modestolan.com: GET /vb/calendar.php?do=add&c=2&day=2006-2-1 HTTP/1.1" 200 6382 "-" "Mozilla/5.0 (compatible; Googlebot/2.1; +http://www.google.com/bot.html)"
66.249.70.51 - - [06/Jan/2008:14:35:18 -0800] "www.modestolan.com: GET /vb/calendar.php?do=add&c=2&day=2006-7-1 HTTP/1.1" 200 6382 "-" "Mozilla/5.0 (compatible; Googlebot/2.1; +http://www.google.com/bot.html)"
62.31.121.38 - - [06/Jan/2008:14:35:23 -0800] "www.modestolan.com: GET /~hoodlum/dump/Rob%20Dougan%20-%20Furious%20Angels.mp3 HTTP/1.1" 200 24084 "http://www.downloading-music.org/Rob+Dougan+-+Furious+Angels.html" "Mozilla/5.0 (Windows; U; Windows NT 5.1; en-US; rv:1.8.1.11) Gecko/20071127 Firefox/2.0.0.11"
66.249.70.51 - - [06/Jan/2008:14:35:47 -0800] "www.modestolan.com: GET /vb/calendar.php?c=2&week=1171756800&do=displayweek&month=2 HTTP/1.1" 200 7255 "-" "Mozilla/5.0 (compatible; Googlebot/2.1; +http://www.google.com/bot.html)"
66.249.70.51 - - [06/Jan/2008:14:36:16 -0800] "www.modestolan.com: GET /vb/calendar.php?do=add&c=2&day=2005-12-17 HTTP/1.1" 200 6385 "-" "Mozilla/5.0 (compatible; Googlebot/2.1; +http://www.google.com/bot.html)"
82.99.30.23 - - [06/Jan/2008:14:36:28 -0800] "www.modestolan.com: GET /vb/calendar.php?s=98ba41b57a543f8cc98a664e69dcbf49 HTTP/1.0" 200 103594 "-" "Mozilla/4.0 (compatible; MSIE 6.0; Windows NT 5.1)"
74.6.19.230 - - [06/Jan/2008:14:36:36 -0800] "www.modestolan.com: GET /vb/archive/index.php/t-5552.html HTTP/1.0" 200 3585 "-" "Mozilla/5.0 (compatible; Yahoo! Slurp; http://help.yahoo.com/help/us/ysearch/slurp)"
66.249.70.51 - - [06/Jan/2008:14:36:45 -0800] "www.modestolan.com: GET /vb/calendar.php?do=add&c=2&day=2005-12-23 HTTP/1.1" 200 6382 "-" "Mozilla/5.0 (compatible; Googlebot/2.1; +http://www.google.com/bot.html)"
66.249.70.51 - - [06/Jan/2008:14:37:14 -0800] "www.modestolan.com: GET /vb/calendar.php?do=add&c=2&day=2007-1-30 HTTP/1.1" 200 6384 "-" "Mozilla/5.0 (compatible; Googlebot/2.1; +http://www.google.com/bot.html)"
66.249.70.51 - - [06/Jan/2008:14:37:43 -0800] "www.modestolan.com: GET /vb/calendar.php?do=add&c=2&day=2005-11-27 HTTP/1.1" 200 6384 "-" "Mozilla/5.0 (compatible; Googlebot/2.1; +http://www.google.com/bot.html)"
74.6.22.19 - - [06/Jan/2008:14:37:52 -0800] "www.modestolan.com: GET /vb/search.php?searchid=9886 HTTP/1.0" 200 5764 "-" "Mozilla/5.0 (compatible; Yahoo! Slurp; http://help.yahoo.com/help/us/ysearch/slurp)"
66.249.70.51 - - [06/Jan/2008:14:38:12 -0800] "www.modestolan.com: GET /vb/calendar.php?do=add&c=2&day=2005-12-1 HTTP/1.1" 200 6383 "-" "Mozilla/5.0 (compatible; Googlebot/2.1; +http://www.google.com/bot.html)"
66.249.70.51 - - [06/Jan/2008:14:38:41 -0800] "www.modestolan.com: GET /vb/calendar.php?c=2&week=1172361600&do=displayweek&month=3 HTTP/1.1" 200 7454 "-" "Mozilla/5.0 (compatible; Googlebot/2.1; +http://www.google.com/bot.html)"
124.115.4.223 - - [06/Jan/2008:14:38:49 -0800] "www.modestolan.com: GET /xwred1/fat_naruto.jpeg HTTP/1.1" 200 115036 "http://image.soso.com" "Mozilla/4.0 (compatible; MSIE 6.0)"
66.249.70.51 - - [06/Jan/2008:14:39:10 -0800] "www.modestolan.com: GET /vb/calendar.php?do=add&c=2&day=2007-1-31 HTTP/1.1" 200 6383 "-" "Mozilla/5.0 (compatible; Googlebot/2.1; +http://www.google.com/bot.html)"
74.6.25.72 - - [06/Jan/2008:14:39:24 -0800] "www.modestolan.com: GET /vb/showthread.php?t=5655 HTTP/1.0" 200 7698 "-" "Mozilla/5.0 (compatible; Yahoo! Slurp; http://help.yahoo.com/help/us/ysearch/slurp)"
66.249.70.51 - - [06/Jan/2008:14:39:40 -0800] "www.modestolan.com: GET /vb/calendar.php?do=getinfo&day=2007-2-21&c=2 HTTP/1.1" 200 5915 "-" "Mozilla/5.0 (compatible; Googlebot/2.1; +http://www.google.com/bot.html)"
74.6.22.102 - - [06/Jan/2008:14:39:50 -0800] "www.modestolan.com: GET /register.php?lanid=15 HTTP/1.0" 200 29700 "-" "Mozilla/5.0 (compatible; Yahoo! Slurp/3.0; http://help.yahoo.com/help/us/ysearch/slurp)"
65.55.213.109 - - [06/Jan/2008:14:40:08 -0800] "www.modestolan.com: GET /vb/memberlist.php?do=getall&order=asc&sort=username&page=3 HTTP/1.0" 200 39133 "-" "msnbot-media/1.0 (+http://search.msn.com/msnbot.htm)"
66.249.70.51 - - [06/Jan/2008:14:40:08 -0800] "www.modestolan.com: GET /vb/calendar.php?c=2&week=1170547200 HTTP/1.1" 200 7135 "-" "Mozilla/5.0 (compatible; Googlebot/2.1; +http://www.google.com/bot.html)"
82.99.30.38 - - [06/Jan/2008:14:40:20 -0800] "www.modestolan.com: GET /vb/search.php?s=98ba41b57a543f8cc98a664e69dcbf49&do=finduser&u=5 HTTP/1.0" 302 0 "-" "Mozilla/4.0 (compatible; MSIE 6.0; Windows NT 5.1)"
65.55.213.109 - - [06/Jan/2008:14:40:33 -0800] "www.modestolan.com: GET /vb/memberlist.php?do=getall&order=asc&sort=username&page=6 HTTP/1.0" 200 39337 "-" "msnbot-media/1.0 (+http://search.msn.com/msnbot.htm)"
65.55.213.109 - - [06/Jan/2008:14:40:35 -0800] "www.modestolan.com: GET /vb/memberlist.php?do=getall&order=asc&sort=username&page=5 HTTP/1.0" 200 39414 "-" "msnbot-media/1.0 (+http://search.msn.com/msnbot.htm)"
66.249.70.51 - - [06/Jan/2008:14:40:38 -0800] "www.modestolan.com: GET /vb/calendar.php?month=11&year=2005&c=2&do=displaymonth HTTP/1.1" 200 7608 "-" "Mozilla/5.0 (compatible; Googlebot/2.1; +http://www.google.com/bot.html)"
65.55.213.109 - - [06/Jan/2008:14:40:39 -0800] "www.modestolan.com: GET /vb/memberlist.php?do=getall&order=asc&sort=username&page=9 HTTP/1.0" 200 39788 "-" "msnbot-media/1.0 (+http://search.msn.com/msnbot.htm)"
65.55.213.109 - - [06/Jan/2008:14:40:42 -0800] "www.modestolan.com: GET /vb/memberlist.php?do=getall&order=asc&sort=username&page=11 HTTP/1.0" 200 33572 "-" "msnbot-media/1.0 (+http://search.msn.com/msnbot.htm)"
65.55.213.109 - - [06/Jan/2008:14:40:44 -0800] "www.modestolan.com: GET /vb/memberlist.php?do=getall&order=asc&sort=username&page=10 HTTP/1.0" 200 39995 "-" "msnbot-media/1.0 (+http://search.msn.com/msnbot.htm)"
67.187.209.177 - - [06/Jan/2008:14:40:57 -0800] "www.jdacura.com: GET /jdacura/homepage/ HTTP/1.1" 200 9519 "-" "Mozilla/5.0 (X11; U; Linux i686; en-US; rv:1.8.1.11) Gecko/20071204 Ubuntu/7.10 (gutsy) Firefox/2.0.0.11"
67.187.209.177 - - [06/Jan/2008:14:40:57 -0800] "www.jdacura.com: GET /jdacura/homepage/trans.gif HTTP/1.1" 200 43 "http://www.jdacura.com/jdacura/homepage/" "Mozilla/5.0 (X11; U; Linux i686; en-US; rv:1.8.1.11) Gecko/20071204 Ubuntu/7.10 (gutsy) Firefox/2.0.0.11"
67.187.209.177 - - [06/Jan/2008:14:40:57 -0800] "www.jdacura.com: GET /jdacura/homepage/bg.jpg HTTP/1.1" 200 32021 "http://www.jdacura.com/jdacura/homepage/" "Mozilla/5.0 (X11; U; Linux i686; en-US; rv:1.8.1.11) Gecko/20071204 Ubuntu/7.10 (gutsy) Firefox/2.0.0.11"
67.187.209.177 - - [06/Jan/2008:14:41:00 -0800] "www.jdacura.com: GET /favicon.ico HTTP/1.1" 404 330 "-" "Mozilla/5.0 (X11; U; Linux i686; en-US; rv:1.8.1.11) Gecko/20071204 Ubuntu/7.10 (gutsy) Firefox/2.0.0.11"
66.249.70.51 - - [06/Jan/2008:14:41:07 -0800] "www.modestolan.com: GET /vb/calendar.php?do=add&c=2&day=2005-12-21 HTTP/1.1" 200 6382 "-" "Mozilla/5.0 (compatible; Googlebot/2.1; +http://www.google.com/bot.html)"
66.249.70.51 - - [06/Jan/2008:14:41:36 -0800] "www.modestolan.com: GET /vb/calendar.php?do=add&c=2&day=2007-1-29 HTTP/1.1" 200 6384 "-" "Mozilla/5.0 (compatible; Googlebot/2.1; +http://www.google.com/bot.html)"
66.249.70.51 - - [06/Jan/2008:14:42:05 -0800] "www.modestolan.com: GET /vb/calendar.php?do=add&c=2&day=2005-12-13 HTTP/1.1" 200 6381 "-" "Mozilla/5.0 (compatible; Googlebot/2.1; +http://www.google.com/bot.html)"
66.249.70.51 - - [06/Jan/2008:14:42:34 -0800] "www.modestolan.com: GET /vb/calendar.php?c=2&week=1131840000&do=displayweek&month=11 HTTP/1.1" 200 7106 "-" "Mozilla/5.0 (compatible; Googlebot/2.1; +http://www.google.com/bot.html)"
66.249.70.51 - - [06/Jan/2008:14:43:03 -0800] "www.modestolan.com: GET /vb/calendar.php?c=2&week=1132444800&do=displayweek&month=11 HTTP/1.1" 200 7105 "-" "Mozilla/5.0 (compatible; Googlebot/2.1; +http://www.google.com/bot.html)"
66.249.70.51 - - [06/Jan/2008:14:43:32 -0800] "www.modestolan.com: GET /vb/calendar.php?do=add&c=2&day=2005-11-29 HTTP/1.1" 200 6385 "-" "Mozilla/5.0 (compatible; Googlebot/2.1; +http://www.google.com/bot.html)"
74.6.20.162 - - [06/Jan/2008:14:43:49 -0800] "www.modestolan.com: GET /vb/search.php?do=finduser&userid=42&searchthreadid=5434 HTTP/1.0" 302 0 "-" "Mozilla/5.0 (compatible; Yahoo! Slurp; http://help.yahoo.com/help/us/ysearch/slurp)"
74.6.20.162 - - [06/Jan/2008:14:43:49 -0800] "www.modestolan.com: GET /vb/search.php?searchid=9957 HTTP/1.0" 200 6639 "-" "Mozilla/5.0 (compatible; Yahoo! Slurp; http://help.yahoo.com/help/us/ysearch/slurp)"
66.249.70.51 - - [06/Jan/2008:14:44:01 -0800] "www.modestolan.com: GET /vb/calendar.php?c=2&week=1134259200 HTTP/1.1" 200 7079 "-" "Mozilla/5.0 (compatible; Googlebot/2.1; +http://www.google.com/bot.html)"
66.249.70.51 - - [06/Jan/2008:14:44:30 -0800] "www.modestolan.com: GET /vb/calendar.php?c=2&week=1169337600 HTTP/1.1" 200 7088 "-" "Mozilla/5.0 (compatible; Googlebot/2.1; +http://www.google.com/bot.html)"
74.6.28.76 - - [06/Jan/2008:14:44:45 -0800] "www.modestolan.com: GET /vb/misc.php?do=whoposted&t=5722 HTTP/1.0" 200 2868 "-" "Mozilla/5.0 (compatible; Yahoo! Slurp; http://help.yahoo.com/help/us/ysearch/slurp)"
66.249.70.51 - - [06/Jan/2008:14:44:59 -0800] "www.modestolan.com: GET /vb/calendar.php?do=add&c=2&day=2005-12-19 HTTP/1.1" 200 6386 "-" "Mozilla/5.0 (compatible; Googlebot/2.1; +http://www.google.com/bot.html)"
74.6.24.236 - - [06/Jan/2008:14:45:05 -0800] "www.modestolan.com: GET /vb/index.php HTTP/1.0" 200 7176 "-" "Mozilla/5.0 (compatible; Yahoo! Slurp; http://help.yahoo.com/help/us/ysearch/slurp)"
74.6.27.106 - - [06/Jan/2008:14:45:06 -0800] "www.modestolan.com: GET /vb/forumdisplay.php?f=1 HTTP/1.0" 200 6847 "-" "Mozilla/5.0 (compatible; Yahoo! Slurp; http://help.yahoo.com/help/us/ysearch/slurp)"
66.249.70.51 - - [06/Jan/2008:14:45:28 -0800] "www.modestolan.com: GET /vb/calendar.php?do=add&c=2&day=2005-12-16 HTTP/1.1" 200 6383 "-" "Mozilla/5.0 (compatible; Googlebot/2.1; +http://www.google.com/bot.html)"
66.249.70.51 - - [06/Jan/2008:14:45:57 -0800] "www.modestolan.com: GET /vb/calendar.php?do=add&c=2&day=2005-12-24 HTTP/1.1" 200 6383 "-" "Mozilla/5.0 (compatible; Googlebot/2.1; +http://www.google.com/bot.html)"
66.249.70.51 - - [06/Jan/2008:14:46:06 -0800] "www.modestolan.com: GET /xwred1/q3-amd64.jpeg HTTP/1.1" 200 464065 "-" "Googlebot-Image/1.0"
65.55.213.109 - - [06/Jan/2008:14:46:18 -0800] "www.modestolan.com: GET /vb/memberlist.php?ltr=O&pp=0&sort=username&order=asc HTTP/1.0" 200 26551 "-" "msnbot-media/1.0 (+http://search.msn.com/msnbot.htm)"
65.55.213.109 - - [06/Jan/2008:14:46:20 -0800] "www.modestolan.com: GET /vb/memberlist.php?ltr=M&pp=0&sort=username&order=asc HTTP/1.0" 200 30672 "-" "msnbot-media/1.0 (+http://search.msn.com/msnbot.htm)"
65.55.213.109 - - [06/Jan/2008:14:46:22 -0800] "www.modestolan.com: GET /vb/memberlist.php?ltr=F&pp=0&sort=username&order=asc HTTP/1.0" 200 27959 "-" "msnbot-media/1.0 (+http://search.msn.com/msnbot.htm)"
65.55.213.109 - - [06/Jan/2008:14:46:24 -0800] "www.modestolan.com: GET /vb/memberlist.php?ltr=%23&pp=0&sort=username&order=asc HTTP/1.0" 200 25600 "-" "msnbot-media/1.0 (+http://search.msn.com/msnbot.htm)"
65.55.213.109 - - [06/Jan/2008:14:46:26 -0800] "www.modestolan.com: GET /vb/memberlist.php?ltr=D&pp=0&sort=username&order=asc HTTP/1.0" 200 32918 "-" "msnbot-media/1.0 (+http://search.msn.com/msnbot.htm)"
66.249.70.51 - - [06/Jan/2008:14:46:26 -0800] "www.modestolan.com: GET /vb/calendar.php?do=add&c=2&day=2005-12-11 HTTP/1.1" 200 6382 "-" "Mozilla/5.0 (compatible; Googlebot/2.1; +http://www.google.com/bot.html)"
65.55.213.109 - - [06/Jan/2008:14:46:28 -0800] "www.modestolan.com: GET /vb/memberlist.php?ltr=J&pp=0&sort=username&order=asc HTTP/1.0" 200 29795 "-" "msnbot-media/1.0 (+http://search.msn.com/msnbot.htm)"
65.55.213.109 - - [06/Jan/2008:14:46:30 -0800] "www.modestolan.com: GET /vb/memberlist.php?ltr=V&pp=0&sort=username&order=asc HTTP/1.0" 200 27347 "-" "msnbot-media/1.0 (+http://search.msn.com/msnbot.htm)"
65.55.213.109 - - [06/Jan/2008:14:46:32 -0800] "www.modestolan.com: GET /vb/memberlist.php?ltr=H&pp=0&sort=username&order=asc HTTP/1.0" 200 27236 "-" "msnbot-media/1.0 (+http://search.msn.com/msnbot.htm)"
65.55.213.109 - - [06/Jan/2008:14:46:34 -0800] "www.modestolan.com: GET /vb/memberlist.php?ltr=X&pp=0&sort=username&order=asc HTTP/1.0" 200 26163 "-" "msnbot-media/1.0 (+http://search.msn.com/msnbot.htm)"
65.55.213.109 - - [06/Jan/2008:14:46:36 -0800] "www.modestolan.com: GET /vb/memberlist.php?ltr=Q&pp=0&sort=username&order=asc HTTP/1.0" 200 20279 "-" "msnbot-media/1.0 (+http://search.msn.com/msnbot.htm)"
65.55.213.109 - - [06/Jan/2008:14:46:38 -0800] "www.modestolan.com: GET /vb/memberlist.php?ltr=Z&pp=0&sort=username&order=asc HTTP/1.0" 200 25594 "-" "msnbot-media/1.0 (+http://search.msn.com/msnbot.htm)"
65.55.213.109 - - [06/Jan/2008:14:46:39 -0800] "www.modestolan.com: GET /vb/memberlist.php?ltr=W&pp=0&sort=username&order=asc HTTP/1.0" 200 26153 "-" "msnbot-media/1.0 (+http://search.msn.com/msnbot.htm)"
65.55.213.109 - - [06/Jan/2008:14:46:42 -0800] "www.modestolan.com: GET /vb/memberlist.php?ltr=T&pp=0&sort=username&order=asc HTTP/1.0" 200 36620 "-" "msnbot-media/1.0 (+http://search.msn.com/msnbot.htm)"
65.55.213.109 - - [06/Jan/2008:14:46:44 -0800] "www.modestolan.com: GET /vb/memberlist.php?ltr=A&pp=0&sort=username&order=asc HTTP/1.0" 200 30692 "-" "msnbot-media/1.0 (+http://search.msn.com/msnbot.htm)"
65.55.213.109 - - [06/Jan/2008:14:46:46 -0800] "www.modestolan.com: GET /vb/memberlist.php?ltr=C&pp=0&sort=username&order=asc HTTP/1.0" 200 30663 "-" "msnbot-media/1.0 (+http://search.msn.com/msnbot.htm)"
65.55.213.109 - - [06/Jan/2008:14:46:48 -0800] "www.modestolan.com: GET /vb/memberlist.php?ltr=S&pp=0&sort=username&order=asc HTTP/1.0" 200 36411 "-" "msnbot-media/1.0 (+http://search.msn.com/msnbot.htm)"
66.249.70.51 - - [06/Jan/2008:14:46:55 -0800] "www.modestolan.com: GET /vb/archive/index.php/t-4777.html HTTP/1.1" 200 2187 "-" "Mozilla/5.0 (compatible; Googlebot/2.1; +http://www.google.com/bot.html)"
66.249.70.51 - - [06/Jan/2008:14:46:57 -0800] "www.modestolan.com: GET /vb/calendar.php?do=add&c=2&day=2005-11-30 HTTP/1.1" 200 6384 "-" "Mozilla/5.0 (compatible; Googlebot/2.1; +http://www.google.com/bot.html)"
65.55.213.109 - - [06/Jan/2008:14:47:07 -0800] "www.modestolan.com: GET /vb/member.php?u=1227 HTTP/1.0" 200 22281 "-" "msnbot-media/1.0 (+http://search.msn.com/msnbot.htm)"
66.249.70.51 - - [06/Jan/2008:14:47:25 -0800] "www.modestolan.com: GET /vb/calendar.php?c=2&week=1171152000&do=displayweek&month=2 HTTP/1.1" 200 7147 "-" "Mozilla/5.0 (compatible; Googlebot/2.1; +http://www.google.com/bot.html)"
65.55.213.109 - - [06/Jan/2008:14:47:35 -0800] "www.modestolan.com: GET /vb/member.php?u=516 HTTP/1.0" 200 23459 "-" "msnbot-media/1.0 (+http://search.msn.com/msnbot.htm)"
74.6.22.205 - - [06/Jan/2008:14:47:36 -0800] "www.modestolan.com: GET /vb/search.php?searchid=9957 HTTP/1.0" 200 6662 "-" "Mozilla/5.0 (compatible; Yahoo! Slurp; http://help.yahoo.com/help/us/ysearch/slurp)"
74.6.24.233 - - [06/Jan/2008:14:47:44 -0800] "www.modestolan.com: GET /vb/member.php?u=1431 HTTP/1.0" 200 6462 "-" "Mozilla/5.0 (compatible; Yahoo! Slurp; http://help.yahoo.com/help/us/ysearch/slurp)"
66.249.70.51 - - [06/Jan/2008:14:47:54 -0800] "www.modestolan.com: GET /vb/calendar.php?do=add&c=2&day=2007-1-28 HTTP/1.1" 200 6384 "-" "Mozilla/5.0 (compatible; Googlebot/2.1; +http://www.google.com/bot.html)"
74.6.24.122 - - [06/Jan/2008:14:48:10 -0800] "www.modestolan.com: GET /vb/memberlist.php?ltr=K&pp=30&sort=username&order=asc HTTP/1.0" 200 6597 "-" "Mozilla/5.0 (compatible; Yahoo! Slurp; http://help.yahoo.com/help/us/ysearch/slurp)"
66.249.70.51 - - [06/Jan/2008:14:48:23 -0800] "www.modestolan.com: GET /vb/calendar.php?c=2&week=1133654400 HTTP/1.1" 200 7070 "-" "Mozilla/5.0 (compatible; Googlebot/2.1; +http://www.google.com/bot.html)"
66.249.70.51 - - [06/Jan/2008:14:48:52 -0800] "www.modestolan.com: GET /vb/calendar.php?do=add&c=2&day=2005-12-3 HTTP/1.1" 200 6380 "-" "Mozilla/5.0 (compatible; Googlebot/2.1; +http://www.google.com/bot.html)"
74.6.25.222 - - [06/Jan/2008:14:49:03 -0800] "www.modestolan.com: GET /vb/faq.php HTTP/1.0" 200 5792 "-" "Mozilla/5.0 (compatible; Yahoo! Slurp; http://help.yahoo.com/help/us/ysearch/slurp)"
66.249.70.51 - - [06/Jan/2008:14:49:21 -0800] "www.modestolan.com: GET /vb/calendar.php?c=2&week=1132444800 HTTP/1.1" 200 7092 "-" "Mozilla/5.0 (compatible; Googlebot/2.1; +http://www.google.com/bot.html)"
66.249.70.51 - - [06/Jan/2008:14:49:50 -0800] "www.modestolan.com: GET /vb/calendar.php?do=add&c=2&day=2005-11-28 HTTP/1.1" 200 6385 "-" "Mozilla/5.0 (compatible; Googlebot/2.1; +http://www.google.com/bot.html)"
66.249.70.51 - - [06/Jan/2008:14:50:19 -0800] "www.modestolan.com: GET /vb/calendar.php?do=add&c=2&day=2005-12-14 HTTP/1.1" 200 6383 "-" "Mozilla/5.0 (compatible; Googlebot/2.1; +http://www.google.com/bot.html)"
66.249.70.51 - - [06/Jan/2008:14:50:48 -0800] "www.modestolan.com: GET /vb/calendar.php?month=2&year=2007&c=2&do=displaymonth HTTP/1.1" 200 7659 "-" "Mozilla/5.0 (compatible; Googlebot/2.1; +http://www.google.com/bot.html)"
65.55.213.109 - - [06/Jan/2008:14:50:50 -0800] "www.modestolan.com: GET /vb/member.php?s=&action=getinfo&userid=64 HTTP/1.0" 200 22882 "-" "msnbot-media/1.0 (+http://search.msn.com/msnbot.htm)"
66.249.70.51 - - [06/Jan/2008:14:51:17 -0800] "www.modestolan.com: GET /vb/calendar.php?do=add&c=2&day=2005-12-18 HTTP/1.1" 200 6385 "-" "Mozilla/5.0 (compatible; Googlebot/2.1; +http://www.google.com/bot.html)"
66.249.70.51 - - [06/Jan/2008:14:51:46 -0800] "www.modestolan.com: GET /vb/calendar.php?do=add&c=2&day=2005-12-15 HTTP/1.1" 200 6383 "-" "Mozilla/5.0 (compatible; Googlebot/2.1; +http://www.google.com/bot.html)"
66.249.70.51 - - [06/Jan/2008:14:52:15 -0800] "www.modestolan.com: GET /vb/calendar.php?c=2&week=1170547200&do=displayweek&month=2 HTTP/1.1" 200 7151 "-" "Mozilla/5.0 (compatible; Googlebot/2.1; +http://www.google.com/bot.html)"
66.249.70.51 - - [06/Jan/2008:14:52:44 -0800] "www.modestolan.com: GET /vb/calendar.php?c=2&week=1131235200&do=displayweek&month=11 HTTP/1.1" 200 7110 "-" "Mozilla/5.0 (compatible; Googlebot/2.1; +http://www.google.com/bot.html)"
74.6.29.39 - - [06/Jan/2008:14:52:57 -0800] "www.modestolan.com: GET /vb/member.php?u=2 HTTP/1.0" 200 6707 "-" "Mozilla/5.0 (compatible; Yahoo! Slurp; http://help.yahoo.com/help/us/ysearch/slurp)"
66.249.70.51 - - [06/Jan/2008:14:53:13 -0800] "www.modestolan.com: GET /vb/calendar.php?do=add&c=2&day=2005-12-12 HTTP/1.1" 200 6383 "-" "Mozilla/5.0 (compatible; Googlebot/2.1; +http://www.google.com/bot.html)"
66.249.70.51 - - [06/Jan/2008:14:53:43 -0800] "www.modestolan.com: GET /vb/calendar.php?c=2&week=1130630400&do=displayweek&month=11 HTTP/1.1" 200 7446 "-" "Mozilla/5.0 (compatible; Googlebot/2.1; +http://www.google.com/bot.html)"
74.6.20.29 - - [06/Jan/2008:14:54:04 -0800] "www.modestolan.com: GET /vb/member.php?u=377 HTTP/1.0" 200 6055 "-" "Mozilla/5.0 (compatible; Yahoo! Slurp; http://help.yahoo.com/help/us/ysearch/slurp)"
66.249.70.51 - - [06/Jan/2008:14:54:12 -0800] "www.modestolan.com: GET /vb/calendar.php?do=add&c=2&day=2005-12-22 HTTP/1.1" 200 6382 "-" "Mozilla/5.0 (compatible; Googlebot/2.1; +http://www.google.com/bot.html)"
123.112.81.37 - - [06/Jan/2008:14:54:30 -0800] "www.modestolan.com: GET / HTTP/1.1" 200 24084 "http://www.modestolan.com/" "Mozilla/4.0 (compatible; MSIE 6.0; Windows NT 5.1; SV1; Maxthon; .NET CLR 1.1.4322; InfoPath.1; .NET CLR 2.0.50727)"
66.249.70.51 - - [06/Jan/2008:14:54:41 -0800] "www.modestolan.com: GET /vb/calendar.php?do=add&c=2&day=2007-2-1 HTTP/1.1" 200 6382 "-" "Mozilla/5.0 (compatible; Googlebot/2.1; +http://www.google.com/bot.html)"
66.249.70.51 - - [06/Jan/2008:14:55:10 -0800] "www.modestolan.com: GET /vb/calendar.php?do=add&c=2&day=2007-2-3 HTTP/1.1" 200 6381 "-" "Mozilla/5.0 (compatible; Googlebot/2.1; +http://www.google.com/bot.html)"
68.248.197.30 - - [06/Jan/2008:14:55:38 -0800] "www.modestolan.com: GET /xwred1/mp3/Depeche%20Mode%20-%20Playing%20The%20Angel%28Advance%202005%29%28StefWan-Team%29/01%20-%20Depeche%20Mode%20-%20a%20pain%20that%20i%20m%20used%20to.mp3 HTTP/1.1" 200 24084 "-" "Mozilla/4.0 (compatible; MSIE 6.0; Windows NT 5.1; sbcydsl 3.12; YComp 5.0.0.0; YPC 3.2.0; SV1)"
66.249.70.51 - - [06/Jan/2008:14:55:39 -0800] "www.modestolan.com: GET /vb/calendar.php?do=add&c=2&day=2005-12-2 HTTP/1.1" 200 6381 "-" "Mozilla/5.0 (compatible; Googlebot/2.1; +http://www.google.com/bot.html)"
68.248.197.30 - - [06/Jan/2008:14:55:47 -0800] "www.modestolan.com: GET /xwred1/mp3/Depeche%20Mode%20-%20Playing%20The%20Angel%28Advance%202005%29%28StefWan-Team%29/01%20-%20Depeche%20Mode%20-%20a%20pain%20that%20i%20m%20used%20to.mp3 HTTP/1.1" 200 24084 "http://razgriz-aces.blogspot.com/2007/01/2005-depeche-mode-playing-angel-mp3.html" "Mozilla/4.0 (compatible; MSIE 6.0; Windows NT 5.1; sbcydsl 3.12; YComp 5.0.0.0; YPC 3.2.0; SV1)"
68.248.197.30 - - [06/Jan/2008:14:55:47 -0800] "www.modestolan.com: GET /tables.css HTTP/1.1" 200 2419 "http://www.modestolan.com/xwred1/mp3/Depeche%20Mode%20-%20Playing%20The%20Angel%28Advance%202005%29%28StefWan-Team%29/01%20-%20Depeche%20Mode%20-%20a%20pain%20that%20i%20m%20used%20to.mp3" "Mozilla/4.0 (compatible; MSIE 6.0; Windows NT 5.1; sbcydsl 3.12; YComp 5.0.0.0; YPC 3.2.0; SV1)"
68.248.197.30 - - [06/Jan/2008:14:55:47 -0800] "www.modestolan.com: GET /images/bg_small.jpg HTTP/1.1" 200 1598 "http://www.modestolan.com/xwred1/mp3/Depeche%20Mode%20-%20Playing%20The%20Angel%28Advance%202005%29%28StefWan-Team%29/01%20-%20Depeche%20Mode%20-%20a%20pain%20that%20i%20m%20used%20to.mp3" "Mozilla/4.0 (compatible; MSIE 6.0; Windows NT 5.1; sbcydsl 3.12; YComp 5.0.0.0; YPC 3.2.0; SV1)"
68.248.197.30 - - [06/Jan/2008:14:55:47 -0800] "www.modestolan.com: GET /php/menu.php HTTP/1.1" 200 21682 "http://www.modestolan.com/xwred1/mp3/Depeche%20Mode%20-%20Playing%20The%20Angel%28Advance%202005%29%28StefWan-Team%29/01%20-%20Depeche%20Mode%20-%20a%20pain%20that%20i%20m%20used%20to.mp3" "Mozilla/4.0 (compatible; MSIE 6.0; Windows NT 5.1; sbcydsl 3.12; YComp 5.0.0.0; YPC 3.2.0; SV1)"
68.248.197.30 - - [06/Jan/2008:14:55:48 -0800] "www.modestolan.com: GET /images/menu/1.gif HTTP/1.1" 200 368 "http://www.modestolan.com/xwred1/mp3/Depeche%20Mode%20-%20Playing%20The%20Angel%28Advance%202005%29%28StefWan-Team%29/01%20-%20Depeche%20Mode%20-%20a%20pain%20that%20i%20m%20used%20to.mp3" "Mozilla/4.0 (compatible; MSIE 6.0; Windows NT 5.1; sbcydsl 3.12; YComp 5.0.0.0; YPC 3.2.0; SV1)"
68.248.197.30 - - [06/Jan/2008:14:55:48 -0800] "www.modestolan.com: GET /images/menu/3.gif HTTP/1.1" 200 511 "http://www.modestolan.com/xwred1/mp3/Depeche%20Mode%20-%20Playing%20The%20Angel%28Advance%202005%29%28StefWan-Team%29/01%20-%20Depeche%20Mode%20-%20a%20pain%20that%20i%20m%20used%20to.mp3" "Mozilla/4.0 (compatible; MSIE 6.0; Windows NT 5.1; sbcydsl 3.12; YComp 5.0.0.0; YPC 3.2.0; SV1)"
68.248.197.30 - - [06/Jan/2008:14:55:48 -0800] "www.modestolan.com: GET /images/menu/2.gif HTTP/1.1" 200 550 "http://www.modestolan.com/xwred1/mp3/Depeche%20Mode%20-%20Playing%20The%20Angel%28Advance%202005%29%28StefWan-Team%29/01%20-%20Depeche%20Mode%20-%20a%20pain%20that%20i%20m%20used%20to.mp3" "Mozilla/4.0 (compatible; MSIE 6.0; Windows NT 5.1; sbcydsl 3.12; YComp 5.0.0.0; YPC 3.2.0; SV1)"
68.248.197.30 - - [06/Jan/2008:14:55:48 -0800] "www.modestolan.com: GET /images/menu/4.gif HTTP/1.1" 200 443 "http://www.modestolan.com/xwred1/mp3/Depeche%20Mode%20-%20Playing%20The%20Angel%28Advance%202005%29%28StefWan-Team%29/01%20-%20Depeche%20Mode%20-%20a%20pain%20that%20i%20m%20used%20to.mp3" "Mozilla/4.0 (compatible; MSIE 6.0; Windows NT 5.1; sbcydsl 3.12; YComp 5.0.0.0; YPC 3.2.0; SV1)"
68.248.197.30 - - [06/Jan/2008:14:55:48 -0800] "www.modestolan.com: GET /images/menu/8.gif HTTP/1.1" 200 746 "http://www.modestolan.com/xwred1/mp3/Depeche%20Mode%20-%20Playing%20The%20Angel%28Advance%202005%29%28StefWan-Team%29/01%20-%20Depeche%20Mode%20-%20a%20pain%20that%20i%20m%20used%20to.mp3" "Mozilla/4.0 (compatible; MSIE 6.0; Windows NT 5.1; sbcydsl 3.12; YComp 5.0.0.0; YPC 3.2.0; SV1)"
68.248.197.30 - - [06/Jan/2008:14:55:48 -0800] "www.modestolan.com: GET /images/menu/5.gif HTTP/1.1" 200 549 "http://www.modestolan.com/xwred1/mp3/Depeche%20Mode%20-%20Playing%20The%20Angel%28Advance%202005%29%28StefWan-Team%29/01%20-%20Depeche%20Mode%20-%20a%20pain%20that%20i%20m%20used%20to.mp3" "Mozilla/4.0 (compatible; MSIE 6.0; Windows NT 5.1; sbcydsl 3.12; YComp 5.0.0.0; YPC 3.2.0; SV1)"
68.248.197.30 - - [06/Jan/2008:14:55:49 -0800] "www.modestolan.com: GET /images/menu/6.gif HTTP/1.1" 200 600 "http://www.modestolan.com/xwred1/mp3/Depeche%20Mode%20-%20Playing%20The%20Angel%28Advance%202005%29%28StefWan-Team%29/01%20-%20Depeche%20Mode%20-%20a%20pain%20that%20i%20m%20used%20to.mp3" "Mozilla/4.0 (compatible; MSIE 6.0; Windows NT 5.1; sbcydsl 3.12; YComp 5.0.0.0; YPC 3.2.0; SV1)"
68.248.197.30 - - [06/Jan/2008:14:55:49 -0800] "www.modestolan.com: GET /images/menu/7.gif HTTP/1.1" 200 601 "http://www.modestolan.com/xwred1/mp3/Depeche%20Mode%20-%20Playing%20The%20Angel%28Advance%202005%29%28StefWan-Team%29/01%20-%20Depeche%20Mode%20-%20a%20pain%20that%20i%20m%20used%20to.mp3" "Mozilla/4.0 (compatible; MSIE 6.0; Windows NT 5.1; sbcydsl 3.12; YComp 5.0.0.0; YPC 3.2.0; SV1)"
68.248.197.30 - - [06/Jan/2008:14:55:49 -0800] "www.modestolan.com: GET /images/landate.swf HTTP/1.1" 200 2197 "http://www.modestolan.com/xwred1/mp3/Depeche%20Mode%20-%20Playing%20The%20Angel%28Advance%202005%29%28StefWan-Team%29/01%20-%20Depeche%20Mod" "Mozilla/4.0 (compatible; MSIE 6.0; Windows NT 5.1; sbcydsl 3.12; YComp 5.0.0.0; YPC 3.2.0; SV1)"
68.248.197.30 - - [06/Jan/2008:14:55:49 -0800] "www.modestolan.com: GET /images/transparent.gif HTTP/1.1" 200 43 "http://www.modestolan.com/xwred1/mp3/Depeche%20Mode%20-%20Playing%20The%20Angel%28Advance%202005%29%28StefWan-Team%29/01%20-%20Depeche%20Mode%20-%20a%20pain%20that%20i%20m%20used%20to.mp3" "Mozilla/4.0 (compatible; MSIE 6.0; Windows NT 5.1; sbcydsl 3.12; YComp 5.0.0.0; YPC 3.2.0; SV1)"
68.248.197.30 - - [06/Jan/2008:14:55:49 -0800] "www.modestolan.com: GET /images/top_14.gif HTTP/1.1" 200 522 "http://www.modestolan.com/xwred1/mp3/Depeche%20Mode%20-%20Playing%20The%20Angel%28Advance%202005%29%28StefWan-Team%29/01%20-%20Depeche%20Mode%20-%20a%20pain%20that%20i%20m%20used%20to.mp3" "Mozilla/4.0 (compatible; MSIE 6.0; Windows NT 5.1; sbcydsl 3.12; YComp 5.0.0.0; YPC 3.2.0; SV1)"
68.248.197.30 - - [06/Jan/2008:14:55:49 -0800] "www.modestolan.com: GET /images/top_12.gif HTTP/1.1" 200 826 "http://www.modestolan.com/xwred1/mp3/Depeche%20Mode%20-%20Playing%20The%20Angel%28Advance%202005%29%28StefWan-Team%29/01%20-%20Depeche%20Mode%20-%20a%20pain%20that%20i%20m%20used%20to.mp3" "Mozilla/4.0 (compatible; MSIE 6.0; Windows NT 5.1; sbcydsl 3.12; YComp 5.0.0.0; YPC 3.2.0; SV1)"
68.248.197.30 - - [06/Jan/2008:14:55:49 -0800] "www.modestolan.com: GET /images/top_02.gif HTTP/1.1" 200 882 "http://www.modestolan.com/xwred1/mp3/Depeche%20Mode%20-%20Playing%20The%20Angel%28Advance%202005%29%28StefWan-Team%29/01%20-%20Depeche%20Mode%20-%20a%20pain%20that%20i%20m%20used%20to.mp3" "Mozilla/4.0 (compatible; MSIE 6.0; Windows NT 5.1; sbcydsl 3.12; YComp 5.0.0.0; YPC 3.2.0; SV1)"
68.248.197.30 - - [06/Jan/2008:14:55:49 -0800] "www.modestolan.com: GET /images/top_01.gif HTTP/1.1" 200 344 "http://www.modestolan.com/xwred1/mp3/Depeche%20Mode%20-%20Playing%20The%20Angel%28Advance%202005%29%28StefWan-Team%29/01%20-%20Depeche%20Mode%20-%20a%20pain%20that%20i%20m%20used%20to.mp3" "Mozilla/4.0 (compatible; MSIE 6.0; Windows NT 5.1; sbcydsl 3.12; YComp 5.0.0.0; YPC 3.2.0; SV1)"
68.248.197.30 - - [06/Jan/2008:14:55:49 -0800] "www.modestolan.com: GET /transparent.gif HTTP/1.1" 200 43 "http://www.modestolan.com/xwred1/mp3/Depeche%20Mode%20-%20Playing%20The%20Angel%28Advance%202005%29%28StefWan-Team%29/01%20-%20Depeche%20Mode%20-%20a%20pain%20that%20i%20m%20used%20to.mp3" "Mozilla/4.0 (compatible; MSIE 6.0; Windows NT 5.1; sbcydsl 3.12; YComp 5.0.0.0; YPC 3.2.0; SV1)"
68.248.197.30 - - [06/Jan/2008:14:55:49 -0800] "www.modestolan.com: GET /images/top_03.gif HTTP/1.1" 200 349 "http://www.modestolan.com/xwred1/mp3/Depeche%20Mode%20-%20Playing%20The%20Angel%28Advance%202005%29%28StefWan-Team%29/01%20-%20Depeche%20Mode%20-%20a%20pain%20that%20i%20m%20used%20to.mp3" "Mozilla/4.0 (compatible; MSIE 6.0; Windows NT 5.1; sbcydsl 3.12; YComp 5.0.0.0; YPC 3.2.0; SV1)"
68.248.197.30 - - [06/Jan/2008:14:55:49 -0800] "www.modestolan.com: GET /images/top_04.gif HTTP/1.1" 200 1547 "http://www.modestolan.com/xwred1/mp3/Depeche%20Mode%20-%20Playing%20The%20Angel%28Advance%202005%29%28StefWan-Team%29/01%20-%20Depeche%20Mode%20-%20a%20pain%20that%20i%20m%20used%20to.mp3" "Mozilla/4.0 (compatible; MSIE 6.0; Windows NT 5.1; sbcydsl 3.12; YComp 5.0.0.0; YPC 3.2.0; SV1)"
68.248.197.30 - - [06/Jan/2008:14:55:49 -0800] "www.modestolan.com: GET /images/top_05.gif HTTP/1.1" 200 3111 "http://www.modestolan.com/xwred1/mp3/Depeche%20Mode%20-%20Playing%20The%20Angel%28Advance%202005%29%28StefWan-Team%29/01%20-%20Depeche%20Mode%20-%20a%20pain%20that%20i%20m%20used%20to.mp3" "Mozilla/4.0 (compatible; MSIE 6.0; Windows NT 5.1; sbcydsl 3.12; YComp 5.0.0.0; YPC 3.2.0; SV1)"
68.248.197.30 - - [06/Jan/2008:14:55:49 -0800] "www.modestolan.com: GET /images/top_06.gif HTTP/1.1" 200 1954 "http://www.modestolan.com/xwred1/mp3/Depeche%20Mode%20-%20Playing%20The%20Angel%28Advance%202005%29%28StefWan-Team%29/01%20-%20Depeche%20Mode%20-%20a%20pain%20that%20i%20m%20used%20to.mp3" "Mozilla/4.0 (compatible; MSIE 6.0; Windows NT 5.1; sbcydsl 3.12; YComp 5.0.0.0; YPC 3.2.0; SV1)"
68.248.197.30 - - [06/Jan/2008:14:55:49 -0800] "www.modestolan.com: GET /images/top_07.gif HTTP/1.1" 200 2521 "http://www.modestolan.com/xwred1/mp3/Depeche%20Mode%20-%20Playing%20The%20Angel%28Advance%202005%29%28StefWan-Team%29/01%20-%20Depeche%20Mode%20-%20a%20pain%20that%20i%20m%20used%20to.mp3" "Mozilla/4.0 (compatible; MSIE 6.0; Windows NT 5.1; sbcydsl 3.12; YComp 5.0.0.0; YPC 3.2.0; SV1)"
68.248.197.30 - - [06/Jan/2008:14:55:49 -0800] "www.modestolan.com: GET /images/top_08.gif HTTP/1.1" 200 1738 "http://www.modestolan.com/xwred1/mp3/Depeche%20Mode%20-%20Playing%20The%20Angel%28Advance%202005%29%28StefWan-Team%29/01%20-%20Depeche%20Mode%20-%20a%20pain%20that%20i%20m%20used%20to.mp3" "Mozilla/4.0 (compatible; MSIE 6.0; Windows NT 5.1; sbcydsl 3.12; YComp 5.0.0.0; YPC 3.2.0; SV1)"
68.248.197.30 - - [06/Jan/2008:14:55:49 -0800] "www.modestolan.com: GET /images/top_09.gif HTTP/1.1" 200 1089 "http://www.modestolan.com/xwred1/mp3/Depeche%20Mode%20-%20Playing%20The%20Angel%28Advance%202005%29%28StefWan-Team%29/01%20-%20Depeche%20Mode%20-%20a%20pain%20that%20i%20m%20used%20to.mp3" "Mozilla/4.0 (compatible; MSIE 6.0; Windows NT 5.1; sbcydsl 3.12; YComp 5.0.0.0; YPC 3.2.0; SV1)"
68.248.197.30 - - [06/Jan/2008:14:55:49 -0800] "www.modestolan.com: GET /images/top_13.gif HTTP/1.1" 200 728 "http://www.modestolan.com/xwred1/mp3/Depeche%20Mode%20-%20Playing%20The%20Angel%28Advance%202005%29%28StefWan-Team%29/01%20-%20Depeche%20Mode%20-%20a%20pain%20that%20i%20m%20used%20to.mp3" "Mozilla/4.0 (compatible; MSIE 6.0; Windows NT 5.1; sbcydsl 3.12; YComp 5.0.0.0; YPC 3.2.0; SV1)"
68.248.197.30 - - [06/Jan/2008:14:55:49 -0800] "www.modestolan.com: GET /images/top_11.gif HTTP/1.1" 200 1553 "http://www.modestolan.com/xwred1/mp3/Depeche%20Mode%20-%20Playing%20The%20Angel%28Advance%202005%29%28StefWan-Team%29/01%20-%20Depeche%20Mode%20-%20a%20pain%20that%20i%20m%20used%20to.mp3" "Mozilla/4.0 (compatible; MSIE 6.0; Windows NT 5.1; sbcydsl 3.12; YComp 5.0.0.0; YPC 3.2.0; SV1)"
68.248.197.30 - - [06/Jan/2008:14:55:50 -0800] "www.modestolan.com: GET /images/top_10.gif HTTP/1.1" 200 1188 "http://www.modestolan.com/xwred1/mp3/Depeche%20Mode%20-%20Playing%20The%20Angel%28Advance%202005%29%28StefWan-Team%29/01%20-%20Depeche%20Mode%20-%20a%20pain%20that%20i%20m%20used%20to.mp3" "Mozilla/4.0 (compatible; MSIE 6.0; Windows NT 5.1; sbcydsl 3.12; YComp 5.0.0.0; YPC 3.2.0; SV1)"
68.248.197.30 - - [06/Jan/2008:14:55:50 -0800] "www.modestolan.com: GET /images/sponsors/geeks.com.gif HTTP/1.1" 200 6611 "http://www.modestolan.com/xwred1/mp3/Depeche%20Mode%20-%20Playing%20The%20Angel%28Advance%202005%29%28StefWan-Team%29/01%20-%20Depeche%20Mode%20-%20a%20pain%20that%20i%20m%20used%20to.mp3" "Mozilla/4.0 (compatible; MSIE 6.0; Windows NT 5.1; sbcydsl 3.12; YComp 5.0.0.0; YPC 3.2.0; SV1)"
