90.17.186.31 - - [06/Jan/2008:23:40:22 -0800] "www.modestolan.com: GET /xwred1/mp3/Depeche%20Mode%20-%20Playing%20The%20Angel(Advance%202005)(StefWan-Team)/01%20-%20Depeche%20Mode%20-%20a%20pain%20that%20i%20m%20used%20to.mp3 HTTP/1.1" 200 24084 "http://www.modestolan.com/xwred1/mp3/Depeche%20Mode%20-%20Playing%20The%20Angel(Advance%202005)(StefWan-Team)/" "Mozilla/4.0 (compatible; MSIE 7.0; Windows NT 5.1; .NET CLR 1.1.4322; .NET CLR 2.0.50727)"
74.6.20.73 - - [06/Jan/2008:23:40:23 -0800] "www.modestolan.com: GET /vb/member.php?u=41 HTTP/1.0" 200 6606 "-" "Mozilla/5.0 (compatible; Yahoo! Slurp; http://help.yahoo.com/help/us/ysearch/slurp)"
90.17.186.31 - - [06/Jan/2008:23:40:33 -0800] "www.modestolan.com: GET /xwred1/mp3/Depeche%20Mode%20-%20Playing%20The%20Angel(Advance%202005)(StefWan-Team)/ HTTP/1.1" 200 17908 "http://www.google.fr/search?hl=fr&sa=X&oi=spell&resnum=0&ct=result&cd=1&q=index.of+%2B+mp3+%2B+%22depeche+mode%22+-asp+-php+-html+-htm&spell=1" "Mozilla/4.0 (compatible; MSIE 7.0; Windows NT 5.1; .NET CLR 1.1.4322; .NET CLR 2.0.50727)"
202.160.180.17 - - [06/Jan/2008:23:40:44 -0800] "www.modestolan.com: GET /robots.txt HTTP/1.0" 404 322 "-" "Mozilla/5.0 (compatible; Yahoo! Slurp China; http://misc.yahoo.com.cn/help.html)"
202.160.179.31 - - [06/Jan/2008:23:40:49 -0800] "www.modestolan.com: GET / HTTP/1.0" 200 24017 "-" "Mozilla/5.0 (compatible; Yahoo! Slurp China; http://misc.yahoo.com.cn/help.html)"
66.249.70.51 - - [06/Jan/2008:23:41:07 -0800] "www.modestolan.com: GET /vb/calendar.php?do=add&c=2&day=2005-8-15 HTTP/1.1" 200 6383 "-" "Mozilla/5.0 (compatible; Googlebot/2.1; +http://www.google.com/bot.html)"
66.249.70.51 - - [06/Jan/2008:23:42:04 -0800] "www.modestolan.com: GET /vb/calendar.php?do=add&c=2&day=2005-8-27 HTTP/1.1" 200 6384 "-" "Mozilla/5.0 (compatible; Googlebot/2.1; +http://www.google.com/bot.html)"
66.249.70.51 - - [06/Jan/2008:23:43:00 -0800] "www.modestolan.com: GET /vb/calendar.php?do=add&c=2&day=2007-4-19 HTTP/1.1" 200 6385 "-" "Mozilla/5.0 (compatible; Googlebot/2.1; +http://www.google.com/bot.html)"
66.249.70.51 - - [06/Jan/2008:23:43:56 -0800] "www.modestolan.com: GET /vb/calendar.php?c=2&week=1123977600 HTTP/1.1" 200 7093 "-" "Mozilla/5.0 (compatible; Googlebot/2.1; +http://www.google.com/bot.html)"
74.6.28.216 - - [06/Jan/2008:23:44:36 -0800] "www.modestolan.com: GET /vb/archive/index.php/t-5346.html HTTP/1.0" 200 1355 "-" "Mozilla/5.0 (compatible; Yahoo! Slurp; http://help.yahoo.com/help/us/ysearch/slurp)"
66.249.70.51 - - [06/Jan/2008:23:44:53 -0800] "www.modestolan.com: GET /vb/calendar.php?c=2&week=1123372800 HTTP/1.1" 200 7085 "-" "Mozilla/5.0 (compatible; Googlebot/2.1; +http://www.google.com/bot.html)"
66.249.70.51 - - [06/Jan/2008:23:45:27 -0800] "www.modestolan.com: GET /vb/showthread.php?t=5694 HTTP/1.1" 200 7490 "-" "Mozilla/5.0 (compatible; Googlebot/2.1; +http://www.google.com/bot.html)"
66.249.70.51 - - [06/Jan/2008:23:45:51 -0800] "www.modestolan.com: GET /vb/calendar.php?do=add&c=2&day=2007-4-16 HTTP/1.1" 200 6382 "-" "Mozilla/5.0 (compatible; Googlebot/2.1; +http://www.google.com/bot.html)"
66.249.70.51 - - [06/Jan/2008:23:46:45 -0800] "www.modestolan.com: GET /vb/calendar.php?do=add&c=2&day=2005-8-26 HTTP/1.1" 200 6382 "-" "Mozilla/5.0 (compatible; Googlebot/2.1; +http://www.google.com/bot.html)"
60.170.23.202 - - [06/Jan/2008:23:47:31 -0800] "www.modestolan.com: GET / HTTP/1.1" 200 24084 "http://www.modestolan.com/" "Mozilla/4.0 (compatible; MSIE 6.0; Windows NT 5.1; SV1; Maxthon; .NET CLR 1.1.4322; InfoPath.1; .NET CLR 2.0.50727)"
66.249.70.51 - - [06/Jan/2008:23:47:42 -0800] "www.modestolan.com: GET /vb/calendar.php?do=add&c=2&day=2005-8-17 HTTP/1.1" 200 6382 "-" "Mozilla/5.0 (compatible; Googlebot/2.1; +http://www.google.com/bot.html)"
66.249.70.51 - - [06/Jan/2008:23:48:38 -0800] "www.modestolan.com: GET /vb/calendar.php?do=add&c=2&day=2007-4-20 HTTP/1.1" 200 6382 "-" "Mozilla/5.0 (compatible; Googlebot/2.1; +http://www.google.com/bot.html)"
74.6.23.155 - - [06/Jan/2008:23:48:54 -0800] "www.modestolan.com: GET /images/lanpics/20011228/raffle_crowd.jpeg HTTP/1.0" 200 468061 "-" "Mozilla/5.0 (compatible; Yahoo! Slurp; http://help.yahoo.com/help/us/ysearch/slurp)"
74.6.23.19 - - [06/Jan/2008:23:49:04 -0800] "www.modestolan.com: GET /vb/search.php?do=finduser&userid=5&searchthreadid=5710 HTTP/1.0" 302 0 "-" "Mozilla/5.0 (compatible; Yahoo! Slurp; http://help.yahoo.com/help/us/ysearch/slurp)"
74.6.23.19 - - [06/Jan/2008:23:49:05 -0800] "www.modestolan.com: GET /vb/search.php?searchid=9978 HTTP/1.0" 200 6622 "-" "Mozilla/5.0 (compatible; Yahoo! Slurp; http://help.yahoo.com/help/us/ysearch/slurp)"
66.249.70.51 - - [06/Jan/2008:23:49:35 -0800] "www.modestolan.com: GET /vb/calendar.php?do=add&c=2&day=2007-4-15 HTTP/1.1" 200 6383 "-" "Mozilla/5.0 (compatible; Googlebot/2.1; +http://www.google.com/bot.html)"
66.249.70.51 - - [06/Jan/2008:23:50:31 -0800] "www.modestolan.com: GET /vb/calendar.php?do=add&c=2&day=2005-8-14 HTTP/1.1" 200 6381 "-" "Mozilla/5.0 (compatible; Googlebot/2.1; +http://www.google.com/bot.html)"
82.137.216.9 - - [06/Jan/2008:23:51:25 -0800] "www.modestolan.com: GET /images/lakers.gif HTTP/1.0" 200 16208 "http://forum.kooora.com/f.aspx?t=7588258" "Mozilla/4.0 (compatible; MSIE 6.0; Windows NT 5.1; SV1)"
66.249.70.51 - - [06/Jan/2008:23:51:27 -0800] "www.modestolan.com: GET /vb/calendar.php?do=add&c=2&day=2005-8-18 HTTP/1.1" 200 6384 "-" "Mozilla/5.0 (compatible; Googlebot/2.1; +http://www.google.com/bot.html)"
74.6.22.208 - - [06/Jan/2008:23:51:52 -0800] "www.modestolan.com: GET /vb/archive/index.php/t-4974.html HTTP/1.0" 200 6806 "-" "Mozilla/5.0 (compatible; Yahoo! Slurp; http://help.yahoo.com/help/us/ysearch/slurp)"
85.197.232.224 - - [06/Jan/2008:23:52:16 -0800] "www.radiumradio.com: GET /music/gunther-golddiggers.wma HTTP/1.1" 404 348 "-" "NSPlayer/11.00.6000.6324 WMFSDK/11.00.6000.6324"
85.197.232.224 - - [06/Jan/2008:23:52:16 -0800] "www.radiumradio.com: GET /music/gunther-golddiggers.wma HTTP/1.1" 404 348 "http://profile.myspace.com/index.cfm?fuseaction=user.viewprofile&friendid=12687558" "Mozilla/5.0 (Windows; U; Windows NT 6.0; en-US; rv:1.8.1.11) Gecko/20071127 Firefox/2.0.0.11"
85.197.232.224 - - [06/Jan/2008:23:52:19 -0800] "www.radiumradio.com: GET /music/gunther-golddiggers.wma HTTP/1.1" 404 348 "-" "NSPlayer/11.0.6000.6324"
66.249.70.51 - - [06/Jan/2008:23:52:24 -0800] "www.modestolan.com: GET /vb/calendar.php?do=add&c=2&day=2005-8-25 HTTP/1.1" 200 6382 "-" "Mozilla/5.0 (compatible; Googlebot/2.1; +http://www.google.com/bot.html)"
66.249.70.51 - - [06/Jan/2008:23:53:23 -0800] "www.modestolan.com: GET /vb/calendar.php?do=add&c=2&day=2007-4-13 HTTP/1.1" 200 6381 "-" "Mozilla/5.0 (compatible; Googlebot/2.1; +http://www.google.com/bot.html)"
74.6.28.39 - - [06/Jan/2008:23:54:03 -0800] "www.modestolan.com: GET /vb/search.php?do=finduser&userid=5&searchthreadid=5350 HTTP/1.0" 302 0 "-" "Mozilla/5.0 (compatible; Yahoo! Slurp; http://help.yahoo.com/help/us/ysearch/slurp)"
74.6.28.39 - - [06/Jan/2008:23:54:04 -0800] "www.modestolan.com: GET /vb/search.php?searchid=9979 HTTP/1.0" 200 6597 "-" "Mozilla/5.0 (compatible; Yahoo! Slurp; http://help.yahoo.com/help/us/ysearch/slurp)"
66.249.70.51 - - [06/Jan/2008:23:54:17 -0800] "www.modestolan.com: GET /vb/calendar.php?do=add&c=2&day=2007-4-10 HTTP/1.1" 200 6380 "-" "Mozilla/5.0 (compatible; Googlebot/2.1; +http://www.google.com/bot.html)"
71.228.47.109 - - [06/Jan/2008:23:54:24 -0800] "www.modestolan.com: GET /xwred1/fat_naruto.jpeg HTTP/1.1" 200 115036 "http://www.chaozr.proboards31.com/index.cgi?board=wtf&action=display&thread=1133741022&page=2" "Mozilla/5.0 (Macintosh; U; Intel Mac OS X; en; rv:1.8.1.11) Gecko/20071128 Camino/1.5.4"
66.249.70.51 - - [06/Jan/2008:23:55:13 -0800] "www.modestolan.com: GET /vb/calendar.php?do=add&c=2&day=2007-4-8 HTTP/1.1" 200 6383 "-" "Mozilla/5.0 (compatible; Googlebot/2.1; +http://www.google.com/bot.html)"
74.6.24.202 - - [06/Jan/2008:23:55:25 -0800] "www.modestolan.com: GET /vb/memberlist.php?ltr=O&pp=0&sort=username&order=asc HTTP/1.0" 200 6526 "-" "Mozilla/5.0 (compatible; Yahoo! Slurp; http://help.yahoo.com/help/us/ysearch/slurp)"
66.249.70.51 - - [06/Jan/2008:23:56:09 -0800] "www.modestolan.com: GET /vb/calendar.php?do=add&c=2&day=2007-4-14 HTTP/1.1" 200 6382 "-" "Mozilla/5.0 (compatible; Googlebot/2.1; +http://www.google.com/bot.html)"
74.6.23.201 - - [06/Jan/2008:23:56:44 -0800] "www.modestolan.com: GET /vb/archive/index.php/t-5113.html HTTP/1.0" 200 9264 "-" "Mozilla/5.0 (compatible; Yahoo! Slurp; http://help.yahoo.com/help/us/ysearch/slurp)"
66.249.70.51 - - [06/Jan/2008:23:57:06 -0800] "www.modestolan.com: GET /vb/calendar.php?do=add&c=2&day=2007-4-21 HTTP/1.1" 200 6381 "-" "Mozilla/5.0 (compatible; Googlebot/2.1; +http://www.google.com/bot.html)"
66.249.70.51 - - [06/Jan/2008:23:58:03 -0800] "www.modestolan.com: GET /vb/calendar.php?do=add&c=2&day=2007-4-12 HTTP/1.1" 200 6382 "-" "Mozilla/5.0 (compatible; Googlebot/2.1; +http://www.google.com/bot.html)"
72.30.179.205 - - [06/Jan/2008:23:58:53 -0800] "www.modestolan.com: GET /vb/misc.php?do=whoposted&t=5157 HTTP/1.0" 200 2731 "-" "Mozilla/5.0 (compatible; Yahoo! Slurp; http://help.yahoo.com/help/us/ysearch/slurp)"
69.225.83.134 - - [06/Jan/2008:23:59:12 -0800] "www.modestolan.com: GET /~twentydead/xmas.jpg HTTP/1.1" 404 344 "http://profile.myspace.com/index.cfm?fuseaction=user.viewprofile&friendID=3572659" "Mozilla/4.0 (compatible; MSIE 7.0; Windows NT 5.1; FunWebProducts; .NET CLR 1.1.4322)"
69.225.83.134 - - [06/Jan/2008:23:59:12 -0800] "www.modestolan.com: GET /~twentydead/newyear.jpg HTTP/1.1" 404 347 "http://profile.myspace.com/index.cfm?fuseaction=user.viewprofile&friendID=3572659" "Mozilla/4.0 (compatible; MSIE 7.0; Windows NT 5.1; FunWebProducts; .NET CLR 1.1.4322)"
66.249.70.51 - - [06/Jan/2008:23:59:21 -0800] "www.blppp.com: GET /modules.php?name=Web_Links&l_op=RandomLink HTTP/1.1" 302 38 "-" "Mozilla/5.0 (compatible; Googlebot/2.1; +http://www.google.com/bot.html)"
66.249.70.51 - - [06/Jan/2008:23:59:22 -0800] "www.blppp.com: GET /modules.php?name=Stories_Archive HTTP/1.1" 200 4799 "-" "Mozilla/5.0 (compatible; Googlebot/2.1; +http://www.google.com/bot.html)"
66.249.70.51 - - [06/Jan/2008:23:59:25 -0800] "www.modestolan.com: GET /vb/member.php?u=795 HTTP/1.1" 200 6310 "-" "Mozilla/5.0 (compatible; Googlebot/2.1; +http://www.google.com/bot.html)"
74.6.20.17 - - [07/Jan/2008:00:01:13 -0800] "www.modestolan.com: GET /vb/archive/index.php/t-4296.html HTTP/1.0" 200 8989 "-" "Mozilla/5.0 (compatible; Yahoo! Slurp; http://help.yahoo.com/help/us/ysearch/slurp)"
124.133.87.119 - - [07/Jan/2008:00:01:42 -0800] "www.modestolan.com: GET / HTTP/1.1" 200 17058 "http://www.modestolan.com/" "Mozilla/4.0 (compatible; MSIE 6.0; Windows NT 5.1; SV1; Maxthon; .NET CLR 1.1.4322; InfoPath.1; .NET CLR 2.0.50727)"
69.225.83.134 - - [07/Jan/2008:00:01:52 -0800] "www.modestolan.com: GET /~twentydead/newyear.jpg HTTP/1.1" 404 347 "http://profile.myspace.com/index.cfm?fuseaction=user.viewprofile&friendID=3572659" "Mozilla/4.0 (compatible; MSIE 7.0; Windows NT 5.1; FunWebProducts; .NET CLR 1.1.4322)"
69.225.83.134 - - [07/Jan/2008:00:01:52 -0800] "www.modestolan.com: GET /~twentydead/xmas.jpg HTTP/1.1" 404 344 "http://profile.myspace.com/index.cfm?fuseaction=user.viewprofile&friendID=3572659" "Mozilla/4.0 (compatible; MSIE 7.0; Windows NT 5.1; FunWebProducts; .NET CLR 1.1.4322)"
74.6.23.12 - - [07/Jan/2008:00:02:55 -0800] "www.modestolan.com: GET /Disclaimer.php HTTP/1.0" 301 362 "-" "Mozilla/5.0 (compatible; Yahoo! Slurp; http://help.yahoo.com/help/us/ysearch/slurp)"
74.6.23.12 - - [07/Jan/2008:00:02:55 -0800] "www.modestolan.com: GET /disclaimer.php HTTP/1.0" 200 20427 "-" "Mozilla/5.0 (compatible; Yahoo! Slurp; http://help.yahoo.com/help/us/ysearch/slurp)"
91.18.86.250 - - [07/Jan/2008:00:04:12 -0800] "www.modestolan.com: GET /xwred1/streetfighter.wmv HTTP/1.1" 200 17199 "-" "Mozilla/4.0 (compatible; MSIE 6.0.2800.1106; NT 5.1;)"
72.30.179.234 - - [07/Jan/2008:00:04:31 -0800] "www.modestolan.com: GET /vb/showthread.php?t=4593&page=2 HTTP/1.0" 200 14560 "-" "Mozilla/5.0 (compatible; Yahoo! Slurp; http://help.yahoo.com/help/us/ysearch/slurp)"
75.94.69.144 - - [07/Jan/2008:00:04:33 -0800] "www.modestolan.com: GET /~twentydead/newyear.jpg HTTP/1.1" 404 347 "http://profile.myspace.com/index.cfm?fuseaction=user.viewprofile&friendid=3572659" "Mozilla/4.0 (compatible; MSIE 7.0; AOL 9.0; Windows NT 5.1; .NET CLR 1.1.4322)"
75.94.69.144 - - [07/Jan/2008:00:04:33 -0800] "www.modestolan.com: GET /~twentydead/xmas.jpg HTTP/1.1" 404 344 "http://profile.myspace.com/index.cfm?fuseaction=user.viewprofile&friendid=3572659" "Mozilla/4.0 (compatible; MSIE 7.0; AOL 9.0; Windows NT 5.1; .NET CLR 1.1.4322)"
75.94.69.144 - - [07/Jan/2008:00:07:17 -0800] "www.modestolan.com: GET /~twentydead/newyear.jpg HTTP/1.1" 404 347 "http://profile.myspace.com/index.cfm?fuseaction=user.viewprofile&friendid=3572659" "Mozilla/4.0 (compatible; MSIE 7.0; AOL 9.0; Windows NT 5.1; .NET CLR 1.1.4322)"
75.94.69.144 - - [07/Jan/2008:00:07:17 -0800] "www.modestolan.com: GET /~twentydead/xmas.jpg HTTP/1.1" 404 344 "http://profile.myspace.com/index.cfm?fuseaction=user.viewprofile&friendid=3572659" "Mozilla/4.0 (compatible; MSIE 7.0; AOL 9.0; Windows NT 5.1; .NET CLR 1.1.4322)"
67.187.209.177 - - [07/Jan/2008:00:07:20 -0800] "www.jdacura.com: GET /jdacura/homepage/ HTTP/1.1" 200 9520 "-" "Mozilla/5.0 (X11; U; Linux i686; en-US; rv:1.8.1.11) Gecko/20071204 Ubuntu/7.10 (gutsy) Firefox/2.0.0.11"
67.187.209.177 - - [07/Jan/2008:00:07:45 -0800] "www.jdacura.com: GET /jdacura/homepage/ HTTP/1.1" 200 9520 "-" "Mozilla/5.0 (X11; U; Linux i686; en-US; rv:1.8.1.11) Gecko/20071204 Ubuntu/7.10 (gutsy) Firefox/2.0.0.11"
67.187.209.177 - - [07/Jan/2008:00:07:51 -0800] "www.jdacura.com: GET /jdacura/homepage/ HTTP/1.1" 200 9520 "-" "Mozilla/5.0 (X11; U; Linux i686; en-US; rv:1.8.1.11) Gecko/20071204 Ubuntu/7.10 (gutsy) Firefox/2.0.0.11"
75.94.69.144 - - [07/Jan/2008:00:08:11 -0800] "www.modestolan.com: GET /~twentydead/newyear.jpg HTTP/1.1" 404 347 "http://profile.myspace.com/index.cfm?fuseaction=user.viewprofile&friendid=3572659" "Mozilla/4.0 (compatible; MSIE 7.0; AOL 9.0; Windows NT 5.1; .NET CLR 1.1.4322)"
75.94.69.144 - - [07/Jan/2008:00:08:11 -0800] "www.modestolan.com: GET /~twentydead/xmas.jpg HTTP/1.1" 404 344 "http://profile.myspace.com/index.cfm?fuseaction=user.viewprofile&friendid=3572659" "Mozilla/4.0 (compatible; MSIE 7.0; AOL 9.0; Windows NT 5.1; .NET CLR 1.1.4322)"
75.94.69.144 - - [07/Jan/2008:00:08:39 -0800] "www.modestolan.com: GET /~twentydead/newyear.jpg HTTP/1.1" 404 347 "http://profile.myspace.com/index.cfm?fuseaction=user.viewprofile&friendid=3572659" "Mozilla/4.0 (compatible; MSIE 7.0; AOL 9.0; Windows NT 5.1; .NET CLR 1.1.4322)"
75.94.69.144 - - [07/Jan/2008:00:08:39 -0800] "www.modestolan.com: GET /~twentydead/xmas.jpg HTTP/1.1" 404 344 "http://profile.myspace.com/index.cfm?fuseaction=user.viewprofile&friendid=3572659" "Mozilla/4.0 (compatible; MSIE 7.0; AOL 9.0; Windows NT 5.1; .NET CLR 1.1.4322)"
72.199.56.137 - - [07/Jan/2008:00:09:31 -0800] "www.modestolan.com: GET /vb/images/smilies/new2/slick.gif HTTP/1.1" 200 690 "http://forum.signonsandiego.com/showthread.php?t=61902" "Mozilla/4.0 (compatible; MSIE 7.0; Windows NT 5.1; .NET CLR 1.1.4322)"
219.150.167.86 - - [07/Jan/2008:00:11:33 -0800] "www.modestolan.com: GET / HTTP/1.1" 200 24084 "http://www.modestolan.com/" "Mozilla/4.0 (compatible; MSIE 6.0; Windows NT 5.1; SV1; Maxthon; .NET CLR 1.1.4322; InfoPath.1; .NET CLR 2.0.50727)"
74.6.24.210 - - [07/Jan/2008:00:11:33 -0800] "www.modestolan.com: GET /vb/search.php?do=finduser&userid=42&searchthreadid=5698 HTTP/1.0" 302 0 "-" "Mozilla/5.0 (compatible; Yahoo! Slurp; http://help.yahoo.com/help/us/ysearch/slurp)"
74.6.24.210 - - [07/Jan/2008:00:11:34 -0800] "www.modestolan.com: GET /vb/search.php?searchid=9980 HTTP/1.0" 200 6280 "-" "Mozilla/5.0 (compatible; Yahoo! Slurp; http://help.yahoo.com/help/us/ysearch/slurp)"
74.6.19.223 - - [07/Jan/2008:00:13:26 -0800] "www.modestolan.com: GET /xwred1/hergs_aimbot_modestolan_090903.dm_68 HTTP/1.0" 200 703467 "-" "Mozilla/5.0 (compatible; Yahoo! Slurp; http://help.yahoo.com/help/us/ysearch/slurp)"
74.6.19.204 - - [07/Jan/2008:00:15:43 -0800] "www.modestolan.com: GET /vb/member.php?u=652 HTTP/1.0" 200 6641 "-" "Mozilla/5.0 (compatible; Yahoo! Slurp; http://help.yahoo.com/help/us/ysearch/slurp)"
121.68.56.85 - - [07/Jan/2008:00:16:41 -0800] "www.modestolan.com: GET / HTTP/1.1" 200 24084 "http://www.modestolan.com/" "Mozilla/4.0 (compatible; MSIE 6.0; Windows NT 5.1; SV1; Maxthon; .NET CLR 1.1.4322; InfoPath.1; .NET CLR 2.0.50727)"
67.187.209.177 - - [07/Jan/2008:00:17:21 -0800] "www.jdacura.com: GET /jdacura/homepage/ HTTP/1.1" 200 9520 "-" "Mozilla/5.0 (X11; U; Linux i686; en-US; rv:1.8.1.11) Gecko/20071204 Ubuntu/7.10 (gutsy) Firefox/2.0.0.11"
67.187.209.177 - - [07/Jan/2008:00:17:21 -0800] "www.jdacura.com: GET /jdacura/homepage/trans.gif HTTP/1.1" 200 43 "http://www.jdacura.com/jdacura/homepage/" "Mozilla/5.0 (X11; U; Linux i686; en-US; rv:1.8.1.11) Gecko/20071204 Ubuntu/7.10 (gutsy) Firefox/2.0.0.11"
67.187.209.177 - - [07/Jan/2008:00:17:21 -0800] "www.jdacura.com: GET /jdacura/homepage/bg.jpg HTTP/1.1" 200 32021 "http://www.jdacura.com/jdacura/homepage/" "Mozilla/5.0 (X11; U; Linux i686; en-US; rv:1.8.1.11) Gecko/20071204 Ubuntu/7.10 (gutsy) Firefox/2.0.0.11"
67.187.209.177 - - [07/Jan/2008:00:17:22 -0800] "www.jdacura.com: GET /favicon.ico HTTP/1.1" 404 330 "-" "Mozilla/5.0 (X11; U; Linux i686; en-US; rv:1.8.1.11) Gecko/20071204 Ubuntu/7.10 (gutsy) Firefox/2.0.0.11"
70.16.228.60 - - [07/Jan/2008:00:18:55 -0800] "www.modestolan.com: GET /xwred1/fat_naruto.jpeg HTTP/1.1" 200 115036 "http://www.chaozr.proboards31.com/index.cgi?board=wtf&action=display&thread=1133741022&page=2" "Mozilla/5.0 (Windows; U; Windows NT 5.1; en-US; rv:1.8.1.11) Gecko/20071127 Firefox/2.0.0.11"
74.6.24.147 - - [07/Jan/2008:00:20:31 -0800] "jdacura.com: GET /robots.txt HTTP/1.0" 200 225 "-" "Mozilla/5.0 (compatible; Yahoo! Slurp; http://help.yahoo.com/help/us/ysearch/slurp)"
74.6.24.124 - - [07/Jan/2008:00:20:32 -0800] "jdacura.com: GET /modules.php?name=Your_Account HTTP/1.0" 200 9539 "-" "Mozilla/5.0 (compatible; Yahoo! Slurp; http://help.yahoo.com/help/us/ysearch/slurp)"
74.6.20.203 - - [07/Jan/2008:00:21:00 -0800] "www.modestolan.com: GET /~xwred1/joinarnold/ HTTP/1.0" 200 14509 "-" "Mozilla/5.0 (compatible; Yahoo! Slurp; http://help.yahoo.com/help/us/ysearch/slurp)"
66.249.70.51 - - [07/Jan/2008:00:22:11 -0800] "www.modestolan.com: GET /vb/member.php?u=1265 HTTP/1.1" 200 6275 "-" "Mozilla/5.0 (compatible; Googlebot/2.1; +http://www.google.com/bot.html)"
202.160.178.85 - - [07/Jan/2008:00:24:42 -0800] "www.modestolan.com: GET /robots.txt HTTP/1.0" 404 322 "-" "Mozilla/5.0 (compatible; Yahoo! Slurp China; http://misc.yahoo.com.cn/help.html)"
202.160.178.183 - - [07/Jan/2008:00:24:43 -0800] "www.modestolan.com: GET /rules.php HTTP/1.0" 200 15699 "-" "Mozilla/5.0 (compatible; Yahoo! Slurp China; http://misc.yahoo.com.cn/help.html)"
74.6.28.36 - - [07/Jan/2008:00:24:51 -0800] "www.modestolan.com: GET /vb/showthread.php?t=5408 HTTP/1.0" 200 9257 "-" "Mozilla/5.0 (compatible; Yahoo! Slurp; http://help.yahoo.com/help/us/ysearch/slurp)"
66.249.70.51 - - [07/Jan/2008:00:28:02 -0800] "www.modestolan.com: GET /xwred1/feminist.jpg HTTP/1.1" 200 453832 "-" "Googlebot-Image/1.0"
74.6.22.79 - - [07/Jan/2008:00:28:10 -0800] "www.modestolan.com: GET /~hoodlum/FFXIscript HTTP/1.0" 404 331 "-" "Mozilla/5.0 (compatible; Yahoo! Slurp; http://help.yahoo.com/help/us/ysearch/slurp)"
74.6.26.164 - - [07/Jan/2008:00:28:17 -0800] "www.modestolan.com: GET /vb/showthread.php?p=48569 HTTP/1.0" 200 9397 "-" "Mozilla/5.0 (compatible; Yahoo! Slurp; http://help.yahoo.com/help/us/ysearch/slurp)"
66.249.70.51 - - [07/Jan/2008:00:28:31 -0800] "www.modestolan.com: GET /vb/calendar.php?c=2&week=1120953600&do=displayweek&month=7 HTTP/1.1" 200 7155 "-" "Mozilla/5.0 (compatible; Googlebot/2.1; +http://www.google.com/bot.html)"
66.249.70.51 - - [07/Jan/2008:00:28:58 -0800] "www.modestolan.com: GET /vb/calendar.php?do=add&c=2&day=2005-8-10 HTTP/1.1" 200 6383 "-" "Mozilla/5.0 (compatible; Googlebot/2.1; +http://www.google.com/bot.html)"
66.249.70.51 - - [07/Jan/2008:00:29:35 -0800] "www.modestolan.com: GET /vb/calendar.php?do=add&c=2&day=2007-4-29 HTTP/1.1" 200 6383 "-" "Mozilla/5.0 (compatible; Googlebot/2.1; +http://www.google.com/bot.html)"
66.249.70.51 - - [07/Jan/2008:00:30:16 -0800] "www.modestolan.com: GET /vb/calendar.php?do=add&c=2&day=2007-4-26 HTTP/1.1" 200 6382 "-" "Mozilla/5.0 (compatible; Googlebot/2.1; +http://www.google.com/bot.html)"
66.249.70.51 - - [07/Jan/2008:00:30:58 -0800] "www.modestolan.com: GET /vb/calendar.php?c=2&week=1179619200&do=displayweek&month=5 HTTP/1.1" 200 7136 "-" "Mozilla/5.0 (compatible; Googlebot/2.1; +http://www.google.com/bot.html)"
74.6.22.79 - - [07/Jan/2008:00:31:13 -0800] "www.modestolan.com: GET /register.php?lanid=18 HTTP/1.0" 200 29022 "-" "Mozilla/5.0 (compatible; Yahoo! Slurp; http://help.yahoo.com/help/us/ysearch/slurp)"
74.6.23.136 - - [07/Jan/2008:00:31:35 -0800] "www.modestolan.com: GET /vb/archive/index.php/t-4503.html HTTP/1.0" 200 2709 "-" "Mozilla/5.0 (compatible; Yahoo! Slurp; http://help.yahoo.com/help/us/ysearch/slurp)"
66.249.70.51 - - [07/Jan/2008:00:31:39 -0800] "www.modestolan.com: GET /vb/calendar.php?do=add&c=2&day=2007-4-24 HTTP/1.1" 200 6382 "-" "Mozilla/5.0 (compatible; Googlebot/2.1; +http://www.google.com/bot.html)"
202.160.180.131 - - [07/Jan/2008:00:31:50 -0800] "www.modestolan.com: GET /robots.txt HTTP/1.0" 404 322 "-" "Mozilla/5.0 (compatible; Yahoo! Slurp China; http://misc.yahoo.com.cn/help.html)"
202.160.179.140 - - [07/Jan/2008:00:31:52 -0800] "www.modestolan.com: GET /vb/register.php HTTP/1.0" 200 5172 "-" "Mozilla/5.0 (compatible; Yahoo! Slurp China; http://misc.yahoo.com.cn/help.html)"
66.249.70.51 - - [07/Jan/2008:00:32:20 -0800] "www.modestolan.com: GET /vb/calendar.php?month=7&year=2005&c=2&do=displaymonth HTTP/1.1" 200 7640 "-" "Mozilla/5.0 (compatible; Googlebot/2.1; +http://www.google.com/bot.html)"
74.6.20.219 - - [07/Jan/2008:00:32:35 -0800] "www.modestolan.com: GET /vb/archive/index.php/t-3768.html HTTP/1.0" 200 1599 "-" "Mozilla/5.0 (compatible; Yahoo! Slurp; http://help.yahoo.com/help/us/ysearch/slurp)"
66.249.70.51 - - [07/Jan/2008:00:33:02 -0800] "www.modestolan.com: GET /vb/calendar.php?month=5&year=2007&c=2&do=displaymonth HTTP/1.1" 200 7663 "-" "Mozilla/5.0 (compatible; Googlebot/2.1; +http://www.google.com/bot.html)"
66.249.70.51 - - [07/Jan/2008:00:33:43 -0800] "www.modestolan.com: GET /vb/calendar.php?c=2&week=1179014400&do=displayweek&month=5 HTTP/1.1" 200 7145 "-" "Mozilla/5.0 (compatible; Googlebot/2.1; +http://www.google.com/bot.html)"
88.149.153.66 - - [07/Jan/2008:00:34:02 -0800] "www.modestolan.com: GET /tables.css HTTP/1.1" 200 2419 "http://www.modestolan.com/xwred1/mp3/Depeche%20Mode%20-%20Playing%20The%20Angel(Advance%202005)(StefWan-Team)/" "Mozilla/5.0 (Windows; U; Windows NT 5.1; it; rv:1.8.1.11) Gecko/20071127 Firefox/2.0.0.11"
88.149.153.66 - - [07/Jan/2008:00:34:02 -0800] "www.modestolan.com: GET /xwred1/mp3/Depeche%20Mode%20-%20Playing%20The%20Angel(Advance%202005)(StefWan-Team)/ HTTP/1.1" 200 17908 "http://www.google.it/search?hl=it&q=-inurl%3A%28htm%7Chtml%7Cphp%29+intitle%3A%22index+of%22+%2B%22last+modified%22+%2B%22parent+directory%22+%2Bdescription+%2Bsize+%2B%28wma%7Cmp3%29+%22Depeche+Mode%22&btnG=Cerca&meta=" "Mozilla/5.0 (Windows; U; Windows NT 5.1; it; rv:1.8.1.11) Gecko/20071127 Firefox/2.0.0.11"
88.149.153.66 - - [07/Jan/2008:00:34:03 -0800] "www.modestolan.com: GET /images/bg_small.jpg HTTP/1.1" 200 1598 "http://www.modestolan.com/xwred1/mp3/Depeche%20Mode%20-%20Playing%20The%20Angel(Advance%202005)(StefWan-Team)/" "Mozilla/5.0 (Windows; U; Windows NT 5.1; it; rv:1.8.1.11) Gecko/20071127 Firefox/2.0.0.11"
88.149.153.66 - - [07/Jan/2008:00:34:03 -0800] "www.modestolan.com: GET /php/menu.php HTTP/1.1" 200 21682 "http://www.modestolan.com/xwred1/mp3/Depeche%20Mode%20-%20Playing%20The%20Angel(Advance%202005)(StefWan-Team)/" "Mozilla/5.0 (Windows; U; Windows NT 5.1; it; rv:1.8.1.11) Gecko/20071127 Firefox/2.0.0.11"
88.149.153.66 - - [07/Jan/2008:00:34:04 -0800] "www.modestolan.com: GET /images/menu/1.gif HTTP/1.1" 200 368 "http://www.modestolan.com/xwred1/mp3/Depeche%20Mode%20-%20Playing%20The%20Angel(Advance%202005)(StefWan-Team)/" "Mozilla/5.0 (Windows; U; Windows NT 5.1; it; rv:1.8.1.11) Gecko/20071127 Firefox/2.0.0.11"
88.149.153.66 - - [07/Jan/2008:00:34:04 -0800] "www.modestolan.com: GET /images/menu/2.gif HTTP/1.1" 200 550 "http://www.modestolan.com/xwred1/mp3/Depeche%20Mode%20-%20Playing%20The%20Angel(Advance%202005)(StefWan-Team)/" "Mozilla/5.0 (Windows; U; Windows NT 5.1; it; rv:1.8.1.11) Gecko/20071127 Firefox/2.0.0.11"
88.149.153.66 - - [07/Jan/2008:00:34:04 -0800] "www.modestolan.com: GET /images/menu/3.gif HTTP/1.1" 200 511 "http://www.modestolan.com/xwred1/mp3/Depeche%20Mode%20-%20Playing%20The%20Angel(Advance%202005)(StefWan-Team)/" "Mozilla/5.0 (Windows; U; Windows NT 5.1; it; rv:1.8.1.11) Gecko/20071127 Firefox/2.0.0.11"
88.149.153.66 - - [07/Jan/2008:00:34:04 -0800] "www.modestolan.com: GET /images/transparent.gif HTTP/1.1" 200 43 "http://www.modestolan.com/xwred1/mp3/Depeche%20Mode%20-%20Playing%20The%20Angel(Advance%202005)(StefWan-Team)/" "Mozilla/5.0 (Windows; U; Windows NT 5.1; it; rv:1.8.1.11) Gecko/20071127 Firefox/2.0.0.11"
88.149.153.66 - - [07/Jan/2008:00:34:04 -0800] "www.modestolan.com: GET /images/top_14.gif HTTP/1.1" 200 522 "http://www.modestolan.com/xwred1/mp3/Depeche%20Mode%20-%20Playing%20The%20Angel(Advance%202005)(StefWan-Team)/" "Mozilla/5.0 (Windows; U; Windows NT 5.1; it; rv:1.8.1.11) Gecko/20071127 Firefox/2.0.0.11"
88.149.153.66 - - [07/Jan/2008:00:34:04 -0800] "www.modestolan.com: GET /images/menu/4.gif HTTP/1.1" 200 443 "http://www.modestolan.com/xwred1/mp3/Depeche%20Mode%20-%20Playing%20The%20Angel(Advance%202005)(StefWan-Team)/" "Mozilla/5.0 (Windows; U; Windows NT 5.1; it; rv:1.8.1.11) Gecko/20071127 Firefox/2.0.0.11"
88.149.153.66 - - [07/Jan/2008:00:34:04 -0800] "www.modestolan.com: GET /images/menu/8.gif HTTP/1.1" 200 746 "http://www.modestolan.com/xwred1/mp3/Depeche%20Mode%20-%20Playing%20The%20Angel(Advance%202005)(StefWan-Team)/" "Mozilla/5.0 (Windows; U; Windows NT 5.1; it; rv:1.8.1.11) Gecko/20071127 Firefox/2.0.0.11"
88.149.153.66 - - [07/Jan/2008:00:34:04 -0800] "www.modestolan.com: GET /images/top_12.gif HTTP/1.1" 200 826 "http://www.modestolan.com/xwred1/mp3/Depeche%20Mode%20-%20Playing%20The%20Angel(Advance%202005)(StefWan-Team)/" "Mozilla/5.0 (Windows; U; Windows NT 5.1; it; rv:1.8.1.11) Gecko/20071127 Firefox/2.0.0.11"
88.149.153.66 - - [07/Jan/2008:00:34:04 -0800] "www.modestolan.com: GET /images/menu/5.gif HTTP/1.1" 200 549 "http://www.modestolan.com/xwred1/mp3/Depeche%20Mode%20-%20Playing%20The%20Angel(Advance%202005)(StefWan-Team)/" "Mozilla/5.0 (Windows; U; Windows NT 5.1; it; rv:1.8.1.11) Gecko/20071127 Firefox/2.0.0.11"
88.149.153.66 - - [07/Jan/2008:00:34:04 -0800] "www.modestolan.com: GET /images/menu/6.gif HTTP/1.1" 200 600 "http://www.modestolan.com/xwred1/mp3/Depeche%20Mode%20-%20Playing%20The%20Angel(Advance%202005)(StefWan-Team)/" "Mozilla/5.0 (Windows; U; Windows NT 5.1; it; rv:1.8.1.11) Gecko/20071127 Firefox/2.0.0.11"
88.149.153.66 - - [07/Jan/2008:00:34:04 -0800] "www.modestolan.com: GET /images/menu/7.gif HTTP/1.1" 200 601 "http://www.modestolan.com/xwred1/mp3/Depeche%20Mode%20-%20Playing%20The%20Angel(Advance%202005)(StefWan-Team)/" "Mozilla/5.0 (Windows; U; Windows NT 5.1; it; rv:1.8.1.11) Gecko/20071127 Firefox/2.0.0.11"
88.149.153.66 - - [07/Jan/2008:00:34:04 -0800] "www.modestolan.com: GET /images/top_02.gif HTTP/1.1" 200 882 "http://www.modestolan.com/xwred1/mp3/Depeche%20Mode%20-%20Playing%20The%20Angel(Advance%202005)(StefWan-Team)/" "Mozilla/5.0 (Windows; U; Windows NT 5.1; it; rv:1.8.1.11) Gecko/20071127 Firefox/2.0.0.11"
88.149.153.66 - - [07/Jan/2008:00:34:04 -0800] "www.modestolan.com: GET /transparent.gif HTTP/1.1" 200 43 "http://www.modestolan.com/xwred1/mp3/Depeche%20Mode%20-%20Playing%20The%20Angel(Advance%202005)(StefWan-Team)/" "Mozilla/5.0 (Windows; U; Windows NT 5.1; it; rv:1.8.1.11) Gecko/20071127 Firefox/2.0.0.11"
88.149.153.66 - - [07/Jan/2008:00:34:04 -0800] "www.modestolan.com: GET /images/top_01.gif HTTP/1.1" 200 344 "http://www.modestolan.com/xwred1/mp3/Depeche%20Mode%20-%20Playing%20The%20Angel(Advance%202005)(StefWan-Team)/" "Mozilla/5.0 (Windows; U; Windows NT 5.1; it; rv:1.8.1.11) Gecko/20071127 Firefox/2.0.0.11"
88.149.153.66 - - [07/Jan/2008:00:34:04 -0800] "www.modestolan.com: GET /images/top_03.gif HTTP/1.1" 200 349 "http://www.modestolan.com/xwred1/mp3/Depeche%20Mode%20-%20Playing%20The%20Angel(Advance%202005)(StefWan-Team)/" "Mozilla/5.0 (Windows; U; Windows NT 5.1; it; rv:1.8.1.11) Gecko/20071127 Firefox/2.0.0.11"
88.149.153.66 - - [07/Jan/2008:00:34:04 -0800] "www.modestolan.com: GET /images/top_04.gif HTTP/1.1" 200 1547 "http://www.modestolan.com/xwred1/mp3/Depeche%20Mode%20-%20Playing%20The%20Angel(Advance%202005)(StefWan-Team)/" "Mozilla/5.0 (Windows; U; Windows NT 5.1; it; rv:1.8.1.11) Gecko/20071127 Firefox/2.0.0.11"
88.149.153.66 - - [07/Jan/2008:00:34:04 -0800] "www.modestolan.com: GET /images/top_05.gif HTTP/1.1" 200 3111 "http://www.modestolan.com/xwred1/mp3/Depeche%20Mode%20-%20Playing%20The%20Angel(Advance%202005)(StefWan-Team)/" "Mozilla/5.0 (Windows; U; Windows NT 5.1; it; rv:1.8.1.11) Gecko/20071127 Firefox/2.0.0.11"
88.149.153.66 - - [07/Jan/2008:00:34:04 -0800] "www.modestolan.com: GET /images/top_06.gif HTTP/1.1" 200 1954 "http://www.modestolan.com/xwred1/mp3/Depeche%20Mode%20-%20Playing%20The%20Angel(Advance%202005)(StefWan-Team)/" "Mozilla/5.0 (Windows; U; Windows NT 5.1; it; rv:1.8.1.11) Gecko/20071127 Firefox/2.0.0.11"
88.149.153.66 - - [07/Jan/2008:00:34:04 -0800] "www.modestolan.com: GET /images/top_07.gif HTTP/1.1" 200 2521 "http://www.modestolan.com/xwred1/mp3/Depeche%20Mode%20-%20Playing%20The%20Angel(Advance%202005)(StefWan-Team)/" "Mozilla/5.0 (Windows; U; Windows NT 5.1; it; rv:1.8.1.11) Gecko/20071127 Firefox/2.0.0.11"
88.149.153.66 - - [07/Jan/2008:00:34:04 -0800] "www.modestolan.com: GET /images/top_08.gif HTTP/1.1" 200 1738 "http://www.modestolan.com/xwred1/mp3/Depeche%20Mode%20-%20Playing%20The%20Angel(Advance%202005)(StefWan-Team)/" "Mozilla/5.0 (Windows; U; Windows NT 5.1; it; rv:1.8.1.11) Gecko/20071127 Firefox/2.0.0.11"
88.149.153.66 - - [07/Jan/2008:00:34:04 -0800] "www.modestolan.com: GET /images/top_09.gif HTTP/1.1" 200 1089 "http://www.modestolan.com/xwred1/mp3/Depeche%20Mode%20-%20Playing%20The%20Angel(Advance%202005)(StefWan-Team)/" "Mozilla/5.0 (Windows; U; Windows NT 5.1; it; rv:1.8.1.11) Gecko/20071127 Firefox/2.0.0.11"
88.149.153.66 - - [07/Jan/2008:00:34:04 -0800] "www.modestolan.com: GET /images/top_13.gif HTTP/1.1" 200 728 "http://www.modestolan.com/xwred1/mp3/Depeche%20Mode%20-%20Playing%20The%20Angel(Advance%202005)(StefWan-Team)/" "Mozilla/5.0 (Windows; U; Windows NT 5.1; it; rv:1.8.1.11) Gecko/20071127 Firefox/2.0.0.11"
88.149.153.66 - - [07/Jan/2008:00:34:04 -0800] "www.modestolan.com: GET /images/top_11.gif HTTP/1.1" 200 1553 "http://www.modestolan.com/xwred1/mp3/Depeche%20Mode%20-%20Playing%20The%20Angel(Advance%202005)(StefWan-Team)/" "Mozilla/5.0 (Windows; U; Windows NT 5.1; it; rv:1.8.1.11) Gecko/20071127 Firefox/2.0.0.11"
88.149.153.66 - - [07/Jan/2008:00:34:04 -0800] "www.modestolan.com: GET /images/sponsors/geeks.com.gif HTTP/1.1" 200 6611 "http://www.modestolan.com/xwred1/mp3/Depeche%20Mode%20-%20Playing%20The%20Angel(Advance%202005)(StefWan-Team)/" "Mozilla/5.0 (Windows; U; Windows NT 5.1; it; rv:1.8.1.11) Gecko/20071127 Firefox/2.0.0.11"
88.149.153.66 - - [07/Jan/2008:00:34:04 -0800] "www.modestolan.com: GET /images/sponsors/nvidia.jpeg HTTP/1.1" 200 5580 "http://www.modestolan.com/xwred1/mp3/Depeche%20Mode%20-%20Playing%20The%20Angel(Advance%202005)(StefWan-Team)/" "Mozilla/5.0 (Windows; U; Windows NT 5.1; it; rv:1.8.1.11) Gecko/20071127 Firefox/2.0.0.11"
88.149.153.66 - - [07/Jan/2008:00:34:05 -0800] "www.modestolan.com: GET /images/sponsors/alogo.gif HTTP/1.1" 200 5996 "http://www.modestolan.com/xwred1/mp3/Depeche%20Mode%20-%20Playing%20The%20Angel(Advance%202005)(StefWan-Team)/" "Mozilla/5.0 (Windows; U; Windows NT 5.1; it; rv:1.8.1.11) Gecko/20071127 Firefox/2.0.0.11"
88.149.153.66 - - [07/Jan/2008:00:34:05 -0800] "www.modestolan.com: GET /images/runningslack.gif HTTP/1.1" 200 1818 "http://www.modestolan.com/xwred1/mp3/Depeche%20Mode%20-%20Playing%20The%20Angel(Advance%202005)(StefWan-Team)/" "Mozilla/5.0 (Windows; U; Windows NT 5.1; it; rv:1.8.1.11) Gecko/20071127 Firefox/2.0.0.11"
88.149.153.66 - - [07/Jan/2008:00:34:05 -0800] "www.modestolan.com: GET /images/sponsors/BAWLSbutton.gif HTTP/1.1" 200 8114 "http://www.modestolan.com/xwred1/mp3/Depeche%20Mode%20-%20Playing%20The%20Angel(Advance%202005)(StefWan-Team)/" "Mozilla/5.0 (Windows; U; Windows NT 5.1; it; rv:1.8.1.11) Gecko/20071127 Firefox/2.0.0.11"
88.149.153.66 - - [07/Jan/2008:00:34:05 -0800] "www.modestolan.com: GET /icons/blank.gif HTTP/1.1" 200 148 "http://www.modestolan.com/xwred1/mp3/Depeche%20Mode%20-%20Playing%20The%20Angel(Advance%202005)(StefWan-Team)/" "Mozilla/5.0 (Windows; U; Windows NT 5.1; it; rv:1.8.1.11) Gecko/20071127 Firefox/2.0.0.11"
88.149.153.66 - - [07/Jan/2008:00:34:05 -0800] "www.modestolan.com: GET /icons/back.gif HTTP/1.1" 200 216 "http://www.modestolan.com/xwred1/mp3/Depeche%20Mode%20-%20Playing%20The%20Angel(Advance%202005)(StefWan-Team)/" "Mozilla/5.0 (Windows; U; Windows NT 5.1; it; rv:1.8.1.11) Gecko/20071127 Firefox/2.0.0.11"
88.149.153.66 - - [07/Jan/2008:00:34:05 -0800] "www.modestolan.com: GET /icons/sound2.gif HTTP/1.1" 200 221 "http://www.modestolan.com/xwred1/mp3/Depeche%20Mode%20-%20Playing%20The%20Angel(Advance%202005)(StefWan-Team)/" "Mozilla/5.0 (Windows; U; Windows NT 5.1; it; rv:1.8.1.11) Gecko/20071127 Firefox/2.0.0.11"
88.149.153.66 - - [07/Jan/2008:00:34:05 -0800] "www.modestolan.com: GET /icons/text.gif HTTP/1.1" 200 229 "http://www.modestolan.com/xwred1/mp3/Depeche%20Mode%20-%20Playing%20The%20Angel(Advance%202005)(StefWan-Team)/" "Mozilla/5.0 (Windows; U; Windows NT 5.1; it; rv:1.8.1.11) Gecko/20071127 Firefox/2.0.0.11"
88.149.153.66 - - [07/Jan/2008:00:34:05 -0800] "www.modestolan.com: GET /icons/image2.gif HTTP/1.1" 200 309 "http://www.modestolan.com/xwred1/mp3/Depeche%20Mode%20-%20Playing%20The%20Angel(Advance%202005)(StefWan-Team)/" "Mozilla/5.0 (Windows; U; Windows NT 5.1; it; rv:1.8.1.11) Gecko/20071127 Firefox/2.0.0.11"
88.149.153.66 - - [07/Jan/2008:00:34:05 -0800] "www.modestolan.com: GET /icons/unknown.gif HTTP/1.1" 200 245 "http://www.modestolan.com/xwred1/mp3/Depeche%20Mode%20-%20Playing%20The%20Angel(Advance%202005)(StefWan-Team)/" "Mozilla/5.0 (Windows; U; Windows NT 5.1; it; rv:1.8.1.11) Gecko/20071127 Firefox/2.0.0.11"
88.149.153.66 - - [07/Jan/2008:00:34:05 -0800] "www.modestolan.com: GET /images/top_10.gif HTTP/1.1" 200 1188 "http://www.modestolan.com/xwred1/mp3/Depeche%20Mode%20-%20Playing%20The%20Angel(Advance%202005)(StefWan-Team)/" "Mozilla/5.0 (Windows; U; Windows NT 5.1; it; rv:1.8.1.11) Gecko/20071127 Firefox/2.0.0.11"
88.149.153.66 - - [07/Jan/2008:00:34:05 -0800] "www.modestolan.com: GET /favicon.ico HTTP/1.1" 404 335 "-" "Mozilla/5.0 (Windows; U; Windows NT 5.1; it; rv:1.8.1.11) Gecko/20071127 Firefox/2.0.0.11"
88.149.153.66 - - [07/Jan/2008:00:34:11 -0800] "www.modestolan.com: GET /xwred1/mp3/Depeche%20Mode%20-%20Playing%20The%20Angel(Advance%202005)(StefWan-Team)/03%20-%20Depeche%20Mode%20-%20suffer%20well.mp3 HTTP/1.1" 200 24084 "http://www.modestolan.com/xwred1/mp3/Depeche%20Mode%20-%20Playing%20The%20Angel(Advance%202005)(StefWan-Team)/" "Mozilla/5.0 (Windows; U; Windows NT 5.1; it; rv:1.8.1.11) Gecko/20071127 Firefox/2.0.0.11"
88.149.153.66 - - [07/Jan/2008:00:34:11 -0800] "www.modestolan.com: GET /php/menu.php HTTP/1.1" 200 21682 "http://www.modestolan.com/xwred1/mp3/Depeche%20Mode%20-%20Playing%20The%20Angel(Advance%202005)(StefWan-Team)/03%20-%20Depeche%20Mode%20-%20suffer%20well.mp3" "Mozilla/5.0 (Windows; U; Windows NT 5.1; it; rv:1.8.1.11) Gecko/20071127 Firefox/2.0.0.11"
66.249.70.51 - - [07/Jan/2008:00:34:24 -0800] "www.modestolan.com: GET /vb/calendar.php?do=add&c=2&day=2007-4-30 HTTP/1.1" 200 6383 "-" "Mozilla/5.0 (compatible; Googlebot/2.1; +http://www.google.com/bot.html)"
88.149.153.66 - - [07/Jan/2008:00:34:35 -0800] "www.modestolan.com: GET /xwred1/mp3/Depeche%20Mode%20-%20Playing%20The%20Angel(Advance%202005)(StefWan-Team)/Depeche%20mode.jpg HTTP/1.1" 200 45029 "http://www.modestolan.com/xwred1/mp3/Depeche%20Mode%20-%20Playing%20The%20Angel(Advance%202005)(StefWan-Team)/" "Mozilla/5.0 (Windows; U; Windows NT 5.1; it; rv:1.8.1.11) Gecko/20071127 Firefox/2.0.0.11"
88.149.153.66 - - [07/Jan/2008:00:34:37 -0800] "www.modestolan.com: GET /xwred1/mp3/Depeche%20Mode%20-%20Playing%20The%20Angel(Advance%202005)(StefWan-Team)/10%20-%20Depeche%20Mode%20-%20damaged%20people.mp3 HTTP/1.1" 200 24084 "http://www.modestolan.com/xwred1/mp3/Depeche%20Mode%20-%20Playing%20The%20Angel(Advance%202005)(StefWan-Team)/" "Mozilla/5.0 (Windows; U; Windows NT 5.1; it; rv:1.8.1.11) Gecko/20071127 Firefox/2.0.0.11"
88.149.153.66 - - [07/Jan/2008:00:34:39 -0800] "www.modestolan.com: GET /php/menu.php HTTP/1.1" 200 21682 "http://www.modestolan.com/xwred1/mp3/Depeche%20Mode%20-%20Playing%20The%20Angel(Advance%202005)(StefWan-Team)/10%20-%20Depeche%20Mode%20-%20damaged%20people.mp3" "Mozilla/5.0 (Windows; U; Windows NT 5.1; it; rv:1.8.1.11) Gecko/20071127 Firefox/2.0.0.11"
74.6.22.79 - - [07/Jan/2008:00:34:49 -0800] "www.modestolan.com: GET /register.php?lanid=19 HTTP/1.0" 200 25721 "-" "Mozilla/5.0 (compatible; Yahoo! Slurp; http://help.yahoo.com/help/us/ysearch/slurp)"
38.105.83.10 - - [07/Jan/2008:00:34:49 -0800] "www.modestosucks.com: GET / HTTP/1.1" 200 405 "-" "Mozilla/4.0 (compatible; MSIE 6.0; Windows XP)"
66.249.70.51 - - [07/Jan/2008:00:35:06 -0800] "www.modestolan.com: GET /vb/calendar.php?do=add&c=2&day=2007-4-23 HTTP/1.1" 200 6383 "-" "Mozilla/5.0 (compatible; Googlebot/2.1; +http://www.google.com/bot.html)"
66.249.70.51 - - [07/Jan/2008:00:35:47 -0800] "www.modestolan.com: GET /vb/calendar.php?do=add&c=2&day=2005-8-1 HTTP/1.1" 200 6382 "-" "Mozilla/5.0 (compatible; Googlebot/2.1; +http://www.google.com/bot.html)"
74.6.20.17 - - [07/Jan/2008:00:36:18 -0800] "www.modestolan.com: GET /vb/showthread.php?t=5646 HTTP/1.0" 200 9400 "-" "Mozilla/5.0 (compatible; Yahoo! Slurp; http://help.yahoo.com/help/us/ysearch/slurp)"
66.249.70.51 - - [07/Jan/2008:00:36:28 -0800] "www.modestolan.com: GET /vb/calendar.php?c=2&week=1120348800&do=displayweek&month=7 HTTP/1.1" 200 7148 "-" "Mozilla/5.0 (compatible; Googlebot/2.1; +http://www.google.com/bot.html)"
66.68.207.54 - - [07/Jan/2008:00:36:42 -0800] "sanctum.modestolan.com: GET /select.jpg HTTP/1.1" 200 10544 "http://www.ahordedazedknight.net/phpBB/viewtopic.php?t=48" "Mozilla/5.0 (Windows; U; Windows NT 5.1; en-US; rv:1.8.1.11) Gecko/20071127 Firefox/2.0.0.11"
66.68.207.54 - - [07/Jan/2008:00:36:42 -0800] "sanctum.modestolan.com: GET /cp.jpg HTTP/1.1" 200 17759 "http://www.ahordedazedknight.net/phpBB/viewtopic.php?t=48" "Mozilla/5.0 (Windows; U; Windows NT 5.1; en-US; rv:1.8.1.11) Gecko/20071127 Firefox/2.0.0.11"
66.68.207.54 - - [07/Jan/2008:00:36:42 -0800] "sanctum.modestolan.com: GET /save.jpg HTTP/1.1" 200 25065 "http://www.ahordedazedknight.net/phpBB/viewtopic.php?t=48" "Mozilla/5.0 (Windows; U; Windows NT 5.1; en-US; rv:1.8.1.11) Gecko/20071127 Firefox/2.0.0.11"
66.68.207.54 - - [07/Jan/2008:00:36:42 -0800] "sanctum.modestolan.com: GET /notdone.jpg HTTP/1.1" 200 15912 "http://www.ahordedazedknight.net/phpBB/viewtopic.php?t=48" "Mozilla/5.0 (Windows; U; Windows NT 5.1; en-US; rv:1.8.1.11) Gecko/20071127 Firefox/2.0.0.11"
66.68.207.54 - - [07/Jan/2008:00:36:42 -0800] "sanctum.modestolan.com: GET /ventdownload.jpg HTTP/1.1" 200 35564 "http://www.ahordedazedknight.net/phpBB/viewtopic.php?t=48" "Mozilla/5.0 (Windows; U; Windows NT 5.1; en-US; rv:1.8.1.11) Gecko/20071127 Firefox/2.0.0.11"
66.68.207.54 - - [07/Jan/2008:00:36:42 -0800] "sanctum.modestolan.com: GET /ventblank.jpg HTTP/1.1" 200 27946 "http://www.ahordedazedknight.net/phpBB/viewtopic.php?t=48" "Mozilla/5.0 (Windows; U; Windows NT 5.1; en-US; rv:1.8.1.11) Gecko/20071127 Firefox/2.0.0.11"
66.68.207.54 - - [07/Jan/2008:00:36:42 -0800] "sanctum.modestolan.com: GET /newname.jpg HTTP/1.1" 200 6098 "http://www.ahordedazedknight.net/phpBB/viewtopic.php?t=48" "Mozilla/5.0 (Windows; U; Windows NT 5.1; en-US; rv:1.8.1.11) Gecko/20071127 Firefox/2.0.0.11"
66.68.207.54 - - [07/Jan/2008:00:36:42 -0800] "sanctum.modestolan.com: GET /ventblank2.jpg HTTP/1.1" 200 29357 "http://www.ahordedazedknight.net/phpBB/viewtopic.php?t=48" "Mozilla/5.0 (Windows; U; Windows NT 5.1; en-US; rv:1.8.1.11) Gecko/20071127 Firefox/2.0.0.11"
66.68.207.54 - - [07/Jan/2008:00:36:43 -0800] "sanctum.modestolan.com: GET /serverconfig.jpg HTTP/1.1" 200 34801 "http://www.ahordedazedknight.net/phpBB/viewtopic.php?t=48" "Mozilla/5.0 (Windows; U; Windows NT 5.1; en-US; rv:1.8.1.11) Gecko/20071127 Firefox/2.0.0.11"
65.55.213.109 - - [07/Jan/2008:00:36:44 -0800] "www.modestolan.com: GET /robots.txt HTTP/1.0" 404 322 "-" "msnbot-media/1.0 (+http://search.msn.com/msnbot.htm)"
65.55.213.109 - - [07/Jan/2008:00:36:44 -0800] "www.modestolan.com: GET /~twentydead/baniel/galloassholetalk.gif HTTP/1.0" 404 351 "-" "msnbot-media/1.0 (+http://search.msn.com/msnbot.htm)"
66.249.70.51 - - [07/Jan/2008:00:37:10 -0800] "www.modestolan.com: GET /vb/calendar.php?do=add&c=2&day=2007-4-28 HTTP/1.1" 200 6383 "-" "Mozilla/5.0 (compatible; Googlebot/2.1; +http://www.google.com/bot.html)"
66.249.70.51 - - [07/Jan/2008:00:37:51 -0800] "www.modestolan.com: GET /vb/calendar.php?do=add&c=2&day=2007-4-27 HTTP/1.1" 200 6383 "-" "Mozilla/5.0 (compatible; Googlebot/2.1; +http://www.google.com/bot.html)"
66.249.70.51 - - [07/Jan/2008:00:38:32 -0800] "www.modestolan.com: GET /vb/calendar.php?do=add&c=2&day=2005-8-4 HTTP/1.1" 200 6381 "-" "Mozilla/5.0 (compatible; Googlebot/2.1; +http://www.google.com/bot.html)"
66.249.70.51 - - [07/Jan/2008:00:39:14 -0800] "www.modestolan.com: GET /vb/calendar.php?do=add&c=2&day=2005-8-8 HTTP/1.1" 200 6383 "-" "Mozilla/5.0 (compatible; Googlebot/2.1; +http://www.google.com/bot.html)"
67.187.209.177 - - [07/Jan/2008:00:39:30 -0800] "www.jdacura.com: GET /jdacura/homepage/ HTTP/1.1" 200 9520 "-" "Mozilla/5.0 (X11; U; Linux i686; en-US; rv:1.8.1.11) Gecko/20071204 Ubuntu/7.10 (gutsy) Firefox/2.0.0.11"
66.249.70.51 - - [07/Jan/2008:00:39:55 -0800] "www.modestolan.com: GET /vb/calendar.php?do=add&c=2&day=2005-8-2 HTTP/1.1" 200 6380 "-" "Mozilla/5.0 (compatible; Googlebot/2.1; +http://www.google.com/bot.html)"
66.249.70.51 - - [07/Jan/2008:00:40:37 -0800] "www.modestolan.com: GET /vb/calendar.php?c=2&week=1122163200&do=displayweek&month=7 HTTP/1.1" 200 7162 "-" "Mozilla/5.0 (compatible; Googlebot/2.1; +http://www.google.com/bot.html)"
65.55.210.93 - - [07/Jan/2008:00:40:50 -0800] "www.modestolan.com: GET /robots.txt HTTP/1.0" 404 322 "-" "msnbot/1.0 (+http://search.msn.com/msnbot.htm)"
65.55.210.93 - - [07/Jan/2008:00:40:51 -0800] "www.modestolan.com: GET /vb/member.php?s=&action=getinfo&userid=277 HTTP/1.0" 200 24265 "-" "msnbot/1.0 (+http://search.msn.com/msnbot.htm)"
74.6.26.173 - - [07/Jan/2008:00:40:53 -0800] "www.modestolan.com: GET /vb/calendar.php?do=add&c=1&day=2006-6-27 HTTP/1.0" 200 6382 "-" "Mozilla/5.0 (compatible; Yahoo! Slurp; http://help.yahoo.com/help/us/ysearch/slurp)"
66.249.70.51 - - [07/Jan/2008:00:41:18 -0800] "www.modestolan.com: GET /vb/calendar.php?do=add&c=2&day=2005-8-13 HTTP/1.1" 200 6381 "-" "Mozilla/5.0 (compatible; Googlebot/2.1; +http://www.google.com/bot.html)"
66.249.70.51 - - [07/Jan/2008:00:41:59 -0800] "www.modestolan.com: GET /vb/calendar.php?do=add&c=2&day=2005-8-11 HTTP/1.1" 200 6380 "-" "Mozilla/5.0 (compatible; Googlebot/2.1; +http://www.google.com/bot.html)"
74.6.24.162 - - [07/Jan/2008:00:42:08 -0800] "www.modestolan.com: GET /vb/member.php?u=717 HTTP/1.0" 200 6276 "-" "Mozilla/5.0 (compatible; Yahoo! Slurp; http://help.yahoo.com/help/us/ysearch/slurp)"
66.249.70.51 - - [07/Jan/2008:00:42:41 -0800] "www.modestolan.com: GET /vb/calendar.php?do=add&c=2&day=2005-8-9 HTTP/1.1" 200 6382 "-" "Mozilla/5.0 (compatible; Googlebot/2.1; +http://www.google.com/bot.html)"
219.133.254.144 - - [07/Jan/2008:00:43:19 -0800] "www.modestolan.com: GET / HTTP/1.1" 200 24084 "http://www.modestolan.com/" "Mozilla/4.0 (compatible; MSIE 6.0; Windows NT 5.1; SV1; Maxthon; .NET CLR 1.1.4322; InfoPath.1; .NET CLR 2.0.50727)"
66.249.70.51 - - [07/Jan/2008:00:43:22 -0800] "www.modestolan.com: GET /vb/calendar.php?c=2&week=1122768000 HTTP/1.1" 200 7411 "-" "Mozilla/5.0 (compatible; Googlebot/2.1; +http://www.google.com/bot.html)"
66.249.70.51 - - [07/Jan/2008:00:43:32 -0800] "www.modestolan.com: GET /vb/showthread.php?p=50067 HTTP/1.1" 200 9606 "-" "Mozilla/5.0 (compatible; Googlebot/2.1; +http://www.google.com/bot.html)"
66.249.70.51 - - [07/Jan/2008:00:44:05 -0800] "www.modestolan.com: GET /vb/calendar.php?c=2&week=1122163200 HTTP/1.1" 200 7149 "-" "Mozilla/5.0 (compatible; Googlebot/2.1; +http://www.google.com/bot.html)"
66.249.70.51 - - [07/Jan/2008:00:44:18 -0800] "www.modestolan.com: GET /vb/showthread.php?t=5406 HTTP/1.1" 200 7555 "-" "Mozilla/5.0 (compatible; Googlebot/2.1; +http://www.google.com/bot.html)"
66.249.70.51 - - [07/Jan/2008:00:44:46 -0800] "www.modestolan.com: GET /vb/calendar.php?c=2&week=1177804800 HTTP/1.1" 200 7492 "-" "Mozilla/5.0 (compatible; Googlebot/2.1; +http://www.google.com/bot.html)"
66.249.70.51 - - [07/Jan/2008:00:45:26 -0800] "www.modestolan.com: GET /vb/calendar.php?c=2&week=1178409600 HTTP/1.1" 200 7127 "-" "Mozilla/5.0 (compatible; Googlebot/2.1; +http://www.google.com/bot.html)"
66.249.70.51 - - [07/Jan/2008:00:46:07 -0800] "www.modestolan.com: GET /vb/calendar.php?c=2&week=1119744000&do=displayweek&month=7 HTTP/1.1" 200 7446 "-" "Mozilla/5.0 (compatible; Googlebot/2.1; +http://www.google.com/bot.html)"
66.249.70.51 - - [07/Jan/2008:00:46:48 -0800] "www.modestolan.com: GET /vb/calendar.php?do=add&c=2&day=2007-4-22 HTTP/1.1" 200 6381 "-" "Mozilla/5.0 (compatible; Googlebot/2.1; +http://www.google.com/bot.html)"
66.249.70.51 - - [07/Jan/2008:00:47:30 -0800] "www.modestolan.com: GET /vb/calendar.php?do=add&c=2&day=2007-5-3 HTTP/1.1" 200 6380 "-" "Mozilla/5.0 (compatible; Googlebot/2.1; +http://www.google.com/bot.html)"
66.249.70.51 - - [07/Jan/2008:00:48:11 -0800] "www.modestolan.com: GET /vb/calendar.php?do=add&c=2&day=2007-4-25 HTTP/1.1" 200 6380 "-" "Mozilla/5.0 (compatible; Googlebot/2.1; +http://www.google.com/bot.html)"
66.249.70.51 - - [07/Jan/2008:00:48:53 -0800] "www.modestolan.com: GET /vb/calendar.php?do=add&c=2&day=2005-7-31 HTTP/1.1" 200 6382 "-" "Mozilla/5.0 (compatible; Googlebot/2.1; +http://www.google.com/bot.html)"
66.249.70.51 - - [07/Jan/2008:00:49:34 -0800] "www.modestolan.com: GET /vb/calendar.php?do=add&c=2&day=2005-8-5 HTTP/1.1" 200 6381 "-" "Mozilla/5.0 (compatible; Googlebot/2.1; +http://www.google.com/bot.html)"
66.249.70.51 - - [07/Jan/2008:00:50:15 -0800] "www.modestolan.com: GET /vb/calendar.php?do=add&c=2&day=2007-5-5 HTTP/1.1" 200 6382 "-" "Mozilla/5.0 (compatible; Googlebot/2.1; +http://www.google.com/bot.html)"
66.249.70.51 - - [07/Jan/2008:00:50:57 -0800] "www.modestolan.com: GET /vb/calendar.php?do=add&c=2&day=2007-5-1 HTTP/1.1" 200 6381 "-" "Mozilla/5.0 (compatible; Googlebot/2.1; +http://www.google.com/bot.html)"
66.249.70.51 - - [07/Jan/2008:00:51:38 -0800] "www.modestolan.com: GET /vb/calendar.php?do=add&c=2&day=2005-8-6 HTTP/1.1" 200 6381 "-" "Mozilla/5.0 (compatible; Googlebot/2.1; +http://www.google.com/bot.html)"
66.249.70.51 - - [07/Jan/2008:00:52:19 -0800] "www.modestolan.com: GET /vb/calendar.php?c=2&week=1178409600&do=displayweek&month=5 HTTP/1.1" 200 7141 "-" "Mozilla/5.0 (compatible; Googlebot/2.1; +http://www.google.com/bot.html)"
66.249.70.51 - - [07/Jan/2008:00:53:01 -0800] "www.modestolan.com: GET /vb/calendar.php?do=add&c=2&day=2007-5-4 HTTP/1.1" 200 6381 "-" "Mozilla/5.0 (compatible; Googlebot/2.1; +http://www.google.com/bot.html)"
66.249.70.51 - - [07/Jan/2008:00:53:42 -0800] "www.modestolan.com: GET /vb/calendar.php?do=add&c=2&day=2007-5-2 HTTP/1.1" 200 6382 "-" "Mozilla/5.0 (compatible; Googlebot/2.1; +http://www.google.com/bot.html)"
220.205.226.215 - - [07/Jan/2008:00:53:42 -0800] "www.modestolan.com: GET /images/lakers.gif HTTP/1.1" 200 16208 "http://forum.kooora.com/f.aspx?t=7588258" "Mozilla/4.0 (compatible; MSIE 6.0; Windows NT 5.1; SV1; InfoPath.1)"
82.137.250.236 - - [07/Jan/2008:00:53:42 -0800] "www.modestolan.com: GET /images/lakers.gif HTTP/1.1" 304 - "http://forum.kooora.com/f.aspx?mode=f&t=7588258" "Mozilla/4.0 (compatible; MSIE 7.0; Windows NT 5.1; .NET CLR 2.0.50727; InfoPath.2; .NET CLR 1.1.4322)"
91.18.86.250 - - [07/Jan/2008:00:54:13 -0800] "www.modestolan.com: -" 408 - "-" "-"
72.30.179.200 - - [07/Jan/2008:00:54:22 -0800] "www.modestolan.com: GET /vb/showthread.php?p=44105 HTTP/1.0" 200 10086 "-" "Mozilla/5.0 (compatible; Yahoo! Slurp; http://help.yahoo.com/help/us/ysearch/slurp)"
66.249.70.51 - - [07/Jan/2008:00:54:23 -0800] "www.modestolan.com: GET /vb/calendar.php?do=add&c=2&day=2005-8-3 HTTP/1.1" 200 6380 "-" "Mozilla/5.0 (compatible; Googlebot/2.1; +http://www.google.com/bot.html)"
66.249.70.51 - - [07/Jan/2008:00:55:05 -0800] "www.modestolan.com: GET /vb/calendar.php?do=getinfo&day=2007-5-27&c=2 HTTP/1.1" 200 5910 "-" "Mozilla/5.0 (compatible; Googlebot/2.1; +http://www.google.com/bot.html)"
66.249.70.51 - - [07/Jan/2008:00:55:46 -0800] "www.modestolan.com: GET /vb/calendar.php?c=2&week=1121558400&do=displayweek&month=7 HTTP/1.1" 200 7163 "-" "Mozilla/5.0 (compatible; Googlebot/2.1; +http://www.google.com/bot.html)"
