141.129.1.98 - - [06/Jan/2008:10:16:17 -0800] "www.modestolan.com: GET /images/top_11.gif HTTP/1.1" 200 1553 "http://www.modestolan.com/xwred1/" "Mozilla/4.0 (compatible; MSIE 6.0; Windows NT 5.1; SV1; .NET CLR 1.1.4322; .NET CLR 2.0.50727)"
141.129.1.98 - - [06/Jan/2008:10:16:17 -0800] "www.modestolan.com: GET /images/sponsors/geeks.com.gif HTTP/1.1" 200 6611 "http://www.modestolan.com/xwred1/" "Mozilla/4.0 (compatible; MSIE 6.0; Windows NT 5.1; SV1; .NET CLR 1.1.4322; .NET CLR 2.0.50727)"
141.129.1.98 - - [06/Jan/2008:10:16:17 -0800] "www.modestolan.com: GET /images/sponsors/nvidia.jpeg HTTP/1.1" 200 5580 "http://www.modestolan.com/xwred1/" "Mozilla/4.0 (compatible; MSIE 6.0; Windows NT 5.1; SV1; .NET CLR 1.1.4322; .NET CLR 2.0.50727)"
141.129.1.98 - - [06/Jan/2008:10:16:17 -0800] "www.modestolan.com: GET /images/sponsors/alogo.gif HTTP/1.1" 200 5996 "http://www.modestolan.com/xwred1/" "Mozilla/4.0 (compatible; MSIE 6.0; Windows NT 5.1; SV1; .NET CLR 1.1.4322; .NET CLR 2.0.50727)"
141.129.1.98 - - [06/Jan/2008:10:16:17 -0800] "www.modestolan.com: GET /images/sponsors/BAWLSbutton.gif HTTP/1.1" 200 8114 "http://www.modestolan.com/xwred1/" "Mozilla/4.0 (compatible; MSIE 6.0; Windows NT 5.1; SV1; .NET CLR 1.1.4322; .NET CLR 2.0.50727)"
141.129.1.98 - - [06/Jan/2008:10:16:17 -0800] "www.modestolan.com: GET /icons/blank.gif HTTP/1.1" 200 148 "http://www.modestolan.com/xwred1/" "Mozilla/4.0 (compatible; MSIE 6.0; Windows NT 5.1; SV1; .NET CLR 1.1.4322; .NET CLR 2.0.50727)"
141.129.1.98 - - [06/Jan/2008:10:16:18 -0800] "www.modestolan.com: GET /images/runningslack.gif HTTP/1.1" 200 1818 "http://www.modestolan.com/xwred1/" "Mozilla/4.0 (compatible; MSIE 6.0; Windows NT 5.1; SV1; .NET CLR 1.1.4322; .NET CLR 2.0.50727)"
141.129.1.98 - - [06/Jan/2008:10:16:18 -0800] "www.modestolan.com: GET /icons/back.gif HTTP/1.1" 200 216 "http://www.modestolan.com/xwred1/" "Mozilla/4.0 (compatible; MSIE 6.0; Windows NT 5.1; SV1; .NET CLR 1.1.4322; .NET CLR 2.0.50727)"
141.129.1.98 - - [06/Jan/2008:10:16:18 -0800] "www.modestolan.com: GET /icons/movie.gif HTTP/1.1" 200 243 "http://www.modestolan.com/xwred1/" "Mozilla/4.0 (compatible; MSIE 6.0; Windows NT 5.1; SV1; .NET CLR 1.1.4322; .NET CLR 2.0.50727)"
141.129.1.98 - - [06/Jan/2008:10:16:18 -0800] "www.modestolan.com: GET /icons/folder.gif HTTP/1.1" 200 225 "http://www.modestolan.com/xwred1/" "Mozilla/4.0 (compatible; MSIE 6.0; Windows NT 5.1; SV1; .NET CLR 1.1.4322; .NET CLR 2.0.50727)"
141.129.1.98 - - [06/Jan/2008:10:16:18 -0800] "www.modestolan.com: GET /icons/image2.gif HTTP/1.1" 200 309 "http://www.modestolan.com/xwred1/" "Mozilla/4.0 (compatible; MSIE 6.0; Windows NT 5.1; SV1; .NET CLR 1.1.4322; .NET CLR 2.0.50727)"
141.129.1.98 - - [06/Jan/2008:10:16:18 -0800] "www.modestolan.com: GET /icons/layout.gif HTTP/1.1" 200 276 "http://www.modestolan.com/xwred1/" "Mozilla/4.0 (compatible; MSIE 6.0; Windows NT 5.1; SV1; .NET CLR 1.1.4322; .NET CLR 2.0.50727)"
141.129.1.98 - - [06/Jan/2008:10:16:18 -0800] "www.modestolan.com: GET /icons/unknown.gif HTTP/1.1" 200 245 "http://www.modestolan.com/xwred1/" "Mozilla/4.0 (compatible; MSIE 6.0; Windows NT 5.1; SV1; .NET CLR 1.1.4322; .NET CLR 2.0.50727)"
141.129.1.98 - - [06/Jan/2008:10:16:18 -0800] "www.modestolan.com: GET /icons/sound2.gif HTTP/1.1" 200 221 "http://www.modestolan.com/xwred1/" "Mozilla/4.0 (compatible; MSIE 6.0; Windows NT 5.1; SV1; .NET CLR 1.1.4322; .NET CLR 2.0.50727)"
141.129.1.98 - - [06/Jan/2008:10:16:18 -0800] "www.modestolan.com: GET /icons/compressed.gif HTTP/1.1" 200 1038 "http://www.modestolan.com/xwred1/" "Mozilla/4.0 (compatible; MSIE 6.0; Windows NT 5.1; SV1; .NET CLR 1.1.4322; .NET CLR 2.0.50727)"
141.129.1.98 - - [06/Jan/2008:10:16:18 -0800] "www.modestolan.com: GET /icons/text.gif HTTP/1.1" 200 229 "http://www.modestolan.com/xwred1/" "Mozilla/4.0 (compatible; MSIE 6.0; Windows NT 5.1; SV1; .NET CLR 1.1.4322; .NET CLR 2.0.50727)"
141.129.1.98 - - [06/Jan/2008:10:16:18 -0800] "www.modestolan.com: GET /icons/deb.gif HTTP/1.1" 200 1303 "http://www.modestolan.com/xwred1/" "Mozilla/4.0 (compatible; MSIE 6.0; Windows NT 5.1; SV1; .NET CLR 1.1.4322; .NET CLR 2.0.50727)"
141.129.1.98 - - [06/Jan/2008:10:16:19 -0800] "www.modestolan.com: GET /icons/binary.gif HTTP/1.1" 200 246 "http://www.modestolan.com/xwred1/" "Mozilla/4.0 (compatible; MSIE 6.0; Windows NT 5.1; SV1; .NET CLR 1.1.4322; .NET CLR 2.0.50727)"
141.129.1.98 - - [06/Jan/2008:10:16:19 -0800] "www.modestolan.com: GET /images/top_10.gif HTTP/1.1" 200 1188 "http://www.modestolan.com/xwred1/" "Mozilla/4.0 (compatible; MSIE 6.0; Windows NT 5.1; SV1; .NET CLR 1.1.4322; .NET CLR 2.0.50727)"
141.129.1.98 - - [06/Jan/2008:10:16:19 -0800] "www.modestolan.com: GET /icons/script.gif HTTP/1.1" 200 242 "http://www.modestolan.com/xwred1/" "Mozilla/4.0 (compatible; MSIE 6.0; Windows NT 5.1; SV1; .NET CLR 1.1.4322; .NET CLR 2.0.50727)"
141.129.1.98 - - [06/Jan/2008:10:16:19 -0800] "www.modestolan.com: GET /icons/tar.gif HTTP/1.1" 200 219 "http://www.modestolan.com/xwred1/" "Mozilla/4.0 (compatible; MSIE 6.0; Windows NT 5.1; SV1; .NET CLR 1.1.4322; .NET CLR 2.0.50727)"
141.129.1.98 - - [06/Jan/2008:10:16:28 -0800] "www.modestolan.com: GET /php/menu.php HTTP/1.1" 200 21682 "http://www.modestolan.com/xwred1" "Mozilla/4.0 (compatible; MSIE 6.0; Windows NT 5.1; SV1; .NET CLR 1.1.4322; .NET CLR 2.0.50727)"
141.129.1.98 - - [06/Jan/2008:10:16:28 -0800] "www.modestolan.com: GET /xwred1/ HTTP/1.1" 200 63483 "http://images.search.yahoo.com/search/images/view?back=http%3A%2F%2Fimages.search.yahoo.com%2Fsearch%2Fimages%3Fp%3Dtaliban%26rs%3D4%26fr2%3Dxpl%26ei%3DUTF-8%26js%3D1%26ni%3D20%26vf%3D&w=640&h=480&imgurl=www.modestolan.com%2Fxwred1%2Ftaliban.jpeg&rurl=http%3A%2F%2Fwww.modestolan.com%2Fxwred1&size=66.9kB&name=taliban.jpeg&p=taliban&type=jpeg&no=3&tt=128,170&oid=cd15472adaa59288&ei=UTF-8" "Mozilla/4.0 (compatible; MSIE 6.0; Windows NT 5.1; SV1; .NET CLR 1.1.4322; .NET CLR 2.0.50727)"
74.6.24.135 - - [06/Jan/2008:10:16:53 -0800] "www.modestolan.com: GET /vb/search.php?searchid=6147 HTTP/1.0" 200 5765 "-" "Mozilla/5.0 (compatible; Yahoo! Slurp; http://help.yahoo.com/help/us/ysearch/slurp)"
79.113.27.223 - - [06/Jan/2008:10:17:50 -0800] "www.modestolan.com: GET /vb/avatar.php?userid=1025&dateline=1152525362 HTTP/1.1" 404 337 "http://hdbits.org/details.php?id=5706" "Mozilla/5.0 (Windows; U; Windows NT 5.1; en-GB; rv:1.8.1.11) Gecko/20071127 Firefox/2.0.0.11"
79.113.27.223 - - [06/Jan/2008:10:18:47 -0800] "www.modestolan.com: GET /vb/avatar.php?userid=1025&dateline=1152525362 HTTP/1.1" 404 337 "http://hdbits.org/details.php?id=5706" "Mozilla/5.0 (Windows; U; Windows NT 5.1; en-GB; rv:1.8.1.11) Gecko/20071127 Firefox/2.0.0.11"
41.221.19.159 - - [06/Jan/2008:10:19:01 -0800] "www.modestolan.com: GET /xwred1/1-thrown_from_vehicle_fatal.wmv HTTP/1.1" 206 52444 "http://www.modestolan.com/xwred1/" "Mozilla/4.0 (compatible; MSIE 6.0; Windows NT 5.1; Az-Direct-Forum)"
66.249.70.51 - - [06/Jan/2008:10:19:08 -0800] "www.modestolan.com: GET /vb/search.php?do=finduser&userid=2&searchthreadid=5727 HTTP/1.1" 302 5 "-" "Mozilla/5.0 (compatible; Googlebot/2.1; +http://www.google.com/bot.html)"
66.249.70.51 - - [06/Jan/2008:10:19:11 -0800] "www.modestolan.com: GET /vb/search.php?searchid=9942 HTTP/1.1" 200 6671 "-" "Mozilla/5.0 (compatible; Googlebot/2.1; +http://www.google.com/bot.html)"
74.6.26.173 - - [06/Jan/2008:10:19:38 -0800] "www.modestolan.com: GET /vb/search.php?do=finduser&userid=277&searchthreadid=5396 HTTP/1.0" 302 0 "-" "Mozilla/5.0 (compatible; Yahoo! Slurp; http://help.yahoo.com/help/us/ysearch/slurp)"
74.6.26.173 - - [06/Jan/2008:10:19:39 -0800] "www.modestolan.com: GET /vb/search.php?searchid=9943 HTTP/1.0" 200 6424 "-" "Mozilla/5.0 (compatible; Yahoo! Slurp; http://help.yahoo.com/help/us/ysearch/slurp)"
72.30.179.212 - - [06/Jan/2008:10:21:12 -0800] "www.modestolan.com: GET /vb/showthread.php?t=4854&page=2 HTTP/1.0" 200 16582 "-" "Mozilla/5.0 (compatible; Yahoo! Slurp; http://help.yahoo.com/help/us/ysearch/slurp)"
74.6.7.74 - - [06/Jan/2008:10:21:32 -0800] "www.modestolan.com: GET /vb/showthread.php?p=39457 HTTP/1.0" 200 9882 "-" "Mozilla/5.0 (compatible; Yahoo! Slurp; http://help.yahoo.com/help/us/ysearch/slurp)"
66.249.70.51 - - [06/Jan/2008:10:21:45 -0800] "www.modestolan.com: GET /vb/member.php?s=&action=getinfo&userid=137 HTTP/1.1" 200 6630 "-" "Mozilla/5.0 (compatible; Googlebot/2.1; +http://www.google.com/bot.html)"
74.6.27.100 - - [06/Jan/2008:10:21:47 -0800] "www.modestolan.com: GET /vb/showthread.php?p=42720 HTTP/1.0" 200 8005 "-" "Mozilla/5.0 (compatible; Yahoo! Slurp; http://help.yahoo.com/help/us/ysearch/slurp)"
74.6.23.17 - - [06/Jan/2008:10:21:50 -0800] "www.modestolan.com: GET /vb/search.php?searchid=9943 HTTP/1.0" 200 6445 "-" "Mozilla/5.0 (compatible; Yahoo! Slurp; http://help.yahoo.com/help/us/ysearch/slurp)"
68.116.82.112 - - [06/Jan/2008:10:21:57 -0800] "webmail.modestolan.com: GET /src/left_main.php HTTP/1.1" 200 9223 "https://webmail.modestolan.com/src/webmail.php" "Mozilla/4.0 (compatible; MSIE 7.0; Windows NT 5.1; .NET CLR 1.1.4322)"
66.249.70.51 - - [06/Jan/2008:10:23:34 -0800] "www.modestolan.com: GET /vb/showthread.php?p=269302 HTTP/1.1" 200 5786 "-" "Mozilla/5.0 (compatible; Googlebot/2.1; +http://www.google.com/bot.html)"
68.127.229.50 - - [06/Jan/2008:10:24:46 -0800] "www.modestolan.com: GET /tables.css HTTP/1.1" 200 2419 "http://www.modestolan.com/register.php?lanid=18" "Mozilla/4.0 (compatible; MSIE 7.0; Windows NT 6.0; SLCC1; .NET CLR 2.0.50727; Media Center PC 5.0; .NET CLR 3.0.04506)"
68.127.229.50 - - [06/Jan/2008:10:24:46 -0800] "www.modestolan.com: GET /register.php?lanid=18 HTTP/1.1" 200 29090 "http://www.google.com/search?hl=en&q=nexus+modesto" "Mozilla/4.0 (compatible; MSIE 7.0; Windows NT 6.0; SLCC1; .NET CLR 2.0.50727; Media Center PC 5.0; .NET CLR 3.0.04506)"
68.127.229.50 - - [06/Jan/2008:10:24:46 -0800] "www.modestolan.com: GET /images/bg_small.jpg HTTP/1.1" 200 1598 "http://www.modestolan.com/register.php?lanid=18" "Mozilla/4.0 (compatible; MSIE 7.0; Windows NT 6.0; SLCC1; .NET CLR 2.0.50727; Media Center PC 5.0; .NET CLR 3.0.04506)"
68.127.229.50 - - [06/Jan/2008:10:24:46 -0800] "www.modestolan.com: GET /php/menu.php HTTP/1.1" 200 21682 "http://www.modestolan.com/register.php?lanid=18" "Mozilla/4.0 (compatible; MSIE 7.0; Windows NT 6.0; SLCC1; .NET CLR 2.0.50727; Media Center PC 5.0; .NET CLR 3.0.04506)"
68.127.229.50 - - [06/Jan/2008:10:24:46 -0800] "www.modestolan.com: GET /images/menu/1.gif HTTP/1.1" 200 368 "http://www.modestolan.com/register.php?lanid=18" "Mozilla/4.0 (compatible; MSIE 7.0; Windows NT 6.0; SLCC1; .NET CLR 2.0.50727; Media Center PC 5.0; .NET CLR 3.0.04506)"
68.127.229.50 - - [06/Jan/2008:10:24:46 -0800] "www.modestolan.com: GET /images/menu/2.gif HTTP/1.1" 200 550 "http://www.modestolan.com/register.php?lanid=18" "Mozilla/4.0 (compatible; MSIE 7.0; Windows NT 6.0; SLCC1; .NET CLR 2.0.50727; Media Center PC 5.0; .NET CLR 3.0.04506)"
68.127.229.50 - - [06/Jan/2008:10:24:46 -0800] "www.modestolan.com: GET /images/menu/4.gif HTTP/1.1" 200 443 "http://www.modestolan.com/register.php?lanid=18" "Mozilla/4.0 (compatible; MSIE 7.0; Windows NT 6.0; SLCC1; .NET CLR 2.0.50727; Media Center PC 5.0; .NET CLR 3.0.04506)"
68.127.229.50 - - [06/Jan/2008:10:24:46 -0800] "www.modestolan.com: GET /images/menu/3.gif HTTP/1.1" 200 511 "http://www.modestolan.com/register.php?lanid=18" "Mozilla/4.0 (compatible; MSIE 7.0; Windows NT 6.0; SLCC1; .NET CLR 2.0.50727; Media Center PC 5.0; .NET CLR 3.0.04506)"
68.127.229.50 - - [06/Jan/2008:10:24:46 -0800] "www.modestolan.com: GET /images/menu/8.gif HTTP/1.1" 200 746 "http://www.modestolan.com/register.php?lanid=18" "Mozilla/4.0 (compatible; MSIE 7.0; Windows NT 6.0; SLCC1; .NET CLR 2.0.50727; Media Center PC 5.0; .NET CLR 3.0.04506)"
68.127.229.50 - - [06/Jan/2008:10:24:46 -0800] "www.modestolan.com: GET /images/menu/5.gif HTTP/1.1" 200 549 "http://www.modestolan.com/register.php?lanid=18" "Mozilla/4.0 (compatible; MSIE 7.0; Windows NT 6.0; SLCC1; .NET CLR 2.0.50727; Media Center PC 5.0; .NET CLR 3.0.04506)"
68.127.229.50 - - [06/Jan/2008:10:24:46 -0800] "www.modestolan.com: GET /images/landate.swf HTTP/1.1" 200 2197 "http://www.modestolan.com/register.php?lanid=18" "Mozilla/4.0 (compatible; MSIE 7.0; Windows NT 6.0; SLCC1; .NET CLR 2.0.50727; Media Center PC 5.0; .NET CLR 3.0.04506)"
68.127.229.50 - - [06/Jan/2008:10:24:46 -0800] "www.modestolan.com: GET /images/menu/6.gif HTTP/1.1" 200 600 "http://www.modestolan.com/register.php?lanid=18" "Mozilla/4.0 (compatible; MSIE 7.0; Windows NT 6.0; SLCC1; .NET CLR 2.0.50727; Media Center PC 5.0; .NET CLR 3.0.04506)"
68.127.229.50 - - [06/Jan/2008:10:24:46 -0800] "www.modestolan.com: GET /images/menu/7.gif HTTP/1.1" 200 601 "http://www.modestolan.com/register.php?lanid=18" "Mozilla/4.0 (compatible; MSIE 7.0; Windows NT 6.0; SLCC1; .NET CLR 2.0.50727; Media Center PC 5.0; .NET CLR 3.0.04506)"
68.127.229.50 - - [06/Jan/2008:10:24:46 -0800] "www.modestolan.com: GET /images/top_14.gif HTTP/1.1" 200 522 "http://www.modestolan.com/register.php?lanid=18" "Mozilla/4.0 (compatible; MSIE 7.0; Windows NT 6.0; SLCC1; .NET CLR 2.0.50727; Media Center PC 5.0; .NET CLR 3.0.04506)"
68.127.229.50 - - [06/Jan/2008:10:24:47 -0800] "www.modestolan.com: GET /images/top_12.gif HTTP/1.1" 200 826 "http://www.modestolan.com/register.php?lanid=18" "Mozilla/4.0 (compatible; MSIE 7.0; Windows NT 6.0; SLCC1; .NET CLR 2.0.50727; Media Center PC 5.0; .NET CLR 3.0.04506)"
68.127.229.50 - - [06/Jan/2008:10:24:47 -0800] "www.modestolan.com: GET /transparent.gif HTTP/1.1" 200 43 "http://www.modestolan.com/register.php?lanid=18" "Mozilla/4.0 (compatible; MSIE 7.0; Windows NT 6.0; SLCC1; .NET CLR 2.0.50727; Media Center PC 5.0; .NET CLR 3.0.04506)"
68.127.229.50 - - [06/Jan/2008:10:24:47 -0800] "www.modestolan.com: GET /images/top_02.gif HTTP/1.1" 200 882 "http://www.modestolan.com/register.php?lanid=18" "Mozilla/4.0 (compatible; MSIE 7.0; Windows NT 6.0; SLCC1; .NET CLR 2.0.50727; Media Center PC 5.0; .NET CLR 3.0.04506)"
68.127.229.50 - - [06/Jan/2008:10:24:47 -0800] "www.modestolan.com: GET /images/top_01.gif HTTP/1.1" 200 344 "http://www.modestolan.com/register.php?lanid=18" "Mozilla/4.0 (compatible; MSIE 7.0; Windows NT 6.0; SLCC1; .NET CLR 2.0.50727; Media Center PC 5.0; .NET CLR 3.0.04506)"
68.127.229.50 - - [06/Jan/2008:10:24:47 -0800] "www.modestolan.com: GET /images/top_03.gif HTTP/1.1" 200 349 "http://www.modestolan.com/register.php?lanid=18" "Mozilla/4.0 (compatible; MSIE 7.0; Windows NT 6.0; SLCC1; .NET CLR 2.0.50727; Media Center PC 5.0; .NET CLR 3.0.04506)"
68.127.229.50 - - [06/Jan/2008:10:24:47 -0800] "www.modestolan.com: GET /images/top_04.gif HTTP/1.1" 200 1547 "http://www.modestolan.com/register.php?lanid=18" "Mozilla/4.0 (compatible; MSIE 7.0; Windows NT 6.0; SLCC1; .NET CLR 2.0.50727; Media Center PC 5.0; .NET CLR 3.0.04506)"
68.127.229.50 - - [06/Jan/2008:10:24:47 -0800] "www.modestolan.com: GET /images/top_05.gif HTTP/1.1" 200 3111 "http://www.modestolan.com/register.php?lanid=18" "Mozilla/4.0 (compatible; MSIE 7.0; Windows NT 6.0; SLCC1; .NET CLR 2.0.50727; Media Center PC 5.0; .NET CLR 3.0.04506)"
68.127.229.50 - - [06/Jan/2008:10:24:47 -0800] "www.modestolan.com: GET /images/top_06.gif HTTP/1.1" 200 1954 "http://www.modestolan.com/register.php?lanid=18" "Mozilla/4.0 (compatible; MSIE 7.0; Windows NT 6.0; SLCC1; .NET CLR 2.0.50727; Media Center PC 5.0; .NET CLR 3.0.04506)"
68.127.229.50 - - [06/Jan/2008:10:24:47 -0800] "www.modestolan.com: GET /images/top_07.gif HTTP/1.1" 200 2521 "http://www.modestolan.com/register.php?lanid=18" "Mozilla/4.0 (compatible; MSIE 7.0; Windows NT 6.0; SLCC1; .NET CLR 2.0.50727; Media Center PC 5.0; .NET CLR 3.0.04506)"
68.127.229.50 - - [06/Jan/2008:10:24:47 -0800] "www.modestolan.com: GET /images/top_08.gif HTTP/1.1" 200 1738 "http://www.modestolan.com/register.php?lanid=18" "Mozilla/4.0 (compatible; MSIE 7.0; Windows NT 6.0; SLCC1; .NET CLR 2.0.50727; Media Center PC 5.0; .NET CLR 3.0.04506)"
68.127.229.50 - - [06/Jan/2008:10:24:47 -0800] "www.modestolan.com: GET /images/top_09.gif HTTP/1.1" 200 1089 "http://www.modestolan.com/register.php?lanid=18" "Mozilla/4.0 (compatible; MSIE 7.0; Windows NT 6.0; SLCC1; .NET CLR 2.0.50727; Media Center PC 5.0; .NET CLR 3.0.04506)"
68.127.229.50 - - [06/Jan/2008:10:24:47 -0800] "www.modestolan.com: GET /images/top_13.gif HTTP/1.1" 200 728 "http://www.modestolan.com/register.php?lanid=18" "Mozilla/4.0 (compatible; MSIE 7.0; Windows NT 6.0; SLCC1; .NET CLR 2.0.50727; Media Center PC 5.0; .NET CLR 3.0.04506)"
68.127.229.50 - - [06/Jan/2008:10:24:47 -0800] "www.modestolan.com: GET /images/top_11.gif HTTP/1.1" 200 1553 "http://www.modestolan.com/register.php?lanid=18" "Mozilla/4.0 (compatible; MSIE 7.0; Windows NT 6.0; SLCC1; .NET CLR 2.0.50727; Media Center PC 5.0; .NET CLR 3.0.04506)"
68.127.229.50 - - [06/Jan/2008:10:24:47 -0800] "www.modestolan.com: GET /images/sponsors/geeks.com.gif HTTP/1.1" 200 6611 "http://www.modestolan.com/register.php?lanid=18" "Mozilla/4.0 (compatible; MSIE 7.0; Windows NT 6.0; SLCC1; .NET CLR 2.0.50727; Media Center PC 5.0; .NET CLR 3.0.04506)"
68.127.229.50 - - [06/Jan/2008:10:24:47 -0800] "www.modestolan.com: GET /images/sponsors/nvidia.jpeg HTTP/1.1" 200 5580 "http://www.modestolan.com/register.php?lanid=18" "Mozilla/4.0 (compatible; MSIE 7.0; Windows NT 6.0; SLCC1; .NET CLR 2.0.50727; Media Center PC 5.0; .NET CLR 3.0.04506)"
68.127.229.50 - - [06/Jan/2008:10:24:47 -0800] "www.modestolan.com: GET /images/sponsors/alogo.gif HTTP/1.1" 200 5996 "http://www.modestolan.com/register.php?lanid=18" "Mozilla/4.0 (compatible; MSIE 7.0; Windows NT 6.0; SLCC1; .NET CLR 2.0.50727; Media Center PC 5.0; .NET CLR 3.0.04506)"
68.127.229.50 - - [06/Jan/2008:10:24:47 -0800] "www.modestolan.com: GET /images/sponsors/BAWLSbutton.gif HTTP/1.1" 200 8114 "http://www.modestolan.com/register.php?lanid=18" "Mozilla/4.0 (compatible; MSIE 7.0; Windows NT 6.0; SLCC1; .NET CLR 2.0.50727; Media Center PC 5.0; .NET CLR 3.0.04506)"
68.127.229.50 - - [06/Jan/2008:10:24:47 -0800] "www.modestolan.com: GET /images/runningslack.gif HTTP/1.1" 200 1818 "http://www.modestolan.com/register.php?lanid=18" "Mozilla/4.0 (compatible; MSIE 7.0; Windows NT 6.0; SLCC1; .NET CLR 2.0.50727; Media Center PC 5.0; .NET CLR 3.0.04506)"
68.127.229.50 - - [06/Jan/2008:10:24:47 -0800] "www.modestolan.com: GET /images/transparent.gif HTTP/1.1" 200 43 "http://www.modestolan.com/register.php?lanid=18" "Mozilla/4.0 (compatible; MSIE 7.0; Windows NT 6.0; SLCC1; .NET CLR 2.0.50727; Media Center PC 5.0; .NET CLR 3.0.04506)"
68.127.229.50 - - [06/Jan/2008:10:24:47 -0800] "www.modestolan.com: GET /images/top_10.gif HTTP/1.1" 200 1188 "http://www.modestolan.com/register.php?lanid=18" "Mozilla/4.0 (compatible; MSIE 7.0; Windows NT 6.0; SLCC1; .NET CLR 2.0.50727; Media Center PC 5.0; .NET CLR 3.0.04506)"
68.127.229.50 - - [06/Jan/2008:10:24:47 -0800] "www.modestolan.com: GET /favicon.ico HTTP/1.1" 404 335 "-" "Mozilla/4.0 (compatible; MSIE 7.0; Windows NT 6.0; SLCC1; .NET CLR 2.0.50727; Media Center PC 5.0; .NET CLR 3.0.04506)"
74.6.23.46 - - [06/Jan/2008:10:28:18 -0800] "www.modestolan.com: GET /vb/member.php?u=1271 HTTP/1.0" 200 6055 "-" "Mozilla/5.0 (compatible; Yahoo! Slurp; http://help.yahoo.com/help/us/ysearch/slurp)"
74.6.24.221 - - [06/Jan/2008:10:29:41 -0800] "www.modestolan.com: GET /vb/showthread.php?t=4329 HTTP/1.0" 200 9533 "-" "Mozilla/5.0 (compatible; Yahoo! Slurp; http://help.yahoo.com/help/us/ysearch/slurp)"
125.46.145.72 - - [06/Jan/2008:10:30:06 -0800] "www.modestolan.com: GET / HTTP/1.1" 200 24084 "http://www.modestolan.com/" "Mozilla/4.0 (compatible; MSIE 6.0; Windows NT 5.1; SV1; Maxthon; .NET CLR 1.1.4322; InfoPath.1; .NET CLR 2.0.50727)"
68.116.82.112 - - [06/Jan/2008:10:32:02 -0800] "webmail.modestolan.com: GET /src/left_main.php HTTP/1.1" 200 9223 "https://webmail.modestolan.com/src/webmail.php" "Mozilla/4.0 (compatible; MSIE 7.0; Windows NT 5.1; .NET CLR 1.1.4322)"
58.61.164.200 - - [06/Jan/2008:10:35:00 -0800] "www.modestolan.com: GET /xwred1/fat_naruto.jpeg HTTP/1.1" 200 115036 "http://image.soso.com" "Mozilla/4.0 (compatible; MSIE 6.0)"
69.209.149.199 - - [06/Jan/2008:10:35:54 -0800] "www.modestolan.com: GET /xwred1/ut2k4_bonus=lame.png HTTP/1.1" 200 121600 "http://episteme.arstechnica.com/groupee/forums/a/tpc/f/96509133/m/7670937654/p/44" "Mozilla/5.0 (Macintosh; U; Intel Mac OS X; en) AppleWebKit/523.12.2 (KHTML, like Gecko) Version/3.0.4 Safari/523.12.2"
69.209.149.199 - - [06/Jan/2008:10:35:58 -0800] "www.modestolan.com: GET /xwred1/ut2k4_bonus=lame.png HTTP/1.1" 200 16380 "http://episteme.arstechnica.com/groupee/forums/a/tpc/f/96509133/m/7670937654/p/44" "Mozilla/5.0 (Macintosh; U; Intel Mac OS X; en) AppleWebKit/523.12.2 (KHTML, like Gecko) Version/3.0.4 Safari/523.12.2"
76.226.196.204 - - [06/Jan/2008:10:38:02 -0800] "www.modestolan.com: GET /~nine/Nine_Inch_Nails-Live_In_Fresno_CA_03-23-2005-YKK/06-nine_inch_nails-piggy-ykk.mp3 HTTP/1.1" 200 24084 "http://www.profilelist.net/mc/mp3player.swf?config=http://www.profilelist.net/mc/config/config_purple_shuffle.xml&mywidth=435&myheight=270&f" "Mozilla/4.0 (compatible; MSIE 7.0; Windows NT 5.1; .NET CLR 1.1.4322)"
74.6.20.101 - - [06/Jan/2008:10:39:18 -0800] "www.modestolan.com: GET /vb/member.php?u=1504 HTTP/1.0" 200 6463 "-" "Mozilla/5.0 (compatible; Yahoo! Slurp; http://help.yahoo.com/help/us/ysearch/slurp)"
74.6.22.79 - - [06/Jan/2008:10:39:23 -0800] "www.modestolan.com: GET /images HTTP/1.0" 301 355 "-" "Mozilla/5.0 (compatible; Yahoo! Slurp; http://help.yahoo.com/help/us/ysearch/slurp)"
74.6.22.79 - - [06/Jan/2008:10:39:33 -0800] "www.modestolan.com: GET /register.php?lanid=21 HTTP/1.0" 200 25867 "-" "Mozilla/5.0 (compatible; Yahoo! Slurp/3.0; http://help.yahoo.com/help/us/ysearch/slurp)"
74.6.22.79 - - [06/Jan/2008:10:39:55 -0800] "www.modestolan.com: GET /images/ HTTP/1.0" 200 21374 "-" "Mozilla/5.0 (compatible; Yahoo! Slurp; http://help.yahoo.com/help/us/ysearch/slurp)"
124.234.250.125 - - [06/Jan/2008:10:40:23 -0800] "www.modestolan.com: GET / HTTP/1.1" 200 24084 "http://www.modestolan.com/" "Mozilla/4.0 (compatible; MSIE 6.0; Windows NT 5.1; SV1; Maxthon; .NET CLR 1.1.4322; InfoPath.1; .NET CLR 2.0.50727)"
67.181.110.97 - - [06/Jan/2008:10:41:01 -0800] "www.modestolan.com: GET /jdacura/pics/golfparty.jpg HTTP/1.1" 200 427410 "http://profile.myspace.com/index.cfm?fuseaction=user.viewprofile&friendid=19957995" "Mozilla/4.0 (compatible; MSIE 7.0; Windows NT 6.0; FunWebProducts; SLCC1; .NET CLR 2.0.50727; Media Center PC 5.0; .NET CLR 3.0.04506)"
67.55.186.207 - - [06/Jan/2008:10:41:10 -0800] "www.modestolan.com: GET /~nine/Nine_Inch_Nails-Live_In_Fresno_CA_03-23-2005-YKK/11-nine_inch_nails-burn-ykk.mp3 HTTP/1.1" 200 24084 "-" "Mozilla/4.0 (compatible; MSIE 7.0; Windows NT 5.1; .NET CLR 1.1.4322)"
68.116.82.112 - - [06/Jan/2008:10:42:08 -0800] "webmail.modestolan.com: GET /src/left_main.php HTTP/1.1" 200 9224 "https://webmail.modestolan.com/src/webmail.php" "Mozilla/4.0 (compatible; MSIE 7.0; Windows NT 5.1; .NET CLR 1.1.4322)"
66.249.70.51 - - [06/Jan/2008:10:43:54 -0800] "www.modestolan.com: GET /vb/calendar.php?c=1&week=1154822400&do=displayweek&month=8 HTTP/1.1" 200 7279 "-" "Mozilla/5.0 (compatible; Googlebot/2.1; +http://www.google.com/bot.html)"
64.12.186.242 - - [06/Jan/2008:10:44:30 -0800] "www.modestolan.com: GET /~xwred1/tmntnet2.mov HTTP/1.1" 200 12894 "http://www.singingfish.com" "asterias/2.0"
65.55.209.23 - - [06/Jan/2008:10:47:38 -0800] "www.modestolan.com: GET /robots.txt HTTP/1.0" 404 322 "-" "msnbot/1.0 (+http://search.msn.com/msnbot.htm)"
65.55.209.23 - - [06/Jan/2008:10:47:38 -0800] "www.modestolan.com: GET /disclaimer.php HTTP/1.0" 200 20427 "-" "msnbot/1.0 (+http://search.msn.com/msnbot.htm)"
74.6.28.145 - - [06/Jan/2008:10:47:48 -0800] "www.modestolan.com: GET /vb/search.php?do=finduser&userid=652&searchthreadid=5619 HTTP/1.0" 302 0 "-" "Mozilla/5.0 (compatible; Yahoo! Slurp; http://help.yahoo.com/help/us/ysearch/slurp)"
74.6.28.145 - - [06/Jan/2008:10:47:49 -0800] "www.modestolan.com: GET /vb/search.php?searchid=9944 HTTP/1.0" 200 6711 "-" "Mozilla/5.0 (compatible; Yahoo! Slurp; http://help.yahoo.com/help/us/ysearch/slurp)"
24.197.4.214 - - [06/Jan/2008:10:49:04 -0800] "www.modestolan.com: GET /vb/ HTTP/1.1" 200 8954 "-" "Mozilla/5.0 (Windows; U; Windows NT 6.0; en-US; rv:1.9b2) Gecko/2007121120 Firefox/3.0b2"
24.197.4.214 - - [06/Jan/2008:10:49:04 -0800] "www.modestolan.com: GET /php/menu.php HTTP/1.1" 200 21682 "http://www.modestolan.com/vb/" "Mozilla/5.0 (Windows; U; Windows NT 6.0; en-US; rv:1.9b2) Gecko/2007121120 Firefox/3.0b2"
24.197.4.214 - - [06/Jan/2008:10:49:05 -0800] "www.modestolan.com: GET /vb/cron.php?&rand=932007 HTTP/1.1" 200 43 "http://www.modestolan.com/vb/" "Mozilla/5.0 (Windows; U; Windows NT 6.0; en-US; rv:1.9b2) Gecko/2007121120 Firefox/3.0b2"
24.197.4.214 - - [06/Jan/2008:10:49:08 -0800] "www.modestolan.com: GET /favicon.ico HTTP/1.1" 404 335 "-" "Mozilla/5.0 (Windows; U; Windows NT 6.0; en-US; rv:1.9b2) Gecko/2007121120 Firefox/3.0b2"
68.116.82.112 - - [06/Jan/2008:10:52:13 -0800] "webmail.modestolan.com: GET /src/left_main.php HTTP/1.1" 200 9224 "https://webmail.modestolan.com/src/webmail.php" "Mozilla/4.0 (compatible; MSIE 7.0; Windows NT 5.1; .NET CLR 1.1.4322)"
222.186.9.173 - - [06/Jan/2008:10:53:30 -0800] "www.modestolan.com: GET / HTTP/1.1" 200 24084 "http://www.modestolan.com/" "Mozilla/4.0 (compatible; MSIE 6.0; Windows NT 5.1; SV1; Maxthon; .NET CLR 1.1.4322; InfoPath.1; .NET CLR 2.0.50727)"
66.249.70.51 - - [06/Jan/2008:10:55:01 -0800] "blppp.com: GET /modules.php?name=News&file=article&sid=24 HTTP/1.1" 200 6073 "-" "Mozilla/5.0 (compatible; Googlebot/2.1; +http://www.google.com/bot.html)"
74.6.23.219 - - [06/Jan/2008:10:55:50 -0800] "www.modestolan.com: GET /vb/showthread.php?p=48477 HTTP/1.0" 200 7612 "-" "Mozilla/5.0 (compatible; Yahoo! Slurp; http://help.yahoo.com/help/us/ysearch/slurp)"
87.78.90.236 - - [06/Jan/2008:10:58:02 -0800] "www.modestolan.com: GET /tables.css HTTP/1.1" 200 2419 "http://www.modestolan.com/xwred1/mp3/Depeche%20Mode%20-%20Playing%20The%20Angel(Advance%202005)(StefWan-Team)/" "Mozilla/4.0 (compatible; MSIE 6.0; Windows NT 5.1; SV1)"
87.78.90.236 - - [06/Jan/2008:10:58:02 -0800] "www.modestolan.com: GET /images/bg_small.jpg HTTP/1.1" 200 1598 "http://www.modestolan.com/xwred1/mp3/Depeche%20Mode%20-%20Playing%20The%20Angel(Advance%202005)(StefWan-Team)/" "Mozilla/4.0 (compatible; MSIE 6.0; Windows NT 5.1; SV1)"
87.78.90.236 - - [06/Jan/2008:10:58:03 -0800] "www.modestolan.com: GET /xwred1/mp3/Depeche%20Mode%20-%20Playing%20The%20Angel(Advance%202005)(StefWan-Team)/ HTTP/1.1" 200 17908 "http://www.google.de/search?hl=de&q=%22Index+of%22%2F+%2Bmp3+%2Bdepeche+mode+%2Bprecious&meta=" "Mozilla/4.0 (compatible; MSIE 6.0; Windows NT 5.1; SV1)"
87.78.90.236 - - [06/Jan/2008:10:58:03 -0800] "www.modestolan.com: GET /php/menu.php HTTP/1.1" 200 21682 "http://www.modestolan.com/xwred1/mp3/Depeche%20Mode%20-%20Playing%20The%20Angel(Advance%202005)(StefWan-Team)/" "Mozilla/4.0 (compatible; MSIE 6.0; Windows NT 5.1; SV1)"
87.78.90.236 - - [06/Jan/2008:10:58:03 -0800] "www.modestolan.com: GET /images/menu/1.gif HTTP/1.1" 200 368 "http://www.modestolan.com/xwred1/mp3/Depeche%20Mode%20-%20Playing%20The%20Angel(Advance%202005)(StefWan-Team)/" "Mozilla/4.0 (compatible; MSIE 6.0; Windows NT 5.1; SV1)"
87.78.90.236 - - [06/Jan/2008:10:58:03 -0800] "www.modestolan.com: GET /images/menu/2.gif HTTP/1.1" 200 550 "http://www.modestolan.com/xwred1/mp3/Depeche%20Mode%20-%20Playing%20The%20Angel(Advance%202005)(StefWan-Team)/" "Mozilla/4.0 (compatible; MSIE 6.0; Windows NT 5.1; SV1)"
87.78.90.236 - - [06/Jan/2008:10:58:03 -0800] "www.modestolan.com: GET /images/menu/8.gif HTTP/1.1" 200 746 "http://www.modestolan.com/xwred1/mp3/Depeche%20Mode%20-%20Playing%20The%20Angel(Advance%202005)(StefWan-Team)/" "Mozilla/4.0 (compatible; MSIE 6.0; Windows NT 5.1; SV1)"
87.78.90.236 - - [06/Jan/2008:10:58:03 -0800] "www.modestolan.com: GET /images/menu/4.gif HTTP/1.1" 200 443 "http://www.modestolan.com/xwred1/mp3/Depeche%20Mode%20-%20Playing%20The%20Angel(Advance%202005)(StefWan-Team)/" "Mozilla/4.0 (compatible; MSIE 6.0; Windows NT 5.1; SV1)"
87.78.90.236 - - [06/Jan/2008:10:58:04 -0800] "www.modestolan.com: GET /images/landate.swf HTTP/1.1" 200 2197 "http://www.modestolan.com/xwred1/mp3/Depeche%20Mode%20-%20Playing%20The%20Angel(Advance%202005)(StefWan-Team)/" "Mozilla/4.0 (compatible; MSIE 6.0; Windows NT 5.1; SV1)"
87.78.90.236 - - [06/Jan/2008:10:58:04 -0800] "www.modestolan.com: GET /images/top_12.gif HTTP/1.1" 200 826 "http://www.modestolan.com/xwred1/mp3/Depeche%20Mode%20-%20Playing%20The%20Angel(Advance%202005)(StefWan-Team)/" "Mozilla/4.0 (compatible; MSIE 6.0; Windows NT 5.1; SV1)"
87.78.90.236 - - [06/Jan/2008:10:58:04 -0800] "www.modestolan.com: GET /images/top_01.gif HTTP/1.1" 200 344 "http://www.modestolan.com/xwred1/mp3/Depeche%20Mode%20-%20Playing%20The%20Angel(Advance%202005)(StefWan-Team)/" "Mozilla/4.0 (compatible; MSIE 6.0; Windows NT 5.1; SV1)"
87.78.90.236 - - [06/Jan/2008:10:58:04 -0800] "www.modestolan.com: GET /images/menu/5.gif HTTP/1.1" 200 549 "http://www.modestolan.com/xwred1/mp3/Depeche%20Mode%20-%20Playing%20The%20Angel(Advance%202005)(StefWan-Team)/" "Mozilla/4.0 (compatible; MSIE 6.0; Windows NT 5.1; SV1)"
87.78.90.236 - - [06/Jan/2008:10:58:04 -0800] "www.modestolan.com: GET /images/menu/3.gif HTTP/1.1" 200 511 "http://www.modestolan.com/xwred1/mp3/Depeche%20Mode%20-%20Playing%20The%20Angel(Advance%202005)(StefWan-Team)/" "Mozilla/4.0 (compatible; MSIE 6.0; Windows NT 5.1; SV1)"
87.78.90.236 - - [06/Jan/2008:10:58:04 -0800] "www.modestolan.com: GET /images/menu/7.gif HTTP/1.1" 200 601 "http://www.modestolan.com/xwred1/mp3/Depeche%20Mode%20-%20Playing%20The%20Angel(Advance%202005)(StefWan-Team)/" "Mozilla/4.0 (compatible; MSIE 6.0; Windows NT 5.1; SV1)"
87.78.90.236 - - [06/Jan/2008:10:58:04 -0800] "www.modestolan.com: GET /images/menu/6.gif HTTP/1.1" 200 600 "http://www.modestolan.com/xwred1/mp3/Depeche%20Mode%20-%20Playing%20The%20Angel(Advance%202005)(StefWan-Team)/" "Mozilla/4.0 (compatible; MSIE 6.0; Windows NT 5.1; SV1)"
87.78.90.236 - - [06/Jan/2008:10:58:04 -0800] "www.modestolan.com: GET /images/top_14.gif HTTP/1.1" 200 522 "http://www.modestolan.com/xwred1/mp3/Depeche%20Mode%20-%20Playing%20The%20Angel(Advance%202005)(StefWan-Team)/" "Mozilla/4.0 (compatible; MSIE 6.0; Windows NT 5.1; SV1)"
87.78.90.236 - - [06/Jan/2008:10:58:04 -0800] "www.modestolan.com: GET /images/transparent.gif HTTP/1.1" 200 43 "http://www.modestolan.com/xwred1/mp3/Depeche%20Mode%20-%20Playing%20The%20Angel(Advance%202005)(StefWan-Team)/" "Mozilla/4.0 (compatible; MSIE 6.0; Windows NT 5.1; SV1)"
87.78.90.236 - - [06/Jan/2008:10:58:04 -0800] "www.modestolan.com: GET /transparent.gif HTTP/1.1" 200 43 "http://www.modestolan.com/xwred1/mp3/Depeche%20Mode%20-%20Playing%20The%20Angel(Advance%202005)(StefWan-Team)/" "Mozilla/4.0 (compatible; MSIE 6.0; Windows NT 5.1; SV1)"
87.78.90.236 - - [06/Jan/2008:10:58:04 -0800] "www.modestolan.com: GET /images/top_02.gif HTTP/1.1" 200 882 "http://www.modestolan.com/xwred1/mp3/Depeche%20Mode%20-%20Playing%20The%20Angel(Advance%202005)(StefWan-Team)/" "Mozilla/4.0 (compatible; MSIE 6.0; Windows NT 5.1; SV1)"
87.78.90.236 - - [06/Jan/2008:10:58:04 -0800] "www.modestolan.com: GET /images/top_03.gif HTTP/1.1" 200 349 "http://www.modestolan.com/xwred1/mp3/Depeche%20Mode%20-%20Playing%20The%20Angel(Advance%202005)(StefWan-Team)/" "Mozilla/4.0 (compatible; MSIE 6.0; Windows NT 5.1; SV1)"
87.78.90.236 - - [06/Jan/2008:10:58:04 -0800] "www.modestolan.com: GET /images/top_04.gif HTTP/1.1" 200 1547 "http://www.modestolan.com/xwred1/mp3/Depeche%20Mode%20-%20Playing%20The%20Angel(Advance%202005)(StefWan-Team)/" "Mozilla/4.0 (compatible; MSIE 6.0; Windows NT 5.1; SV1)"
87.78.90.236 - - [06/Jan/2008:10:58:04 -0800] "www.modestolan.com: GET /images/top_06.gif HTTP/1.1" 200 1954 "http://www.modestolan.com/xwred1/mp3/Depeche%20Mode%20-%20Playing%20The%20Angel(Advance%202005)(StefWan-Team)/" "Mozilla/4.0 (compatible; MSIE 6.0; Windows NT 5.1; SV1)"
87.78.90.236 - - [06/Jan/2008:10:58:04 -0800] "www.modestolan.com: GET /images/top_05.gif HTTP/1.1" 200 3111 "http://www.modestolan.com/xwred1/mp3/Depeche%20Mode%20-%20Playing%20The%20Angel(Advance%202005)(StefWan-Team)/" "Mozilla/4.0 (compatible; MSIE 6.0; Windows NT 5.1; SV1)"
87.78.90.236 - - [06/Jan/2008:10:58:04 -0800] "www.modestolan.com: GET /images/top_07.gif HTTP/1.1" 200 2521 "http://www.modestolan.com/xwred1/mp3/Depeche%20Mode%20-%20Playing%20The%20Angel(Advance%202005)(StefWan-Team)/" "Mozilla/4.0 (compatible; MSIE 6.0; Windows NT 5.1; SV1)"
87.78.90.236 - - [06/Jan/2008:10:58:04 -0800] "www.modestolan.com: GET /images/top_08.gif HTTP/1.1" 200 1738 "http://www.modestolan.com/xwred1/mp3/Depeche%20Mode%20-%20Playing%20The%20Angel(Advance%202005)(StefWan-Team)/" "Mozilla/4.0 (compatible; MSIE 6.0; Windows NT 5.1; SV1)"
87.78.90.236 - - [06/Jan/2008:10:58:04 -0800] "www.modestolan.com: GET /images/top_11.gif HTTP/1.1" 200 1553 "http://www.modestolan.com/xwred1/mp3/Depeche%20Mode%20-%20Playing%20The%20Angel(Advance%202005)(StefWan-Team)/" "Mozilla/4.0 (compatible; MSIE 6.0; Windows NT 5.1; SV1)"
87.78.90.236 - - [06/Jan/2008:10:58:04 -0800] "www.modestolan.com: GET /images/sponsors/geeks.com.gif HTTP/1.1" 200 6611 "http://www.modestolan.com/xwred1/mp3/Depeche%20Mode%20-%20Playing%20The%20Angel(Advance%202005)(StefWan-Team)/" "Mozilla/4.0 (compatible; MSIE 6.0; Windows NT 5.1; SV1)"
87.78.90.236 - - [06/Jan/2008:10:58:04 -0800] "www.modestolan.com: GET /images/top_13.gif HTTP/1.1" 200 728 "http://www.modestolan.com/xwred1/mp3/Depeche%20Mode%20-%20Playing%20The%20Angel(Advance%202005)(StefWan-Team)/" "Mozilla/4.0 (compatible; MSIE 6.0; Windows NT 5.1; SV1)"
87.78.90.236 - - [06/Jan/2008:10:58:04 -0800] "www.modestolan.com: GET /images/top_09.gif HTTP/1.1" 200 1089 "http://www.modestolan.com/xwred1/mp3/Depeche%20Mode%20-%20Playing%20The%20Angel(Advance%202005)(StefWan-Team)/" "Mozilla/4.0 (compatible; MSIE 6.0; Windows NT 5.1; SV1)"
87.78.90.236 - - [06/Jan/2008:10:58:04 -0800] "www.modestolan.com: GET /images/top_10.gif HTTP/1.1" 200 1188 "http://www.modestolan.com/xwred1/mp3/Depeche%20Mode%20-%20Playing%20The%20Angel(Advance%202005)(StefWan-Team)/" "Mozilla/4.0 (compatible; MSIE 6.0; Windows NT 5.1; SV1)"
87.78.90.236 - - [06/Jan/2008:10:58:04 -0800] "www.modestolan.com: GET /images/sponsors/nvidia.jpeg HTTP/1.1" 200 5580 "http://www.modestolan.com/xwred1/mp3/Depeche%20Mode%20-%20Playing%20The%20Angel(Advance%202005)(StefWan-Team)/" "Mozilla/4.0 (compatible; MSIE 6.0; Windows NT 5.1; SV1)"
87.78.90.236 - - [06/Jan/2008:10:58:04 -0800] "www.modestolan.com: GET /images/sponsors/BAWLSbutton.gif HTTP/1.1" 200 8114 "http://www.modestolan.com/xwred1/mp3/Depeche%20Mode%20-%20Playing%20The%20Angel(Advance%202005)(StefWan-Team)/" "Mozilla/4.0 (compatible; MSIE 6.0; Windows NT 5.1; SV1)"
87.78.90.236 - - [06/Jan/2008:10:58:04 -0800] "www.modestolan.com: GET /images/sponsors/alogo.gif HTTP/1.1" 200 5996 "http://www.modestolan.com/xwred1/mp3/Depeche%20Mode%20-%20Playing%20The%20Angel(Advance%202005)(StefWan-Team)/" "Mozilla/4.0 (compatible; MSIE 6.0; Windows NT 5.1; SV1)"
87.78.90.236 - - [06/Jan/2008:10:58:04 -0800] "www.modestolan.com: GET /images/runningslack.gif HTTP/1.1" 200 1818 "http://www.modestolan.com/xwred1/mp3/Depeche%20Mode%20-%20Playing%20The%20Angel(Advance%202005)(StefWan-Team)/" "Mozilla/4.0 (compatible; MSIE 6.0; Windows NT 5.1; SV1)"
87.78.90.236 - - [06/Jan/2008:10:58:04 -0800] "www.modestolan.com: GET /icons/blank.gif HTTP/1.1" 200 148 "http://www.modestolan.com/xwred1/mp3/Depeche%20Mode%20-%20Playing%20The%20Angel(Advance%202005)(StefWan-Team)/" "Mozilla/4.0 (compatible; MSIE 6.0; Windows NT 5.1; SV1)"
87.78.90.236 - - [06/Jan/2008:10:58:04 -0800] "www.modestolan.com: GET /icons/back.gif HTTP/1.1" 200 216 "http://www.modestolan.com/xwred1/mp3/Depeche%20Mode%20-%20Playing%20The%20Angel(Advance%202005)(StefWan-Team)/" "Mozilla/4.0 (compatible; MSIE 6.0; Windows NT 5.1; SV1)"
87.78.90.236 - - [06/Jan/2008:10:58:04 -0800] "www.modestolan.com: GET /icons/sound2.gif HTTP/1.1" 200 221 "http://www.modestolan.com/xwred1/mp3/Depeche%20Mode%20-%20Playing%20The%20Angel(Advance%202005)(StefWan-Team)/" "Mozilla/4.0 (compatible; MSIE 6.0; Windows NT 5.1; SV1)"
87.78.90.236 - - [06/Jan/2008:10:58:04 -0800] "www.modestolan.com: GET /icons/text.gif HTTP/1.1" 200 229 "http://www.modestolan.com/xwred1/mp3/Depeche%20Mode%20-%20Playing%20The%20Angel(Advance%202005)(StefWan-Team)/" "Mozilla/4.0 (compatible; MSIE 6.0; Windows NT 5.1; SV1)"
87.78.90.236 - - [06/Jan/2008:10:58:04 -0800] "www.modestolan.com: GET /icons/image2.gif HTTP/1.1" 200 309 "http://www.modestolan.com/xwred1/mp3/Depeche%20Mode%20-%20Playing%20The%20Angel(Advance%202005)(StefWan-Team)/" "Mozilla/4.0 (compatible; MSIE 6.0; Windows NT 5.1; SV1)"
87.78.90.236 - - [06/Jan/2008:10:58:04 -0800] "www.modestolan.com: GET /icons/unknown.gif HTTP/1.1" 200 245 "http://www.modestolan.com/xwred1/mp3/Depeche%20Mode%20-%20Playing%20The%20Angel(Advance%202005)(StefWan-Team)/" "Mozilla/4.0 (compatible; MSIE 6.0; Windows NT 5.1; SV1)"
87.78.90.236 - - [06/Jan/2008:10:58:10 -0800] "www.modestolan.com: GET /xwred1/mp3/Depeche%20Mode%20-%20Playing%20The%20Angel(Advance%202005)(StefWan-Team)/05%20-%20Depeche%20Mode%20-%20precious.mp3 HTTP/1.1" 200 24084 "http://www.modestolan.com/xwred1/mp3/Depeche%20Mode%20-%20Playing%20The%20Angel(Advance%202005)(StefWan-Team)/" "Mozilla/4.0 (compatible; MSIE 6.0; Windows NT 5.1; SV1)"
87.78.90.236 - - [06/Jan/2008:10:58:10 -0800] "www.modestolan.com: GET /php/menu.php HTTP/1.1" 200 21682 "http://www.modestolan.com/xwred1/mp3/Depeche%20Mode%20-%20Playing%20The%20Angel(Advance%202005)(StefWan-Team)/05%20-%20Depeche%20Mode%20-%20precious.mp3" "Mozilla/4.0 (compatible; MSIE 6.0; Windows NT 5.1; SV1)"
122.152.140.5 - - [06/Jan/2008:10:58:12 -0800] "www.modestolan.com: GET /~hoodlum/dump/down%20south%20hustlers%20-%2002%20-%20eight%20ball%20-%20fuck%20dem%20niggas%20(1).mp3 HTTP/1.0" 200 24017 "http://202.108.23.172/index.html" "Baiduspider+(+http://www.baidu.com/search/spider_jp.html)"
87.78.90.236 - - [06/Jan/2008:10:58:13 -0800] "www.modestolan.com: GET /xwred1/mp3/Depeche%20Mode%20-%20Playing%20The%20Angel(Advance%202005)(StefWan-Team)/ HTTP/1.1" 200 17908 "http://www.google.de/search?hl=de&q=%22Index+of%22%2F+%2Bmp3+%2Bdepeche+mode+%2Bprecious&meta=" "Mozilla/4.0 (compatible; MSIE 6.0; Windows NT 5.1; SV1)"
74.6.23.141 - - [06/Jan/2008:10:58:14 -0800] "www.modestolan.com: GET /vb/member.php?u=25 HTTP/1.0" 200 6415 "-" "Mozilla/5.0 (compatible; Yahoo! Slurp; http://help.yahoo.com/help/us/ysearch/slurp)"
87.78.90.236 - - [06/Jan/2008:10:58:17 -0800] "www.modestolan.com: GET /xwred1/mp3/Depeche%20Mode%20-%20Playing%20The%20Angel(Advance%202005)(StefWan-Team)/02%20-%20Depeche%20Mode%20-%20john%20the%20revelator.mp3 HTTP/1.1" 200 24084 "-" "Mozilla/4.0 (compatible; MSIE 6.0; Windows NT 5.1; SV1)"
66.249.70.51 - - [06/Jan/2008:10:58:59 -0800] "www.modestolan.com: GET /vb/calendar.php?c=2&week=1160265600&do=displayweek&month=10 HTTP/1.1" 200 7089 "-" "Mozilla/5.0 (compatible; Googlebot/2.1; +http://www.google.com/bot.html)"
66.249.70.51 - - [06/Jan/2008:10:59:00 -0800] "www.modestolan.com: GET /vb/calendar.php?c=2&week=1143936000&do=displayweek&month=4 HTTP/1.1" 200 7218 "-" "Mozilla/5.0 (compatible; Googlebot/2.1; +http://www.google.com/bot.html)"
66.249.70.51 - - [06/Jan/2008:10:59:01 -0800] "www.modestolan.com: GET /vb/calendar.php?c=2&week=1154822400&do=displayweek&month=8 HTTP/1.1" 200 7095 "-" "Mozilla/5.0 (compatible; Googlebot/2.1; +http://www.google.com/bot.html)"
66.249.70.51 - - [06/Jan/2008:10:59:02 -0800] "www.modestolan.com: GET /vb/calendar.php?month=11&year=2006&c=2&do=displaymonth HTTP/1.1" 200 7582 "-" "Mozilla/5.0 (compatible; Googlebot/2.1; +http://www.google.com/bot.html)"
66.249.70.51 - - [06/Jan/2008:10:59:03 -0800] "www.modestolan.com: GET /vb/calendar.php?do=getinfo&day=2006-3-1&c=2 HTTP/1.1" 200 5923 "-" "Mozilla/5.0 (compatible; Googlebot/2.1; +http://www.google.com/bot.html)"
66.249.70.51 - - [06/Jan/2008:10:59:04 -0800] "www.modestolan.com: GET /vb/calendar.php?c=2&week=1135468800&do=displayweek&month=12 HTTP/1.1" 200 7097 "-" "Mozilla/5.0 (compatible; Googlebot/2.1; +http://www.google.com/bot.html)"
58.251.96.36 - - [06/Jan/2008:10:59:13 -0800] "www.modestolan.com: GET / HTTP/1.1" 200 17166 "http://www.modestolan.com/" "Mozilla/4.0 (compatible; MSIE 6.0; Windows NT 5.1; SV1; Maxthon; .NET CLR 1.1.4322; InfoPath.1; .NET CLR 2.0.50727)"
66.249.70.51 - - [06/Jan/2008:10:59:15 -0800] "www.modestolan.com: GET /vb/calendar.php?c=2&week=1146960000&do=displayweek&month=5 HTTP/1.1" 200 7099 "-" "Mozilla/5.0 (compatible; Googlebot/2.1; +http://www.google.com/bot.html)"
66.249.70.51 - - [06/Jan/2008:10:59:38 -0800] "www.modestolan.com: GET /vb/calendar.php?c=2&week=1153612800&do=displayweek&month=7 HTTP/1.1" 200 7150 "-" "Mozilla/5.0 (compatible; Googlebot/2.1; +http://www.google.com/bot.html)"
66.249.70.51 - - [06/Jan/2008:11:00:03 -0800] "www.modestolan.com: GET /vb/calendar.php?c=2&week=1139702400&do=displayweek&month=2 HTTP/1.1" 200 7122 "-" "Mozilla/5.0 (compatible; Googlebot/2.1; +http://www.google.com/bot.html)"
66.249.70.51 - - [06/Jan/2008:11:00:52 -0800] "www.modestolan.com: GET /vb/calendar.php?do=getinfo&day=2006-6-4&c=2 HTTP/1.1" 200 5914 "-" "Mozilla/5.0 (compatible; Googlebot/2.1; +http://www.google.com/bot.html)"
66.249.70.51 - - [06/Jan/2008:11:01:17 -0800] "www.modestolan.com: GET /vb/calendar.php?c=2&week=1167523200&do=displayweek&month=1 HTTP/1.1" 200 7442 "-" "Mozilla/5.0 (compatible; Googlebot/2.1; +http://www.google.com/bot.html)"
74.6.26.222 - - [06/Jan/2008:11:01:33 -0800] "www.modestolan.com: GET /vb/archive/index.php/t-4999.html HTTP/1.0" 200 2805 "-" "Mozilla/5.0 (compatible; Yahoo! Slurp; http://help.yahoo.com/help/us/ysearch/slurp)"
66.249.70.51 - - [06/Jan/2008:11:01:42 -0800] "www.modestolan.com: GET /vb/calendar.php?c=2&week=1146355200&do=displayweek&month=5 HTTP/1.1" 200 7527 "-" "Mozilla/5.0 (compatible; Googlebot/2.1; +http://www.google.com/bot.html)"
66.249.70.51 - - [06/Jan/2008:11:02:07 -0800] "www.modestolan.com: GET /vb/calendar.php?c=2&week=1155427200&do=displayweek&month=8 HTTP/1.1" 200 7098 "-" "Mozilla/5.0 (compatible; Googlebot/2.1; +http://www.google.com/bot.html)"
68.116.82.112 - - [06/Jan/2008:11:02:18 -0800] "webmail.modestolan.com: GET /src/left_main.php HTTP/1.1" 200 9224 "https://webmail.modestolan.com/src/webmail.php" "Mozilla/4.0 (compatible; MSIE 7.0; Windows NT 5.1; .NET CLR 1.1.4322)"
66.249.70.51 - - [06/Jan/2008:11:02:31 -0800] "www.modestolan.com: GET /vb/calendar.php?c=2&week=1145145600&do=displayweek&month=4 HTTP/1.1" 200 7300 "-" "Mozilla/5.0 (compatible; Googlebot/2.1; +http://www.google.com/bot.html)"
66.249.70.51 - - [06/Jan/2008:11:02:56 -0800] "www.modestolan.com: GET /vb/calendar.php?c=2&week=1151798400&do=displayweek&month=7 HTTP/1.1" 200 7149 "-" "Mozilla/5.0 (compatible; Googlebot/2.1; +http://www.google.com/bot.html)"
66.249.70.51 - - [06/Jan/2008:11:03:21 -0800] "www.modestolan.com: GET /vb/calendar.php?c=2&week=1143331200&do=displayweek&month=4 HTTP/1.1" 200 7576 "-" "Mozilla/5.0 (compatible; Googlebot/2.1; +http://www.google.com/bot.html)"
66.249.70.51 - - [06/Jan/2008:11:03:46 -0800] "www.modestolan.com: GET /vb/calendar.php?c=2&week=1147564800&do=displayweek&month=5 HTTP/1.1" 200 7114 "-" "Mozilla/5.0 (compatible; Googlebot/2.1; +http://www.google.com/bot.html)"
66.249.70.51 - - [06/Jan/2008:11:04:11 -0800] "www.modestolan.com: GET /vb/calendar.php?c=2&week=1136073600&do=displayweek&month=1 HTTP/1.1" 200 7080 "-" "Mozilla/5.0 (compatible; Googlebot/2.1; +http://www.google.com/bot.html)"
87.109.210.243 - - [06/Jan/2008:11:04:19 -0800] "www.modestolan.com: GET /images/lakers.gif HTTP/1.1" 304 - "http://forum.kooora.com/f.aspx?t=7588258" "Mozilla/4.0 (compatible; MSIE 6.0; Windows NT 5.1; SV1; SIMBAR={F07DF6AD-AD0A-4B82-B8DE-E5A0E19FB86A})"
66.249.70.51 - - [06/Jan/2008:11:04:35 -0800] "www.modestolan.com: GET /vb/calendar.php?do=getinfo&day=2006-4-14&c=2 HTTP/1.1" 200 5921 "-" "Mozilla/5.0 (compatible; Googlebot/2.1; +http://www.google.com/bot.html)"
66.249.70.51 - - [06/Jan/2008:11:05:00 -0800] "www.modestolan.com: GET /vb/calendar.php?month=7&year=2006&c=2&do=displaymonth HTTP/1.1" 200 7678 "-" "Mozilla/5.0 (compatible; Googlebot/2.1; +http://www.google.com/bot.html)"
66.249.70.51 - - [06/Jan/2008:11:05:25 -0800] "www.modestolan.com: GET /vb/calendar.php?do=getinfo&day=2006-4-9&c=2 HTTP/1.1" 200 5920 "-" "Mozilla/5.0 (compatible; Googlebot/2.1; +http://www.google.com/bot.html)"
66.249.70.51 - - [06/Jan/2008:11:05:50 -0800] "www.modestolan.com: GET /vb/calendar.php?c=2&week=1158451200&do=displayweek&month=9 HTTP/1.1" 200 7106 "-" "Mozilla/5.0 (compatible; Googlebot/2.1; +http://www.google.com/bot.html)"
66.249.70.51 - - [06/Jan/2008:11:05:53 -0800] "www.modestolan.com: GET /vb/memberlist.php?ltr=G&pp=0&sort=username&order=asc HTTP/1.1" 200 6739 "-" "Mozilla/5.0 (compatible; Googlebot/2.1; +http://www.google.com/bot.html)"
66.249.70.51 - - [06/Jan/2008:11:06:15 -0800] "www.modestolan.com: GET /vb/calendar.php?c=2&week=1156032000&do=displayweek&month=8 HTTP/1.1" 200 7095 "-" "Mozilla/5.0 (compatible; Googlebot/2.1; +http://www.google.com/bot.html)"
66.249.70.51 - - [06/Jan/2008:11:06:39 -0800] "www.modestolan.com: GET /vb/calendar.php?month=5&year=2006&c=2&do=displaymonth HTTP/1.1" 200 7725 "-" "Mozilla/5.0 (compatible; Googlebot/2.1; +http://www.google.com/bot.html)"
66.249.70.51 - - [06/Jan/2008:11:07:04 -0800] "www.modestolan.com: GET /vb/calendar.php?c=2&week=1162684800&do=displayweek&month=11 HTTP/1.1" 200 7094 "-" "Mozilla/5.0 (compatible; Googlebot/2.1; +http://www.google.com/bot.html)"
66.249.70.51 - - [06/Jan/2008:11:07:29 -0800] "www.modestolan.com: GET /vb/calendar.php?c=2&week=1149379200&do=displayweek&month=6 HTTP/1.1" 200 7200 "-" "Mozilla/5.0 (compatible; Googlebot/2.1; +http://www.google.com/bot.html)"
66.249.70.51 - - [06/Jan/2008:11:07:54 -0800] "www.modestolan.com: GET /vb/calendar.php?c=2&week=1136678400&do=displayweek&month=1 HTTP/1.1" 200 7087 "-" "Mozilla/5.0 (compatible; Googlebot/2.1; +http://www.google.com/bot.html)"
66.249.70.51 - - [06/Jan/2008:11:08:18 -0800] "www.modestolan.com: GET /vb/calendar.php?do=add&c=2 HTTP/1.1" 200 6367 "-" "Mozilla/5.0 (compatible; Googlebot/2.1; +http://www.google.com/bot.html)"
66.249.70.51 - - [06/Jan/2008:11:08:43 -0800] "www.modestolan.com: GET /vb/calendar.php?c=2&do=displayweek HTTP/1.1" 200 7445 "-" "Mozilla/5.0 (compatible; Googlebot/2.1; +http://www.google.com/bot.html)"
66.249.70.51 - - [06/Jan/2008:11:09:08 -0800] "www.modestolan.com: GET /vb/calendar.php?c=2&do=displaymonth HTTP/1.1" 200 7652 "-" "Mozilla/5.0 (compatible; Googlebot/2.1; +http://www.google.com/bot.html)"
66.249.70.51 - - [06/Jan/2008:11:09:33 -0800] "www.modestolan.com: GET /vb/calendar.php?c=2&week=1157846400&do=displayweek&month=9 HTTP/1.1" 200 7101 "-" "Mozilla/5.0 (compatible; Googlebot/2.1; +http://www.google.com/bot.html)"
74.6.24.116 - - [06/Jan/2008:11:09:52 -0800] "www.blppp.com: GET /robots.txt HTTP/1.0" 200 225 "-" "Mozilla/5.0 (compatible; Yahoo! Slurp; http://help.yahoo.com/help/us/ysearch/slurp)"
74.6.28.12 - - [06/Jan/2008:11:09:53 -0800] "www.blppp.com: GET /modules.php?name=Submit_News HTTP/1.0" 200 5221 "-" "Mozilla/5.0 (compatible; Yahoo! Slurp; http://help.yahoo.com/help/us/ysearch/slurp)"
66.249.70.51 - - [06/Jan/2008:11:09:58 -0800] "www.modestolan.com: GET /vb/calendar.php?c=2&week=1142726400&do=displayweek&month=3 HTTP/1.1" 200 7139 "-" "Mozilla/5.0 (compatible; Googlebot/2.1; +http://www.google.com/bot.html)"
69.134.207.30 - - [06/Jan/2008:11:09:59 -0800] "sanctum.modestolan.com: GET /UBRS-RendNef.jpg HTTP/1.1" 200 178820 "-" "Mozilla/4.0 (compatible; MSIE 7.0; Windows NT 5.1; .NET CLR 2.0.50727; .NET CLR 3.0.04506.648; .NET CLR 3.5.21022)"
66.249.70.51 - - [06/Jan/2008:11:10:23 -0800] "www.modestolan.com: GET /vb/calendar.php?c=2&month=1&year=2008 HTTP/1.1" 200 9623 "-" "Mozilla/5.0 (compatible; Googlebot/2.1; +http://www.google.com/bot.html)"
74.6.26.229 - - [06/Jan/2008:11:10:34 -0800] "www.modestolan.com: GET /vb/search.php?do=finduser&userid=659&searchthreadid=5706 HTTP/1.0" 302 0 "-" "Mozilla/5.0 (compatible; Yahoo! Slurp; http://help.yahoo.com/help/us/ysearch/slurp)"
74.6.26.229 - - [06/Jan/2008:11:10:35 -0800] "www.modestolan.com: GET /vb/search.php?searchid=9945 HTTP/1.0" 200 6457 "-" "Mozilla/5.0 (compatible; Yahoo! Slurp; http://help.yahoo.com/help/us/ysearch/slurp)"
121.32.177.201 - - [06/Jan/2008:11:10:47 -0800] "www.modestolan.com: GET / HTTP/1.1" 200 24084 "http://www.modestolan.com/" "Mozilla/4.0 (compatible; MSIE 6.0; Windows NT 5.1; SV1; Maxthon; .NET CLR 1.1.4322; InfoPath.1; .NET CLR 2.0.50727)"
66.249.70.51 - - [06/Jan/2008:11:10:47 -0800] "www.modestolan.com: GET /vb/calendar.php?c=2&week=1137283200&do=displayweek&month=1 HTTP/1.1" 200 7091 "-" "Mozilla/5.0 (compatible; Googlebot/2.1; +http://www.google.com/bot.html)"
74.6.22.79 - - [06/Jan/2008:11:11:01 -0800] "www.modestolan.com: GET /vb/showthread.php?goto=newpost&t=5614 HTTP/1.0" 302 0 "-" "Mozilla/5.0 (compatible; Yahoo! Slurp/3.0; http://help.yahoo.com/help/us/ysearch/slurp)"
74.6.22.79 - - [06/Jan/2008:11:11:05 -0800] "www.modestolan.com: GET /vb/showthread.php?p=49672 HTTP/1.0" 200 9838 "-" "Mozilla/5.0 (compatible; Yahoo! Slurp/3.0; http://help.yahoo.com/help/us/ysearch/slurp)"
66.249.70.51 - - [06/Jan/2008:11:11:12 -0800] "www.modestolan.com: GET /vb/calendar.php?c=2&week=1142121600&do=displayweek&month=3 HTTP/1.1" 200 7142 "-" "Mozilla/5.0 (compatible; Googlebot/2.1; +http://www.google.com/bot.html)"
66.249.70.51 - - [06/Jan/2008:11:11:37 -0800] "www.modestolan.com: GET /vb/calendar.php?month=2&year=2006&c=2&do=displaymonth HTTP/1.1" 200 7577 "-" "Mozilla/5.0 (compatible; Googlebot/2.1; +http://www.google.com/bot.html)"
