66.249.70.51 - - [07/Jan/2008:02:13:49 -0800] "www.modestolan.com: GET /vb/calendar.php?do=add&c=2&day=2005-7-10 HTTP/1.1" 200 6384 "-" "Mozilla/5.0 (compatible; Googlebot/2.1; +http://www.google.com/bot.html)"
66.249.70.51 - - [07/Jan/2008:02:14:30 -0800] "www.modestolan.com: GET /vb/calendar.php?do=add&c=2&day=2005-7-7 HTTP/1.1" 200 6382 "-" "Mozilla/5.0 (compatible; Googlebot/2.1; +http://www.google.com/bot.html)"
66.249.70.51 - - [07/Jan/2008:02:15:12 -0800] "www.modestolan.com: GET /vb/calendar.php?c=2&week=1120953600 HTTP/1.1" 200 7145 "-" "Mozilla/5.0 (compatible; Googlebot/2.1; +http://www.google.com/bot.html)"
66.249.70.51 - - [07/Jan/2008:02:15:53 -0800] "www.modestolan.com: GET /vb/calendar.php?c=2&week=1180224000 HTTP/1.1" 200 7501 "-" "Mozilla/5.0 (compatible; Googlebot/2.1; +http://www.google.com/bot.html)"
66.249.70.51 - - [07/Jan/2008:02:15:55 -0800] "www.modestolan.com: GET /xwred1/for-shadow.jpeg HTTP/1.1" 200 123687 "-" "Googlebot-Image/1.0"
66.249.70.51 - - [07/Jan/2008:02:16:34 -0800] "www.modestolan.com: GET /vb/calendar.php?c=2&week=1119744000 HTTP/1.1" 200 7442 "-" "Mozilla/5.0 (compatible; Googlebot/2.1; +http://www.google.com/bot.html)"
61.153.198.106 - - [07/Jan/2008:02:16:35 -0800] "www.modestolan.com: GET / HTTP/1.1" 200 24084 "http://www.modestolan.com/" "Mozilla/4.0 (compatible; MSIE 6.0; Windows NT 5.1; SV1; Maxthon; .NET CLR 1.1.4322; InfoPath.1; .NET CLR 2.0.50727)"
66.249.70.51 - - [07/Jan/2008:02:17:15 -0800] "www.modestolan.com: GET /vb/calendar.php?c=2&week=1121558400 HTTP/1.1" 200 7150 "-" "Mozilla/5.0 (compatible; Googlebot/2.1; +http://www.google.com/bot.html)"
66.249.70.51 - - [07/Jan/2008:02:17:57 -0800] "www.modestolan.com: GET /vb/calendar.php?do=add&c=2&day=2005-7-25 HTTP/1.1" 200 6380 "-" "Mozilla/5.0 (compatible; Googlebot/2.1; +http://www.google.com/bot.html)"
66.249.70.51 - - [07/Jan/2008:02:18:15 -0800] "www.modestolan.com: GET /~nine/misc/shesgonnablow.jpg HTTP/1.1" 200 61562 "-" "Googlebot-Image/1.0"
66.249.70.51 - - [07/Jan/2008:02:18:38 -0800] "www.modestolan.com: GET /vb/calendar.php?do=add&c=2&day=2007-5-19 HTTP/1.1" 200 6384 "-" "Mozilla/5.0 (compatible; Googlebot/2.1; +http://www.google.com/bot.html)"
66.249.70.51 - - [07/Jan/2008:02:19:19 -0800] "www.modestolan.com: GET /vb/calendar.php?month=6&year=2005&c=2&do=displaymonth HTTP/1.1" 200 7608 "-" "Mozilla/5.0 (compatible; Googlebot/2.1; +http://www.google.com/bot.html)"
66.249.70.51 - - [07/Jan/2008:02:20:00 -0800] "www.modestolan.com: GET /vb/calendar.php?do=add&c=2&day=2005-7-15 HTTP/1.1" 200 6382 "-" "Mozilla/5.0 (compatible; Googlebot/2.1; +http://www.google.com/bot.html)"
66.249.70.51 - - [07/Jan/2008:02:20:42 -0800] "www.modestolan.com: GET /vb/calendar.php?do=add&c=2&day=2005-7-4 HTTP/1.1" 200 6381 "-" "Mozilla/5.0 (compatible; Googlebot/2.1; +http://www.google.com/bot.html)"
66.249.70.51 - - [07/Jan/2008:02:21:23 -0800] "www.modestolan.com: GET /vb/calendar.php?do=add&c=2&day=2007-5-18 HTTP/1.1" 200 6385 "-" "Mozilla/5.0 (compatible; Googlebot/2.1; +http://www.google.com/bot.html)"
85.91.69.172 - - [07/Jan/2008:02:21:29 -0800] "www.modestolan.com: GET /images/picofweek/fuck_mod_perl.jpg HTTP/1.1" 200 130539 "http://images.devilfinder.com/go.php?filter=off&pages=1&nextpage=6&q=to fuck?" "Mozilla/4.0 (compatible; MSIE 6.0; Windows NT 5.1; SV1; .NET CLR 1.1.4322)"
66.249.70.51 - - [07/Jan/2008:02:22:04 -0800] "www.modestolan.com: GET /vb/calendar.php?do=add&c=2&day=2005-7-26 HTTP/1.1" 200 6382 "-" "Mozilla/5.0 (compatible; Googlebot/2.1; +http://www.google.com/bot.html)"
66.249.70.51 - - [07/Jan/2008:02:22:45 -0800] "www.modestolan.com: GET /vb/calendar.php?do=add&c=2&day=2005-7-3 HTTP/1.1" 200 6380 "-" "Mozilla/5.0 (compatible; Googlebot/2.1; +http://www.google.com/bot.html)"
66.249.70.51 - - [07/Jan/2008:02:23:27 -0800] "www.modestolan.com: GET /vb/calendar.php?do=add&c=2&day=2005-7-13 HTTP/1.1" 200 6382 "-" "Mozilla/5.0 (compatible; Googlebot/2.1; +http://www.google.com/bot.html)"
74.6.28.156 - - [07/Jan/2008:02:23:58 -0800] "www.modestolan.com: GET /vb/showthread.php?t=4619&page=3 HTTP/1.0" 200 11095 "-" "Mozilla/5.0 (compatible; Yahoo! Slurp; http://help.yahoo.com/help/us/ysearch/slurp)"
66.249.70.51 - - [07/Jan/2008:02:24:08 -0800] "www.modestolan.com: GET /vb/calendar.php?do=add&c=2&day=2005-7-14 HTTP/1.1" 200 6383 "-" "Mozilla/5.0 (compatible; Googlebot/2.1; +http://www.google.com/bot.html)"
88.131.106.8 - - [07/Jan/2008:02:24:40 -0800] "www.modestolan.com: GET /robots.txt HTTP/1.0" 404 322 "-" "Speedy Spider (http://www.entireweb.com/about/search_tech/speedy_spider/)"
88.131.106.8 - - [07/Jan/2008:02:24:41 -0800] "www.modestolan.com: GET /vb/ HTTP/1.0" 200 7575 "-" "Speedy Spider (http://www.entireweb.com/about/search_tech/speedy_spider/)"
66.249.70.51 - - [07/Jan/2008:02:24:49 -0800] "www.modestolan.com: GET /vb/calendar.php?do=add&c=2&day=2007-5-15 HTTP/1.1" 200 6382 "-" "Mozilla/5.0 (compatible; Googlebot/2.1; +http://www.google.com/bot.html)"
219.150.233.237 - - [07/Jan/2008:02:24:51 -0800] "www.modestolan.com: GET / HTTP/1.1" 200 24084 "http://www.modestolan.com/" "Mozilla/4.0 (compatible; MSIE 6.0; Windows NT 5.1; SV1; Maxthon; .NET CLR 1.1.4322; InfoPath.1; .NET CLR 2.0.50727)"
74.6.20.121 - - [07/Jan/2008:02:25:07 -0800] "www.modestolan.com: GET /vb/archive/index.php/t-4853.html HTTP/1.0" 200 10314 "-" "Mozilla/5.0 (compatible; Yahoo! Slurp; http://help.yahoo.com/help/us/ysearch/slurp)"
66.249.70.51 - - [07/Jan/2008:02:25:30 -0800] "www.modestolan.com: GET /vb/calendar.php?do=add&c=2&day=2005-7-6 HTTP/1.1" 200 6381 "-" "Mozilla/5.0 (compatible; Googlebot/2.1; +http://www.google.com/bot.html)"
74.6.24.15 - - [07/Jan/2008:02:25:59 -0800] "www.modestolan.com: GET /vb/member.php?u=1604 HTTP/1.0" 200 6709 "-" "Mozilla/5.0 (compatible; Yahoo! Slurp; http://help.yahoo.com/help/us/ysearch/slurp)"
66.249.70.51 - - [07/Jan/2008:02:26:12 -0800] "www.modestolan.com: GET /vb/calendar.php?do=add&c=2&day=2005-7-12 HTTP/1.1" 200 6382 "-" "Mozilla/5.0 (compatible; Googlebot/2.1; +http://www.google.com/bot.html)"
121.35.27.236 - - [07/Jan/2008:02:26:16 -0800] "www.modestolan.com: GET / HTTP/1.1" 200 17151 "http://www.modestolan.com/" "Mozilla/4.0 (compatible; MSIE 6.0; Windows NT 5.1; SV1; Maxthon; .NET CLR 1.1.4322; InfoPath.1; .NET CLR 2.0.50727)"
66.249.70.51 - - [07/Jan/2008:02:26:53 -0800] "www.modestolan.com: GET /vb/calendar.php?do=add&c=2&day=2007-5-26 HTTP/1.1" 200 6381 "-" "Mozilla/5.0 (compatible; Googlebot/2.1; +http://www.google.com/bot.html)"
74.6.28.11 - - [07/Jan/2008:02:27:20 -0800] "www.modestolan.com: GET /vb/search.php?do=finduser&userid=867&searchthreadid=5651 HTTP/1.0" 302 0 "-" "Mozilla/5.0 (compatible; Yahoo! Slurp; http://help.yahoo.com/help/us/ysearch/slurp)"
74.6.28.11 - - [07/Jan/2008:02:27:21 -0800] "www.modestolan.com: GET /vb/search.php?searchid=9984 HTTP/1.0" 200 6951 "-" "Mozilla/5.0 (compatible; Yahoo! Slurp; http://help.yahoo.com/help/us/ysearch/slurp)"
66.249.70.51 - - [07/Jan/2008:02:27:34 -0800] "www.modestolan.com: GET /vb/calendar.php?do=add&c=2&day=2007-5-24 HTTP/1.1" 200 6382 "-" "Mozilla/5.0 (compatible; Googlebot/2.1; +http://www.google.com/bot.html)"
66.249.70.51 - - [07/Jan/2008:02:28:16 -0800] "www.modestolan.com: GET /vb/calendar.php?do=add&c=2&day=2005-7-5 HTTP/1.1" 200 6380 "-" "Mozilla/5.0 (compatible; Googlebot/2.1; +http://www.google.com/bot.html)"
66.249.70.51 - - [07/Jan/2008:02:30:33 -0800] "www.modestolan.com: GET /vb/calendar.php?c=1&do=displaymonth HTTP/1.1" 200 8062 "-" "Mozilla/5.0 (compatible; Googlebot/2.1; +http://www.google.com/bot.html)"
66.249.70.51 - - [07/Jan/2008:02:30:34 -0800] "www.blppp.com: GET /modules.php?name=Stories_Archive&sa=show_month&year=2005&month=05&month_l=May HTTP/1.1" 200 5526 "-" "Mozilla/5.0 (compatible; Googlebot/2.1; +http://www.google.com/bot.html)"
74.6.20.19 - - [07/Jan/2008:02:32:13 -0800] "www.modestolan.com: GET /~twentydead/Spider/ HTTP/1.0" 200 1617 "-" "Mozilla/5.0 (compatible; Yahoo! Slurp; http://help.yahoo.com/help/us/ysearch/slurp)"
74.6.22.46 - - [07/Jan/2008:02:32:19 -0800] "www.modestolan.com: GET /vb/showthread.php?p=44116 HTTP/1.0" 200 14535 "-" "Mozilla/5.0 (compatible; Yahoo! Slurp; http://help.yahoo.com/help/us/ysearch/slurp)"
58.48.143.151 - - [07/Jan/2008:02:35:16 -0800] "www.modestolan.com: GET / HTTP/1.1" 200 17166 "http://www.modestolan.com/" "Mozilla/4.0 (compatible; MSIE 6.0; Windows NT 5.1; SV1; Maxthon; .NET CLR 1.1.4322; InfoPath.1; .NET CLR 2.0.50727)"
61.152.170.187 - - [07/Jan/2008:02:36:15 -0800] "www.modestolan.com: GET / HTTP/1.1" 200 24084 "http://www.modestolan.com/" "Mozilla/4.0 (compatible; MSIE 6.0; Windows NT 5.1; SV1; Maxthon; .NET CLR 1.1.4322; InfoPath.1; .NET CLR 2.0.50727)"
74.6.24.38 - - [07/Jan/2008:02:39:15 -0800] "www.modestolan.com: GET /vb/search.php?do=finduser&userid=42&searchthreadid=5540 HTTP/1.0" 302 0 "-" "Mozilla/5.0 (compatible; Yahoo! Slurp; http://help.yahoo.com/help/us/ysearch/slurp)"
74.6.24.38 - - [07/Jan/2008:02:39:16 -0800] "www.modestolan.com: GET /vb/search.php?searchid=9985 HTTP/1.0" 200 6792 "-" "Mozilla/5.0 (compatible; Yahoo! Slurp; http://help.yahoo.com/help/us/ysearch/slurp)"
66.249.70.51 - - [07/Jan/2008:02:42:18 -0800] "www.modestolan.com: GET /robots.txt HTTP/1.1" 404 334 "-" "Mozilla/5.0 (compatible; Googlebot/2.1; +http://www.google.com/bot.html)"
66.249.70.51 - - [07/Jan/2008:02:42:19 -0800] "www.modestolan.com: GET /index.php?timestamp=1184437279 HTTP/1.1" 200 24084 "-" "Mozilla/5.0 (compatible; Googlebot/2.1; +http://www.google.com/bot.html)"
74.6.22.36 - - [07/Jan/2008:02:45:04 -0800] "www.modestolan.com: GET /vb/search.php?searchid=9459 HTTP/1.0" 200 5766 "-" "Mozilla/5.0 (compatible; Yahoo! Slurp; http://help.yahoo.com/help/us/ysearch/slurp)"
74.6.19.75 - - [07/Jan/2008:02:50:52 -0800] "www.modestolan.com: GET /vb/memberlist.php?ltr=Z&pp=0&sort=username&order=asc HTTP/1.0" 200 6483 "-" "Mozilla/5.0 (compatible; Yahoo! Slurp; http://help.yahoo.com/help/us/ysearch/slurp)"
66.249.70.51 - - [07/Jan/2008:02:53:35 -0800] "www.modestolan.com: GET /vb/member.php?s=&action=getinfo&userid=1024 HTTP/1.1" 200 6465 "-" "Mozilla/5.0 (compatible; Googlebot/2.1; +http://www.google.com/bot.html)"
74.6.20.122 - - [07/Jan/2008:02:54:09 -0800] "www.modestolan.com: GET /vb/register.php?do=signup HTTP/1.0" 200 5164 "-" "Mozilla/5.0 (compatible; Yahoo! Slurp; http://help.yahoo.com/help/us/ysearch/slurp)"
74.6.7.106 - - [07/Jan/2008:02:55:49 -0800] "www.modestolan.com: GET /vb/misc.php?do=whoposted&t=5719 HTTP/1.0" 200 2903 "-" "Mozilla/5.0 (compatible; Yahoo! Slurp; http://help.yahoo.com/help/us/ysearch/slurp)"
158.195.15.9 - - [07/Jan/2008:02:56:07 -0800] "www.modestolan.com: GET /images/lakers.gif HTTP/1.0" 200 16208 "http://forum.kooora.com/f.aspx?t=7588258" "Mozilla/5.0 (Windows; U; Windows NT 5.1; sk; rv:1.8.1.1) Gecko/20061204 Firefox/2.0.0.1"
66.249.70.51 - - [07/Jan/2008:02:58:11 -0800] "www.modestolan.com: GET /vb/calendar.php?do=add&c=2&day=2007-5-11 HTTP/1.1" 200 6382 "-" "Mozilla/5.0 (compatible; Googlebot/2.1; +http://www.google.com/bot.html)"
66.249.70.51 - - [07/Jan/2008:02:58:13 -0800] "www.modestolan.com: GET /vb/calendar.php?c=2&week=1119139200 HTTP/1.1" 200 7084 "-" "Mozilla/5.0 (compatible; Googlebot/2.1; +http://www.google.com/bot.html)"
66.249.70.51 - - [07/Jan/2008:02:58:14 -0800] "www.modestolan.com: GET /vb/calendar.php?do=add&c=2&day=2007-5-30 HTTP/1.1" 200 6383 "-" "Mozilla/5.0 (compatible; Googlebot/2.1; +http://www.google.com/bot.html)"
66.249.70.51 - - [07/Jan/2008:02:58:15 -0800] "www.modestolan.com: GET /vb/calendar.php?do=add&c=2&day=2007-5-12 HTTP/1.1" 200 6382 "-" "Mozilla/5.0 (compatible; Googlebot/2.1; +http://www.google.com/bot.html)"
72.30.179.206 - - [07/Jan/2008:02:58:38 -0800] "www.modestolan.com: GET /vb/member.php?s=&action=getinfo&userid=484 HTTP/1.0" 200 6331 "-" "Mozilla/5.0 (compatible; Yahoo! Slurp; http://help.yahoo.com/help/us/ysearch/slurp)"
74.6.22.79 - - [07/Jan/2008:02:58:39 -0800] "www.modestolan.com: GET /vb/member.php?s=&action=getinfo&userid=867 HTTP/1.0" 200 6330 "-" "Mozilla/5.0 (compatible; Yahoo! Slurp; http://help.yahoo.com/help/us/ysearch/slurp)"
66.249.70.51 - - [07/Jan/2008:02:59:06 -0800] "www.modestolan.com: GET /vb/calendar.php?do=add&c=2&day=2007-5-31 HTTP/1.1" 200 6383 "-" "Mozilla/5.0 (compatible; Googlebot/2.1; +http://www.google.com/bot.html)"
74.6.7.104 - - [07/Jan/2008:02:59:14 -0800] "www.modestolan.com: GET /images?S=A HTTP/1.0" 301 359 "-" "Mozilla/5.0 (compatible; Yahoo! Slurp; http://help.yahoo.com/help/us/ysearch/slurp)"
74.6.7.104 - - [07/Jan/2008:02:59:15 -0800] "www.modestolan.com: GET /images/?S=A HTTP/1.0" 200 21374 "-" "Mozilla/5.0 (compatible; Yahoo! Slurp; http://help.yahoo.com/help/us/ysearch/slurp)"
66.249.70.51 - - [07/Jan/2008:03:00:03 -0800] "www.modestolan.com: GET /vb/calendar.php?do=add&c=2&day=2007-5-29 HTTP/1.1" 200 6382 "-" "Mozilla/5.0 (compatible; Googlebot/2.1; +http://www.google.com/bot.html)"
74.6.22.20 - - [07/Jan/2008:03:00:10 -0800] "www.modestolan.com: GET /vb/showthread.php?p=42363 HTTP/1.0" 200 14273 "-" "Mozilla/5.0 (compatible; Yahoo! Slurp; http://help.yahoo.com/help/us/ysearch/slurp)"
66.249.70.51 - - [07/Jan/2008:03:00:59 -0800] "www.modestolan.com: GET /vb/calendar.php?do=add&c=2&day=2005-6-28 HTTP/1.1" 200 6384 "-" "Mozilla/5.0 (compatible; Googlebot/2.1; +http://www.google.com/bot.html)"
66.249.70.51 - - [07/Jan/2008:03:01:55 -0800] "www.modestolan.com: GET /vb/calendar.php?do=add&c=2&day=2007-6-2 HTTP/1.1" 200 6380 "-" "Mozilla/5.0 (compatible; Googlebot/2.1; +http://www.google.com/bot.html)"
66.249.70.51 - - [07/Jan/2008:03:02:52 -0800] "www.modestolan.com: GET /vb/calendar.php?do=add&c=2&day=2005-7-2 HTTP/1.1" 200 6379 "-" "Mozilla/5.0 (compatible; Googlebot/2.1; +http://www.google.com/bot.html)"
66.249.70.51 - - [07/Jan/2008:03:03:48 -0800] "www.modestolan.com: GET /vb/calendar.php?do=add&c=2&day=2007-5-7 HTTP/1.1" 200 6383 "-" "Mozilla/5.0 (compatible; Googlebot/2.1; +http://www.google.com/bot.html)"
74.6.23.107 - - [07/Jan/2008:03:04:09 -0800] "www.modestolan.com: GET /vb/showthread.php?t=5316 HTTP/1.0" 200 18618 "-" "Mozilla/5.0 (compatible; Yahoo! Slurp; http://help.yahoo.com/help/us/ysearch/slurp)"
66.249.70.51 - - [07/Jan/2008:03:04:44 -0800] "www.modestolan.com: GET /vb/calendar.php?do=add&c=2&day=2005-7-17 HTTP/1.1" 200 6384 "-" "Mozilla/5.0 (compatible; Googlebot/2.1; +http://www.google.com/bot.html)"
66.249.70.51 - - [07/Jan/2008:03:05:41 -0800] "www.modestolan.com: GET /vb/calendar.php?do=add&c=2&day=2007-5-28 HTTP/1.1" 200 6385 "-" "Mozilla/5.0 (compatible; Googlebot/2.1; +http://www.google.com/bot.html)"
61.141.130.21 - - [07/Jan/2008:03:05:57 -0800] "www.modestolan.com: GET / HTTP/1.1" 200 16824 "http://www.modestolan.com/" "Mozilla/4.0 (compatible; MSIE 6.0; Windows NT 5.1; SV1; Maxthon; .NET CLR 1.1.4322; InfoPath.1; .NET CLR 2.0.50727)"
66.249.70.51 - - [07/Jan/2008:03:06:37 -0800] "www.modestolan.com: GET /vb/calendar.php?do=add&c=2&day=2005-7-23 HTTP/1.1" 200 6381 "-" "Mozilla/5.0 (compatible; Googlebot/2.1; +http://www.google.com/bot.html)"
72.30.179.233 - - [07/Jan/2008:03:07:07 -0800] "www.modestolan.com: GET /vb/showthread.php?t=5542 HTTP/1.0" 200 7667 "-" "Mozilla/5.0 (compatible; Yahoo! Slurp; http://help.yahoo.com/help/us/ysearch/slurp)"
66.249.70.51 - - [07/Jan/2008:03:07:34 -0800] "www.modestolan.com: GET /vb/calendar.php?do=add&c=2&day=2007-6-1 HTTP/1.1" 200 6382 "-" "Mozilla/5.0 (compatible; Googlebot/2.1; +http://www.google.com/bot.html)"
66.249.70.51 - - [07/Jan/2008:03:08:30 -0800] "www.modestolan.com: GET /vb/calendar.php?do=add&c=2&day=2007-5-6 HTTP/1.1" 200 6381 "-" "Mozilla/5.0 (compatible; Googlebot/2.1; +http://www.google.com/bot.html)"
74.6.22.102 - - [07/Jan/2008:03:09:06 -0800] "www.modestolan.com: GET /vb/memberlist.php?do=getall&order=asc&sort=username&page=11 HTTP/1.0" 200 7364 "-" "Mozilla/5.0 (compatible; Yahoo! Slurp/3.0; http://help.yahoo.com/help/us/ysearch/slurp)"
66.249.70.51 - - [07/Jan/2008:03:09:26 -0800] "www.modestolan.com: GET /vb/calendar.php?do=add&c=2&day=2005-6-29 HTTP/1.1" 200 6383 "-" "Mozilla/5.0 (compatible; Googlebot/2.1; +http://www.google.com/bot.html)"
66.249.70.51 - - [07/Jan/2008:03:10:22 -0800] "www.modestolan.com: GET /vb/calendar.php?c=2&week=1182038400&do=displayweek&month=6 HTTP/1.1" 200 7093 "-" "Mozilla/5.0 (compatible; Googlebot/2.1; +http://www.google.com/bot.html)"
65.55.208.17 - - [07/Jan/2008:03:11:01 -0800] "blppp.com: GET /robots.txt HTTP/1.0" 200 225 "-" "msnbot/1.0 (+http://search.msn.com/msnbot.htm)"
65.55.208.17 - - [07/Jan/2008:03:11:02 -0800] "blppp.com: GET /modules.php?name=News&file=article&sid=55&mode=thread&order=0&thold=0 HTTP/1.0" 200 48196 "-" "msnbot/1.0 (+http://search.msn.com/msnbot.htm)"
66.249.70.51 - - [07/Jan/2008:03:11:19 -0800] "www.modestolan.com: GET /vb/calendar.php?do=add&c=2&day=2005-7-18 HTTP/1.1" 200 6383 "-" "Mozilla/5.0 (compatible; Googlebot/2.1; +http://www.google.com/bot.html)"
66.249.70.51 - - [07/Jan/2008:03:12:15 -0800] "www.modestolan.com: GET /vb/calendar.php?c=2&week=1182643200&do=displayweek&month=6 HTTP/1.1" 200 7093 "-" "Mozilla/5.0 (compatible; Googlebot/2.1; +http://www.google.com/bot.html)"
74.6.20.125 - - [07/Jan/2008:03:12:45 -0800] "www.modestolan.com: GET /~xwred1/glamour/ HTTP/1.0" 200 15935 "-" "Mozilla/5.0 (compatible; Yahoo! Slurp; http://help.yahoo.com/help/us/ysearch/slurp)"
66.249.70.51 - - [07/Jan/2008:03:13:11 -0800] "www.modestolan.com: GET /vb/calendar.php?do=add&c=2&day=2007-5-8 HTTP/1.1" 200 6382 "-" "Mozilla/5.0 (compatible; Googlebot/2.1; +http://www.google.com/bot.html)"
74.6.27.18 - - [07/Jan/2008:03:13:41 -0800] "www.modestolan.com: GET /vb/search.php?searchid=6152 HTTP/1.0" 200 5762 "-" "Mozilla/5.0 (compatible; Yahoo! Slurp; http://help.yahoo.com/help/us/ysearch/slurp)"
66.249.70.51 - - [07/Jan/2008:03:14:08 -0800] "www.modestolan.com: GET /vb/calendar.php?c=2&week=1180828800&do=displayweek&month=6 HTTP/1.1" 200 7077 "-" "Mozilla/5.0 (compatible; Googlebot/2.1; +http://www.google.com/bot.html)"
74.6.25.167 - - [07/Jan/2008:03:14:16 -0800] "www.modestolan.com: GET /vb/search.php?do=finduser&userid=42&searchthreadid=5676 HTTP/1.0" 302 0 "-" "Mozilla/5.0 (compatible; Yahoo! Slurp; http://help.yahoo.com/help/us/ysearch/slurp)"
74.6.25.167 - - [07/Jan/2008:03:14:17 -0800] "www.modestolan.com: GET /vb/search.php?searchid=9986 HTTP/1.0" 200 6293 "-" "Mozilla/5.0 (compatible; Yahoo! Slurp; http://help.yahoo.com/help/us/ysearch/slurp)"
72.30.179.228 - - [07/Jan/2008:03:14:48 -0800] "www.modestolan.com: GET /vb/showthread.php?t=5470 HTTP/1.0" 200 20568 "-" "Mozilla/5.0 (compatible; Yahoo! Slurp; http://help.yahoo.com/help/us/ysearch/slurp)"
66.249.70.51 - - [07/Jan/2008:03:15:04 -0800] "www.modestolan.com: GET /vb/calendar.php?do=add&c=2&day=2005-7-21 HTTP/1.1" 200 6381 "-" "Mozilla/5.0 (compatible; Googlebot/2.1; +http://www.google.com/bot.html)"
66.249.70.51 - - [07/Jan/2008:03:16:00 -0800] "www.modestolan.com: GET /vb/calendar.php?c=2&week=1180828800 HTTP/1.1" 200 7061 "-" "Mozilla/5.0 (compatible; Googlebot/2.1; +http://www.google.com/bot.html)"
79.213.199.210 - - [07/Jan/2008:03:16:15 -0800] "www.modestolan.com: GET /xwred1/mp3/Depeche%20Mode%20-%20Playing%20The%20Angel(Advance%202005)(StefWan-Team)/ HTTP/1.1" 200 11616 "-" "Mozilla/4.0 (compatible; MSIE 6.0; Windows NT 5.1; SV1; tmweb; .NET CLR 2.0.50727)"
208.1.61.206 - - [07/Jan/2008:03:16:29 -0800] "www.modestolan.com: GET / HTTP/1.1" 200 24084 "-" "Mozilla/4.0 (compatible; MSIE 7.0; Windows NT 5.1; .NET CLR 1.1.4322)"
208.1.61.206 - - [07/Jan/2008:03:16:32 -0800] "www.modestolan.com: GET /php/menu.php HTTP/1.1" 200 21682 "-" "Mozilla/4.0 (compatible; MSIE 7.0; Windows NT 5.1; .NET CLR 1.1.4322)"
208.1.61.206 - - [07/Jan/2008:03:16:33 -0800] "www.modestolan.com: GET /images/sponsors/nvidia.jpeg HTTP/1.1" 200 5580 "-" "Mozilla/4.0 (compatible; MSIE 7.0; Windows NT 5.1; .NET CLR 1.1.4322)"
208.1.61.206 - - [07/Jan/2008:03:16:35 -0800] "www.modestolan.com: GET /disclaimer.php HTTP/1.1" 200 20481 "-" "Mozilla/4.0 (compatible; MSIE 7.0; Windows NT 5.1; .NET CLR 1.1.4322)"
208.1.61.206 - - [07/Jan/2008:03:16:36 -0800] "www.modestolan.com: GET /index.php?timestamp=1194952723 HTTP/1.1" 200 24084 "-" "Mozilla/4.0 (compatible; MSIE 7.0; Windows NT 5.1; .NET CLR 1.1.4322)"
208.1.61.206 - - [07/Jan/2008:03:16:37 -0800] "www.modestolan.com: GET /index.php?timestamp=1184437279 HTTP/1.1" 200 24084 "-" "Mozilla/4.0 (compatible; MSIE 7.0; Windows NT 5.1; .NET CLR 1.1.4322)"
208.1.61.206 - - [07/Jan/2008:03:16:37 -0800] "www.modestolan.com: GET /index.php?timestamp=1178837259 HTTP/1.1" 200 24084 "-" "Mozilla/4.0 (compatible; MSIE 7.0; Windows NT 5.1; .NET CLR 1.1.4322)"
208.1.61.206 - - [07/Jan/2008:03:16:39 -0800] "www.modestolan.com: GET /index.php?timestamp=1178642032 HTTP/1.1" 200 24084 "-" "Mozilla/4.0 (compatible; MSIE 7.0; Windows NT 5.1; .NET CLR 1.1.4322)"
208.1.61.206 - - [07/Jan/2008:03:16:40 -0800] "www.modestolan.com: GET /index.php?timestamp=1177146999 HTTP/1.1" 200 24084 "-" "Mozilla/4.0 (compatible; MSIE 7.0; Windows NT 5.1; .NET CLR 1.1.4322)"
208.1.61.206 - - [07/Jan/2008:03:16:41 -0800] "www.modestolan.com: GET /index.php?timestamp=1175222309 HTTP/1.1" 200 24084 "-" "Mozilla/4.0 (compatible; MSIE 7.0; Windows NT 5.1; .NET CLR 1.1.4322)"
208.1.61.206 - - [07/Jan/2008:03:16:43 -0800] "www.modestolan.com: GET /index.php?timestamp=1173842705 HTTP/1.1" 200 24084 "-" "Mozilla/4.0 (compatible; MSIE 7.0; Windows NT 5.1; .NET CLR 1.1.4322)"
208.1.61.206 - - [07/Jan/2008:03:16:43 -0800] "www.modestolan.com: GET /index.php?timestamp=1169884459 HTTP/1.1" 200 24084 "-" "Mozilla/4.0 (compatible; MSIE 7.0; Windows NT 5.1; .NET CLR 1.1.4322)"
208.1.61.206 - - [07/Jan/2008:03:16:45 -0800] "www.modestolan.com: GET /index.php?timestamp=1155281230 HTTP/1.1" 200 24084 "-" "Mozilla/4.0 (compatible; MSIE 7.0; Windows NT 5.1; .NET CLR 1.1.4322)"
208.1.61.206 - - [07/Jan/2008:03:16:48 -0800] "www.modestolan.com: GET /index.php?timestamp=1154342486 HTTP/1.1" 200 24084 "-" "Mozilla/4.0 (compatible; MSIE 7.0; Windows NT 5.1; .NET CLR 1.1.4322)"
66.249.70.51 - - [07/Jan/2008:03:16:57 -0800] "www.modestolan.com: GET /vb/calendar.php?do=add&c=2&day=2005-7-20 HTTP/1.1" 200 6381 "-" "Mozilla/5.0 (compatible; Googlebot/2.1; +http://www.google.com/bot.html)"
74.6.27.106 - - [07/Jan/2008:03:17:07 -0800] "www.modestolan.com: GET /vb/showthread.php?s=5467809fc1e1ce9f305ed5048808430a&threadid=5597 HTTP/1.0" 200 22559 "-" "Mozilla/5.0 (compatible; Yahoo! Slurp; http://help.yahoo.com/help/us/ysearch/slurp)"
66.249.70.51 - - [07/Jan/2008:03:17:50 -0800] "www.modestolan.com: GET /xwred1/for-tbird.jpeg HTTP/1.1" 200 153142 "-" "Googlebot-Image/1.0"
66.249.70.51 - - [07/Jan/2008:03:17:53 -0800] "www.modestolan.com: GET /vb/calendar.php?do=add&c=2&day=2007-5-27 HTTP/1.1" 200 6383 "-" "Mozilla/5.0 (compatible; Googlebot/2.1; +http://www.google.com/bot.html)"
66.249.70.51 - - [07/Jan/2008:03:18:49 -0800] "www.modestolan.com: GET /vb/calendar.php?do=add&c=2&day=2007-5-9 HTTP/1.1" 200 6382 "-" "Mozilla/5.0 (compatible; Googlebot/2.1; +http://www.google.com/bot.html)"
66.249.70.51 - - [07/Jan/2008:03:19:47 -0800] "www.modestolan.com: GET /vb/calendar.php?do=add&c=2&day=2005-6-26 HTTP/1.1" 200 6382 "-" "Mozilla/5.0 (compatible; Googlebot/2.1; +http://www.google.com/bot.html)"
74.6.26.28 - - [07/Jan/2008:03:20:21 -0800] "www.modestolan.com: GET /vb/search.php?do=finduser&userid=1032&searchthreadid=5719 HTTP/1.0" 302 0 "-" "Mozilla/5.0 (compatible; Yahoo! Slurp; http://help.yahoo.com/help/us/ysearch/slurp)"
74.6.26.28 - - [07/Jan/2008:03:20:22 -0800] "www.modestolan.com: GET /vb/search.php?searchid=9987 HTTP/1.0" 200 6567 "-" "Mozilla/5.0 (compatible; Yahoo! Slurp; http://help.yahoo.com/help/us/ysearch/slurp)"
66.249.70.51 - - [07/Jan/2008:03:20:42 -0800] "www.modestolan.com: GET /vb/calendar.php?do=add&c=2&day=2007-5-10 HTTP/1.1" 200 6384 "-" "Mozilla/5.0 (compatible; Googlebot/2.1; +http://www.google.com/bot.html)"
66.249.70.51 - - [07/Jan/2008:03:21:04 -0800] "www.modestolan.com: GET /vb/member.php?s=&action=getinfo&userid=1229 HTTP/1.1" 200 6536 "-" "Mozilla/5.0 (compatible; Googlebot/2.1; +http://www.google.com/bot.html)"
66.249.70.51 - - [07/Jan/2008:03:21:43 -0800] "www.modestolan.com: GET /vb/calendar.php?month=6&year=2007&c=2&do=displaymonth HTTP/1.1" 200 7668 "-" "Mozilla/5.0 (compatible; Googlebot/2.1; +http://www.google.com/bot.html)"
66.249.70.51 - - [07/Jan/2008:03:21:54 -0800] "www.modestolan.com: GET /xwred1/raped.jpg HTTP/1.1" 200 92405 "-" "Googlebot-Image/1.0"
66.249.70.51 - - [07/Jan/2008:03:22:34 -0800] "www.modestolan.com: GET /vb/calendar.php?do=add&c=2&day=2005-6-30 HTTP/1.1" 200 6383 "-" "Mozilla/5.0 (compatible; Googlebot/2.1; +http://www.google.com/bot.html)"
66.249.70.51 - - [07/Jan/2008:03:23:31 -0800] "www.modestolan.com: GET /vb/calendar.php?do=add&c=2&day=2005-7-1 HTTP/1.1" 200 6382 "-" "Mozilla/5.0 (compatible; Googlebot/2.1; +http://www.google.com/bot.html)"
74.6.25.78 - - [07/Jan/2008:03:23:36 -0800] "www.modestolan.com: GET /vb/search.php?searchid=9850 HTTP/1.0" 200 5764 "-" "Mozilla/5.0 (compatible; Yahoo! Slurp; http://help.yahoo.com/help/us/ysearch/slurp)"
79.213.199.210 - - [07/Jan/2008:03:24:08 -0800] "www.modestolan.com: GET /tables.css HTTP/1.1" 200 2419 "http://www.modestolan.com/xwred1/mp3/Depeche%20Mode%20-%20Playing%20The%20Angel(Advance%202005)(StefWan-Team)/" "Mozilla/4.0 (compatible; MSIE 6.0; Windows NT 5.1; SV1; tmweb; .NET CLR 2.0.50727)"
79.213.199.210 - - [07/Jan/2008:03:24:08 -0800] "www.modestolan.com: GET /images/bg_small.jpg HTTP/1.1" 200 1598 "http://www.modestolan.com/xwred1/mp3/Depeche%20Mode%20-%20Playing%20The%20Angel(Advance%202005)(StefWan-Team)/" "Mozilla/4.0 (compatible; MSIE 6.0; Windows NT 5.1; SV1; tmweb; .NET CLR 2.0.50727)"
79.213.199.210 - - [07/Jan/2008:03:24:08 -0800] "www.modestolan.com: GET /images/transparent.gif HTTP/1.1" 200 43 "http://www.modestolan.com/xwred1/mp3/Depeche%20Mode%20-%20Playing%20The%20Angel(Advance%202005)(StefWan-Team)/" "Mozilla/4.0 (compatible; MSIE 6.0; Windows NT 5.1; SV1; tmweb; .NET CLR 2.0.50727)"
79.213.199.210 - - [07/Jan/2008:03:24:08 -0800] "www.modestolan.com: GET /xwred1/mp3/Depeche%20Mode%20-%20Playing%20The%20Angel(Advance%202005)(StefWan-Team)/ HTTP/1.1" 200 17908 "-" "Mozilla/4.0 (compatible; MSIE 6.0; Windows NT 5.1; SV1; tmweb; .NET CLR 2.0.50727)"
79.213.199.210 - - [07/Jan/2008:03:24:08 -0800] "www.modestolan.com: GET /php/menu.php HTTP/1.1" 200 12866 "http://www.modestolan.com/xwred1/mp3/Depeche%20Mode%20-%20Playing%20The%20Angel(Advance%202005)(StefWan-Team)/" "Mozilla/4.0 (compatible; MSIE 6.0; Windows NT 5.1; SV1; tmweb; .NET CLR 2.0.50727)"
92.113.23.231 - - [07/Jan/2008:03:24:14 -0800] "www.modestolan.com: GET /robots.txt HTTP/1.0" 404 322 "http://majestic12.co.uk/bot.php?I=39300226DEEE33F085947A1B3E332290-96431C8888BAE06E-00702D562E7D225D-modestolan.com" "Mozilla/5.0 (compatible; MJ12bot/v1.2.1; http://www.majestic12.co.uk/bot.php?+)"
92.113.23.231 - - [07/Jan/2008:03:24:16 -0800] "www.modestolan.com: GET /disclaimer.php HTTP/1.1" 200 20481 "-" "Mozilla/5.0 (compatible; MJ12bot/v1.2.1; http://www.majestic12.co.uk/bot.php?+)"
92.113.23.231 - - [07/Jan/2008:03:24:18 -0800] "www.modestolan.com: GET /index.php?timestamp=1154342486 HTTP/1.1" 200 24084 "-" "Mozilla/5.0 (compatible; MJ12bot/v1.2.1; http://www.majestic12.co.uk/bot.php?+)"
92.113.23.231 - - [07/Jan/2008:03:24:20 -0800] "www.modestolan.com: GET /index.php?timestamp=1155281230 HTTP/1.1" 200 24084 "-" "Mozilla/5.0 (compatible; MJ12bot/v1.2.1; http://www.majestic12.co.uk/bot.php?+)"
92.113.23.231 - - [07/Jan/2008:03:24:23 -0800] "www.modestolan.com: GET /index.php?timestamp=1169884459 HTTP/1.1" 200 24084 "-" "Mozilla/5.0 (compatible; MJ12bot/v1.2.1; http://www.majestic12.co.uk/bot.php?+)"
92.113.23.231 - - [07/Jan/2008:03:24:25 -0800] "www.modestolan.com: GET /index.php?timestamp=1173842705 HTTP/1.1" 200 24084 "-" "Mozilla/5.0 (compatible; MJ12bot/v1.2.1; http://www.majestic12.co.uk/bot.php?+)"
66.249.70.51 - - [07/Jan/2008:03:24:27 -0800] "www.modestolan.com: GET /vb/calendar.php?do=add&c=2&day=2005-7-19 HTTP/1.1" 200 6385 "-" "Mozilla/5.0 (compatible; Googlebot/2.1; +http://www.google.com/bot.html)"
92.113.23.231 - - [07/Jan/2008:03:24:28 -0800] "www.modestolan.com: GET /index.php?timestamp=1175222309 HTTP/1.1" 200 24084 "-" "Mozilla/5.0 (compatible; MJ12bot/v1.2.1; http://www.majestic12.co.uk/bot.php?+)"
92.113.23.231 - - [07/Jan/2008:03:24:30 -0800] "www.modestolan.com: GET /index.php?timestamp=1177146999 HTTP/1.1" 200 24084 "-" "Mozilla/5.0 (compatible; MJ12bot/v1.2.1; http://www.majestic12.co.uk/bot.php?+)"
92.113.23.231 - - [07/Jan/2008:03:24:32 -0800] "www.modestolan.com: GET /index.php?timestamp=1178642032 HTTP/1.1" 200 24084 "-" "Mozilla/5.0 (compatible; MJ12bot/v1.2.1; http://www.majestic12.co.uk/bot.php?+)"
92.113.23.231 - - [07/Jan/2008:03:24:35 -0800] "www.modestolan.com: GET /index.php?timestamp=1178837259 HTTP/1.1" 200 24084 "-" "Mozilla/5.0 (compatible; MJ12bot/v1.2.1; http://www.majestic12.co.uk/bot.php?+)"
92.113.23.231 - - [07/Jan/2008:03:24:38 -0800] "www.modestolan.com: GET /index.php?timestamp=1184437279 HTTP/1.1" 200 24084 "-" "Mozilla/5.0 (compatible; MJ12bot/v1.2.1; http://www.majestic12.co.uk/bot.php?+)"
92.113.23.231 - - [07/Jan/2008:03:24:41 -0800] "www.modestolan.com: GET /index.php?timestamp=1194952723 HTTP/1.1" 200 24084 "-" "Mozilla/5.0 (compatible; MJ12bot/v1.2.1; http://www.majestic12.co.uk/bot.php?+)"
92.113.23.231 - - [07/Jan/2008:03:24:44 -0800] "www.modestolan.com: GET /robots.txt HTTP/1.0" 404 322 "http://majestic12.co.uk/bot.php?I=39300226DEEE33F085947A1B3E332290-96431C8888BAE06E-00702D562E7D225D-valorous.modestolan.com" "Mozilla/5.0 (compatible; MJ12bot/v1.2.1; http://www.majestic12.co.uk/bot.php?+)"
92.113.23.231 - - [07/Jan/2008:03:24:46 -0800] "www.modestolan.com: GET /disclaimer.php HTTP/1.1" 200 20481 "-" "Mozilla/5.0 (compatible; MJ12bot/v1.2.1; http://www.majestic12.co.uk/bot.php?+)"
92.113.23.231 - - [07/Jan/2008:03:24:48 -0800] "www.modestolan.com: GET /index.php?timestamp=1154342486 HTTP/1.1" 200 24084 "-" "Mozilla/5.0 (compatible; MJ12bot/v1.2.1; http://www.majestic12.co.uk/bot.php?+)"
92.113.23.231 - - [07/Jan/2008:03:24:51 -0800] "www.modestolan.com: GET /index.php?timestamp=1155281230 HTTP/1.1" 200 24084 "-" "Mozilla/5.0 (compatible; MJ12bot/v1.2.1; http://www.majestic12.co.uk/bot.php?+)"
92.113.23.231 - - [07/Jan/2008:03:24:53 -0800] "www.modestolan.com: GET /index.php?timestamp=1169884459 HTTP/1.1" 200 24084 "-" "Mozilla/5.0 (compatible; MJ12bot/v1.2.1; http://www.majestic12.co.uk/bot.php?+)"
92.113.23.231 - - [07/Jan/2008:03:24:56 -0800] "www.modestolan.com: GET /index.php?timestamp=1173842705 HTTP/1.1" 200 24084 "-" "Mozilla/5.0 (compatible; MJ12bot/v1.2.1; http://www.majestic12.co.uk/bot.php?+)"
92.113.23.231 - - [07/Jan/2008:03:24:59 -0800] "www.modestolan.com: GET /index.php?timestamp=1175222309 HTTP/1.1" 200 24084 "-" "Mozilla/5.0 (compatible; MJ12bot/v1.2.1; http://www.majestic12.co.uk/bot.php?+)"
92.113.23.231 - - [07/Jan/2008:03:25:01 -0800] "www.modestolan.com: GET /index.php?timestamp=1177146999 HTTP/1.1" 200 24084 "-" "Mozilla/5.0 (compatible; MJ12bot/v1.2.1; http://www.majestic12.co.uk/bot.php?+)"
92.113.23.231 - - [07/Jan/2008:03:25:04 -0800] "www.modestolan.com: GET /index.php?timestamp=1178642032 HTTP/1.1" 200 24084 "-" "Mozilla/5.0 (compatible; MJ12bot/v1.2.1; http://www.majestic12.co.uk/bot.php?+)"
92.113.23.231 - - [07/Jan/2008:03:25:06 -0800] "www.modestolan.com: GET /index.php?timestamp=1178837259 HTTP/1.1" 200 24084 "-" "Mozilla/5.0 (compatible; MJ12bot/v1.2.1; http://www.majestic12.co.uk/bot.php?+)"
92.113.23.231 - - [07/Jan/2008:03:25:09 -0800] "www.modestolan.com: GET /index.php?timestamp=1184437279 HTTP/1.1" 200 24084 "-" "Mozilla/5.0 (compatible; MJ12bot/v1.2.1; http://www.majestic12.co.uk/bot.php?+)"
92.113.23.231 - - [07/Jan/2008:03:25:12 -0800] "www.modestolan.com: GET /index.php?timestamp=1194952723 HTTP/1.1" 200 24084 "-" "Mozilla/5.0 (compatible; MJ12bot/v1.2.1; http://www.majestic12.co.uk/bot.php?+)"
92.113.23.231 - - [07/Jan/2008:03:25:14 -0800] "www.modestolan.com: GET /robots.txt HTTP/1.0" 404 322 "http://majestic12.co.uk/bot.php?I=39300226DEEE33F085947A1B3E332290-96431C8888BAE06E-00702D562E7D225D-www.modestolan.com" "Mozilla/5.0 (compatible; MJ12bot/v1.2.1; http://www.majestic12.co.uk/bot.php?+)"
92.113.23.231 - - [07/Jan/2008:03:25:18 -0800] "www.modestolan.com: GET / HTTP/1.1" 200 24084 "-" "Mozilla/5.0 (compatible; MJ12bot/v1.2.1; http://www.majestic12.co.uk/bot.php?+)"
92.113.23.231 - - [07/Jan/2008:03:25:20 -0800] "www.modestolan.com: GET /850fun HTTP/1.1" 404 330 "-" "Mozilla/5.0 (compatible; MJ12bot/v1.2.1; http://www.majestic12.co.uk/bot.php?+)"
92.113.23.231 - - [07/Jan/2008:03:25:22 -0800] "www.modestolan.com: GET /Disclaimer.php HTTP/1.1" 301 374 "-" "Mozilla/5.0 (compatible; MJ12bot/v1.2.1; http://www.majestic12.co.uk/bot.php?+)"
66.249.70.51 - - [07/Jan/2008:03:25:23 -0800] "www.modestolan.com: GET /vb/calendar.php?do=add&c=2&day=2005-6-27 HTTP/1.1" 200 6384 "-" "Mozilla/5.0 (compatible; Googlebot/2.1; +http://www.google.com/bot.html)"
92.113.23.231 - - [07/Jan/2008:03:25:24 -0800] "www.modestolan.com: GET /disclaimer.php HTTP/1.1" 200 20481 "http://www.modestolan.com/Disclaimer.php" "Mozilla/5.0 (compatible; MJ12bot/v1.2.1; http://www.majestic12.co.uk/bot.php?+)"
92.113.23.231 - - [07/Jan/2008:03:25:25 -0800] "www.modestolan.com: GET /District%20B13 HTTP/1.1" 404 336 "-" "Mozilla/5.0 (compatible; MJ12bot/v1.2.1; http://www.majestic12.co.uk/bot.php?+)"
92.113.23.231 - - [07/Jan/2008:03:25:27 -0800] "www.modestolan.com: GET /Mobo HTTP/1.1" 404 328 "-" "Mozilla/5.0 (compatible; MJ12bot/v1.2.1; http://www.majestic12.co.uk/bot.php?+)"
92.113.23.231 - - [07/Jan/2008:03:25:29 -0800] "www.modestolan.com: GET /Nick%20Swardson HTTP/1.1" 404 337 "-" "Mozilla/5.0 (compatible; MJ12bot/v1.2.1; http://www.majestic12.co.uk/bot.php?+)"
92.113.23.231 - - [07/Jan/2008:03:25:30 -0800] "www.modestolan.com: GET /Scratch HTTP/1.1" 404 331 "-" "Mozilla/5.0 (compatible; MJ12bot/v1.2.1; http://www.majestic12.co.uk/bot.php?+)"
193.47.80.40 - - [07/Jan/2008:03:25:30 -0800] "www.modestolan.com: GET /robots.txt HTTP/1.1" 404 334 "-" "Mozilla/5.0 (compatible; Exabot/3.0; +http://www.exabot.com/go/robot)"
193.47.80.40 - - [07/Jan/2008:03:25:31 -0800] "www.modestolan.com: GET / HTTP/1.1" 200 24084 "-" "Mozilla/5.0 (compatible; Exabot/3.0; +http://www.exabot.com/go/robot)"
92.113.23.231 - - [07/Jan/2008:03:25:32 -0800] "www.modestolan.com: GET /Shitbox HTTP/1.1" 404 331 "-" "Mozilla/5.0 (compatible; MJ12bot/v1.2.1; http://www.majestic12.co.uk/bot.php?+)"
92.113.23.231 - - [07/Jan/2008:03:25:33 -0800] "www.modestolan.com: GET /Spider HTTP/1.1" 404 330 "-" "Mozilla/5.0 (compatible; MJ12bot/v1.2.1; http://www.majestic12.co.uk/bot.php?+)"
92.113.23.231 - - [07/Jan/2008:03:25:35 -0800] "www.modestolan.com: GET /archive/index.php HTTP/1.1" 404 341 "-" "Mozilla/5.0 (compatible; MJ12bot/v1.2.1; http://www.majestic12.co.uk/bot.php?+)"
92.113.23.231 - - [07/Jan/2008:03:25:37 -0800] "www.modestolan.com: GET /calendar.php HTTP/1.1" 404 336 "-" "Mozilla/5.0 (compatible; MJ12bot/v1.2.1; http://www.majestic12.co.uk/bot.php?+)"
92.113.23.231 - - [07/Jan/2008:03:25:38 -0800] "www.modestolan.com: GET /defcon HTTP/1.1" 301 367 "-" "Mozilla/5.0 (compatible; MJ12bot/v1.2.1; http://www.majestic12.co.uk/bot.php?+)"
92.113.23.231 - - [07/Jan/2008:03:25:39 -0800] "www.modestolan.com: GET /defcon/ HTTP/1.1" 200 1070 "http://www.modestolan.com/defcon" "Mozilla/5.0 (compatible; MJ12bot/v1.2.1; http://www.majestic12.co.uk/bot.php?+)"
92.113.23.231 - - [07/Jan/2008:03:25:41 -0800] "www.modestolan.com: GET /directions.php HTTP/1.1" 200 14401 "-" "Mozilla/5.0 (compatible; MJ12bot/v1.2.1; http://www.majestic12.co.uk/bot.php?+)"
92.113.23.231 - - [07/Jan/2008:03:25:44 -0800] "www.modestolan.com: GET /disclaimer.php HTTP/1.1" 200 20481 "-" "Mozilla/5.0 (compatible; MJ12bot/v1.2.1; http://www.majestic12.co.uk/bot.php?+)"
92.113.23.231 - - [07/Jan/2008:03:25:45 -0800] "www.modestolan.com: GET /fall07draft.html HTTP/1.1" 404 340 "-" "Mozilla/5.0 (compatible; MJ12bot/v1.2.1; http://www.majestic12.co.uk/bot.php?+)"
92.113.23.231 - - [07/Jan/2008:03:25:48 -0800] "www.modestolan.com: GET /faq.php HTTP/1.1" 200 18450 "-" "Mozilla/5.0 (compatible; MJ12bot/v1.2.1; http://www.majestic12.co.uk/bot.php?+)"
92.113.23.231 - - [07/Jan/2008:03:25:50 -0800] "www.modestolan.com: GET /forumdisplay.php?f=1 HTTP/1.1" 404 340 "-" "Mozilla/5.0 (compatible; MJ12bot/v1.2.1; http://www.majestic12.co.uk/bot.php?+)"
92.113.23.231 - - [07/Jan/2008:03:25:51 -0800] "www.modestolan.com: GET /forumdisplay.php?f=19 HTTP/1.1" 404 340 "-" "Mozilla/5.0 (compatible; MJ12bot/v1.2.1; http://www.majestic12.co.uk/bot.php?+)"
92.113.23.231 - - [07/Jan/2008:03:25:53 -0800] "www.modestolan.com: GET /forumdisplay.php?f=2 HTTP/1.1" 404 340 "-" "Mozilla/5.0 (compatible; MJ12bot/v1.2.1; http://www.majestic12.co.uk/bot.php?+)"
92.113.23.231 - - [07/Jan/2008:03:25:54 -0800] "www.modestolan.com: GET /forumdisplay.php?f=3 HTTP/1.1" 404 340 "-" "Mozilla/5.0 (compatible; MJ12bot/v1.2.1; http://www.majestic12.co.uk/bot.php?+)"
92.113.23.231 - - [07/Jan/2008:03:25:57 -0800] "www.modestolan.com: GET /forumdisplay.php?f=4 HTTP/1.1" 404 340 "-" "Mozilla/5.0 (compatible; MJ12bot/v1.2.1; http://www.majestic12.co.uk/bot.php?+)"
92.113.23.231 - - [07/Jan/2008:03:25:58 -0800] "www.modestolan.com: GET /forumdisplay.php?f=8 HTTP/1.1" 404 340 "-" "Mozilla/5.0 (compatible; MJ12bot/v1.2.1; http://www.majestic12.co.uk/bot.php?+)"
92.113.23.231 - - [07/Jan/2008:03:26:00 -0800] "www.modestolan.com: GET /forumdisplay.php?f=9 HTTP/1.1" 404 340 "-" "Mozilla/5.0 (compatible; MJ12bot/v1.2.1; http://www.majestic12.co.uk/bot.php?+)"
92.113.23.231 - - [07/Jan/2008:03:26:02 -0800] "www.modestolan.com: GET /gallery HTTP/1.1" 404 331 "-" "Mozilla/5.0 (compatible; MJ12bot/v1.2.1; http://www.majestic12.co.uk/bot.php?+)"
92.113.23.231 - - [07/Jan/2008:03:26:03 -0800] "www.modestolan.com: GET /hackers HTTP/1.1" 404 331 "-" "Mozilla/5.0 (compatible; MJ12bot/v1.2.1; http://www.majestic12.co.uk/bot.php?+)"
92.113.23.231 - - [07/Jan/2008:03:26:05 -0800] "www.modestolan.com: GET /hobbit HTTP/1.1" 404 330 "-" "Mozilla/5.0 (compatible; MJ12bot/v1.2.1; http://www.majestic12.co.uk/bot.php?+)"
92.113.23.231 - - [07/Jan/2008:03:26:07 -0800] "www.modestolan.com: GET /index.php HTTP/1.1" 200 24084 "-" "Mozilla/5.0 (compatible; MJ12bot/v1.2.1; http://www.majestic12.co.uk/bot.php?+)"
92.113.23.231 - - [07/Jan/2008:03:26:10 -0800] "www.modestolan.com: GET /index.php?timestamp=1046626579 HTTP/1.1" 200 24084 "-" "Mozilla/5.0 (compatible; MJ12bot/v1.2.1; http://www.majestic12.co.uk/bot.php?+)"
92.113.23.231 - - [07/Jan/2008:03:26:12 -0800] "www.modestolan.com: GET /index.php?timestamp=1132174939 HTTP/1.1" 200 24084 "-" "Mozilla/5.0 (compatible; MJ12bot/v1.2.1; http://www.majestic12.co.uk/bot.php?+)"
92.113.23.231 - - [07/Jan/2008:03:26:15 -0800] "www.modestolan.com: GET /index.php?timestamp=1139174307 HTTP/1.1" 200 24084 "-" "Mozilla/5.0 (compatible; MJ12bot/v1.2.1; http://www.majestic12.co.uk/bot.php?+)"
92.113.23.231 - - [07/Jan/2008:03:26:18 -0800] "www.modestolan.com: GET /index.php?timestamp=1154342486 HTTP/1.1" 200 24084 "-" "Mozilla/5.0 (compatible; MJ12bot/v1.2.1; http://www.majestic12.co.uk/bot.php?+)"
66.249.70.51 - - [07/Jan/2008:03:26:20 -0800] "www.modestolan.com: GET /vb/calendar.php?do=add&c=2&day=2005-7-22 HTTP/1.1" 200 6382 "-" "Mozilla/5.0 (compatible; Googlebot/2.1; +http://www.google.com/bot.html)"
92.113.23.231 - - [07/Jan/2008:03:26:20 -0800] "www.modestolan.com: GET /index.php?timestamp=1155281230 HTTP/1.1" 200 24084 "-" "Mozilla/5.0 (compatible; MJ12bot/v1.2.1; http://www.majestic12.co.uk/bot.php?+)"
92.113.23.231 - - [07/Jan/2008:03:26:23 -0800] "www.modestolan.com: GET /index.php?timestamp=1169884459 HTTP/1.1" 200 24084 "-" "Mozilla/5.0 (compatible; MJ12bot/v1.2.1; http://www.majestic12.co.uk/bot.php?+)"
92.113.23.231 - - [07/Jan/2008:03:26:25 -0800] "www.modestolan.com: GET /index.php?timestamp=1173842705 HTTP/1.1" 200 24084 "-" "Mozilla/5.0 (compatible; MJ12bot/v1.2.1; http://www.majestic12.co.uk/bot.php?+)"
92.113.23.231 - - [07/Jan/2008:03:26:28 -0800] "www.modestolan.com: GET /index.php?timestamp=1175222309 HTTP/1.1" 200 24084 "-" "Mozilla/5.0 (compatible; MJ12bot/v1.2.1; http://www.majestic12.co.uk/bot.php?+)"
92.113.23.231 - - [07/Jan/2008:03:26:30 -0800] "www.modestolan.com: GET /index.php?timestamp=1177146999 HTTP/1.1" 200 24084 "-" "Mozilla/5.0 (compatible; MJ12bot/v1.2.1; http://www.majestic12.co.uk/bot.php?+)"
92.113.23.231 - - [07/Jan/2008:03:26:33 -0800] "www.modestolan.com: GET /index.php?timestamp=1178642032 HTTP/1.1" 200 24084 "-" "Mozilla/5.0 (compatible; MJ12bot/v1.2.1; http://www.majestic12.co.uk/bot.php?+)"
92.113.23.231 - - [07/Jan/2008:03:26:35 -0800] "www.modestolan.com: GET /index.php?timestamp=1178837259 HTTP/1.1" 200 24084 "-" "Mozilla/5.0 (compatible; MJ12bot/v1.2.1; http://www.majestic12.co.uk/bot.php?+)"
92.113.23.231 - - [07/Jan/2008:03:26:38 -0800] "www.modestolan.com: GET /index.php?timestamp=1184437279 HTTP/1.1" 200 24084 "-" "Mozilla/5.0 (compatible; MJ12bot/v1.2.1; http://www.majestic12.co.uk/bot.php?+)"
92.113.23.231 - - [07/Jan/2008:03:26:40 -0800] "www.modestolan.com: GET /index.php?timestamp=1194952723 HTTP/1.1" 200 24084 "-" "Mozilla/5.0 (compatible; MJ12bot/v1.2.1; http://www.majestic12.co.uk/bot.php?+)"
92.113.23.231 - - [07/Jan/2008:03:26:42 -0800] "www.modestolan.com: GET /laptop HTTP/1.1" 404 330 "-" "Mozilla/5.0 (compatible; MJ12bot/v1.2.1; http://www.majestic12.co.uk/bot.php?+)"
92.113.23.231 - - [07/Jan/2008:03:26:44 -0800] "www.modestolan.com: GET /laptop.txt HTTP/1.1" 404 334 "-" "Mozilla/5.0 (compatible; MJ12bot/v1.2.1; http://www.majestic12.co.uk/bot.php?+)"
92.113.23.231 - - [07/Jan/2008:03:26:45 -0800] "www.modestolan.com: GET /licenseplate HTTP/1.1" 404 336 "-" "Mozilla/5.0 (compatible; MJ12bot/v1.2.1; http://www.majestic12.co.uk/bot.php?+)"
92.113.23.231 - - [07/Jan/2008:03:26:47 -0800] "www.modestolan.com: GET /list.txt HTTP/1.1" 404 332 "-" "Mozilla/5.0 (compatible; MJ12bot/v1.2.1; http://www.majestic12.co.uk/bot.php?+)"
92.113.23.231 - - [07/Jan/2008:03:26:48 -0800] "www.modestolan.com: GET /member.php?u=5 HTTP/1.1" 404 334 "-" "Mozilla/5.0 (compatible; MJ12bot/v1.2.1; http://www.majestic12.co.uk/bot.php?+)"
92.113.23.231 - - [07/Jan/2008:03:26:50 -0800] "www.modestolan.com: GET /memberlist.php HTTP/1.1" 404 338 "-" "Mozilla/5.0 (compatible; MJ12bot/v1.2.1; http://www.majestic12.co.uk/bot.php?+)"
92.113.23.231 - - [07/Jan/2008:03:26:51 -0800] "www.modestolan.com: GET /molan.txt HTTP/1.1" 404 333 "-" "Mozilla/5.0 (compatible; MJ12bot/v1.2.1; http://www.majestic12.co.uk/bot.php?+)"
92.113.23.231 - - [07/Jan/2008:03:26:53 -0800] "www.modestolan.com: GET /nexus HTTP/1.1" 404 329 "-" "Mozilla/5.0 (compatible; MJ12bot/v1.2.1; http://www.majestic12.co.uk/bot.php?+)"
92.113.23.231 - - [07/Jan/2008:03:26:55 -0800] "www.modestolan.com: GET /online.php HTTP/1.1" 404 334 "-" "Mozilla/5.0 (compatible; MJ12bot/v1.2.1; http://www.majestic12.co.uk/bot.php?+)"
92.113.23.231 - - [07/Jan/2008:03:26:57 -0800] "www.modestolan.com: GET /pki HTTP/1.1" 404 327 "-" "Mozilla/5.0 (compatible; MJ12bot/v1.2.1; http://www.majestic12.co.uk/bot.php?+)"
92.113.23.231 - - [07/Jan/2008:03:26:59 -0800] "www.modestolan.com: GET /register.php HTTP/1.1" 200 23788 "-" "Mozilla/5.0 (compatible; MJ12bot/v1.2.1; http://www.majestic12.co.uk/bot.php?+)"
92.113.23.231 - - [07/Jan/2008:03:27:02 -0800] "www.modestolan.com: GET /register.php?lanid=1 HTTP/1.1" 200 28463 "-" "Mozilla/5.0 (compatible; MJ12bot/v1.2.1; http://www.majestic12.co.uk/bot.php?+)"
92.113.23.231 - - [07/Jan/2008:03:27:04 -0800] "www.modestolan.com: GET /register.php?lanid=10 HTTP/1.1" 200 28455 "-" "Mozilla/5.0 (compatible; MJ12bot/v1.2.1; http://www.majestic12.co.uk/bot.php?+)"
92.113.23.231 - - [07/Jan/2008:03:27:08 -0800] "www.modestolan.com: GET /register.php?lanid=11 HTTP/1.1" 200 28228 "-" "Mozilla/5.0 (compatible; MJ12bot/v1.2.1; http://www.majestic12.co.uk/bot.php?+)"
92.113.23.231 - - [07/Jan/2008:03:27:11 -0800] "www.modestolan.com: GET /register.php?lanid=12 HTTP/1.1" 200 27194 "-" "Mozilla/5.0 (compatible; MJ12bot/v1.2.1; http://www.majestic12.co.uk/bot.php?+)"
92.113.23.231 - - [07/Jan/2008:03:27:14 -0800] "www.modestolan.com: GET /register.php?lanid=13 HTTP/1.1" 200 27729 "-" "Mozilla/5.0 (compatible; MJ12bot/v1.2.1; http://www.majestic12.co.uk/bot.php?+)"
66.249.70.51 - - [07/Jan/2008:03:27:17 -0800] "www.modestolan.com: GET /vb/calendar.php?c=2&week=1181433600&do=displayweek&month=6 HTTP/1.1" 200 7076 "-" "Mozilla/5.0 (compatible; Googlebot/2.1; +http://www.google.com/bot.html)"
92.113.23.231 - - [07/Jan/2008:03:27:17 -0800] "www.modestolan.com: GET /register.php?lanid=14 HTTP/1.1" 200 27940 "-" "Mozilla/5.0 (compatible; MJ12bot/v1.2.1; http://www.majestic12.co.uk/bot.php?+)"
92.113.23.231 - - [07/Jan/2008:03:27:20 -0800] "www.modestolan.com: GET /register.php?lanid=15 HTTP/1.1" 200 29782 "-" "Mozilla/5.0 (compatible; MJ12bot/v1.2.1; http://www.majestic12.co.uk/bot.php?+)"
61.93.125.210 - - [07/Jan/2008:03:27:21 -0800] "www.modestolan.com: GET /xwred1/fat_naruto.jpeg HTTP/1.1" 200 115036 "http://bbs.kyohk.net/thread-501664-1-5.html" "Mozilla/4.0 (compatible; MSIE 6.0; Windows NT 5.1; SV1; Foxy/1; Foxy/1)"
92.113.23.231 - - [07/Jan/2008:03:27:22 -0800] "www.modestolan.com: GET /register.php?lanid=16 HTTP/1.1" 200 27432 "-" "Mozilla/5.0 (compatible; MJ12bot/v1.2.1; http://www.majestic12.co.uk/bot.php?+)"
92.113.23.231 - - [07/Jan/2008:03:27:25 -0800] "www.modestolan.com: GET /register.php?lanid=17 HTTP/1.1" 200 27345 "-" "Mozilla/5.0 (compatible; MJ12bot/v1.2.1; http://www.majestic12.co.uk/bot.php?+)"
92.113.23.231 - - [07/Jan/2008:03:27:29 -0800] "www.modestolan.com: GET /register.php?lanid=18 HTTP/1.1" 200 29090 "-" "Mozilla/5.0 (compatible; MJ12bot/v1.2.1; http://www.majestic12.co.uk/bot.php?+)"
92.113.23.231 - - [07/Jan/2008:03:27:31 -0800] "www.modestolan.com: GET /register.php?lanid=19 HTTP/1.1" 200 25796 "-" "Mozilla/5.0 (compatible; MJ12bot/v1.2.1; http://www.majestic12.co.uk/bot.php?+)"
92.113.23.231 - - [07/Jan/2008:03:27:34 -0800] "www.modestolan.com: GET /register.php?lanid=1A HTTP/1.1" 200 26506 "-" "Mozilla/5.0 (compatible; MJ12bot/v1.2.1; http://www.majestic12.co.uk/bot.php?+)"
92.113.23.231 - - [07/Jan/2008:03:27:36 -0800] "www.modestolan.com: GET /register.php?lanid=1B HTTP/1.1" 200 26481 "-" "Mozilla/5.0 (compatible; MJ12bot/v1.2.1; http://www.majestic12.co.uk/bot.php?+)"
92.113.23.231 - - [07/Jan/2008:03:27:39 -0800] "www.modestolan.com: GET /register.php?lanid=1C HTTP/1.1" 200 26353 "-" "Mozilla/5.0 (compatible; MJ12bot/v1.2.1; http://www.majestic12.co.uk/bot.php?+)"
92.113.23.231 - - [07/Jan/2008:03:27:42 -0800] "www.modestolan.com: GET /register.php?lanid=1D HTTP/1.1" 200 28994 "-" "Mozilla/5.0 (compatible; MJ12bot/v1.2.1; http://www.majestic12.co.uk/bot.php?+)"
92.113.23.231 - - [07/Jan/2008:03:27:45 -0800] "www.modestolan.com: GET /register.php?lanid=1E HTTP/1.1" 200 27683 "-" "Mozilla/5.0 (compatible; MJ12bot/v1.2.1; http://www.majestic12.co.uk/bot.php?+)"
92.113.23.231 - - [07/Jan/2008:03:27:47 -0800] "www.modestolan.com: GET /register.php?lanid=1F HTTP/1.1" 200 28178 "-" "Mozilla/5.0 (compatible; MJ12bot/v1.2.1; http://www.majestic12.co.uk/bot.php?+)"
92.113.23.231 - - [07/Jan/2008:03:27:50 -0800] "www.modestolan.com: GET /register.php?lanid=2 HTTP/1.1" 200 31036 "-" "Mozilla/5.0 (compatible; MJ12bot/v1.2.1; http://www.majestic12.co.uk/bot.php?+)"
92.113.23.231 - - [07/Jan/2008:03:27:53 -0800] "www.modestolan.com: GET /register.php?lanid=20 HTTP/1.1" 200 29396 "-" "Mozilla/5.0 (compatible; MJ12bot/v1.2.1; http://www.majestic12.co.uk/bot.php?+)"
92.113.23.231 - - [07/Jan/2008:03:27:56 -0800] "www.modestolan.com: GET /register.php?lanid=21 HTTP/1.1" 200 25942 "-" "Mozilla/5.0 (compatible; MJ12bot/v1.2.1; http://www.majestic12.co.uk/bot.php?+)"
92.113.23.231 - - [07/Jan/2008:03:27:59 -0800] "www.modestolan.com: GET /register.php?lanid=22 HTTP/1.1" 200 27358 "-" "Mozilla/5.0 (compatible; MJ12bot/v1.2.1; http://www.majestic12.co.uk/bot.php?+)"
92.113.23.231 - - [07/Jan/2008:03:28:03 -0800] "www.modestolan.com: GET /register.php?lanid=23 HTTP/1.1" 200 28262 "-" "Mozilla/5.0 (compatible; MJ12bot/v1.2.1; http://www.majestic12.co.uk/bot.php?+)"
92.113.23.231 - - [07/Jan/2008:03:28:06 -0800] "www.modestolan.com: GET /register.php?lanid=24 HTTP/1.1" 200 26932 "-" "Mozilla/5.0 (compatible; MJ12bot/v1.2.1; http://www.majestic12.co.uk/bot.php?+)"
92.113.23.231 - - [07/Jan/2008:03:28:09 -0800] "www.modestolan.com: GET /register.php?lanid=25 HTTP/1.1" 200 26629 "-" "Mozilla/5.0 (compatible; MJ12bot/v1.2.1; http://www.majestic12.co.uk/bot.php?+)"
92.113.23.231 - - [07/Jan/2008:03:28:12 -0800] "www.modestolan.com: GET /register.php?lanid=3 HTTP/1.1" 200 27516 "-" "Mozilla/5.0 (compatible; MJ12bot/v1.2.1; http://www.majestic12.co.uk/bot.php?+)"
92.113.23.231 - - [07/Jan/2008:03:28:15 -0800] "www.modestolan.com: GET /register.php?lanid=4 HTTP/1.1" 200 30066 "-" "Mozilla/5.0 (compatible; MJ12bot/v1.2.1; http://www.majestic12.co.uk/bot.php?+)"
92.113.23.231 - - [07/Jan/2008:03:28:18 -0800] "www.modestolan.com: GET /register.php?lanid=5 HTTP/1.1" 200 29068 "-" "Mozilla/5.0 (compatible; MJ12bot/v1.2.1; http://www.majestic12.co.uk/bot.php?+)"
92.113.23.231 - - [07/Jan/2008:03:28:21 -0800] "www.modestolan.com: GET /register.php?lanid=6 HTTP/1.1" 200 29357 "-" "Mozilla/5.0 (compatible; MJ12bot/v1.2.1; http://www.majestic12.co.uk/bot.php?+)"
92.113.23.231 - - [07/Jan/2008:03:28:23 -0800] "www.modestolan.com: GET /register.php?lanid=7 HTTP/1.1" 200 27257 "-" "Mozilla/5.0 (compatible; MJ12bot/v1.2.1; http://www.majestic12.co.uk/bot.php?+)"
92.113.23.231 - - [07/Jan/2008:03:28:27 -0800] "www.modestolan.com: GET /register.php?lanid=8 HTTP/1.1" 200 30215 "-" "Mozilla/5.0 (compatible; MJ12bot/v1.2.1; http://www.majestic12.co.uk/bot.php?+)"
