92.113.23.231 - - [07/Jan/2008:03:38:43 -0800] "www.modestolan.com: GET /vb/newreply.php?do=newreply&p=47797 HTTP/1.1" 200 23449 "-" "Mozilla/5.0 (compatible; MJ12bot/v1.2.1; http://www.majestic12.co.uk/bot.php?+)"
92.113.23.231 - - [07/Jan/2008:03:38:46 -0800] "www.modestolan.com: GET /vb/newreply.php?do=newreply&p=47815 HTTP/1.1" 200 23449 "-" "Mozilla/5.0 (compatible; MJ12bot/v1.2.1; http://www.majestic12.co.uk/bot.php?+)"
92.113.23.231 - - [07/Jan/2008:03:38:49 -0800] "www.modestolan.com: GET /vb/newreply.php?do=newreply&p=47834 HTTP/1.1" 200 23449 "-" "Mozilla/5.0 (compatible; MJ12bot/v1.2.1; http://www.majestic12.co.uk/bot.php?+)"
92.113.23.231 - - [07/Jan/2008:03:38:52 -0800] "www.modestolan.com: GET /vb/newreply.php?do=newreply&p=47837 HTTP/1.1" 200 23449 "-" "Mozilla/5.0 (compatible; MJ12bot/v1.2.1; http://www.majestic12.co.uk/bot.php?+)"
92.113.23.231 - - [07/Jan/2008:03:38:56 -0800] "www.modestolan.com: GET /vb/newreply.php?do=newreply&p=47839 HTTP/1.1" 200 23449 "-" "Mozilla/5.0 (compatible; MJ12bot/v1.2.1; http://www.majestic12.co.uk/bot.php?+)"
92.113.23.231 - - [07/Jan/2008:03:39:00 -0800] "www.modestolan.com: GET /vb/newreply.php?do=newreply&p=47841 HTTP/1.1" 200 23449 "-" "Mozilla/5.0 (compatible; MJ12bot/v1.2.1; http://www.majestic12.co.uk/bot.php?+)"
92.113.23.231 - - [07/Jan/2008:03:39:02 -0800] "www.modestolan.com: GET /vb/newreply.php?do=newreply&p=47842 HTTP/1.1" 200 23449 "-" "Mozilla/5.0 (compatible; MJ12bot/v1.2.1; http://www.majestic12.co.uk/bot.php?+)"
92.113.23.231 - - [07/Jan/2008:03:39:05 -0800] "www.modestolan.com: GET /vb/newreply.php?do=newreply&p=47843 HTTP/1.1" 200 23449 "-" "Mozilla/5.0 (compatible; MJ12bot/v1.2.1; http://www.majestic12.co.uk/bot.php?+)"
66.249.70.51 - - [07/Jan/2008:03:41:08 -0800] "www.modestolan.com: GET /vb/showthread.php?p=50580 HTTP/1.1" 200 11984 "-" "Mozilla/5.0 (compatible; Googlebot/2.1; +http://www.google.com/bot.html)"
216.234.123.127 - - [07/Jan/2008:03:42:23 -0800] "www.modestolan.com: GET /xwred1/taliban.jpeg HTTP/1.1" 200 68513 "http://www.breakingnewsusa.com/i/Taliban" "Mozilla/4.0 (compatible; MSIE 7.0; Windows NT 5.1; InfoPath.2; .NET CLR 2.0.50727)"
216.234.123.127 - - [07/Jan/2008:03:42:26 -0800] "www.modestolan.com: GET /favicon.ico HTTP/1.1" 404 335 "-" "Mozilla/4.0 (compatible; MSIE 7.0; Windows NT 5.1; InfoPath.2; .NET CLR 2.0.50727)"
216.234.123.127 - - [07/Jan/2008:03:42:39 -0800] "www.modestolan.com: GET /xwred1/taliban.jpeg HTTP/1.1" 304 - "http://www.breakingnewsusa.com/i/Taliban" "Mozilla/4.0 (compatible; MSIE 7.0; Windows NT 5.1; InfoPath.2; .NET CLR 2.0.50727)"
121.34.98.163 - - [07/Jan/2008:03:43:18 -0800] "www.modestolan.com: GET / HTTP/1.1" 200 17166 "http://www.modestolan.com/" "Mozilla/4.0 (compatible; MSIE 6.0; Windows NT 5.1; SV1; Maxthon; .NET CLR 1.1.4322; InfoPath.1; .NET CLR 2.0.50727)"
74.6.22.223 - - [07/Jan/2008:03:46:17 -0800] "www.modestolan.com: GET /register.php?lanid=D HTTP/1.0" 200 29302 "-" "Mozilla/5.0 (compatible; Yahoo! Slurp; http://help.yahoo.com/help/us/ysearch/slurp)"
74.6.24.124 - - [07/Jan/2008:03:48:03 -0800] "www.modestolan.com: GET /vb/forumdisplay.php?f=9 HTTP/1.0" 200 18046 "-" "Mozilla/5.0 (compatible; Yahoo! Slurp; http://help.yahoo.com/help/us/ysearch/slurp)"
66.249.70.51 - - [07/Jan/2008:03:48:37 -0800] "www.modestolan.com: GET /vb/member.php?s=&action=getinfo&userid=1163 HTTP/1.1" 200 6418 "-" "Mozilla/5.0 (compatible; Googlebot/2.1; +http://www.google.com/bot.html)"
74.6.22.79 - - [07/Jan/2008:03:50:19 -0800] "www.modestolan.com: GET /register.php?lanid=21 HTTP/1.0" 200 25867 "-" "Mozilla/5.0 (compatible; Yahoo! Slurp; http://help.yahoo.com/help/us/ysearch/slurp)"
219.133.189.153 - - [07/Jan/2008:03:54:07 -0800] "www.modestolan.com: GET / HTTP/1.1" 200 24084 "http://www.modestolan.com/" "Mozilla/4.0 (compatible; MSIE 6.0; Windows NT 5.1; SV1; Maxthon; .NET CLR 1.1.4322; InfoPath.1; .NET CLR 2.0.50727)"
121.34.98.163 - - [07/Jan/2008:03:58:32 -0800] "www.modestolan.com: GET / HTTP/1.1" 200 17166 "http://www.modestolan.com/" "Mozilla/4.0 (compatible; MSIE 6.0; Windows NT 5.1; SV1; Maxthon; .NET CLR 1.1.4322; InfoPath.1; .NET CLR 2.0.50727)"
66.249.70.51 - - [07/Jan/2008:03:59:05 -0800] "www.modestolan.com: GET /vb/calendar.php?do=add&c=2&day=2005-6-5 HTTP/1.1" 200 6381 "-" "Mozilla/5.0 (compatible; Googlebot/2.1; +http://www.google.com/bot.html)"
66.249.70.51 - - [07/Jan/2008:03:59:06 -0800] "www.blppp.com: GET /modules.php?name=Downloads HTTP/1.1" 200 6196 "-" "Mozilla/5.0 (compatible; Googlebot/2.1; +http://www.google.com/bot.html)"
66.249.70.51 - - [07/Jan/2008:03:59:51 -0800] "www.modestolan.com: GET /vb/calendar.php?do=add&c=2&day=2005-6-22 HTTP/1.1" 200 6382 "-" "Mozilla/5.0 (compatible; Googlebot/2.1; +http://www.google.com/bot.html)"
66.249.70.51 - - [07/Jan/2008:04:00:37 -0800] "www.modestolan.com: GET /vb/calendar.php?do=add&c=2&day=2005-6-1 HTTP/1.1" 200 6382 "-" "Mozilla/5.0 (compatible; Googlebot/2.1; +http://www.google.com/bot.html)"
66.249.70.51 - - [07/Jan/2008:04:01:24 -0800] "www.modestolan.com: GET /vb/calendar.php?c=2&week=1117324800 HTTP/1.1" 200 7420 "-" "Mozilla/5.0 (compatible; Googlebot/2.1; +http://www.google.com/bot.html)"
74.6.22.43 - - [07/Jan/2008:04:01:49 -0800] "www.modestolan.com: GET /~twentydead/?S=D HTTP/1.0" 200 11464 "-" "Mozilla/5.0 (compatible; Yahoo! Slurp; http://help.yahoo.com/help/us/ysearch/slurp)"
66.249.70.51 - - [07/Jan/2008:04:02:12 -0800] "www.modestolan.com: GET /vb/calendar.php?c=2&week=1117929600 HTTP/1.1" 200 7076 "-" "Mozilla/5.0 (compatible; Googlebot/2.1; +http://www.google.com/bot.html)"
66.249.70.51 - - [07/Jan/2008:04:02:59 -0800] "www.modestolan.com: GET /vb/calendar.php?c=2&week=1116720000 HTTP/1.1" 200 7098 "-" "Mozilla/5.0 (compatible; Googlebot/2.1; +http://www.google.com/bot.html)"
74.6.28.21 - - [07/Jan/2008:04:03:09 -0800] "www.modestolan.com: GET /vb/misc.php?do=whoposted&t=5330 HTTP/1.0" 200 2865 "-" "Mozilla/5.0 (compatible; Yahoo! Slurp; http://help.yahoo.com/help/us/ysearch/slurp)"
74.6.22.79 - - [07/Jan/2008:04:03:12 -0800] "www.modestolan.com: GET /xwred1/movie_list HTTP/1.0" 200 1730 "-" "Mozilla/5.0 (compatible; Yahoo! Slurp; http://help.yahoo.com/help/us/ysearch/slurp)"
58.61.169.19 - - [07/Jan/2008:04:03:29 -0800] "www.modestolan.com: GET / HTTP/1.1" 200 24084 "http://www.modestolan.com/" "Mozilla/4.0 (compatible; MSIE 6.0; Windows NT 5.1; SV1; Maxthon; .NET CLR 1.1.4322; InfoPath.1; .NET CLR 2.0.50727)"
66.249.70.51 - - [07/Jan/2008:04:03:47 -0800] "www.modestolan.com: GET /vb/calendar.php?do=add&c=2&day=2005-5-31 HTTP/1.1" 200 6381 "-" "Mozilla/5.0 (compatible; Googlebot/2.1; +http://www.google.com/bot.html)"
90.148.189.232 - - [07/Jan/2008:04:03:51 -0800] "www.modestolan.com: GET /images/lakers.gif HTTP/1.1" 304 - "http://forum.kooora.com/f.aspx?t=7588258" "Mozilla/4.0 (compatible; MSIE 6.0; Windows NT 5.1; SV1; SIMBAR={F07DF6AD-AD0A-4B82-B8DE-E5A0E19FB86A})"
66.249.70.51 - - [07/Jan/2008:04:04:34 -0800] "www.modestolan.com: GET /vb/calendar.php?do=add&c=2&day=2005-6-21 HTTP/1.1" 200 6381 "-" "Mozilla/5.0 (compatible; Googlebot/2.1; +http://www.google.com/bot.html)"
66.249.70.51 - - [07/Jan/2008:04:05:21 -0800] "www.modestolan.com: GET /vb/calendar.php?do=add&c=2&day=2005-6-25 HTTP/1.1" 200 6379 "-" "Mozilla/5.0 (compatible; Googlebot/2.1; +http://www.google.com/bot.html)"
66.249.70.51 - - [07/Jan/2008:04:06:09 -0800] "www.modestolan.com: GET /vb/calendar.php?do=add&c=2&day=2005-6-4 HTTP/1.1" 200 6382 "-" "Mozilla/5.0 (compatible; Googlebot/2.1; +http://www.google.com/bot.html)"
65.55.210.91 - - [07/Jan/2008:04:06:42 -0800] "www.modestolan.com: GET /robots.txt HTTP/1.0" 404 322 "-" "msnbot/1.0 (+http://search.msn.com/msnbot.htm)"
65.55.210.91 - - [07/Jan/2008:04:06:43 -0800] "www.modestolan.com: GET /register.php?lanid=1F HTTP/1.0" 200 28104 "-" "msnbot/1.0 (+http://search.msn.com/msnbot.htm)"
66.249.70.51 - - [07/Jan/2008:04:06:56 -0800] "www.modestolan.com: GET /vb/calendar.php?do=add&c=2&day=2005-6-18 HTTP/1.1" 200 6384 "-" "Mozilla/5.0 (compatible; Googlebot/2.1; +http://www.google.com/bot.html)"
66.249.70.51 - - [07/Jan/2008:04:07:44 -0800] "www.modestolan.com: GET /vb/calendar.php?do=add&c=2&day=2005-6-7 HTTP/1.1" 200 6383 "-" "Mozilla/5.0 (compatible; Googlebot/2.1; +http://www.google.com/bot.html)"
221.201.26.196 - - [07/Jan/2008:04:08:19 -0800] "www.modestolan.com: GET / HTTP/1.1" 200 24084 "http://www.modestolan.com/" "Mozilla/4.0 (compatible; MSIE 6.0; Windows NT 5.1; SV1; Maxthon; .NET CLR 1.1.4322; InfoPath.1; .NET CLR 2.0.50727)"
66.249.70.51 - - [07/Jan/2008:04:08:31 -0800] "www.modestolan.com: GET /vb/calendar.php?c=2&week=1118534400 HTTP/1.1" 200 7086 "-" "Mozilla/5.0 (compatible; Googlebot/2.1; +http://www.google.com/bot.html)"
81.10.82.166 - - [07/Jan/2008:04:08:54 -0800] "www.modestolan.com: GET /images/lakers.gif HTTP/1.1" 200 16208 "http://forum.kooora.com/f.aspx?t=7588258&pg=1" "Mozilla/4.0 (compatible; MSIE 6.0; Windows NT 5.1; SV1; .NET CLR 2.0.50727)"
61.141.189.161 - - [07/Jan/2008:04:09:01 -0800] "www.modestolan.com: GET / HTTP/1.1" 200 24084 "http://www.modestolan.com/" "Mozilla/4.0 (compatible; MSIE 6.0; Windows NT 5.1; SV1; Maxthon; .NET CLR 1.1.4322; InfoPath.1; .NET CLR 2.0.50727)"
66.249.70.51 - - [07/Jan/2008:04:09:18 -0800] "www.modestolan.com: GET /vb/calendar.php?do=add&c=2&day=2005-6-16 HTTP/1.1" 200 6383 "-" "Mozilla/5.0 (compatible; Googlebot/2.1; +http://www.google.com/bot.html)"
66.249.70.51 - - [07/Jan/2008:04:10:06 -0800] "www.modestolan.com: GET /vb/calendar.php?do=add&c=2&day=2005-6-11 HTTP/1.1" 200 6382 "-" "Mozilla/5.0 (compatible; Googlebot/2.1; +http://www.google.com/bot.html)"
66.249.70.51 - - [07/Jan/2008:04:10:53 -0800] "www.modestolan.com: GET /vb/calendar.php?do=add&c=2&day=2005-6-24 HTTP/1.1" 200 6382 "-" "Mozilla/5.0 (compatible; Googlebot/2.1; +http://www.google.com/bot.html)"
74.6.20.21 - - [07/Jan/2008:04:11:25 -0800] "www.modestolan.com: GET /vb/member.php?u=1642 HTTP/1.0" 200 6045 "-" "Mozilla/5.0 (compatible; Yahoo! Slurp; http://help.yahoo.com/help/us/ysearch/slurp)"
66.249.70.51 - - [07/Jan/2008:04:11:41 -0800] "www.modestolan.com: GET /vb/calendar.php?do=add&c=2&day=2005-6-6 HTTP/1.1" 200 6381 "-" "Mozilla/5.0 (compatible; Googlebot/2.1; +http://www.google.com/bot.html)"
90.148.189.232 - - [07/Jan/2008:04:12:00 -0800] "www.modestolan.com: GET /images/lakers.gif HTTP/1.1" 304 - "http://forum.kooora.com/f.aspx?t=7588258" "Mozilla/4.0 (compatible; MSIE 6.0; Windows NT 5.1; SV1; SIMBAR={F07DF6AD-AD0A-4B82-B8DE-E5A0E19FB86A})"
74.6.28.170 - - [07/Jan/2008:04:12:16 -0800] "www.modestolan.com: GET /vb/showthread.php?t=5522&page=2 HTTP/1.0" 200 8976 "-" "Mozilla/5.0 (compatible; Yahoo! Slurp; http://help.yahoo.com/help/us/ysearch/slurp)"
66.249.70.51 - - [07/Jan/2008:04:12:28 -0800] "www.modestolan.com: GET /vb/calendar.php?do=add&c=2&day=2005-6-10 HTTP/1.1" 200 6383 "-" "Mozilla/5.0 (compatible; Googlebot/2.1; +http://www.google.com/bot.html)"
66.249.70.51 - - [07/Jan/2008:04:13:15 -0800] "www.modestolan.com: GET /vb/calendar.php?do=add&c=2&day=2005-6-14 HTTP/1.1" 200 6382 "-" "Mozilla/5.0 (compatible; Googlebot/2.1; +http://www.google.com/bot.html)"
74.6.27.29 - - [07/Jan/2008:04:13:34 -0800] "www.modestolan.com: GET /vb/search.php?do=finduser&userid=2&searchthreadid=5330 HTTP/1.0" 302 0 "-" "Mozilla/5.0 (compatible; Yahoo! Slurp; http://help.yahoo.com/help/us/ysearch/slurp)"
74.6.27.29 - - [07/Jan/2008:04:13:35 -0800] "www.modestolan.com: GET /vb/search.php?searchid=9989 HTTP/1.0" 200 6385 "-" "Mozilla/5.0 (compatible; Yahoo! Slurp; http://help.yahoo.com/help/us/ysearch/slurp)"
66.249.70.51 - - [07/Jan/2008:04:14:03 -0800] "www.modestolan.com: GET /vb/calendar.php?c=2&week=1116115200&do=displayweek&month=5 HTTP/1.1" 200 7211 "-" "Mozilla/5.0 (compatible; Googlebot/2.1; +http://www.google.com/bot.html)"
74.6.22.79 - - [07/Jan/2008:04:14:26 -0800] "www.modestolan.com: GET /vb/member.php?u=1229 HTTP/1.0" 200 6517 "-" "Mozilla/5.0 (compatible; Yahoo! Slurp; http://help.yahoo.com/help/us/ysearch/slurp)"
66.249.70.51 - - [07/Jan/2008:04:14:50 -0800] "www.modestolan.com: GET /vb/calendar.php?do=add&c=2&day=2005-6-15 HTTP/1.1" 200 6382 "-" "Mozilla/5.0 (compatible; Googlebot/2.1; +http://www.google.com/bot.html)"
74.6.20.210 - - [07/Jan/2008:04:14:53 -0800] "www.modestolan.com: GET /vb/showthread.php?t=5204 HTTP/1.0" 200 11702 "-" "Mozilla/5.0 (compatible; Yahoo! Slurp; http://help.yahoo.com/help/us/ysearch/slurp)"
66.249.70.51 - - [07/Jan/2008:04:15:38 -0800] "www.modestolan.com: GET /vb/calendar.php?month=5&year=2005&c=2&do=displaymonth HTTP/1.1" 200 7671 "-" "Mozilla/5.0 (compatible; Googlebot/2.1; +http://www.google.com/bot.html)"
66.249.70.51 - - [07/Jan/2008:04:16:04 -0800] "www.modestolan.com: GET /vb/calendar.php?month=10&year=2006&c=1&do=displaymonth HTTP/1.1" 200 8156 "-" "Mozilla/5.0 (compatible; Googlebot/2.1; +http://www.google.com/bot.html)"
66.249.70.51 - - [07/Jan/2008:04:16:26 -0800] "www.modestolan.com: GET /vb/calendar.php?do=add&c=2&day=2005-5-29 HTTP/1.1" 200 6383 "-" "Mozilla/5.0 (compatible; Googlebot/2.1; +http://www.google.com/bot.html)"
72.30.179.203 - - [07/Jan/2008:04:16:57 -0800] "www.modestolan.com: GET /vb/search.php?searchid=9989 HTTP/1.0" 200 6406 "-" "Mozilla/5.0 (compatible; Yahoo! Slurp; http://help.yahoo.com/help/us/ysearch/slurp)"
66.249.70.51 - - [07/Jan/2008:04:17:12 -0800] "www.modestolan.com: GET /vb/calendar.php?do=add&c=2&day=2005-5-30 HTTP/1.1" 200 6384 "-" "Mozilla/5.0 (compatible; Googlebot/2.1; +http://www.google.com/bot.html)"
66.249.70.51 - - [07/Jan/2008:04:18:00 -0800] "www.modestolan.com: GET /vb/calendar.php?c=2&week=1115510400&do=displayweek&month=5 HTTP/1.1" 200 7130 "-" "Mozilla/5.0 (compatible; Googlebot/2.1; +http://www.google.com/bot.html)"
66.249.70.51 - - [07/Jan/2008:04:18:47 -0800] "www.modestolan.com: GET /vb/calendar.php?do=add&c=2&day=2005-6-23 HTTP/1.1" 200 6383 "-" "Mozilla/5.0 (compatible; Googlebot/2.1; +http://www.google.com/bot.html)"
66.249.70.51 - - [07/Jan/2008:04:19:35 -0800] "www.modestolan.com: GET /vb/calendar.php?do=add&c=2&day=2005-6-8 HTTP/1.1" 200 6383 "-" "Mozilla/5.0 (compatible; Googlebot/2.1; +http://www.google.com/bot.html)"
208.80.193.36 - - [07/Jan/2008:04:19:40 -0800] "www.thrailkill.name: GET / HTTP/1.1" 200 120 "-" "Mozilla/5.0 (compatible; Konqueror/3.0-rc5; i686 Linux; 20021216)"
213.230.129.21 - - [07/Jan/2008:04:20:09 -0800] "www.modestolan.com: GET /xwred1/mp3/Depeche%20Mode%20-%20Playing%20The%20Angel(Advance%202005)(StefWan-Team)/ HTTP/1.1" 200 17908 "http://www.google.com/search?q=-inurl%3A%28htm%7Chtml%7Cphp%29+intitle%3A%22index+of%22+%2B%22last+modified%22+%2B%22parent+directory%22+%2Bdescription+%2Bsize+%2B%28wma%7Cmp3%29+%22Depeche+mode%22&rls=com.microsoft:it:IE-SearchBox&ie=UTF-8&oe=UTF-8&sourceid=ie7" "Mozilla/4.0 (compatible; MSIE 7.0; Windows NT 5.1; .NET CLR 1.0.3705; .NET CLR 1.1.4322; Media Center PC 4.0; .NET CLR 2.0.50727; .NET CLR 3.0.04506.30; InfoPath.2)"
213.230.129.21 - - [07/Jan/2008:04:20:10 -0800] "www.modestolan.com: GET /tables.css HTTP/1.1" 200 2419 "http://www.modestolan.com/xwred1/mp3/Depeche%20Mode%20-%20Playing%20The%20Angel(Advance%202005)(StefWan-Team)/" "Mozilla/4.0 (compatible; MSIE 7.0; Windows NT 5.1; .NET CLR 1.0.3705; .NET CLR 1.1.4322; Media Center PC 4.0; .NET CLR 2.0.50727; .NET CLR 3.0.04506.30; InfoPath.2)"
213.230.129.21 - - [07/Jan/2008:04:20:10 -0800] "www.modestolan.com: GET /images/bg_small.jpg HTTP/1.1" 200 1598 "http://www.modestolan.com/xwred1/mp3/Depeche%20Mode%20-%20Playing%20The%20Angel(Advance%202005)(StefWan-Team)/" "Mozilla/4.0 (compatible; MSIE 7.0; Windows NT 5.1; .NET CLR 1.0.3705; .NET CLR 1.1.4322; Media Center PC 4.0; .NET CLR 2.0.50727; .NET CLR 3.0.04506.30; InfoPath.2)"
213.230.129.21 - - [07/Jan/2008:04:20:11 -0800] "www.modestolan.com: GET /php/menu.php HTTP/1.1" 200 21682 "http://www.modestolan.com/xwred1/mp3/Depeche%20Mode%20-%20Playing%20The%20Angel(Advance%202005)(StefWan-Team)/" "Mozilla/4.0 (compatible; MSIE 7.0; Windows NT 5.1; .NET CLR 1.0.3705; .NET CLR 1.1.4322; Media Center PC 4.0; .NET CLR 2.0.50727; .NET CLR 3.0.04506.30; InfoPath.2)"
213.230.129.21 - - [07/Jan/2008:04:20:12 -0800] "www.modestolan.com: GET /images/menu/1.gif HTTP/1.1" 200 368 "http://www.modestolan.com/xwred1/mp3/Depeche%20Mode%20-%20Playing%20The%20Angel(Advance%202005)(StefWan-Team)/" "Mozilla/4.0 (compatible; MSIE 7.0; Windows NT 5.1; .NET CLR 1.0.3705; .NET CLR 1.1.4322; Media Center PC 4.0; .NET CLR 2.0.50727; .NET CLR 3.0.04506.30; InfoPath.2)"
213.230.129.21 - - [07/Jan/2008:04:20:12 -0800] "www.modestolan.com: GET /images/menu/2.gif HTTP/1.1" 200 550 "http://www.modestolan.com/xwred1/mp3/Depeche%20Mode%20-%20Playing%20The%20Angel(Advance%202005)(StefWan-Team)/" "Mozilla/4.0 (compatible; MSIE 7.0; Windows NT 5.1; .NET CLR 1.0.3705; .NET CLR 1.1.4322; Media Center PC 4.0; .NET CLR 2.0.50727; .NET CLR 3.0.04506.30; InfoPath.2)"
213.230.129.21 - - [07/Jan/2008:04:20:12 -0800] "www.modestolan.com: GET /images/landate.swf HTTP/1.1" 200 2197 "http://www.modestolan.com/xwred1/mp3/Depeche%20Mode%20-%20Playing%20The%20Angel(Advance%202005)(StefWan-Team)/" "Mozilla/4.0 (compatible; MSIE 7.0; Windows NT 5.1; .NET CLR 1.0.3705; .NET CLR 1.1.4322; Media Center PC 4.0; .NET CLR 2.0.50727; .NET CLR 3.0.04506.30; InfoPath.2)"
213.230.129.21 - - [07/Jan/2008:04:20:13 -0800] "www.modestolan.com: GET /images/menu/4.gif HTTP/1.1" 200 443 "http://www.modestolan.com/xwred1/mp3/Depeche%20Mode%20-%20Playing%20The%20Angel(Advance%202005)(StefWan-Team)/" "Mozilla/4.0 (compatible; MSIE 7.0; Windows NT 5.1; .NET CLR 1.0.3705; .NET CLR 1.1.4322; Media Center PC 4.0; .NET CLR 2.0.50727; .NET CLR 3.0.04506.30; InfoPath.2)"
213.230.129.21 - - [07/Jan/2008:04:20:13 -0800] "www.modestolan.com: GET /images/menu/3.gif HTTP/1.1" 200 511 "http://www.modestolan.com/xwred1/mp3/Depeche%20Mode%20-%20Playing%20The%20Angel(Advance%202005)(StefWan-Team)/" "Mozilla/4.0 (compatible; MSIE 7.0; Windows NT 5.1; .NET CLR 1.0.3705; .NET CLR 1.1.4322; Media Center PC 4.0; .NET CLR 2.0.50727; .NET CLR 3.0.04506.30; InfoPath.2)"
213.230.129.21 - - [07/Jan/2008:04:20:13 -0800] "www.modestolan.com: GET /images/menu/8.gif HTTP/1.1" 200 746 "http://www.modestolan.com/xwred1/mp3/Depeche%20Mode%20-%20Playing%20The%20Angel(Advance%202005)(StefWan-Team)/" "Mozilla/4.0 (compatible; MSIE 7.0; Windows NT 5.1; .NET CLR 1.0.3705; .NET CLR 1.1.4322; Media Center PC 4.0; .NET CLR 2.0.50727; .NET CLR 3.0.04506.30; InfoPath.2)"
213.230.129.21 - - [07/Jan/2008:04:20:13 -0800] "www.modestolan.com: GET /images/menu/5.gif HTTP/1.1" 200 549 "http://www.modestolan.com/xwred1/mp3/Depeche%20Mode%20-%20Playing%20The%20Angel(Advance%202005)(StefWan-Team)/" "Mozilla/4.0 (compatible; MSIE 7.0; Windows NT 5.1; .NET CLR 1.0.3705; .NET CLR 1.1.4322; Media Center PC 4.0; .NET CLR 2.0.50727; .NET CLR 3.0.04506.30; InfoPath.2)"
213.230.129.21 - - [07/Jan/2008:04:20:14 -0800] "www.modestolan.com: GET /images/menu/6.gif HTTP/1.1" 200 600 "http://www.modestolan.com/xwred1/mp3/Depeche%20Mode%20-%20Playing%20The%20Angel(Advance%202005)(StefWan-Team)/" "Mozilla/4.0 (compatible; MSIE 7.0; Windows NT 5.1; .NET CLR 1.0.3705; .NET CLR 1.1.4322; Media Center PC 4.0; .NET CLR 2.0.50727; .NET CLR 3.0.04506.30; InfoPath.2)"
213.230.129.21 - - [07/Jan/2008:04:20:14 -0800] "www.modestolan.com: GET /images/menu/7.gif HTTP/1.1" 200 601 "http://www.modestolan.com/xwred1/mp3/Depeche%20Mode%20-%20Playing%20The%20Angel(Advance%202005)(StefWan-Team)/" "Mozilla/4.0 (compatible; MSIE 7.0; Windows NT 5.1; .NET CLR 1.0.3705; .NET CLR 1.1.4322; Media Center PC 4.0; .NET CLR 2.0.50727; .NET CLR 3.0.04506.30; InfoPath.2)"
213.230.129.21 - - [07/Jan/2008:04:20:15 -0800] "www.modestolan.com: GET /images/transparent.gif HTTP/1.1" 200 43 "http://www.modestolan.com/xwred1/mp3/Depeche%20Mode%20-%20Playing%20The%20Angel(Advance%202005)(StefWan-Team)/" "Mozilla/4.0 (compatible; MSIE 7.0; Windows NT 5.1; .NET CLR 1.0.3705; .NET CLR 1.1.4322; Media Center PC 4.0; .NET CLR 2.0.50727; .NET CLR 3.0.04506.30; InfoPath.2)"
213.230.129.21 - - [07/Jan/2008:04:20:15 -0800] "www.modestolan.com: GET /images/top_14.gif HTTP/1.1" 200 522 "http://www.modestolan.com/xwred1/mp3/Depeche%20Mode%20-%20Playing%20The%20Angel(Advance%202005)(StefWan-Team)/" "Mozilla/4.0 (compatible; MSIE 7.0; Windows NT 5.1; .NET CLR 1.0.3705; .NET CLR 1.1.4322; Media Center PC 4.0; .NET CLR 2.0.50727; .NET CLR 3.0.04506.30; InfoPath.2)"
213.230.129.21 - - [07/Jan/2008:04:20:15 -0800] "www.modestolan.com: GET /images/top_12.gif HTTP/1.1" 200 826 "http://www.modestolan.com/xwred1/mp3/Depeche%20Mode%20-%20Playing%20The%20Angel(Advance%202005)(StefWan-Team)/" "Mozilla/4.0 (compatible; MSIE 7.0; Windows NT 5.1; .NET CLR 1.0.3705; .NET CLR 1.1.4322; Media Center PC 4.0; .NET CLR 2.0.50727; .NET CLR 3.0.04506.30; InfoPath.2)"
213.230.129.21 - - [07/Jan/2008:04:20:15 -0800] "www.modestolan.com: GET /transparent.gif HTTP/1.1" 200 43 "http://www.modestolan.com/xwred1/mp3/Depeche%20Mode%20-%20Playing%20The%20Angel(Advance%202005)(StefWan-Team)/" "Mozilla/4.0 (compatible; MSIE 7.0; Windows NT 5.1; .NET CLR 1.0.3705; .NET CLR 1.1.4322; Media Center PC 4.0; .NET CLR 2.0.50727; .NET CLR 3.0.04506.30; InfoPath.2)"
213.230.129.21 - - [07/Jan/2008:04:20:16 -0800] "www.modestolan.com: GET /images/top_01.gif HTTP/1.1" 200 344 "http://www.modestolan.com/xwred1/mp3/Depeche%20Mode%20-%20Playing%20The%20Angel(Advance%202005)(StefWan-Team)/" "Mozilla/4.0 (compatible; MSIE 7.0; Windows NT 5.1; .NET CLR 1.0.3705; .NET CLR 1.1.4322; Media Center PC 4.0; .NET CLR 2.0.50727; .NET CLR 3.0.04506.30; InfoPath.2)"
213.230.129.21 - - [07/Jan/2008:04:20:16 -0800] "www.modestolan.com: GET /images/top_03.gif HTTP/1.1" 200 349 "http://www.modestolan.com/xwred1/mp3/Depeche%20Mode%20-%20Playing%20The%20Angel(Advance%202005)(StefWan-Team)/" "Mozilla/4.0 (compatible; MSIE 7.0; Windows NT 5.1; .NET CLR 1.0.3705; .NET CLR 1.1.4322; Media Center PC 4.0; .NET CLR 2.0.50727; .NET CLR 3.0.04506.30; InfoPath.2)"
213.230.129.21 - - [07/Jan/2008:04:20:17 -0800] "www.modestolan.com: GET /images/top_02.gif HTTP/1.1" 200 882 "http://www.modestolan.com/xwred1/mp3/Depeche%20Mode%20-%20Playing%20The%20Angel(Advance%202005)(StefWan-Team)/" "Mozilla/4.0 (compatible; MSIE 7.0; Windows NT 5.1; .NET CLR 1.0.3705; .NET CLR 1.1.4322; Media Center PC 4.0; .NET CLR 2.0.50727; .NET CLR 3.0.04506.30; InfoPath.2)"
213.230.129.21 - - [07/Jan/2008:04:20:17 -0800] "www.modestolan.com: GET /images/top_04.gif HTTP/1.1" 200 1547 "http://www.modestolan.com/xwred1/mp3/Depeche%20Mode%20-%20Playing%20The%20Angel(Advance%202005)(StefWan-Team)/" "Mozilla/4.0 (compatible; MSIE 7.0; Windows NT 5.1; .NET CLR 1.0.3705; .NET CLR 1.1.4322; Media Center PC 4.0; .NET CLR 2.0.50727; .NET CLR 3.0.04506.30; InfoPath.2)"
213.230.129.21 - - [07/Jan/2008:04:20:17 -0800] "www.modestolan.com: GET /images/top_05.gif HTTP/1.1" 200 3111 "http://www.modestolan.com/xwred1/mp3/Depeche%20Mode%20-%20Playing%20The%20Angel(Advance%202005)(StefWan-Team)/" "Mozilla/4.0 (compatible; MSIE 7.0; Windows NT 5.1; .NET CLR 1.0.3705; .NET CLR 1.1.4322; Media Center PC 4.0; .NET CLR 2.0.50727; .NET CLR 3.0.04506.30; InfoPath.2)"
213.230.129.21 - - [07/Jan/2008:04:20:17 -0800] "www.modestolan.com: GET /images/top_07.gif HTTP/1.1" 200 2521 "http://www.modestolan.com/xwred1/mp3/Depeche%20Mode%20-%20Playing%20The%20Angel(Advance%202005)(StefWan-Team)/" "Mozilla/4.0 (compatible; MSIE 7.0; Windows NT 5.1; .NET CLR 1.0.3705; .NET CLR 1.1.4322; Media Center PC 4.0; .NET CLR 2.0.50727; .NET CLR 3.0.04506.30; InfoPath.2)"
213.230.129.21 - - [07/Jan/2008:04:20:18 -0800] "www.modestolan.com: GET /images/top_08.gif HTTP/1.1" 200 1738 "http://www.modestolan.com/xwred1/mp3/Depeche%20Mode%20-%20Playing%20The%20Angel(Advance%202005)(StefWan-Team)/" "Mozilla/4.0 (compatible; MSIE 7.0; Windows NT 5.1; .NET CLR 1.0.3705; .NET CLR 1.1.4322; Media Center PC 4.0; .NET CLR 2.0.50727; .NET CLR 3.0.04506.30; InfoPath.2)"
213.230.129.21 - - [07/Jan/2008:04:20:18 -0800] "www.modestolan.com: GET /images/top_06.gif HTTP/1.1" 200 1954 "http://www.modestolan.com/xwred1/mp3/Depeche%20Mode%20-%20Playing%20The%20Angel(Advance%202005)(StefWan-Team)/" "Mozilla/4.0 (compatible; MSIE 7.0; Windows NT 5.1; .NET CLR 1.0.3705; .NET CLR 1.1.4322; Media Center PC 4.0; .NET CLR 2.0.50727; .NET CLR 3.0.04506.30; InfoPath.2)"
213.230.129.21 - - [07/Jan/2008:04:20:18 -0800] "www.modestolan.com: GET /images/top_09.gif HTTP/1.1" 200 1089 "http://www.modestolan.com/xwred1/mp3/Depeche%20Mode%20-%20Playing%20The%20Angel(Advance%202005)(StefWan-Team)/" "Mozilla/4.0 (compatible; MSIE 7.0; Windows NT 5.1; .NET CLR 1.0.3705; .NET CLR 1.1.4322; Media Center PC 4.0; .NET CLR 2.0.50727; .NET CLR 3.0.04506.30; InfoPath.2)"
213.230.129.21 - - [07/Jan/2008:04:20:18 -0800] "www.modestolan.com: GET /images/top_10.gif HTTP/1.1" 200 1188 "http://www.modestolan.com/xwred1/mp3/Depeche%20Mode%20-%20Playing%20The%20Angel(Advance%202005)(StefWan-Team)/" "Mozilla/4.0 (compatible; MSIE 7.0; Windows NT 5.1; .NET CLR 1.0.3705; .NET CLR 1.1.4322; Media Center PC 4.0; .NET CLR 2.0.50727; .NET CLR 3.0.04506.30; InfoPath.2)"
213.230.129.21 - - [07/Jan/2008:04:20:19 -0800] "www.modestolan.com: GET /images/top_13.gif HTTP/1.1" 200 728 "http://www.modestolan.com/xwred1/mp3/Depeche%20Mode%20-%20Playing%20The%20Angel(Advance%202005)(StefWan-Team)/" "Mozilla/4.0 (compatible; MSIE 7.0; Windows NT 5.1; .NET CLR 1.0.3705; .NET CLR 1.1.4322; Media Center PC 4.0; .NET CLR 2.0.50727; .NET CLR 3.0.04506.30; InfoPath.2)"
213.230.129.21 - - [07/Jan/2008:04:20:19 -0800] "www.modestolan.com: GET /images/top_11.gif HTTP/1.1" 200 1553 "http://www.modestolan.com/xwred1/mp3/Depeche%20Mode%20-%20Playing%20The%20Angel(Advance%202005)(StefWan-Team)/" "Mozilla/4.0 (compatible; MSIE 7.0; Windows NT 5.1; .NET CLR 1.0.3705; .NET CLR 1.1.4322; Media Center PC 4.0; .NET CLR 2.0.50727; .NET CLR 3.0.04506.30; InfoPath.2)"
213.230.129.21 - - [07/Jan/2008:04:20:19 -0800] "www.modestolan.com: GET /images/sponsors/geeks.com.gif HTTP/1.1" 200 6611 "http://www.modestolan.com/xwred1/mp3/Depeche%20Mode%20-%20Playing%20The%20Angel(Advance%202005)(StefWan-Team)/" "Mozilla/4.0 (compatible; MSIE 7.0; Windows NT 5.1; .NET CLR 1.0.3705; .NET CLR 1.1.4322; Media Center PC 4.0; .NET CLR 2.0.50727; .NET CLR 3.0.04506.30; InfoPath.2)"
213.230.129.21 - - [07/Jan/2008:04:20:19 -0800] "www.modestolan.com: GET /images/sponsors/nvidia.jpeg HTTP/1.1" 200 5580 "http://www.modestolan.com/xwred1/mp3/Depeche%20Mode%20-%20Playing%20The%20Angel(Advance%202005)(StefWan-Team)/" "Mozilla/4.0 (compatible; MSIE 7.0; Windows NT 5.1; .NET CLR 1.0.3705; .NET CLR 1.1.4322; Media Center PC 4.0; .NET CLR 2.0.50727; .NET CLR 3.0.04506.30; InfoPath.2)"
213.230.129.21 - - [07/Jan/2008:04:20:20 -0800] "www.modestolan.com: GET /images/sponsors/alogo.gif HTTP/1.1" 200 5996 "http://www.modestolan.com/xwred1/mp3/Depeche%20Mode%20-%20Playing%20The%20Angel(Advance%202005)(StefWan-Team)/" "Mozilla/4.0 (compatible; MSIE 7.0; Windows NT 5.1; .NET CLR 1.0.3705; .NET CLR 1.1.4322; Media Center PC 4.0; .NET CLR 2.0.50727; .NET CLR 3.0.04506.30; InfoPath.2)"
213.230.129.21 - - [07/Jan/2008:04:20:20 -0800] "www.modestolan.com: GET /images/sponsors/BAWLSbutton.gif HTTP/1.1" 200 8114 "http://www.modestolan.com/xwred1/mp3/Depeche%20Mode%20-%20Playing%20The%20Angel(Advance%202005)(StefWan-Team)/" "Mozilla/4.0 (compatible; MSIE 7.0; Windows NT 5.1; .NET CLR 1.0.3705; .NET CLR 1.1.4322; Media Center PC 4.0; .NET CLR 2.0.50727; .NET CLR 3.0.04506.30; InfoPath.2)"
213.230.129.21 - - [07/Jan/2008:04:20:21 -0800] "www.modestolan.com: GET /images/runningslack.gif HTTP/1.1" 200 1818 "http://www.modestolan.com/xwred1/mp3/Depeche%20Mode%20-%20Playing%20The%20Angel(Advance%202005)(StefWan-Team)/" "Mozilla/4.0 (compatible; MSIE 7.0; Windows NT 5.1; .NET CLR 1.0.3705; .NET CLR 1.1.4322; Media Center PC 4.0; .NET CLR 2.0.50727; .NET CLR 3.0.04506.30; InfoPath.2)"
213.230.129.21 - - [07/Jan/2008:04:20:21 -0800] "www.modestolan.com: GET /icons/blank.gif HTTP/1.1" 200 148 "http://www.modestolan.com/xwred1/mp3/Depeche%20Mode%20-%20Playing%20The%20Angel(Advance%202005)(StefWan-Team)/" "Mozilla/4.0 (compatible; MSIE 7.0; Windows NT 5.1; .NET CLR 1.0.3705; .NET CLR 1.1.4322; Media Center PC 4.0; .NET CLR 2.0.50727; .NET CLR 3.0.04506.30; InfoPath.2)"
213.230.129.21 - - [07/Jan/2008:04:20:21 -0800] "www.modestolan.com: GET /icons/back.gif HTTP/1.1" 200 216 "http://www.modestolan.com/xwred1/mp3/Depeche%20Mode%20-%20Playing%20The%20Angel(Advance%202005)(StefWan-Team)/" "Mozilla/4.0 (compatible; MSIE 7.0; Windows NT 5.1; .NET CLR 1.0.3705; .NET CLR 1.1.4322; Media Center PC 4.0; .NET CLR 2.0.50727; .NET CLR 3.0.04506.30; InfoPath.2)"
213.230.129.21 - - [07/Jan/2008:04:20:22 -0800] "www.modestolan.com: GET /icons/sound2.gif HTTP/1.1" 200 221 "http://www.modestolan.com/xwred1/mp3/Depeche%20Mode%20-%20Playing%20The%20Angel(Advance%202005)(StefWan-Team)/" "Mozilla/4.0 (compatible; MSIE 7.0; Windows NT 5.1; .NET CLR 1.0.3705; .NET CLR 1.1.4322; Media Center PC 4.0; .NET CLR 2.0.50727; .NET CLR 3.0.04506.30; InfoPath.2)"
213.230.129.21 - - [07/Jan/2008:04:20:22 -0800] "www.modestolan.com: GET /icons/text.gif HTTP/1.1" 200 229 "http://www.modestolan.com/xwred1/mp3/Depeche%20Mode%20-%20Playing%20The%20Angel(Advance%202005)(StefWan-Team)/" "Mozilla/4.0 (compatible; MSIE 7.0; Windows NT 5.1; .NET CLR 1.0.3705; .NET CLR 1.1.4322; Media Center PC 4.0; .NET CLR 2.0.50727; .NET CLR 3.0.04506.30; InfoPath.2)"
66.249.70.51 - - [07/Jan/2008:04:20:22 -0800] "www.modestolan.com: GET /vb/calendar.php?do=add&c=2&day=2005-6-2 HTTP/1.1" 200 6380 "-" "Mozilla/5.0 (compatible; Googlebot/2.1; +http://www.google.com/bot.html)"
213.230.129.21 - - [07/Jan/2008:04:20:22 -0800] "www.modestolan.com: GET /icons/image2.gif HTTP/1.1" 200 309 "http://www.modestolan.com/xwred1/mp3/Depeche%20Mode%20-%20Playing%20The%20Angel(Advance%202005)(StefWan-Team)/" "Mozilla/4.0 (compatible; MSIE 7.0; Windows NT 5.1; .NET CLR 1.0.3705; .NET CLR 1.1.4322; Media Center PC 4.0; .NET CLR 2.0.50727; .NET CLR 3.0.04506.30; InfoPath.2)"
213.230.129.21 - - [07/Jan/2008:04:20:22 -0800] "www.modestolan.com: GET /icons/unknown.gif HTTP/1.1" 200 245 "http://www.modestolan.com/xwred1/mp3/Depeche%20Mode%20-%20Playing%20The%20Angel(Advance%202005)(StefWan-Team)/" "Mozilla/4.0 (compatible; MSIE 7.0; Windows NT 5.1; .NET CLR 1.0.3705; .NET CLR 1.1.4322; Media Center PC 4.0; .NET CLR 2.0.50727; .NET CLR 3.0.04506.30; InfoPath.2)"
213.230.129.21 - - [07/Jan/2008:04:20:23 -0800] "www.modestolan.com: GET /favicon.ico HTTP/1.1" 404 335 "-" "Mozilla/4.0 (compatible; MSIE 7.0; Windows NT 5.1; .NET CLR 1.0.3705; .NET CLR 1.1.4322; Media Center PC 4.0; .NET CLR 2.0.50727; .NET CLR 3.0.04506.30; InfoPath.2)"
213.230.129.21 - - [07/Jan/2008:04:20:31 -0800] "www.modestolan.com: GET /xwred1/mp3/Depeche%20Mode%20-%20Playing%20The%20Angel(Advance%202005)(StefWan-Team)/05%20-%20Depeche%20Mode%20-%20precious.mp3 HTTP/1.1" 200 24084 "http://www.modestolan.com/xwred1/mp3/Depeche%20Mode%20-%20Playing%20The%20Angel(Advance%202005)(StefWan-Team)/" "Mozilla/4.0 (compatible; MSIE 7.0; Windows NT 5.1; .NET CLR 1.0.3705; .NET CLR 1.1.4322; Media Center PC 4.0; .NET CLR 2.0.50727; .NET CLR 3.0.04506.30; InfoPath.2)"
213.230.129.21 - - [07/Jan/2008:04:20:32 -0800] "www.modestolan.com: GET /php/menu.php HTTP/1.1" 200 21682 "http://www.modestolan.com/xwred1/mp3/Depeche%20Mode%20-%20Playing%20The%20Angel(Advance%202005)(StefWan-Team)/05%20-%20Depeche%20Mode%20-%20precious.mp3" "Mozilla/4.0 (compatible; MSIE 7.0; Windows NT 5.1; .NET CLR 1.0.3705; .NET CLR 1.1.4322; Media Center PC 4.0; .NET CLR 2.0.50727; .NET CLR 3.0.04506.30; InfoPath.2)"
213.230.129.21 - - [07/Jan/2008:04:20:50 -0800] "www.modestolan.com: GET /xwred1/mp3/Depeche%20Mode%20-%20Playing%20The%20Angel(Advance%202005)(StefWan-Team)/ HTTP/1.1" 200 17908 "http://www.google.com/search?q=-inurl%3A%28htm%7Chtml%7Cphp%29+intitle%3A%22index+of%22+%2B%22last+modified%22+%2B%22parent+directory%22+%2Bdescription+%2Bsize+%2B%28wma%7Cmp3%29+%22Depeche+mode%22&rls=com.microsoft:it:IE-SearchBox&ie=UTF-8&oe=UTF-8&sourceid=ie7" "Mozilla/4.0 (compatible; MSIE 7.0; Windows NT 5.1; .NET CLR 1.0.3705; .NET CLR 1.1.4322; Media Center PC 4.0; .NET CLR 2.0.50727; .NET CLR 3.0.04506.30; InfoPath.2)"
213.230.129.21 - - [07/Jan/2008:04:20:56 -0800] "www.modestolan.com: GET /xwred1/mp3/Depeche%20Mode%20-%20Playing%20The%20Angel(Advance%202005)(StefWan-Team)/05%20-%20Depeche%20Mode%20-%20precious.mp3 HTTP/1.1" 200 24084 "-" "Mozilla/4.0 (compatible; MSIE 7.0; Windows NT 5.1; .NET CLR 1.0.3705; .NET CLR 1.1.4322; Media Center PC 4.0; .NET CLR 2.0.50727; .NET CLR 3.0.04506.30; InfoPath.2)"
65.55.210.90 - - [07/Jan/2008:04:21:07 -0800] "www.modestolan.com: GET /robots.txt HTTP/1.0" 404 322 "-" "msnbot/1.0 (+http://search.msn.com/msnbot.htm)"
65.55.210.90 - - [07/Jan/2008:04:21:07 -0800] "www.modestolan.com: GET /register.php?lanid=A HTTP/1.0" 200 29448 "-" "msnbot/1.0 (+http://search.msn.com/msnbot.htm)"
66.249.70.51 - - [07/Jan/2008:04:21:10 -0800] "www.modestolan.com: GET /vb/calendar.php?do=add&c=2&day=2005-6-20 HTTP/1.1" 200 6382 "-" "Mozilla/5.0 (compatible; Googlebot/2.1; +http://www.google.com/bot.html)"
213.230.129.21 - - [07/Jan/2008:04:21:15 -0800] "www.modestolan.com: GET /xwred1/mp3/Depeche%20Mode%20-%20Playing%20The%20Angel(Advance%202005)(StefWan-Team)/05%20-%20Depeche%20Mode%20-%20precious.mp3 HTTP/1.1" 200 24084 "http://www.modestolan.com/xwred1/mp3/Depeche%20Mode%20-%20Playing%20The%20Angel(Advance%202005)(StefWan-Team)/" "Mozilla/4.0 (compatible; MSIE 7.0; Windows NT 5.1; .NET CLR 1.0.3705; .NET CLR 1.1.4322; Media Center PC 4.0; .NET CLR 2.0.50727; .NET CLR 3.0.04506.30; InfoPath.2)"
213.230.129.21 - - [07/Jan/2008:04:21:16 -0800] "www.modestolan.com: GET /tables.css HTTP/1.1" 304 - "http://www.modestolan.com/xwred1/mp3/Depeche%20Mode%20-%20Playing%20The%20Angel(Advance%202005)(StefWan-Team)/05%20-%20Depeche%20Mode%20-%20precious.mp3" "Mozilla/4.0 (compatible; MSIE 7.0; Windows NT 5.1; .NET CLR 1.0.3705; .NET CLR 1.1.4322; Media Center PC 4.0; .NET CLR 2.0.50727; .NET CLR 3.0.04506.30; InfoPath.2)"
213.230.129.21 - - [07/Jan/2008:04:21:17 -0800] "www.modestolan.com: GET /images/bg_small.jpg HTTP/1.1" 304 - "http://www.modestolan.com/xwred1/mp3/Depeche%20Mode%20-%20Playing%20The%20Angel(Advance%202005)(StefWan-Team)/05%20-%20Depeche%20Mode%20-%20precious.mp3" "Mozilla/4.0 (compatible; MSIE 7.0; Windows NT 5.1; .NET CLR 1.0.3705; .NET CLR 1.1.4322; Media Center PC 4.0; .NET CLR 2.0.50727; .NET CLR 3.0.04506.30; InfoPath.2)"
213.230.129.21 - - [07/Jan/2008:04:21:17 -0800] "www.modestolan.com: GET /php/menu.php HTTP/1.1" 200 21682 "http://www.modestolan.com/xwred1/mp3/Depeche%20Mode%20-%20Playing%20The%20Angel(Advance%202005)(StefWan-Team)/05%20-%20Depeche%20Mode%20-%20precious.mp3" "Mozilla/4.0 (compatible; MSIE 7.0; Windows NT 5.1; .NET CLR 1.0.3705; .NET CLR 1.1.4322; Media Center PC 4.0; .NET CLR 2.0.50727; .NET CLR 3.0.04506.30; InfoPath.2)"
213.230.129.21 - - [07/Jan/2008:04:21:18 -0800] "www.modestolan.com: GET /images/menu/1.gif HTTP/1.1" 304 - "http://www.modestolan.com/xwred1/mp3/Depeche%20Mode%20-%20Playing%20The%20Angel(Advance%202005)(StefWan-Team)/05%20-%20Depeche%20Mode%20-%20precious.mp3" "Mozilla/4.0 (compatible; MSIE 7.0; Windows NT 5.1; .NET CLR 1.0.3705; .NET CLR 1.1.4322; Media Center PC 4.0; .NET CLR 2.0.50727; .NET CLR 3.0.04506.30; InfoPath.2)"
213.230.129.21 - - [07/Jan/2008:04:21:18 -0800] "www.modestolan.com: GET /images/menu/2.gif HTTP/1.1" 304 - "http://www.modestolan.com/xwred1/mp3/Depeche%20Mode%20-%20Playing%20The%20Angel(Advance%202005)(StefWan-Team)/05%20-%20Depeche%20Mode%20-%20precious.mp3" "Mozilla/4.0 (compatible; MSIE 7.0; Windows NT 5.1; .NET CLR 1.0.3705; .NET CLR 1.1.4322; Media Center PC 4.0; .NET CLR 2.0.50727; .NET CLR 3.0.04506.30; InfoPath.2)"
213.230.129.21 - - [07/Jan/2008:04:21:19 -0800] "www.modestolan.com: GET /images/landate.swf HTTP/1.1" 200 2197 "http://www.modestolan.com/xwred1/mp3/Depeche%20Mode%20-%20Playing%20The%20Angel(Advance%202005)(StefWan-Team)/05%20-%20Depeche%20Mode%20-%20" "Mozilla/4.0 (compatible; MSIE 7.0; Windows NT 5.1; .NET CLR 1.0.3705; .NET CLR 1.1.4322; Media Center PC 4.0; .NET CLR 2.0.50727; .NET CLR 3.0.04506.30; InfoPath.2)"
213.230.129.21 - - [07/Jan/2008:04:21:19 -0800] "www.modestolan.com: GET /images/menu/3.gif HTTP/1.1" 304 - "http://www.modestolan.com/xwred1/mp3/Depeche%20Mode%20-%20Playing%20The%20Angel(Advance%202005)(StefWan-Team)/05%20-%20Depeche%20Mode%20-%20precious.mp3" "Mozilla/4.0 (compatible; MSIE 7.0; Windows NT 5.1; .NET CLR 1.0.3705; .NET CLR 1.1.4322; Media Center PC 4.0; .NET CLR 2.0.50727; .NET CLR 3.0.04506.30; InfoPath.2)"
213.230.129.21 - - [07/Jan/2008:04:21:19 -0800] "www.modestolan.com: GET /images/menu/4.gif HTTP/1.1" 304 - "http://www.modestolan.com/xwred1/mp3/Depeche%20Mode%20-%20Playing%20The%20Angel(Advance%202005)(StefWan-Team)/05%20-%20Depeche%20Mode%20-%20precious.mp3" "Mozilla/4.0 (compatible; MSIE 7.0; Windows NT 5.1; .NET CLR 1.0.3705; .NET CLR 1.1.4322; Media Center PC 4.0; .NET CLR 2.0.50727; .NET CLR 3.0.04506.30; InfoPath.2)"
213.230.129.21 - - [07/Jan/2008:04:21:20 -0800] "www.modestolan.com: GET /images/menu/8.gif HTTP/1.1" 304 - "http://www.modestolan.com/xwred1/mp3/Depeche%20Mode%20-%20Playing%20The%20Angel(Advance%202005)(StefWan-Team)/05%20-%20Depeche%20Mode%20-%20precious.mp3" "Mozilla/4.0 (compatible; MSIE 7.0; Windows NT 5.1; .NET CLR 1.0.3705; .NET CLR 1.1.4322; Media Center PC 4.0; .NET CLR 2.0.50727; .NET CLR 3.0.04506.30; InfoPath.2)"
213.230.129.21 - - [07/Jan/2008:04:21:20 -0800] "www.modestolan.com: GET /images/menu/5.gif HTTP/1.1" 304 - "http://www.modestolan.com/xwred1/mp3/Depeche%20Mode%20-%20Playing%20The%20Angel(Advance%202005)(StefWan-Team)/05%20-%20Depeche%20Mode%20-%20precious.mp3" "Mozilla/4.0 (compatible; MSIE 7.0; Windows NT 5.1; .NET CLR 1.0.3705; .NET CLR 1.1.4322; Media Center PC 4.0; .NET CLR 2.0.50727; .NET CLR 3.0.04506.30; InfoPath.2)"
213.230.129.21 - - [07/Jan/2008:04:21:21 -0800] "www.modestolan.com: GET /images/menu/6.gif HTTP/1.1" 304 - "http://www.modestolan.com/xwred1/mp3/Depeche%20Mode%20-%20Playing%20The%20Angel(Advance%202005)(StefWan-Team)/05%20-%20Depeche%20Mode%20-%20precious.mp3" "Mozilla/4.0 (compatible; MSIE 7.0; Windows NT 5.1; .NET CLR 1.0.3705; .NET CLR 1.1.4322; Media Center PC 4.0; .NET CLR 2.0.50727; .NET CLR 3.0.04506.30; InfoPath.2)"
213.230.129.21 - - [07/Jan/2008:04:21:21 -0800] "www.modestolan.com: GET /images/menu/7.gif HTTP/1.1" 304 - "http://www.modestolan.com/xwred1/mp3/Depeche%20Mode%20-%20Playing%20The%20Angel(Advance%202005)(StefWan-Team)/05%20-%20Depeche%20Mode%20-%20precious.mp3" "Mozilla/4.0 (compatible; MSIE 7.0; Windows NT 5.1; .NET CLR 1.0.3705; .NET CLR 1.1.4322; Media Center PC 4.0; .NET CLR 2.0.50727; .NET CLR 3.0.04506.30; InfoPath.2)"
213.230.129.21 - - [07/Jan/2008:04:21:21 -0800] "www.modestolan.com: GET /images/top_14.gif HTTP/1.1" 304 - "http://www.modestolan.com/xwred1/mp3/Depeche%20Mode%20-%20Playing%20The%20Angel(Advance%202005)(StefWan-Team)/05%20-%20Depeche%20Mode%20-%20precious.mp3" "Mozilla/4.0 (compatible; MSIE 7.0; Windows NT 5.1; .NET CLR 1.0.3705; .NET CLR 1.1.4322; Media Center PC 4.0; .NET CLR 2.0.50727; .NET CLR 3.0.04506.30; InfoPath.2)"
213.230.129.21 - - [07/Jan/2008:04:21:21 -0800] "www.modestolan.com: GET /images/transparent.gif HTTP/1.1" 304 - "http://www.modestolan.com/xwred1/mp3/Depeche%20Mode%20-%20Playing%20The%20Angel(Advance%202005)(StefWan-Team)/05%20-%20Depeche%20Mode%20-%20precious.mp3" "Mozilla/4.0 (compatible; MSIE 7.0; Windows NT 5.1; .NET CLR 1.0.3705; .NET CLR 1.1.4322; Media Center PC 4.0; .NET CLR 2.0.50727; .NET CLR 3.0.04506.30; InfoPath.2)"
213.230.129.21 - - [07/Jan/2008:04:21:22 -0800] "www.modestolan.com: GET /images/top_12.gif HTTP/1.1" 304 - "http://www.modestolan.com/xwred1/mp3/Depeche%20Mode%20-%20Playing%20The%20Angel(Advance%202005)(StefWan-Team)/05%20-%20Depeche%20Mode%20-%20precious.mp3" "Mozilla/4.0 (compatible; MSIE 7.0; Windows NT 5.1; .NET CLR 1.0.3705; .NET CLR 1.1.4322; Media Center PC 4.0; .NET CLR 2.0.50727; .NET CLR 3.0.04506.30; InfoPath.2)"
213.230.129.21 - - [07/Jan/2008:04:21:22 -0800] "www.modestolan.com: GET /transparent.gif HTTP/1.1" 304 - "http://www.modestolan.com/xwred1/mp3/Depeche%20Mode%20-%20Playing%20The%20Angel(Advance%202005)(StefWan-Team)/05%20-%20Depeche%20Mode%20-%20precious.mp3" "Mozilla/4.0 (compatible; MSIE 7.0; Windows NT 5.1; .NET CLR 1.0.3705; .NET CLR 1.1.4322; Media Center PC 4.0; .NET CLR 2.0.50727; .NET CLR 3.0.04506.30; InfoPath.2)"
213.230.129.21 - - [07/Jan/2008:04:21:23 -0800] "www.modestolan.com: GET /images/top_02.gif HTTP/1.1" 304 - "http://www.modestolan.com/xwred1/mp3/Depeche%20Mode%20-%20Playing%20The%20Angel(Advance%202005)(StefWan-Team)/05%20-%20Depeche%20Mode%20-%20precious.mp3" "Mozilla/4.0 (compatible; MSIE 7.0; Windows NT 5.1; .NET CLR 1.0.3705; .NET CLR 1.1.4322; Media Center PC 4.0; .NET CLR 2.0.50727; .NET CLR 3.0.04506.30; InfoPath.2)"
213.230.129.21 - - [07/Jan/2008:04:21:23 -0800] "www.modestolan.com: GET /images/top_01.gif HTTP/1.1" 304 - "http://www.modestolan.com/xwred1/mp3/Depeche%20Mode%20-%20Playing%20The%20Angel(Advance%202005)(StefWan-Team)/05%20-%20Depeche%20Mode%20-%20precious.mp3" "Mozilla/4.0 (compatible; MSIE 7.0; Windows NT 5.1; .NET CLR 1.0.3705; .NET CLR 1.1.4322; Media Center PC 4.0; .NET CLR 2.0.50727; .NET CLR 3.0.04506.30; InfoPath.2)"
213.230.129.21 - - [07/Jan/2008:04:21:24 -0800] "www.modestolan.com: GET /images/top_03.gif HTTP/1.1" 304 - "http://www.modestolan.com/xwred1/mp3/Depeche%20Mode%20-%20Playing%20The%20Angel(Advance%202005)(StefWan-Team)/05%20-%20Depeche%20Mode%20-%20precious.mp3" "Mozilla/4.0 (compatible; MSIE 7.0; Windows NT 5.1; .NET CLR 1.0.3705; .NET CLR 1.1.4322; Media Center PC 4.0; .NET CLR 2.0.50727; .NET CLR 3.0.04506.30; InfoPath.2)"
213.230.129.21 - - [07/Jan/2008:04:21:24 -0800] "www.modestolan.com: GET /images/top_04.gif HTTP/1.1" 304 - "http://www.modestolan.com/xwred1/mp3/Depeche%20Mode%20-%20Playing%20The%20Angel(Advance%202005)(StefWan-Team)/05%20-%20Depeche%20Mode%20-%20precious.mp3" "Mozilla/4.0 (compatible; MSIE 7.0; Windows NT 5.1; .NET CLR 1.0.3705; .NET CLR 1.1.4322; Media Center PC 4.0; .NET CLR 2.0.50727; .NET CLR 3.0.04506.30; InfoPath.2)"
213.230.129.21 - - [07/Jan/2008:04:21:24 -0800] "www.modestolan.com: GET /images/top_05.gif HTTP/1.1" 304 - "http://www.modestolan.com/xwred1/mp3/Depeche%20Mode%20-%20Playing%20The%20Angel(Advance%202005)(StefWan-Team)/05%20-%20Depeche%20Mode%20-%20precious.mp3" "Mozilla/4.0 (compatible; MSIE 7.0; Windows NT 5.1; .NET CLR 1.0.3705; .NET CLR 1.1.4322; Media Center PC 4.0; .NET CLR 2.0.50727; .NET CLR 3.0.04506.30; InfoPath.2)"
213.230.129.21 - - [07/Jan/2008:04:21:24 -0800] "www.modestolan.com: GET /images/top_06.gif HTTP/1.1" 304 - "http://www.modestolan.com/xwred1/mp3/Depeche%20Mode%20-%20Playing%20The%20Angel(Advance%202005)(StefWan-Team)/05%20-%20Depeche%20Mode%20-%20precious.mp3" "Mozilla/4.0 (compatible; MSIE 7.0; Windows NT 5.1; .NET CLR 1.0.3705; .NET CLR 1.1.4322; Media Center PC 4.0; .NET CLR 2.0.50727; .NET CLR 3.0.04506.30; InfoPath.2)"
213.230.129.21 - - [07/Jan/2008:04:21:25 -0800] "www.modestolan.com: GET /images/top_07.gif HTTP/1.1" 304 - "http://www.modestolan.com/xwred1/mp3/Depeche%20Mode%20-%20Playing%20The%20Angel(Advance%202005)(StefWan-Team)/05%20-%20Depeche%20Mode%20-%20precious.mp3" "Mozilla/4.0 (compatible; MSIE 7.0; Windows NT 5.1; .NET CLR 1.0.3705; .NET CLR 1.1.4322; Media Center PC 4.0; .NET CLR 2.0.50727; .NET CLR 3.0.04506.30; InfoPath.2)"
213.230.129.21 - - [07/Jan/2008:04:21:25 -0800] "www.modestolan.com: GET /images/top_08.gif HTTP/1.1" 304 - "http://www.modestolan.com/xwred1/mp3/Depeche%20Mode%20-%20Playing%20The%20Angel(Advance%202005)(StefWan-Team)/05%20-%20Depeche%20Mode%20-%20precious.mp3" "Mozilla/4.0 (compatible; MSIE 7.0; Windows NT 5.1; .NET CLR 1.0.3705; .NET CLR 1.1.4322; Media Center PC 4.0; .NET CLR 2.0.50727; .NET CLR 3.0.04506.30; InfoPath.2)"
213.230.129.21 - - [07/Jan/2008:04:21:26 -0800] "www.modestolan.com: GET /images/top_09.gif HTTP/1.1" 304 - "http://www.modestolan.com/xwred1/mp3/Depeche%20Mode%20-%20Playing%20The%20Angel(Advance%202005)(StefWan-Team)/05%20-%20Depeche%20Mode%20-%20precious.mp3" "Mozilla/4.0 (compatible; MSIE 7.0; Windows NT 5.1; .NET CLR 1.0.3705; .NET CLR 1.1.4322; Media Center PC 4.0; .NET CLR 2.0.50727; .NET CLR 3.0.04506.30; InfoPath.2)"
213.230.129.21 - - [07/Jan/2008:04:21:26 -0800] "www.modestolan.com: GET /images/top_10.gif HTTP/1.1" 304 - "http://www.modestolan.com/xwred1/mp3/Depeche%20Mode%20-%20Playing%20The%20Angel(Advance%202005)(StefWan-Team)/05%20-%20Depeche%20Mode%20-%20precious.mp3" "Mozilla/4.0 (compatible; MSIE 7.0; Windows NT 5.1; .NET CLR 1.0.3705; .NET CLR 1.1.4322; Media Center PC 4.0; .NET CLR 2.0.50727; .NET CLR 3.0.04506.30; InfoPath.2)"
213.230.129.21 - - [07/Jan/2008:04:21:26 -0800] "www.modestolan.com: GET /images/top_13.gif HTTP/1.1" 304 - "http://www.modestolan.com/xwred1/mp3/Depeche%20Mode%20-%20Playing%20The%20Angel(Advance%202005)(StefWan-Team)/05%20-%20Depeche%20Mode%20-%20precious.mp3" "Mozilla/4.0 (compatible; MSIE 7.0; Windows NT 5.1; .NET CLR 1.0.3705; .NET CLR 1.1.4322; Media Center PC 4.0; .NET CLR 2.0.50727; .NET CLR 3.0.04506.30; InfoPath.2)"
213.230.129.21 - - [07/Jan/2008:04:21:27 -0800] "www.modestolan.com: GET /images/top_11.gif HTTP/1.1" 304 - "http://www.modestolan.com/xwred1/mp3/Depeche%20Mode%20-%20Playing%20The%20Angel(Advance%202005)(StefWan-Team)/05%20-%20Depeche%20Mode%20-%20precious.mp3" "Mozilla/4.0 (compatible; MSIE 7.0; Windows NT 5.1; .NET CLR 1.0.3705; .NET CLR 1.1.4322; Media Center PC 4.0; .NET CLR 2.0.50727; .NET CLR 3.0.04506.30; InfoPath.2)"
213.230.129.21 - - [07/Jan/2008:04:21:27 -0800] "www.modestolan.com: GET /images/sponsors/geeks.com.gif HTTP/1.1" 304 - "http://www.modestolan.com/xwred1/mp3/Depeche%20Mode%20-%20Playing%20The%20Angel(Advance%202005)(StefWan-Team)/05%20-%20Depeche%20Mode%20-%20precious.mp3" "Mozilla/4.0 (compatible; MSIE 7.0; Windows NT 5.1; .NET CLR 1.0.3705; .NET CLR 1.1.4322; Media Center PC 4.0; .NET CLR 2.0.50727; .NET CLR 3.0.04506.30; InfoPath.2)"
213.230.129.21 - - [07/Jan/2008:04:21:27 -0800] "www.modestolan.com: GET /images/sponsors/nvidia.jpeg HTTP/1.1" 304 - "http://www.modestolan.com/xwred1/mp3/Depeche%20Mode%20-%20Playing%20The%20Angel(Advance%202005)(StefWan-Team)/05%20-%20Depeche%20Mode%20-%20precious.mp3" "Mozilla/4.0 (compatible; MSIE 7.0; Windows NT 5.1; .NET CLR 1.0.3705; .NET CLR 1.1.4322; Media Center PC 4.0; .NET CLR 2.0.50727; .NET CLR 3.0.04506.30; InfoPath.2)"
213.230.129.21 - - [07/Jan/2008:04:21:28 -0800] "www.modestolan.com: GET /images/sponsors/alogo.gif HTTP/1.1" 304 - "http://www.modestolan.com/xwred1/mp3/Depeche%20Mode%20-%20Playing%20The%20Angel(Advance%202005)(StefWan-Team)/05%20-%20Depeche%20Mode%20-%20precious.mp3" "Mozilla/4.0 (compatible; MSIE 7.0; Windows NT 5.1; .NET CLR 1.0.3705; .NET CLR 1.1.4322; Media Center PC 4.0; .NET CLR 2.0.50727; .NET CLR 3.0.04506.30; InfoPath.2)"
213.230.129.21 - - [07/Jan/2008:04:21:28 -0800] "www.modestolan.com: GET /images/sponsors/BAWLSbutton.gif HTTP/1.1" 304 - "http://www.modestolan.com/xwred1/mp3/Depeche%20Mode%20-%20Playing%20The%20Angel(Advance%202005)(StefWan-Team)/05%20-%20Depeche%20Mode%20-%20precious.mp3" "Mozilla/4.0 (compatible; MSIE 7.0; Windows NT 5.1; .NET CLR 1.0.3705; .NET CLR 1.1.4322; Media Center PC 4.0; .NET CLR 2.0.50727; .NET CLR 3.0.04506.30; InfoPath.2)"
213.230.129.21 - - [07/Jan/2008:04:21:29 -0800] "www.modestolan.com: GET /images/runningslack.gif HTTP/1.1" 304 - "http://www.modestolan.com/xwred1/mp3/Depeche%20Mode%20-%20Playing%20The%20Angel(Advance%202005)(StefWan-Team)/05%20-%20Depeche%20Mode%20-%20precious.mp3" "Mozilla/4.0 (compatible; MSIE 7.0; Windows NT 5.1; .NET CLR 1.0.3705; .NET CLR 1.1.4322; Media Center PC 4.0; .NET CLR 2.0.50727; .NET CLR 3.0.04506.30; InfoPath.2)"
213.230.129.21 - - [07/Jan/2008:04:21:46 -0800] "www.modestolan.com: GET /xwred1/mp3/Depeche%20Mode%20-%20Playing%20The%20Angel(Advance%202005)(StefWan-Team)/ HTTP/1.1" 200 17908 "http://www.google.com/search?q=-inurl%3A%28htm%7Chtml%7Cphp%29+intitle%3A%22index+of%22+%2B%22last+modified%22+%2B%22parent+directory%22+%2Bdescription+%2Bsize+%2B%28wma%7Cmp3%29+%22Depeche+mode%22&rls=com.microsoft:it:IE-SearchBox&ie=UTF-8&oe=UTF-8&sourceid=ie7" "Mozilla/4.0 (compatible; MSIE 7.0; Windows NT 5.1; .NET CLR 1.0.3705; .NET CLR 1.1.4322; Media Center PC 4.0; .NET CLR 2.0.50727; .NET CLR 3.0.04506.30; InfoPath.2)"
213.230.129.21 - - [07/Jan/2008:04:21:47 -0800] "www.modestolan.com: GET /icons/blank.gif HTTP/1.1" 304 - "http://www.modestolan.com/xwred1/mp3/Depeche%20Mode%20-%20Playing%20The%20Angel(Advance%202005)(StefWan-Team)/" "Mozilla/4.0 (compatible; MSIE 7.0; Windows NT 5.1; .NET CLR 1.0.3705; .NET CLR 1.1.4322; Media Center PC 4.0; .NET CLR 2.0.50727; .NET CLR 3.0.04506.30; InfoPath.2)"
213.230.129.21 - - [07/Jan/2008:04:21:47 -0800] "www.modestolan.com: GET /icons/back.gif HTTP/1.1" 304 - "http://www.modestolan.com/xwred1/mp3/Depeche%20Mode%20-%20Playing%20The%20Angel(Advance%202005)(StefWan-Team)/" "Mozilla/4.0 (compatible; MSIE 7.0; Windows NT 5.1; .NET CLR 1.0.3705; .NET CLR 1.1.4322; Media Center PC 4.0; .NET CLR 2.0.50727; .NET CLR 3.0.04506.30; InfoPath.2)"
213.230.129.21 - - [07/Jan/2008:04:21:48 -0800] "www.modestolan.com: GET /icons/sound2.gif HTTP/1.1" 304 - "http://www.modestolan.com/xwred1/mp3/Depeche%20Mode%20-%20Playing%20The%20Angel(Advance%202005)(StefWan-Team)/" "Mozilla/4.0 (compatible; MSIE 7.0; Windows NT 5.1; .NET CLR 1.0.3705; .NET CLR 1.1.4322; Media Center PC 4.0; .NET CLR 2.0.50727; .NET CLR 3.0.04506.30; InfoPath.2)"
66.249.70.51 - - [07/Jan/2008:04:21:57 -0800] "www.modestolan.com: GET /vb/calendar.php?do=getinfo&day=2005-5-15&c=2 HTTP/1.1" 200 5910 "-" "Mozilla/5.0 (compatible; Googlebot/2.1; +http://www.google.com/bot.html)"
