69.105.136.6 - - [06/Jan/2008:21:32:14 -0800] "www.modestolan.com: GET /~twentydead/xmas.jpg HTTP/1.1" 404 344 "http://profile.myspace.com/index.cfm?fuseaction=user.viewprofile&friendid=3572659" "Mozilla/5.0 (Macintosh; U; Intel Mac OS X; en) AppleWebKit/523.12 (KHTML, like Gecko) Version/3.0.4 Safari/523.12"
69.105.136.6 - - [06/Jan/2008:21:32:14 -0800] "www.modestolan.com: GET /~twentydead/newyear.jpg HTTP/1.1" 404 347 "http://profile.myspace.com/index.cfm?fuseaction=user.viewprofile&friendid=3572659" "Mozilla/5.0 (Macintosh; U; Intel Mac OS X; en) AppleWebKit/523.12 (KHTML, like Gecko) Version/3.0.4 Safari/523.12"
74.6.28.33 - - [06/Jan/2008:21:36:21 -0800] "www.modestolan.com: GET /vb/archive/index.php/t-4594.html HTTP/1.0" 200 14447 "-" "Mozilla/5.0 (compatible; Yahoo! Slurp; http://help.yahoo.com/help/us/ysearch/slurp)"
74.6.25.146 - - [06/Jan/2008:21:37:04 -0800] "www.modestolan.com: GET /vb/member.php?s=&action=getinfo&userid=379 HTTP/1.0" 200 6492 "-" "Mozilla/5.0 (compatible; Yahoo! Slurp; http://help.yahoo.com/help/us/ysearch/slurp)"
74.6.19.223 - - [06/Jan/2008:21:38:02 -0800] "www.modestolan.com: GET /vb/memberlist.php?ltr=D&pp=0&sort=username&order=asc HTTP/1.0" 200 7144 "-" "Mozilla/5.0 (compatible; Yahoo! Slurp; http://help.yahoo.com/help/us/ysearch/slurp)"
74.6.25.143 - - [06/Jan/2008:21:38:36 -0800] "www.modestolan.com: GET /vb/member.php?action=getinfo&userid=1226 HTTP/1.0" 200 6315 "-" "Mozilla/5.0 (compatible; Yahoo! Slurp; http://help.yahoo.com/help/us/ysearch/slurp)"
74.6.25.203 - - [06/Jan/2008:21:39:17 -0800] "www.modestolan.com: GET /vb/member.php?u=46 HTTP/1.0" 200 6393 "-" "Mozilla/5.0 (compatible; Yahoo! Slurp; http://help.yahoo.com/help/us/ysearch/slurp)"
74.6.26.23 - - [06/Jan/2008:21:39:23 -0800] "www.modestolan.com: GET /vb/archive/index.php/t-5225.html HTTP/1.0" 200 13758 "-" "Mozilla/5.0 (compatible; Yahoo! Slurp; http://help.yahoo.com/help/us/ysearch/slurp)"
59.39.68.32 - - [06/Jan/2008:21:41:36 -0800] "www.modestolan.com: GET / HTTP/1.1" 200 24084 "http://www.modestolan.com/" "Mozilla/4.0 (compatible; MSIE 6.0; Windows NT 5.1; SV1; Maxthon; .NET CLR 1.1.4322; InfoPath.1; .NET CLR 2.0.50727)"
74.6.26.158 - - [06/Jan/2008:21:41:50 -0800] "www.modestolan.com: GET /vb/memberlist.php?ltr=D&order=DESC&sort=posts&pp=30 HTTP/1.0" 200 7122 "-" "Mozilla/5.0 (compatible; Yahoo! Slurp; http://help.yahoo.com/help/us/ysearch/slurp)"
76.194.27.149 - - [06/Jan/2008:21:42:51 -0800] "www.modestolan.com: GET /jdacura/pics/golfparty.jpg HTTP/1.1" 200 182324 "http://profile.myspace.com/index.cfm?fuseaction=user.viewprofile&friendid=4254352&MyToken=36ef535f-b18d-4b5e-9b84-9ca80d7da23e" "Mozilla/4.0 (compatible; MSIE 7.0; Windows NT 6.0; SLCC1; .NET CLR 2.0.50727; Media Center PC 5.0; .NET CLR 3.0.04506; .NET CLR 1.1.4322)"
222.109.178.153 - - [06/Jan/2008:21:42:53 -0800] "www.modestolan.com: GET /xwred1/fat_naruto.jpeg HTTP/1.1" 200 115036 "http://cafe125.daum.net/_c21_/bbs_search_read?grpid=buVY&fldid=5x5&contentval=0006qzzzzzzzzzzzzzzzzzzzzzzzzz&nenc=MWvagCEGoe1VqUhqOfqYUg00&fenc=oCWmfXxZIlo0&from=tot&q=%B5%A5%BD%BA%B3%EB%C6%AE%C4%DA%BD%BA%C7%C1%B7%B9&nil_profile=cafetop&nil_menu=tot_updw" "Mozilla/4.0 (compatible; MSIE 6.0; Windows NT 5.1; SV1)"
74.6.24.228 - - [06/Jan/2008:21:46:30 -0800] "www.modestolan.com: GET /vb/archive/index.php/t-5550.html HTTP/1.0" 200 4495 "-" "Mozilla/5.0 (compatible; Yahoo! Slurp; http://help.yahoo.com/help/us/ysearch/slurp)"
74.6.7.124 - - [06/Jan/2008:21:46:48 -0800] "www.modestolan.com: GET /vb/archive/index.php/t-5218.html HTTP/1.0" 200 3764 "-" "Mozilla/5.0 (compatible; Yahoo! Slurp; http://help.yahoo.com/help/us/ysearch/slurp)"
74.6.26.48 - - [06/Jan/2008:21:46:50 -0800] "www.modestolan.com: GET /vb/archive/index.php/t-4538.html HTTP/1.0" 200 1623 "-" "Mozilla/5.0 (compatible; Yahoo! Slurp; http://help.yahoo.com/help/us/ysearch/slurp)"
66.249.70.51 - - [06/Jan/2008:21:47:10 -0800] "www.modestolan.com: GET /vb/showthread.php?p=50336 HTTP/1.1" 200 16379 "-" "Mozilla/5.0 (compatible; Googlebot/2.1; +http://www.google.com/bot.html)"
66.249.70.51 - - [06/Jan/2008:21:47:37 -0800] "www.modestolan.com: GET /vb/showthread.php?t=5467 HTTP/1.1" 200 7673 "-" "Mozilla/5.0 (compatible; Googlebot/2.1; +http://www.google.com/bot.html)"
74.6.20.16 - - [06/Jan/2008:21:48:08 -0800] "www.modestolan.com: GET /vb/archive/index.php/t-4777.html HTTP/1.0" 200 2175 "-" "Mozilla/5.0 (compatible; Yahoo! Slurp; http://help.yahoo.com/help/us/ysearch/slurp)"
60.15.242.161 - - [06/Jan/2008:21:49:26 -0800] "www.modestolan.com: GET / HTTP/1.1" 200 24084 "http://www.modestolan.com/" "Mozilla/4.0 (compatible; MSIE 6.0; Windows NT 5.1; SV1; Maxthon; .NET CLR 1.1.4322; InfoPath.1; .NET CLR 2.0.50727)"
74.6.22.79 - - [06/Jan/2008:21:49:59 -0800] "www.modestolan.com: GET /register.php?lanid=7 HTTP/1.0" 200 27189 "-" "Mozilla/5.0 (compatible; Yahoo! Slurp; http://help.yahoo.com/help/us/ysearch/slurp)"
74.6.22.79 - - [06/Jan/2008:21:51:18 -0800] "www.modestolan.com: GET /xwred1/mp3/Depeche%20Mode%20-%20Playing%20The%20Angel(Advance%202005)(StefWan-Team)/ HTTP/1.0" 200 17842 "-" "Mozilla/5.0 (compatible; Yahoo! Slurp/3.0; http://help.yahoo.com/help/us/ysearch/slurp)"
60.51.225.37 - - [06/Jan/2008:21:51:26 -0800] "www.modestolan.com: GET /images/picofweek HTTP/1.1" 301 377 "http://images.search.yahoo.com/search/images/view?back=http%3A%2F%2Fimages.search.yahoo.com%2Fsearch%2Fimages%3Fp%3Dmacross%26ei%3DUTF-8%26fr%3Dyfp-t-501%26fp_ip%3DMY%26x%3Dwrt%26js%3D1%26ni%3D18&w=1024&h=768&imgurl=www.modestolan.com%2Fimages%2Fpicofweek%2Fmacross_13.jpg&rurl=http%3A%2F%2Fwww.modestolan.com%2Fimages%2Fpicofweek&size=86.8kB&name=macross_13.jpg&p=macross&type=jpeg&no=14&tt=87,722&oid=e0fcb7905402c23e&ei=UTF-8" "Mozilla/4.0 (compatible; MSIE 6.0; Windows NT 5.1; SV1; .NET CLR 2.0.50727)"
60.51.225.37 - - [06/Jan/2008:21:51:27 -0800] "www.modestolan.com: GET /images/picofweek/ HTTP/1.1" 200 16099 "http://images.search.yahoo.com/search/images/view?back=http%3A%2F%2Fimages.search.yahoo.com%2Fsearch%2Fimages%3Fp%3Dmacross%26ei%3DUTF-8%26fr%3Dyfp-t-501%26fp_ip%3DMY%26x%3Dwrt%26js%3D1%26ni%3D18&w=1024&h=768&imgurl=www.modestolan.com%2Fimages%2Fpicofweek%2Fmacross_13.jpg&rurl=http%3A%2F%2Fwww.modestolan.com%2Fimages%2Fpicofweek&size=86.8kB&name=macross_13.jpg&p=macross&type=jpeg&no=14&tt=87,722&oid=e0fcb7905402c23e&ei=UTF-8" "Mozilla/4.0 (compatible; MSIE 6.0; Windows NT 5.1; SV1; .NET CLR 2.0.50727)"
60.51.225.37 - - [06/Jan/2008:21:51:27 -0800] "www.modestolan.com: GET /images/picofweek/macross_13.jpg HTTP/1.1" 200 48828 "http://images.search.yahoo.com/search/images/view?frame=top&back=http%3A%2F%2Fimages.search.yahoo.com%2Fsearch%2Fimages%3Fp%3Dmacross%26ei%3DUTF-8%26fr%3Dyfp-t-501%26fp_ip%3DMY%26x%3Dwrt%26js%3D1%26ni%3D18&w=1024&h=768&imgurl=www.modestolan.com%2Fimages%2Fpicofweek%2Fmacross_13.jpg&rurl=http%3A%2F%2Fwww.modestolan.com%2Fimages%2Fpicofweek&size=86.8kB&name=macross_13.jpg&p=macross&type=jpeg&no=14&tt=87%2C722&oid=e0fcb7905402c23e&ei=UTF-8" "Mozilla/4.0 (compatible; MSIE 6.0; Windows NT 5.1; SV1; .NET CLR 2.0.50727)"
60.51.225.37 - - [06/Jan/2008:21:51:27 -0800] "www.modestolan.com: GET /images/bg_small.jpg HTTP/1.1" 200 1598 "http://www.modestolan.com/images/picofweek/" "Mozilla/4.0 (compatible; MSIE 6.0; Windows NT 5.1; SV1; .NET CLR 2.0.50727)"
60.51.225.37 - - [06/Jan/2008:21:51:29 -0800] "www.modestolan.com: GET /images/picofweek/macross_13.jpg HTTP/1.1" 206 58483 "http://images.search.yahoo.com/search/images/view?frame=top&back=http%3A%2F%2Fimages.search.yahoo.com%2Fsearch%2Fimages%3Fp%3Dmacross%26ei%3DUTF-8%26fr%3Dyfp-t-501%26fp_ip%3DMY%26x%3Dwrt%26js%3D1%26ni%3D18&w=1024&h=768&imgurl=www.modestolan.com%2Fimages%2Fpicofweek%2Fmacross_13.jpg&rurl=http%3A%2F%2Fwww.modestolan.com%2Fimages%2Fpicofweek&size=86.8kB&name=macross_13.jpg&p=macross&type=jpeg&no=14&tt=87%2C722&oid=e0fcb7905402c23e&ei=UTF-8" "Mozilla/4.0 (compatible; MSIE 6.0; Windows NT 5.1; SV1; .NET CLR 2.0.50727)"
68.116.82.112 - - [06/Jan/2008:21:51:37 -0800] "webmail.modestolan.com: GET /src/login.php HTTP/1.1" 200 2165 "-" "Mozilla/4.0 (compatible; MSIE 7.0; Windows NT 5.1; .NET CLR 1.1.4322)"
68.116.82.112 - - [06/Jan/2008:21:51:38 -0800] "webmail.modestolan.com: GET /images/sm_logo.png HTTP/1.1" 304 - "https://webmail.modestolan.com/src/login.php" "Mozilla/4.0 (compatible; MSIE 7.0; Windows NT 5.1; .NET CLR 1.1.4322)"
68.116.82.112 - - [06/Jan/2008:21:51:43 -0800] "webmail.modestolan.com: POST /src/redirect.php HTTP/1.1" 302 5 "https://webmail.modestolan.com/src/login.php" "Mozilla/4.0 (compatible; MSIE 7.0; Windows NT 5.1; .NET CLR 1.1.4322)"
68.116.82.112 - - [06/Jan/2008:21:51:43 -0800] "webmail.modestolan.com: GET /src/webmail.php HTTP/1.1" 200 347 "https://webmail.modestolan.com/src/login.php" "Mozilla/4.0 (compatible; MSIE 7.0; Windows NT 5.1; .NET CLR 1.1.4322)"
68.116.82.112 - - [06/Jan/2008:21:51:45 -0800] "webmail.modestolan.com: GET /src/left_main.php HTTP/1.1" 200 9223 "https://webmail.modestolan.com/src/webmail.php" "Mozilla/4.0 (compatible; MSIE 7.0; Windows NT 5.1; .NET CLR 1.1.4322)"
68.116.82.112 - - [06/Jan/2008:21:51:45 -0800] "webmail.modestolan.com: GET /src/right_main.php HTTP/1.1" 200 18345 "https://webmail.modestolan.com/src/webmail.php" "Mozilla/4.0 (compatible; MSIE 7.0; Windows NT 5.1; .NET CLR 1.1.4322)"
68.116.82.112 - - [06/Jan/2008:21:51:45 -0800] "webmail.modestolan.com: GET /images/sort_none.png HTTP/1.1" 304 - "https://webmail.modestolan.com/src/right_main.php" "Mozilla/4.0 (compatible; MSIE 7.0; Windows NT 5.1; .NET CLR 1.1.4322)"
68.116.82.112 - - [06/Jan/2008:21:51:46 -0800] "webmail.modestolan.com: GET /images/up_pointer.png HTTP/1.1" 304 - "https://webmail.modestolan.com/src/right_main.php" "Mozilla/4.0 (compatible; MSIE 7.0; Windows NT 5.1; .NET CLR 1.1.4322)"
60.51.225.37 - - [06/Jan/2008:21:51:50 -0800] "www.modestolan.com: GET /images/picofweek/ HTTP/1.1" 200 16099 "http://images.search.yahoo.com/search/images/view?back=http%3A%2F%2Fimages.search.yahoo.com%2Fsearch%2Fimages%3Fp%3Dmacross%26ei%3DUTF-8%26fr%3Dyfp-t-501%26fp_ip%3DMY%26x%3Dwrt%26js%3D1%26ni%3D18&w=1024&h=768&imgurl=www.modestolan.com%2Fimages%2Fpicofweek%2Fmacross_13.jpg&rurl=http%3A%2F%2Fwww.modestolan.com%2Fimages%2Fpicofweek&size=86.8kB&name=macross_13.jpg&p=macross&type=jpeg&no=14&tt=87,722&oid=e0fcb7905402c23e&ei=UTF-8" "Mozilla/4.0 (compatible; MSIE 6.0; Windows NT 5.1; SV1; .NET CLR 2.0.50727)"
60.51.225.37 - - [06/Jan/2008:21:51:50 -0800] "www.modestolan.com: GET /images/bg_small.jpg HTTP/1.1" 200 1598 "http://www.modestolan.com/images/picofweek" "Mozilla/4.0 (compatible; MSIE 6.0; Windows NT 5.1; SV1; .NET CLR 2.0.50727)"
60.51.225.37 - - [06/Jan/2008:21:51:50 -0800] "www.modestolan.com: GET /tables.css HTTP/1.1" 200 2419 "http://www.modestolan.com/images/picofweek" "Mozilla/4.0 (compatible; MSIE 6.0; Windows NT 5.1; SV1; .NET CLR 2.0.50727)"
60.51.225.37 - - [06/Jan/2008:21:51:50 -0800] "www.modestolan.com: GET /images/transparent.gif HTTP/1.1" 200 43 "http://www.modestolan.com/images/picofweek" "Mozilla/4.0 (compatible; MSIE 6.0; Windows NT 5.1; SV1; .NET CLR 2.0.50727)"
60.51.225.37 - - [06/Jan/2008:21:51:50 -0800] "www.modestolan.com: GET /php/menu.php HTTP/1.1" 200 18653 "http://www.modestolan.com/images/picofweek" "Mozilla/4.0 (compatible; MSIE 6.0; Windows NT 5.1; SV1; .NET CLR 2.0.50727)"
60.51.225.37 - - [06/Jan/2008:21:51:51 -0800] "www.modestolan.com: GET /images/top_12.gif HTTP/1.1" 200 826 "http://www.modestolan.com/images/picofweek" "Mozilla/4.0 (compatible; MSIE 6.0; Windows NT 5.1; SV1; .NET CLR 2.0.50727)"
60.51.225.37 - - [06/Jan/2008:21:51:51 -0800] "www.modestolan.com: GET /images/top_14.gif HTTP/1.1" 200 522 "http://www.modestolan.com/images/picofweek" "Mozilla/4.0 (compatible; MSIE 6.0; Windows NT 5.1; SV1; .NET CLR 2.0.50727)"
60.51.225.37 - - [06/Jan/2008:21:51:51 -0800] "www.modestolan.com: GET /transparent.gif HTTP/1.1" 200 43 "http://www.modestolan.com/images/picofweek" "Mozilla/4.0 (compatible; MSIE 6.0; Windows NT 5.1; SV1; .NET CLR 2.0.50727)"
60.51.225.37 - - [06/Jan/2008:21:51:51 -0800] "www.modestolan.com: GET /images/top_02.gif HTTP/1.1" 200 882 "http://www.modestolan.com/images/picofweek" "Mozilla/4.0 (compatible; MSIE 6.0; Windows NT 5.1; SV1; .NET CLR 2.0.50727)"
60.51.225.37 - - [06/Jan/2008:21:51:51 -0800] "www.modestolan.com: GET /images/top_03.gif HTTP/1.1" 200 349 "http://www.modestolan.com/images/picofweek" "Mozilla/4.0 (compatible; MSIE 6.0; Windows NT 5.1; SV1; .NET CLR 2.0.50727)"
60.51.225.37 - - [06/Jan/2008:21:51:51 -0800] "www.modestolan.com: GET /images/top_01.gif HTTP/1.1" 200 344 "http://www.modestolan.com/images/picofweek" "Mozilla/4.0 (compatible; MSIE 6.0; Windows NT 5.1; SV1; .NET CLR 2.0.50727)"
60.51.225.37 - - [06/Jan/2008:21:51:51 -0800] "www.modestolan.com: GET /images/top_04.gif HTTP/1.1" 200 1547 "http://www.modestolan.com/images/picofweek" "Mozilla/4.0 (compatible; MSIE 6.0; Windows NT 5.1; SV1; .NET CLR 2.0.50727)"
60.51.225.37 - - [06/Jan/2008:21:51:51 -0800] "www.modestolan.com: GET /images/top_05.gif HTTP/1.1" 200 3111 "http://www.modestolan.com/images/picofweek" "Mozilla/4.0 (compatible; MSIE 6.0; Windows NT 5.1; SV1; .NET CLR 2.0.50727)"
60.51.225.37 - - [06/Jan/2008:21:51:52 -0800] "www.modestolan.com: GET /images/top_06.gif HTTP/1.1" 200 1954 "http://www.modestolan.com/images/picofweek" "Mozilla/4.0 (compatible; MSIE 6.0; Windows NT 5.1; SV1; .NET CLR 2.0.50727)"
60.51.225.37 - - [06/Jan/2008:21:51:52 -0800] "www.modestolan.com: GET /images/top_07.gif HTTP/1.1" 200 2521 "http://www.modestolan.com/images/picofweek" "Mozilla/4.0 (compatible; MSIE 6.0; Windows NT 5.1; SV1; .NET CLR 2.0.50727)"
60.51.225.37 - - [06/Jan/2008:21:51:52 -0800] "www.modestolan.com: GET /images/top_08.gif HTTP/1.1" 200 1738 "http://www.modestolan.com/images/picofweek" "Mozilla/4.0 (compatible; MSIE 6.0; Windows NT 5.1; SV1; .NET CLR 2.0.50727)"
60.51.225.37 - - [06/Jan/2008:21:51:52 -0800] "www.modestolan.com: GET /images/top_09.gif HTTP/1.1" 200 1089 "http://www.modestolan.com/images/picofweek" "Mozilla/4.0 (compatible; MSIE 6.0; Windows NT 5.1; SV1; .NET CLR 2.0.50727)"
60.51.225.37 - - [06/Jan/2008:21:51:52 -0800] "www.modestolan.com: GET /images/top_13.gif HTTP/1.1" 200 728 "http://www.modestolan.com/images/picofweek" "Mozilla/4.0 (compatible; MSIE 6.0; Windows NT 5.1; SV1; .NET CLR 2.0.50727)"
60.51.225.37 - - [06/Jan/2008:21:51:52 -0800] "www.modestolan.com: GET /images/top_11.gif HTTP/1.1" 200 1553 "http://www.modestolan.com/images/picofweek" "Mozilla/4.0 (compatible; MSIE 6.0; Windows NT 5.1; SV1; .NET CLR 2.0.50727)"
68.116.82.112 - - [06/Jan/2008:21:51:52 -0800] "webmail.modestolan.com: POST /src/move_messages.php HTTP/1.1" 302 5 "https://webmail.modestolan.com/src/right_main.php" "Mozilla/4.0 (compatible; MSIE 7.0; Windows NT 5.1; .NET CLR 1.1.4322)"
60.51.225.37 - - [06/Jan/2008:21:51:52 -0800] "www.modestolan.com: GET /images/sponsors/geeks.com.gif HTTP/1.1" 200 6611 "http://www.modestolan.com/images/picofweek" "Mozilla/4.0 (compatible; MSIE 6.0; Windows NT 5.1; SV1; .NET CLR 2.0.50727)"
60.51.225.37 - - [06/Jan/2008:21:51:53 -0800] "www.modestolan.com: GET /images/sponsors/nvidia.jpeg HTTP/1.1" 200 5580 "http://www.modestolan.com/images/picofweek" "Mozilla/4.0 (compatible; MSIE 6.0; Windows NT 5.1; SV1; .NET CLR 2.0.50727)"
60.51.225.37 - - [06/Jan/2008:21:51:53 -0800] "www.modestolan.com: GET /images/sponsors/alogo.gif HTTP/1.1" 200 5996 "http://www.modestolan.com/images/picofweek" "Mozilla/4.0 (compatible; MSIE 6.0; Windows NT 5.1; SV1; .NET CLR 2.0.50727)"
60.51.225.37 - - [06/Jan/2008:21:51:53 -0800] "www.modestolan.com: GET /images/sponsors/BAWLSbutton.gif HTTP/1.1" 200 8114 "http://www.modestolan.com/images/picofweek" "Mozilla/4.0 (compatible; MSIE 6.0; Windows NT 5.1; SV1; .NET CLR 2.0.50727)"
68.116.82.112 - - [06/Jan/2008:21:51:53 -0800] "webmail.modestolan.com: GET /src/right_main.php?mailbox=INBOX&startMessage=1 HTTP/1.1" 200 18123 "https://webmail.modestolan.com/src/right_main.php" "Mozilla/4.0 (compatible; MSIE 7.0; Windows NT 5.1; .NET CLR 1.1.4322)"
60.51.225.37 - - [06/Jan/2008:21:51:53 -0800] "www.modestolan.com: GET /images/runningslack.gif HTTP/1.1" 200 1818 "http://www.modestolan.com/images/picofweek" "Mozilla/4.0 (compatible; MSIE 6.0; Windows NT 5.1; SV1; .NET CLR 2.0.50727)"
60.51.225.37 - - [06/Jan/2008:21:51:54 -0800] "www.modestolan.com: GET /icons/blank.gif HTTP/1.1" 200 148 "http://www.modestolan.com/images/picofweek" "Mozilla/4.0 (compatible; MSIE 6.0; Windows NT 5.1; SV1; .NET CLR 2.0.50727)"
60.51.225.37 - - [06/Jan/2008:21:51:54 -0800] "www.modestolan.com: GET /icons/back.gif HTTP/1.1" 200 216 "http://www.modestolan.com/images/picofweek" "Mozilla/4.0 (compatible; MSIE 6.0; Windows NT 5.1; SV1; .NET CLR 2.0.50727)"
60.51.225.37 - - [06/Jan/2008:21:51:54 -0800] "www.modestolan.com: GET /icons/image2.gif HTTP/1.1" 200 309 "http://www.modestolan.com/images/picofweek" "Mozilla/4.0 (compatible; MSIE 6.0; Windows NT 5.1; SV1; .NET CLR 2.0.50727)"
60.51.225.37 - - [06/Jan/2008:21:51:54 -0800] "www.modestolan.com: GET /images/top_10.gif HTTP/1.1" 200 1188 "http://www.modestolan.com/images/picofweek" "Mozilla/4.0 (compatible; MSIE 6.0; Windows NT 5.1; SV1; .NET CLR 2.0.50727)"
68.116.82.112 - - [06/Jan/2008:21:52:00 -0800] "webmail.modestolan.com: POST /src/move_messages.php HTTP/1.1" 302 5 "https://webmail.modestolan.com/src/right_main.php?mailbox=INBOX&startMessage=1" "Mozilla/4.0 (compatible; MSIE 7.0; Windows NT 5.1; .NET CLR 1.1.4322)"
68.116.82.112 - - [06/Jan/2008:21:52:00 -0800] "webmail.modestolan.com: GET /src/right_main.php?mailbox=INBOX&startMessage=1 HTTP/1.1" 200 18265 "https://webmail.modestolan.com/src/right_main.php?mailbox=INBOX&startMessage=1" "Mozilla/4.0 (compatible; MSIE 7.0; Windows NT 5.1; .NET CLR 1.1.4322)"
68.116.82.112 - - [06/Jan/2008:21:52:08 -0800] "webmail.modestolan.com: POST /src/move_messages.php HTTP/1.1" 302 5 "https://webmail.modestolan.com/src/right_main.php?mailbox=INBOX&startMessage=1" "Mozilla/4.0 (compatible; MSIE 7.0; Windows NT 5.1; .NET CLR 1.1.4322)"
68.116.82.112 - - [06/Jan/2008:21:52:09 -0800] "webmail.modestolan.com: GET /src/right_main.php?mailbox=INBOX&startMessage=1 HTTP/1.1" 200 18257 "https://webmail.modestolan.com/src/right_main.php?mailbox=INBOX&startMessage=1" "Mozilla/4.0 (compatible; MSIE 7.0; Windows NT 5.1; .NET CLR 1.1.4322)"
68.116.82.112 - - [06/Jan/2008:21:52:16 -0800] "webmail.modestolan.com: POST /src/move_messages.php HTTP/1.1" 302 5 "https://webmail.modestolan.com/src/right_main.php?mailbox=INBOX&startMessage=1" "Mozilla/4.0 (compatible; MSIE 7.0; Windows NT 5.1; .NET CLR 1.1.4322)"
68.116.82.112 - - [06/Jan/2008:21:52:16 -0800] "webmail.modestolan.com: GET /src/right_main.php?mailbox=INBOX&startMessage=1 HTTP/1.1" 200 16744 "https://webmail.modestolan.com/src/right_main.php?mailbox=INBOX&startMessage=1" "Mozilla/4.0 (compatible; MSIE 7.0; Windows NT 5.1; .NET CLR 1.1.4322)"
68.116.82.112 - - [06/Jan/2008:21:52:26 -0800] "webmail.modestolan.com: POST /src/move_messages.php HTTP/1.1" 302 5 "https://webmail.modestolan.com/src/right_main.php?mailbox=INBOX&startMessage=1" "Mozilla/4.0 (compatible; MSIE 7.0; Windows NT 5.1; .NET CLR 1.1.4322)"
68.116.82.112 - - [06/Jan/2008:21:52:26 -0800] "webmail.modestolan.com: GET /src/right_main.php?mailbox=INBOX&startMessage=1 HTTP/1.1" 200 14756 "https://webmail.modestolan.com/src/right_main.php?mailbox=INBOX&startMessage=1" "Mozilla/4.0 (compatible; MSIE 7.0; Windows NT 5.1; .NET CLR 1.1.4322)"
68.116.82.112 - - [06/Jan/2008:21:52:39 -0800] "webmail.modestolan.com: GET /src/signout.php HTTP/1.1" 200 751 "https://webmail.modestolan.com/src/right_main.php?mailbox=INBOX&startMessage=1" "Mozilla/4.0 (compatible; MSIE 7.0; Windows NT 5.1; .NET CLR 1.1.4322)"
219.133.121.96 - - [06/Jan/2008:21:53:44 -0800] "www.modestolan.com: GET / HTTP/1.1" 200 24084 "http://www.modestolan.com/" "Mozilla/4.0 (compatible; MSIE 6.0; Windows NT 5.1; SV1; Maxthon; .NET CLR 1.1.4322; InfoPath.1; .NET CLR 2.0.50727)"
74.6.26.234 - - [06/Jan/2008:21:56:03 -0800] "www.modestolan.com: GET /index.php?timestamp=1155281230 HTTP/1.0" 200 24017 "-" "Mozilla/5.0 (compatible; Yahoo! Slurp; http://help.yahoo.com/help/us/ysearch/slurp)"
74.6.28.121 - - [06/Jan/2008:21:56:19 -0800] "www.modestolan.com: GET /~nine/79bertone/?D=A HTTP/1.0" 200 14904 "-" "Mozilla/5.0 (compatible; Yahoo! Slurp; http://help.yahoo.com/help/us/ysearch/slurp)"
66.249.70.51 - - [06/Jan/2008:21:58:17 -0800] "www.modestolan.com: GET /vb/calendar.php?do=getinfo&day=2007-4-1&c=2 HTTP/1.1" 200 5915 "-" "Mozilla/5.0 (compatible; Googlebot/2.1; +http://www.google.com/bot.html)"
66.249.70.51 - - [06/Jan/2008:21:58:17 -0800] "www.modestolan.com: GET /vb/calendar.php?c=2&week=1124582400 HTTP/1.1" 200 7085 "-" "Mozilla/5.0 (compatible; Googlebot/2.1; +http://www.google.com/bot.html)"
66.249.70.51 - - [06/Jan/2008:21:58:18 -0800] "www.modestolan.com: GET /vb/calendar.php?do=add&c=2&day=2005-9-8 HTTP/1.1" 200 6383 "-" "Mozilla/5.0 (compatible; Googlebot/2.1; +http://www.google.com/bot.html)"
66.249.70.51 - - [06/Jan/2008:21:58:20 -0800] "www.modestolan.com: GET /vb/calendar.php?c=2&week=1124582400&do=displayweek&month=8 HTTP/1.1" 200 7099 "-" "Mozilla/5.0 (compatible; Googlebot/2.1; +http://www.google.com/bot.html)"
66.249.70.51 - - [06/Jan/2008:21:58:21 -0800] "www.modestolan.com: GET /vb/calendar.php?c=2&week=1125187200 HTTP/1.1" 200 7396 "-" "Mozilla/5.0 (compatible; Googlebot/2.1; +http://www.google.com/bot.html)"
66.249.70.51 - - [06/Jan/2008:21:58:22 -0800] "www.modestolan.com: GET /vb/calendar.php?do=add&c=2&day=2005-8-29 HTTP/1.1" 200 6384 "-" "Mozilla/5.0 (compatible; Googlebot/2.1; +http://www.google.com/bot.html)"
66.249.70.51 - - [06/Jan/2008:21:58:23 -0800] "www.modestolan.com: GET /vb/calendar.php?do=add&c=2&day=2007-4-6 HTTP/1.1" 200 6382 "-" "Mozilla/5.0 (compatible; Googlebot/2.1; +http://www.google.com/bot.html)"
66.249.70.51 - - [06/Jan/2008:21:58:24 -0800] "www.modestolan.com: GET /vb/calendar.php?do=add&c=2&day=2005-9-6 HTTP/1.1" 200 6382 "-" "Mozilla/5.0 (compatible; Googlebot/2.1; +http://www.google.com/bot.html)"
202.158.28.19 - - [06/Jan/2008:21:58:31 -0800] "www.modestolan.com: GET /xwred1/mp3/Depeche%20Mode%20-%20Playing%20The%20Angel(Advance%202005)(StefWan-Team)/ HTTP/1.0" 200 17842 "-" "Mozilla/5.0 (Windows; U; Windows NT 5.0; en-US; rv:1.8.1.6) Gecko/20070725 Firefox/2.0.0.6"
202.158.28.19 - - [06/Jan/2008:21:58:33 -0800] "www.modestolan.com: GET /php/menu.php HTTP/1.0" 200 21601 "http://www.modestolan.com/xwred1/mp3/Depeche%20Mode%20-%20Playing%20The%20Angel(Advance%202005)(StefWan-Team)/" "Mozilla/5.0 (Windows; U; Windows NT 5.0; en-US; rv:1.8.1.6) Gecko/20070725 Firefox/2.0.0.6"
74.6.25.124 - - [06/Jan/2008:21:58:33 -0800] "www.modestolan.com: GET /~nine/blue244/?M=A HTTP/1.0" 200 15678 "-" "Mozilla/5.0 (compatible; Yahoo! Slurp; http://help.yahoo.com/help/us/ysearch/slurp)"
202.158.28.19 - - [06/Jan/2008:21:58:40 -0800] "www.modestolan.com: GET /favicon.ico HTTP/1.0" 404 323 "-" "Mozilla/5.0 (Windows; U; Windows NT 5.0; en-US; rv:1.8.1.6) Gecko/20070725 Firefox/2.0.0.6"
202.158.28.19 - - [06/Jan/2008:21:58:52 -0800] "www.modestolan.com: GET /xwred1/mp3/Depeche%20Mode%20-%20Playing%20The%20Angel(Advance%202005)(StefWan-Team)/10%20-%20Depeche%20Mode%20-%20damaged%20people.mp3 HTTP/1.0" 200 24017 "http://www.modestolan.com/xwred1/mp3/Depeche%20Mode%20-%20Playing%20The%20Angel(Advance%202005)(StefWan-Team)/" "Mozilla/5.0 (Windows; U; Windows NT 5.0; en-US; rv:1.8.1.6) Gecko/20070725 Firefox/2.0.0.6"
202.158.28.19 - - [06/Jan/2008:21:58:54 -0800] "www.modestolan.com: GET /php/menu.php HTTP/1.0" 200 21601 "http://www.modestolan.com/xwred1/mp3/Depeche%20Mode%20-%20Playing%20The%20Angel(Advance%202005)(StefWan-Team)/10%20-%20Depeche%20Mode%20-%20damaged%20people.mp3" "Mozilla/5.0 (Windows; U; Windows NT 5.0; en-US; rv:1.8.1.6) Gecko/20070725 Firefox/2.0.0.6"
66.249.70.51 - - [06/Jan/2008:21:58:56 -0800] "www.modestolan.com: GET /vb/calendar.php?c=2&week=1176595200&do=displayweek&month=4 HTTP/1.1" 200 7149 "-" "Mozilla/5.0 (compatible; Googlebot/2.1; +http://www.google.com/bot.html)"
66.249.70.51 - - [06/Jan/2008:21:59:34 -0800] "www.modestolan.com: GET /vb/calendar.php?c=2&week=1126396800 HTTP/1.1" 200 7087 "-" "Mozilla/5.0 (compatible; Googlebot/2.1; +http://www.google.com/bot.html)"
66.249.70.51 - - [06/Jan/2008:22:00:12 -0800] "www.modestolan.com: GET /vb/calendar.php?do=add&c=2&day=2005-9-5 HTTP/1.1" 200 6380 "-" "Mozilla/5.0 (compatible; Googlebot/2.1; +http://www.google.com/bot.html)"
66.249.70.51 - - [06/Jan/2008:22:00:51 -0800] "www.modestolan.com: GET /vb/calendar.php?c=2&week=1175990400 HTTP/1.1" 200 7227 "-" "Mozilla/5.0 (compatible; Googlebot/2.1; +http://www.google.com/bot.html)"
66.249.70.51 - - [06/Jan/2008:22:01:29 -0800] "www.modestolan.com: GET /vb/calendar.php?c=2&week=1123977600&do=displayweek&month=8 HTTP/1.1" 200 7109 "-" "Mozilla/5.0 (compatible; Googlebot/2.1; +http://www.google.com/bot.html)"
74.6.29.49 - - [06/Jan/2008:22:01:41 -0800] "www.modestolan.com: GET /vb/archive/index.php/t-4255.html HTTP/1.0" 200 4230 "-" "Mozilla/5.0 (compatible; Yahoo! Slurp; http://help.yahoo.com/help/us/ysearch/slurp)"
74.6.28.32 - - [06/Jan/2008:22:01:55 -0800] "www.modestolan.com: GET /vb/search.php?do=finduser&userid=64&searchthreadid=5602 HTTP/1.0" 302 0 "-" "Mozilla/5.0 (compatible; Yahoo! Slurp; http://help.yahoo.com/help/us/ysearch/slurp)"
74.6.28.32 - - [06/Jan/2008:22:01:56 -0800] "www.modestolan.com: GET /vb/search.php?searchid=9975 HTTP/1.0" 200 6403 "-" "Mozilla/5.0 (compatible; Yahoo! Slurp; http://help.yahoo.com/help/us/ysearch/slurp)"
66.249.70.51 - - [06/Jan/2008:22:02:07 -0800] "www.modestolan.com: GET /vb/calendar.php?do=add&c=2&day=2005-9-22 HTTP/1.1" 200 6381 "-" "Mozilla/5.0 (compatible; Googlebot/2.1; +http://www.google.com/bot.html)"
87.118.120.23 - - [06/Jan/2008:22:02:16 -0800] "www.modestolan.com: GET /vb/index.php HTTP/1.0" 200 32154 "http://tvsetmp3.com" "Mozilla/4.0 (compatible; MSIE 6.0; Windows NT 5.1; SV1; .NET CLR 1.1.4322)"
87.118.120.23 - - [06/Jan/2008:22:02:18 -0800] "www.modestolan.com: GET /vb/index.php HTTP/1.0" 200 12803 "http://tvsetmp3.com" "Mozilla/4.0 (compatible; MSIE 6.0; Windows NT 5.1; SV1; .NET CLR 1.1.4322)"
87.118.120.23 - - [06/Jan/2008:22:02:19 -0800] "www.modestolan.com: GET /vb/index.php HTTP/1.0" 200 12886 "http://tvsetmp3.com" "Mozilla/4.0 (compatible; MSIE 6.0; Windows NT 5.1; SV1; .NET CLR 1.1.4322)"
87.118.120.23 - - [06/Jan/2008:22:02:20 -0800] "www.modestolan.com: GET /vb/index.php HTTP/1.0" 200 12886 "http://tvsetmp3.com" "Mozilla/4.0 (compatible; MSIE 6.0; Windows NT 5.1; SV1; .NET CLR 1.1.4322)"
75.20.232.16 - - [06/Jan/2008:22:02:44 -0800] "www.modestolan.com: GET /~nine/Nine_Inch_Nails-Live_In_Fresno_CA_03-23-2005-YKK/06-nine_inch_nails-piggy-ykk.mp3 HTTP/1.1" 200 24084 "-" "Mozilla/4.0 (compatible; MSIE 6.0; Windows NT 5.1; SV1; .NET CLR 1.1.4322; PeoplePal 6.2)"
66.249.70.51 - - [06/Jan/2008:22:02:45 -0800] "www.modestolan.com: GET /vb/calendar.php?do=add&c=2&day=2005-9-2 HTTP/1.1" 200 6380 "-" "Mozilla/5.0 (compatible; Googlebot/2.1; +http://www.google.com/bot.html)"
66.249.70.51 - - [06/Jan/2008:22:03:24 -0800] "www.modestolan.com: GET /vb/calendar.php?do=add&c=2&day=2005-9-1 HTTP/1.1" 200 6381 "-" "Mozilla/5.0 (compatible; Googlebot/2.1; +http://www.google.com/bot.html)"
66.249.70.51 - - [06/Jan/2008:22:04:02 -0800] "www.modestolan.com: GET /vb/calendar.php?do=add&c=2&day=2005-9-21 HTTP/1.1" 200 6382 "-" "Mozilla/5.0 (compatible; Googlebot/2.1; +http://www.google.com/bot.html)"
74.6.19.146 - - [06/Jan/2008:22:04:10 -0800] "www.modestolan.com: GET /vb/member.php?u=470 HTTP/1.0" 200 6258 "-" "Mozilla/5.0 (compatible; Yahoo! Slurp; http://help.yahoo.com/help/us/ysearch/slurp)"
125.79.128.137 - - [06/Jan/2008:22:04:25 -0800] "www.modestolan.com: -" 408 - "-" "-"
66.249.70.51 - - [06/Jan/2008:22:04:40 -0800] "www.modestolan.com: GET /vb/calendar.php?do=add&c=2&day=2005-9-14 HTTP/1.1" 200 6382 "-" "Mozilla/5.0 (compatible; Googlebot/2.1; +http://www.google.com/bot.html)"
66.249.70.51 - - [06/Jan/2008:22:05:19 -0800] "www.modestolan.com: GET /vb/calendar.php?do=add&c=2&day=2005-9-18 HTTP/1.1" 200 6383 "-" "Mozilla/5.0 (compatible; Googlebot/2.1; +http://www.google.com/bot.html)"
66.249.70.51 - - [06/Jan/2008:22:05:57 -0800] "www.modestolan.com: GET /vb/calendar.php?do=add&c=2&day=2007-4-1 HTTP/1.1" 200 6381 "-" "Mozilla/5.0 (compatible; Googlebot/2.1; +http://www.google.com/bot.html)"
66.249.70.51 - - [06/Jan/2008:22:06:35 -0800] "www.modestolan.com: GET /vb/calendar.php?do=add&c=2&day=2005-9-24 HTTP/1.1" 200 6382 "-" "Mozilla/5.0 (compatible; Googlebot/2.1; +http://www.google.com/bot.html)"
66.249.70.51 - - [06/Jan/2008:22:07:13 -0800] "www.modestolan.com: GET /vb/calendar.php?do=add&c=2&day=2005-9-10 HTTP/1.1" 200 6383 "-" "Mozilla/5.0 (compatible; Googlebot/2.1; +http://www.google.com/bot.html)"
66.249.70.51 - - [06/Jan/2008:22:07:52 -0800] "www.modestolan.com: GET /vb/calendar.php?do=add&c=2&day=2005-9-11 HTTP/1.1" 200 6380 "-" "Mozilla/5.0 (compatible; Googlebot/2.1; +http://www.google.com/bot.html)"
74.6.19.218 - - [06/Jan/2008:22:08:09 -0800] "www.modestolan.com: GET /vb/search.php?searchid=9975 HTTP/1.0" 200 6423 "-" "Mozilla/5.0 (compatible; Yahoo! Slurp; http://help.yahoo.com/help/us/ysearch/slurp)"
66.249.70.51 - - [06/Jan/2008:22:08:30 -0800] "www.modestolan.com: GET /vb/calendar.php?do=add&c=2&day=2005-8-28 HTTP/1.1" 200 6384 "-" "Mozilla/5.0 (compatible; Googlebot/2.1; +http://www.google.com/bot.html)"
122.152.128.48 - - [06/Jan/2008:22:08:53 -0800] "www.modestolan.com: GET / HTTP/1.1" 200 17130 "-" "Baiduspider+(+http://www.baidu.com/search/spider_jp.html)"
66.249.70.51 - - [06/Jan/2008:22:08:56 -0800] "www.modestolan.com: GET /vb/forumdisplay.php?f=2&order=desc&page=2 HTTP/1.1" 200 20102 "-" "Mozilla/5.0 (compatible; Googlebot/2.1; +http://www.google.com/bot.html)"
66.249.70.51 - - [06/Jan/2008:22:09:09 -0800] "www.modestolan.com: GET /vb/calendar.php?do=add&c=2&day=2007-4-7 HTTP/1.1" 200 6381 "-" "Mozilla/5.0 (compatible; Googlebot/2.1; +http://www.google.com/bot.html)"
66.249.70.51 - - [06/Jan/2008:22:09:47 -0800] "www.modestolan.com: GET /vb/calendar.php?do=add&c=2&day=2005-8-31 HTTP/1.1" 200 6383 "-" "Mozilla/5.0 (compatible; Googlebot/2.1; +http://www.google.com/bot.html)"
66.249.70.51 - - [06/Jan/2008:22:10:25 -0800] "www.modestolan.com: GET /vb/calendar.php?do=add&c=2&day=2005-9-4 HTTP/1.1" 200 6381 "-" "Mozilla/5.0 (compatible; Googlebot/2.1; +http://www.google.com/bot.html)"
66.249.70.51 - - [06/Jan/2008:22:11:03 -0800] "www.modestolan.com: GET /vb/calendar.php?do=add&c=2&day=2005-9-7 HTTP/1.1" 200 6383 "-" "Mozilla/5.0 (compatible; Googlebot/2.1; +http://www.google.com/bot.html)"
74.6.26.82 - - [06/Jan/2008:22:11:15 -0800] "www.modestolan.com: GET /xwred1/lab4/ HTTP/1.0" 200 1758 "-" "Mozilla/5.0 (compatible; Yahoo! Slurp; http://help.yahoo.com/help/us/ysearch/slurp)"
66.249.70.51 - - [06/Jan/2008:22:11:42 -0800] "www.modestolan.com: GET /vb/calendar.php?c=2&week=1175990400&do=displayweek&month=4 HTTP/1.1" 200 7240 "-" "Mozilla/5.0 (compatible; Googlebot/2.1; +http://www.google.com/bot.html)"
66.249.70.51 - - [06/Jan/2008:22:12:20 -0800] "www.modestolan.com: GET /vb/calendar.php?month=4&year=2007&c=2&do=displaymonth HTTP/1.1" 200 7664 "-" "Mozilla/5.0 (compatible; Googlebot/2.1; +http://www.google.com/bot.html)"
66.249.70.51 - - [06/Jan/2008:22:12:58 -0800] "www.modestolan.com: GET /vb/calendar.php?c=2&week=1175385600&do=displayweek&month=4 HTTP/1.1" 200 7254 "-" "Mozilla/5.0 (compatible; Googlebot/2.1; +http://www.google.com/bot.html)"
74.6.28.149 - - [06/Jan/2008:22:13:25 -0800] "www.modestolan.com: GET /~nine/TheBox.txt HTTP/1.0" 200 33620 "-" "Mozilla/5.0 (compatible; Yahoo! Slurp; http://help.yahoo.com/help/us/ysearch/slurp)"
66.249.70.51 - - [06/Jan/2008:22:13:36 -0800] "www.modestolan.com: GET /vb/calendar.php?do=add&c=2&day=2005-9-23 HTTP/1.1" 200 6383 "-" "Mozilla/5.0 (compatible; Googlebot/2.1; +http://www.google.com/bot.html)"
66.249.70.51 - - [06/Jan/2008:22:14:15 -0800] "www.modestolan.com: GET /vb/calendar.php?c=2&week=1177200000&do=displayweek&month=4 HTTP/1.1" 200 7147 "-" "Mozilla/5.0 (compatible; Googlebot/2.1; +http://www.google.com/bot.html)"
66.249.70.51 - - [06/Jan/2008:22:14:53 -0800] "www.modestolan.com: GET /vb/calendar.php?do=add&c=2&day=2005-9-17 HTTP/1.1" 200 6382 "-" "Mozilla/5.0 (compatible; Googlebot/2.1; +http://www.google.com/bot.html)"
66.249.70.51 - - [06/Jan/2008:22:15:31 -0800] "www.modestolan.com: GET /vb/calendar.php?do=add&c=2&day=2007-4-4 HTTP/1.1" 200 6381 "-" "Mozilla/5.0 (compatible; Googlebot/2.1; +http://www.google.com/bot.html)"
66.249.70.51 - - [06/Jan/2008:22:16:10 -0800] "www.modestolan.com: GET /vb/calendar.php?do=add&c=2&day=2005-9-19 HTTP/1.1" 200 6383 "-" "Mozilla/5.0 (compatible; Googlebot/2.1; +http://www.google.com/bot.html)"
66.249.70.51 - - [06/Jan/2008:22:16:48 -0800] "www.modestolan.com: GET /vb/calendar.php?do=add&c=2&day=2005-9-9 HTTP/1.1" 200 6382 "-" "Mozilla/5.0 (compatible; Googlebot/2.1; +http://www.google.com/bot.html)"
66.249.70.51 - - [06/Jan/2008:22:17:26 -0800] "www.modestolan.com: GET /vb/calendar.php?c=2&week=1123372800&do=displayweek&month=8 HTTP/1.1" 200 7093 "-" "Mozilla/5.0 (compatible; Googlebot/2.1; +http://www.google.com/bot.html)"
66.249.70.51 - - [06/Jan/2008:22:18:05 -0800] "www.modestolan.com: GET /vb/calendar.php?c=2&week=1122768000&do=displayweek&month=8 HTTP/1.1" 200 7409 "-" "Mozilla/5.0 (compatible; Googlebot/2.1; +http://www.google.com/bot.html)"
66.249.70.51 - - [06/Jan/2008:22:18:43 -0800] "www.modestolan.com: GET /vb/calendar.php?do=add&c=2&day=2005-9-16 HTTP/1.1" 200 6381 "-" "Mozilla/5.0 (compatible; Googlebot/2.1; +http://www.google.com/bot.html)"
65.55.210.94 - - [06/Jan/2008:22:19:08 -0800] "www.modestolan.com: GET /index.php?timestamp=1070151226 HTTP/1.0" 200 24017 "-" "msnbot/1.0 (+http://search.msn.com/msnbot.htm)"
66.249.70.51 - - [06/Jan/2008:22:19:21 -0800] "www.modestolan.com: GET /vb/calendar.php?do=add&c=2&day=2005-9-20 HTTP/1.1" 200 6383 "-" "Mozilla/5.0 (compatible; Googlebot/2.1; +http://www.google.com/bot.html)"
66.249.70.51 - - [06/Jan/2008:22:20:00 -0800] "www.modestolan.com: GET /vb/calendar.php?do=add&c=2&day=2005-9-13 HTTP/1.1" 200 6381 "-" "Mozilla/5.0 (compatible; Googlebot/2.1; +http://www.google.com/bot.html)"
66.249.70.51 - - [06/Jan/2008:22:20:38 -0800] "www.modestolan.com: GET /vb/calendar.php?c=2&week=1125792000 HTTP/1.1" 200 7082 "-" "Mozilla/5.0 (compatible; Googlebot/2.1; +http://www.google.com/bot.html)"
66.249.70.51 - - [06/Jan/2008:22:21:16 -0800] "www.modestolan.com: GET /vb/calendar.php?c=2&week=1177804800&do=displayweek&month=5 HTTP/1.1" 200 7501 "-" "Mozilla/5.0 (compatible; Googlebot/2.1; +http://www.google.com/bot.html)"
66.249.70.51 - - [06/Jan/2008:22:21:54 -0800] "www.modestolan.com: GET /vb/calendar.php?do=add&c=2&day=2007-4-2 HTTP/1.1" 200 6380 "-" "Mozilla/5.0 (compatible; Googlebot/2.1; +http://www.google.com/bot.html)"
72.30.179.231 - - [06/Jan/2008:22:22:03 -0800] "www.modestolan.com: GET /vb/archive/index.php/t-5139.html HTTP/1.0" 200 3374 "-" "Mozilla/5.0 (compatible; Yahoo! Slurp; http://help.yahoo.com/help/us/ysearch/slurp)"
66.249.70.51 - - [06/Jan/2008:22:22:33 -0800] "www.modestolan.com: GET /vb/calendar.php?do=add&c=2&day=2005-8-30 HTTP/1.1" 200 6383 "-" "Mozilla/5.0 (compatible; Googlebot/2.1; +http://www.google.com/bot.html)"
66.249.70.51 - - [06/Jan/2008:22:23:11 -0800] "www.modestolan.com: GET /vb/calendar.php?month=8&year=2005&c=2&do=displaymonth HTTP/1.1" 200 7639 "-" "Mozilla/5.0 (compatible; Googlebot/2.1; +http://www.google.com/bot.html)"
66.249.70.51 - - [06/Jan/2008:22:23:49 -0800] "www.modestolan.com: GET /vb/calendar.php?do=add&c=2&day=2005-9-15 HTTP/1.1" 200 6381 "-" "Mozilla/5.0 (compatible; Googlebot/2.1; +http://www.google.com/bot.html)"
58.251.53.136 - - [06/Jan/2008:22:24:27 -0800] "www.modestolan.com: GET / HTTP/1.1" 200 24084 "http://www.modestolan.com/" "Mozilla/4.0 (compatible; MSIE 6.0; Windows NT 5.1; SV1; Maxthon; .NET CLR 1.1.4322; InfoPath.1; .NET CLR 2.0.50727)"
66.249.70.51 - - [06/Jan/2008:22:24:28 -0800] "www.modestolan.com: GET /vb/calendar.php?do=add&c=2&day=2007-4-3 HTTP/1.1" 200 6381 "-" "Mozilla/5.0 (compatible; Googlebot/2.1; +http://www.google.com/bot.html)"
74.6.20.226 - - [06/Jan/2008:22:25:04 -0800] "www.modestolan.com: GET /vb/showthread.php?p=37965 HTTP/1.0" 200 8136 "-" "Mozilla/5.0 (compatible; Yahoo! Slurp; http://help.yahoo.com/help/us/ysearch/slurp)"
66.249.70.51 - - [06/Jan/2008:22:25:06 -0800] "www.modestolan.com: GET /vb/calendar.php?do=getinfo&day=2007-4-8&c=2 HTTP/1.1" 200 5908 "-" "Mozilla/5.0 (compatible; Googlebot/2.1; +http://www.google.com/bot.html)"
67.187.210.73 - - [06/Jan/2008:22:25:37 -0800] "www.modestolan.com: GET /~twentydead/newyear.jpg HTTP/1.1" 404 347 "http://comment.myspace.com/index.cfm?fuseaction=user.viewComments&friendID=3572659&MyToken=56900a93-7595-45a2-91ec-689ec24f8e4f" "Mozilla/5.0 (Windows; U; Windows NT 5.1; en-US; rv:1.8.1.11) Gecko/20071127 Firefox/2.0.0.11"
67.187.210.73 - - [06/Jan/2008:22:25:37 -0800] "www.modestolan.com: GET /~twentydead/xmas.jpg HTTP/1.1" 404 344 "http://comment.myspace.com/index.cfm?fuseaction=user.viewComments&friendID=3572659&MyToken=56900a93-7595-45a2-91ec-689ec24f8e4f" "Mozilla/5.0 (Windows; U; Windows NT 5.1; en-US; rv:1.8.1.11) Gecko/20071127 Firefox/2.0.0.11"
66.249.70.51 - - [06/Jan/2008:22:25:44 -0800] "www.modestolan.com: GET /vb/calendar.php?do=add&c=2&day=2007-4-5 HTTP/1.1" 200 6381 "-" "Mozilla/5.0 (compatible; Googlebot/2.1; +http://www.google.com/bot.html)"
66.249.70.51 - - [06/Jan/2008:22:26:23 -0800] "www.modestolan.com: GET /vb/calendar.php?do=add&c=2&day=2005-9-12 HTTP/1.1" 200 6380 "-" "Mozilla/5.0 (compatible; Googlebot/2.1; +http://www.google.com/bot.html)"
64.17.68.155 - - [06/Jan/2008:22:26:41 -0800] "www.modestolan.com: GET /tables.css HTTP/1.1" 200 2419 "http://www.modestolan.com/xwred1/mp3/Depeche%20Mode%20-%20Playing%20The%20Angel(Advance%202005)(StefWan-Team)/" "Mozilla/5.0 (Windows; U; Windows NT 5.1; en-US; rv:1.8.1.11) Gecko/20071127 Firefox/2.0.0.11"
64.17.68.155 - - [06/Jan/2008:22:26:41 -0800] "www.modestolan.com: GET /xwred1/mp3/Depeche%20Mode%20-%20Playing%20The%20Angel(Advance%202005)(StefWan-Team)/ HTTP/1.1" 200 17908 "http://www.google.com/search?hl=en&lr=&safe=off&q=intitle%3Aindex.of+%2B%E2%80%9Dlast+modified%E2%80%9D+%2B%E2%80%9Dparent+directory%E2%80%9D+%2B%28mp3%7Cwma%7Cogg%29+%2B%22depeche%22+-htm+-html+-php+-asp&btnG=Search" "Mozilla/5.0 (Windows; U; Windows NT 5.1; en-US; rv:1.8.1.11) Gecko/20071127 Firefox/2.0.0.11"
64.17.68.155 - - [06/Jan/2008:22:26:41 -0800] "www.modestolan.com: GET /images/bg_small.jpg HTTP/1.1" 200 1598 "http://www.modestolan.com/xwred1/mp3/Depeche%20Mode%20-%20Playing%20The%20Angel(Advance%202005)(StefWan-Team)/" "Mozilla/5.0 (Windows; U; Windows NT 5.1; en-US; rv:1.8.1.11) Gecko/20071127 Firefox/2.0.0.11"
64.17.68.155 - - [06/Jan/2008:22:26:41 -0800] "www.modestolan.com: GET /php/menu.php HTTP/1.1" 200 21682 "http://www.modestolan.com/xwred1/mp3/Depeche%20Mode%20-%20Playing%20The%20Angel(Advance%202005)(StefWan-Team)/" "Mozilla/5.0 (Windows; U; Windows NT 5.1; en-US; rv:1.8.1.11) Gecko/20071127 Firefox/2.0.0.11"
64.17.68.155 - - [06/Jan/2008:22:26:41 -0800] "www.modestolan.com: GET /images/menu/1.gif HTTP/1.1" 200 368 "http://www.modestolan.com/xwred1/mp3/Depeche%20Mode%20-%20Playing%20The%20Angel(Advance%202005)(StefWan-Team)/" "Mozilla/5.0 (Windows; U; Windows NT 5.1; en-US; rv:1.8.1.11) Gecko/20071127 Firefox/2.0.0.11"
64.17.68.155 - - [06/Jan/2008:22:26:41 -0800] "www.modestolan.com: GET /images/menu/2.gif HTTP/1.1" 200 550 "http://www.modestolan.com/xwred1/mp3/Depeche%20Mode%20-%20Playing%20The%20Angel(Advance%202005)(StefWan-Team)/" "Mozilla/5.0 (Windows; U; Windows NT 5.1; en-US; rv:1.8.1.11) Gecko/20071127 Firefox/2.0.0.11"
64.17.68.155 - - [06/Jan/2008:22:26:41 -0800] "www.modestolan.com: GET /images/menu/3.gif HTTP/1.1" 200 511 "http://www.modestolan.com/xwred1/mp3/Depeche%20Mode%20-%20Playing%20The%20Angel(Advance%202005)(StefWan-Team)/" "Mozilla/5.0 (Windows; U; Windows NT 5.1; en-US; rv:1.8.1.11) Gecko/20071127 Firefox/2.0.0.11"
64.17.68.155 - - [06/Jan/2008:22:26:41 -0800] "www.modestolan.com: GET /images/menu/4.gif HTTP/1.1" 200 443 "http://www.modestolan.com/xwred1/mp3/Depeche%20Mode%20-%20Playing%20The%20Angel(Advance%202005)(StefWan-Team)/" "Mozilla/5.0 (Windows; U; Windows NT 5.1; en-US; rv:1.8.1.11) Gecko/20071127 Firefox/2.0.0.11"
64.17.68.155 - - [06/Jan/2008:22:26:41 -0800] "www.modestolan.com: GET /images/landate.swf HTTP/1.1" 200 2197 "http://www.modestolan.com/xwred1/mp3/Depeche%20Mode%20-%20Playing%20The%20Angel(Advance%202005)(StefWan-Team)/" "Mozilla/5.0 (Windows; U; Windows NT 5.1; en-US; rv:1.8.1.11) Gecko/20071127 Firefox/2.0.0.11"
64.17.68.155 - - [06/Jan/2008:22:26:41 -0800] "www.modestolan.com: GET /images/menu/8.gif HTTP/1.1" 200 746 "http://www.modestolan.com/xwred1/mp3/Depeche%20Mode%20-%20Playing%20The%20Angel(Advance%202005)(StefWan-Team)/" "Mozilla/5.0 (Windows; U; Windows NT 5.1; en-US; rv:1.8.1.11) Gecko/20071127 Firefox/2.0.0.11"
64.17.68.155 - - [06/Jan/2008:22:26:41 -0800] "www.modestolan.com: GET /images/menu/5.gif HTTP/1.1" 200 549 "http://www.modestolan.com/xwred1/mp3/Depeche%20Mode%20-%20Playing%20The%20Angel(Advance%202005)(StefWan-Team)/" "Mozilla/5.0 (Windows; U; Windows NT 5.1; en-US; rv:1.8.1.11) Gecko/20071127 Firefox/2.0.0.11"
64.17.68.155 - - [06/Jan/2008:22:26:41 -0800] "www.modestolan.com: GET /images/menu/6.gif HTTP/1.1" 200 600 "http://www.modestolan.com/xwred1/mp3/Depeche%20Mode%20-%20Playing%20The%20Angel(Advance%202005)(StefWan-Team)/" "Mozilla/5.0 (Windows; U; Windows NT 5.1; en-US; rv:1.8.1.11) Gecko/20071127 Firefox/2.0.0.11"
64.17.68.155 - - [06/Jan/2008:22:26:41 -0800] "www.modestolan.com: GET /images/menu/7.gif HTTP/1.1" 200 601 "http://www.modestolan.com/xwred1/mp3/Depeche%20Mode%20-%20Playing%20The%20Angel(Advance%202005)(StefWan-Team)/" "Mozilla/5.0 (Windows; U; Windows NT 5.1; en-US; rv:1.8.1.11) Gecko/20071127 Firefox/2.0.0.11"
64.17.68.155 - - [06/Jan/2008:22:26:41 -0800] "www.modestolan.com: GET /images/transparent.gif HTTP/1.1" 200 43 "http://www.modestolan.com/xwred1/mp3/Depeche%20Mode%20-%20Playing%20The%20Angel(Advance%202005)(StefWan-Team)/" "Mozilla/5.0 (Windows; U; Windows NT 5.1; en-US; rv:1.8.1.11) Gecko/20071127 Firefox/2.0.0.11"
64.17.68.155 - - [06/Jan/2008:22:26:42 -0800] "www.modestolan.com: GET /images/top_14.gif HTTP/1.1" 200 522 "http://www.modestolan.com/xwred1/mp3/Depeche%20Mode%20-%20Playing%20The%20Angel(Advance%202005)(StefWan-Team)/" "Mozilla/5.0 (Windows; U; Windows NT 5.1; en-US; rv:1.8.1.11) Gecko/20071127 Firefox/2.0.0.11"
64.17.68.155 - - [06/Jan/2008:22:26:42 -0800] "www.modestolan.com: GET /images/top_12.gif HTTP/1.1" 200 826 "http://www.modestolan.com/xwred1/mp3/Depeche%20Mode%20-%20Playing%20The%20Angel(Advance%202005)(StefWan-Team)/" "Mozilla/5.0 (Windows; U; Windows NT 5.1; en-US; rv:1.8.1.11) Gecko/20071127 Firefox/2.0.0.11"
64.17.68.155 - - [06/Jan/2008:22:26:42 -0800] "www.modestolan.com: GET /transparent.gif HTTP/1.1" 200 43 "http://www.modestolan.com/xwred1/mp3/Depeche%20Mode%20-%20Playing%20The%20Angel(Advance%202005)(StefWan-Team)/" "Mozilla/5.0 (Windows; U; Windows NT 5.1; en-US; rv:1.8.1.11) Gecko/20071127 Firefox/2.0.0.11"
64.17.68.155 - - [06/Jan/2008:22:26:42 -0800] "www.modestolan.com: GET /images/top_02.gif HTTP/1.1" 200 882 "http://www.modestolan.com/xwred1/mp3/Depeche%20Mode%20-%20Playing%20The%20Angel(Advance%202005)(StefWan-Team)/" "Mozilla/5.0 (Windows; U; Windows NT 5.1; en-US; rv:1.8.1.11) Gecko/20071127 Firefox/2.0.0.11"
64.17.68.155 - - [06/Jan/2008:22:26:42 -0800] "www.modestolan.com: GET /images/top_01.gif HTTP/1.1" 200 344 "http://www.modestolan.com/xwred1/mp3/Depeche%20Mode%20-%20Playing%20The%20Angel(Advance%202005)(StefWan-Team)/" "Mozilla/5.0 (Windows; U; Windows NT 5.1; en-US; rv:1.8.1.11) Gecko/20071127 Firefox/2.0.0.11"
64.17.68.155 - - [06/Jan/2008:22:26:42 -0800] "www.modestolan.com: GET /images/top_03.gif HTTP/1.1" 200 349 "http://www.modestolan.com/xwred1/mp3/Depeche%20Mode%20-%20Playing%20The%20Angel(Advance%202005)(StefWan-Team)/" "Mozilla/5.0 (Windows; U; Windows NT 5.1; en-US; rv:1.8.1.11) Gecko/20071127 Firefox/2.0.0.11"
64.17.68.155 - - [06/Jan/2008:22:26:42 -0800] "www.modestolan.com: GET /images/top_04.gif HTTP/1.1" 200 1547 "http://www.modestolan.com/xwred1/mp3/Depeche%20Mode%20-%20Playing%20The%20Angel(Advance%202005)(StefWan-Team)/" "Mozilla/5.0 (Windows; U; Windows NT 5.1; en-US; rv:1.8.1.11) Gecko/20071127 Firefox/2.0.0.11"
64.17.68.155 - - [06/Jan/2008:22:26:42 -0800] "www.modestolan.com: GET /images/top_05.gif HTTP/1.1" 200 3111 "http://www.modestolan.com/xwred1/mp3/Depeche%20Mode%20-%20Playing%20The%20Angel(Advance%202005)(StefWan-Team)/" "Mozilla/5.0 (Windows; U; Windows NT 5.1; en-US; rv:1.8.1.11) Gecko/20071127 Firefox/2.0.0.11"
64.17.68.155 - - [06/Jan/2008:22:26:42 -0800] "www.modestolan.com: GET /images/top_06.gif HTTP/1.1" 200 1954 "http://www.modestolan.com/xwred1/mp3/Depeche%20Mode%20-%20Playing%20The%20Angel(Advance%202005)(StefWan-Team)/" "Mozilla/5.0 (Windows; U; Windows NT 5.1; en-US; rv:1.8.1.11) Gecko/20071127 Firefox/2.0.0.11"
64.17.68.155 - - [06/Jan/2008:22:26:42 -0800] "www.modestolan.com: GET /images/top_07.gif HTTP/1.1" 200 2521 "http://www.modestolan.com/xwred1/mp3/Depeche%20Mode%20-%20Playing%20The%20Angel(Advance%202005)(StefWan-Team)/" "Mozilla/5.0 (Windows; U; Windows NT 5.1; en-US; rv:1.8.1.11) Gecko/20071127 Firefox/2.0.0.11"
64.17.68.155 - - [06/Jan/2008:22:26:42 -0800] "www.modestolan.com: GET /images/top_08.gif HTTP/1.1" 200 1738 "http://www.modestolan.com/xwred1/mp3/Depeche%20Mode%20-%20Playing%20The%20Angel(Advance%202005)(StefWan-Team)/" "Mozilla/5.0 (Windows; U; Windows NT 5.1; en-US; rv:1.8.1.11) Gecko/20071127 Firefox/2.0.0.11"
64.17.68.155 - - [06/Jan/2008:22:26:42 -0800] "www.modestolan.com: GET /images/top_09.gif HTTP/1.1" 200 1089 "http://www.modestolan.com/xwred1/mp3/Depeche%20Mode%20-%20Playing%20The%20Angel(Advance%202005)(StefWan-Team)/" "Mozilla/5.0 (Windows; U; Windows NT 5.1; en-US; rv:1.8.1.11) Gecko/20071127 Firefox/2.0.0.11"
64.17.68.155 - - [06/Jan/2008:22:26:42 -0800] "www.modestolan.com: GET /images/top_13.gif HTTP/1.1" 200 728 "http://www.modestolan.com/xwred1/mp3/Depeche%20Mode%20-%20Playing%20The%20Angel(Advance%202005)(StefWan-Team)/" "Mozilla/5.0 (Windows; U; Windows NT 5.1; en-US; rv:1.8.1.11) Gecko/20071127 Firefox/2.0.0.11"
64.17.68.155 - - [06/Jan/2008:22:26:42 -0800] "www.modestolan.com: GET /images/top_11.gif HTTP/1.1" 200 1553 "http://www.modestolan.com/xwred1/mp3/Depeche%20Mode%20-%20Playing%20The%20Angel(Advance%202005)(StefWan-Team)/" "Mozilla/5.0 (Windows; U; Windows NT 5.1; en-US; rv:1.8.1.11) Gecko/20071127 Firefox/2.0.0.11"
64.17.68.155 - - [06/Jan/2008:22:26:42 -0800] "www.modestolan.com: GET /images/sponsors/geeks.com.gif HTTP/1.1" 200 6611 "http://www.modestolan.com/xwred1/mp3/Depeche%20Mode%20-%20Playing%20The%20Angel(Advance%202005)(StefWan-Team)/" "Mozilla/5.0 (Windows; U; Windows NT 5.1; en-US; rv:1.8.1.11) Gecko/20071127 Firefox/2.0.0.11"
64.17.68.155 - - [06/Jan/2008:22:26:42 -0800] "www.modestolan.com: GET /images/sponsors/nvidia.jpeg HTTP/1.1" 200 5580 "http://www.modestolan.com/xwred1/mp3/Depeche%20Mode%20-%20Playing%20The%20Angel(Advance%202005)(StefWan-Team)/" "Mozilla/5.0 (Windows; U; Windows NT 5.1; en-US; rv:1.8.1.11) Gecko/20071127 Firefox/2.0.0.11"
64.17.68.155 - - [06/Jan/2008:22:26:42 -0800] "www.modestolan.com: GET /images/sponsors/alogo.gif HTTP/1.1" 200 5996 "http://www.modestolan.com/xwred1/mp3/Depeche%20Mode%20-%20Playing%20The%20Angel(Advance%202005)(StefWan-Team)/" "Mozilla/5.0 (Windows; U; Windows NT 5.1; en-US; rv:1.8.1.11) Gecko/20071127 Firefox/2.0.0.11"
64.17.68.155 - - [06/Jan/2008:22:26:42 -0800] "www.modestolan.com: GET /images/sponsors/BAWLSbutton.gif HTTP/1.1" 200 8114 "http://www.modestolan.com/xwred1/mp3/Depeche%20Mode%20-%20Playing%20The%20Angel(Advance%202005)(StefWan-Team)/" "Mozilla/5.0 (Windows; U; Windows NT 5.1; en-US; rv:1.8.1.11) Gecko/20071127 Firefox/2.0.0.11"
64.17.68.155 - - [06/Jan/2008:22:26:42 -0800] "www.modestolan.com: GET /images/runningslack.gif HTTP/1.1" 200 1818 "http://www.modestolan.com/xwred1/mp3/Depeche%20Mode%20-%20Playing%20The%20Angel(Advance%202005)(StefWan-Team)/" "Mozilla/5.0 (Windows; U; Windows NT 5.1; en-US; rv:1.8.1.11) Gecko/20071127 Firefox/2.0.0.11"
64.17.68.155 - - [06/Jan/2008:22:26:42 -0800] "www.modestolan.com: GET /icons/blank.gif HTTP/1.1" 200 148 "http://www.modestolan.com/xwred1/mp3/Depeche%20Mode%20-%20Playing%20The%20Angel(Advance%202005)(StefWan-Team)/" "Mozilla/5.0 (Windows; U; Windows NT 5.1; en-US; rv:1.8.1.11) Gecko/20071127 Firefox/2.0.0.11"
64.17.68.155 - - [06/Jan/2008:22:26:42 -0800] "www.modestolan.com: GET /icons/back.gif HTTP/1.1" 200 216 "http://www.modestolan.com/xwred1/mp3/Depeche%20Mode%20-%20Playing%20The%20Angel(Advance%202005)(StefWan-Team)/" "Mozilla/5.0 (Windows; U; Windows NT 5.1; en-US; rv:1.8.1.11) Gecko/20071127 Firefox/2.0.0.11"
64.17.68.155 - - [06/Jan/2008:22:26:42 -0800] "www.modestolan.com: GET /icons/sound2.gif HTTP/1.1" 200 221 "http://www.modestolan.com/xwred1/mp3/Depeche%20Mode%20-%20Playing%20The%20Angel(Advance%202005)(StefWan-Team)/" "Mozilla/5.0 (Windows; U; Windows NT 5.1; en-US; rv:1.8.1.11) Gecko/20071127 Firefox/2.0.0.11"
64.17.68.155 - - [06/Jan/2008:22:26:42 -0800] "www.modestolan.com: GET /icons/text.gif HTTP/1.1" 200 229 "http://www.modestolan.com/xwred1/mp3/Depeche%20Mode%20-%20Playing%20The%20Angel(Advance%202005)(StefWan-Team)/" "Mozilla/5.0 (Windows; U; Windows NT 5.1; en-US; rv:1.8.1.11) Gecko/20071127 Firefox/2.0.0.11"
