24.197.4.214 - - [06/Jan/2008:13:59:04 -0800] "www.modestolan.com: GET /~twentydead/nick_swardson/ HTTP/1.1" 200 1115 "http://www.modestolan.com/~twentydead/?M=D" "Mozilla/5.0 (Windows; U; Windows NT 6.0; en-US; rv:1.9b2) Gecko/2007121120 Firefox/3.0b2"
24.197.4.214 - - [06/Jan/2008:13:59:05 -0800] "www.modestolan.com: GET /~twentydead/nick_swardson/Party/ HTTP/1.1" 200 4127 "http://www.modestolan.com/~twentydead/nick_swardson/" "Mozilla/5.0 (Windows; U; Windows NT 6.0; en-US; rv:1.9b2) Gecko/2007121120 Firefox/3.0b2"
24.197.4.214 - - [06/Jan/2008:13:59:09 -0800] "www.modestolan.com: GET /~twentydead/shitboxsweepstakes.jpg HTTP/1.1" 200 205335 "http://www.modestolan.com/~twentydead/?M=D" "Mozilla/5.0 (Windows; U; Windows NT 6.0; en-US; rv:1.9b2) Gecko/2007121120 Firefox/3.0b2"
24.197.4.214 - - [06/Jan/2008:13:59:12 -0800] "www.modestolan.com: GET /~twentydead/P1020563.jpg HTTP/1.1" 200 283613 "http://www.modestolan.com/~twentydead/?M=D" "Mozilla/5.0 (Windows; U; Windows NT 6.0; en-US; rv:1.9b2) Gecko/2007121120 Firefox/3.0b2"
24.197.4.214 - - [06/Jan/2008:13:59:14 -0800] "www.modestolan.com: GET /~twentydead/me.jpg HTTP/1.1" 200 124383 "http://www.modestolan.com/~twentydead/?M=D" "Mozilla/5.0 (Windows; U; Windows NT 6.0; en-US; rv:1.9b2) Gecko/2007121120 Firefox/3.0b2"
24.197.4.214 - - [06/Jan/2008:13:59:17 -0800] "www.modestolan.com: GET /~twentydead/ganked.jpg HTTP/1.1" 200 172334 "http://www.modestolan.com/~twentydead/?M=D" "Mozilla/5.0 (Windows; U; Windows NT 6.0; en-US; rv:1.9b2) Gecko/2007121120 Firefox/3.0b2"
24.197.4.214 - - [06/Jan/2008:13:59:21 -0800] "www.modestolan.com: GET /~twentydead/china.JPG HTTP/1.1" 200 180301 "http://www.modestolan.com/~twentydead/?M=D" "Mozilla/5.0 (Windows; U; Windows NT 6.0; en-US; rv:1.9b2) Gecko/2007121120 Firefox/3.0b2"
66.249.70.51 - - [06/Jan/2008:13:59:22 -0800] "www.modestolan.com: GET /vb/calendar.php?do=add&c=2&day=2006-6-21 HTTP/1.1" 200 6381 "-" "Mozilla/5.0 (compatible; Googlebot/2.1; +http://www.google.com/bot.html)"
66.249.70.51 - - [06/Jan/2008:13:59:28 -0800] "www.modestolan.com: GET /vb/calendar.php?do=add&c=2&day=2006-2-20 HTTP/1.1" 200 6382 "-" "Mozilla/5.0 (compatible; Googlebot/2.1; +http://www.google.com/bot.html)"
24.197.4.214 - - [06/Jan/2008:13:59:35 -0800] "www.modestolan.com: GET /~twentydead/metacity.png HTTP/1.1" 200 698606 "http://www.modestolan.com/~twentydead/?M=D" "Mozilla/5.0 (Windows; U; Windows NT 6.0; en-US; rv:1.9b2) Gecko/2007121120 Firefox/3.0b2"
66.249.70.51 - - [06/Jan/2008:13:59:35 -0800] "www.modestolan.com: GET /vb/calendar.php?do=add&c=2&day=2006-10-20 HTTP/1.1" 200 6383 "-" "Mozilla/5.0 (compatible; Googlebot/2.1; +http://www.google.com/bot.html)"
74.6.26.19 - - [06/Jan/2008:13:59:41 -0800] "www.modestolan.com: GET /~twentydead/gallery/view_album.php?set_albumName=Davis2005 HTTP/1.0" 200 5787 "-" "Mozilla/5.0 (compatible; Yahoo! Slurp; http://help.yahoo.com/help/us/ysearch/slurp)"
24.197.4.214 - - [06/Jan/2008:13:59:41 -0800] "www.modestolan.com: GET /~twentydead/linux.png HTTP/1.1" 200 1087321 "http://www.modestolan.com/~twentydead/?M=D" "Mozilla/5.0 (Windows; U; Windows NT 6.0; en-US; rv:1.9b2) Gecko/2007121120 Firefox/3.0b2"
66.249.70.51 - - [06/Jan/2008:13:59:43 -0800] "www.modestolan.com: GET /vb/calendar.php?do=add&c=2&day=2006-10-28 HTTP/1.1" 200 6381 "-" "Mozilla/5.0 (compatible; Googlebot/2.1; +http://www.google.com/bot.html)"
66.249.70.51 - - [06/Jan/2008:13:59:51 -0800] "www.modestolan.com: GET /vb/calendar.php?do=add&c=2&day=2006-4-12 HTTP/1.1" 200 6380 "-" "Mozilla/5.0 (compatible; Googlebot/2.1; +http://www.google.com/bot.html)"
24.197.4.214 - - [06/Jan/2008:13:59:51 -0800] "www.modestolan.com: GET /~twentydead/americanhistoryxp.jpg HTTP/1.1" 200 36434 "http://www.modestolan.com/~twentydead/?M=D" "Mozilla/5.0 (Windows; U; Windows NT 6.0; en-US; rv:1.9b2) Gecko/2007121120 Firefox/3.0b2"
24.197.4.214 - - [06/Jan/2008:13:59:54 -0800] "www.modestolan.com: GET /~twentydead/fear.JPG HTTP/1.1" 200 23598 "http://www.modestolan.com/~twentydead/?M=D" "Mozilla/5.0 (Windows; U; Windows NT 6.0; en-US; rv:1.9b2) Gecko/2007121120 Firefox/3.0b2"
66.249.70.51 - - [06/Jan/2008:13:59:58 -0800] "www.modestolan.com: GET /vb/calendar.php?do=add&c=2&day=2006-7-31 HTTP/1.1" 200 6383 "-" "Mozilla/5.0 (compatible; Googlebot/2.1; +http://www.google.com/bot.html)"
24.197.4.214 - - [06/Jan/2008:13:59:58 -0800] "www.modestolan.com: GET /~twentydead/lolmcaffee.JPG HTTP/1.1" 200 121060 "http://www.modestolan.com/~twentydead/?M=D" "Mozilla/5.0 (Windows; U; Windows NT 6.0; en-US; rv:1.9b2) Gecko/2007121120 Firefox/3.0b2"
66.249.70.51 - - [06/Jan/2008:14:00:06 -0800] "www.modestolan.com: GET /vb/calendar.php?do=add&c=2&day=2006-6-24 HTTP/1.1" 200 6382 "-" "Mozilla/5.0 (compatible; Googlebot/2.1; +http://www.google.com/bot.html)"
24.197.4.214 - - [06/Jan/2008:14:00:07 -0800] "www.modestolan.com: GET /~twentydead/joey.png HTTP/1.1" 200 352516 "http://www.modestolan.com/~twentydead/?M=D" "Mozilla/5.0 (Windows; U; Windows NT 6.0; en-US; rv:1.9b2) Gecko/2007121120 Firefox/3.0b2"
24.197.4.214 - - [06/Jan/2008:14:00:11 -0800] "www.modestolan.com: GET /~twentydead/fall07draft.html HTTP/1.1" 200 52039 "http://www.modestolan.com/~twentydead/?M=D" "Mozilla/5.0 (Windows; U; Windows NT 6.0; en-US; rv:1.9b2) Gecko/2007121120 Firefox/3.0b2"
66.249.70.51 - - [06/Jan/2008:14:00:14 -0800] "www.modestolan.com: GET /vb/calendar.php?do=add&c=2&day=2006-8-3 HTTP/1.1" 200 6380 "-" "Mozilla/5.0 (compatible; Googlebot/2.1; +http://www.google.com/bot.html)"
66.249.70.51 - - [06/Jan/2008:14:00:21 -0800] "www.modestolan.com: GET /vb/calendar.php?c=2&week=1149379200 HTTP/1.1" 200 7177 "-" "Mozilla/5.0 (compatible; Googlebot/2.1; +http://www.google.com/bot.html)"
24.197.4.214 - - [06/Jan/2008:14:00:23 -0800] "www.modestolan.com: GET /~twentydead/wow.jpg HTTP/1.1" 200 381818 "http://www.modestolan.com/~twentydead/?M=D" "Mozilla/5.0 (Windows; U; Windows NT 6.0; en-US; rv:1.9b2) Gecko/2007121120 Firefox/3.0b2"
66.249.70.51 - - [06/Jan/2008:14:00:29 -0800] "www.modestolan.com: GET /vb/calendar.php?do=add&c=2&day=2006-3-14 HTTP/1.1" 200 6382 "-" "Mozilla/5.0 (compatible; Googlebot/2.1; +http://www.google.com/bot.html)"
66.249.70.51 - - [06/Jan/2008:14:00:37 -0800] "www.modestolan.com: GET /vb/calendar.php?do=add&c=2&day=2006-11-13 HTTP/1.1" 200 6382 "-" "Mozilla/5.0 (compatible; Googlebot/2.1; +http://www.google.com/bot.html)"
66.249.70.51 - - [06/Jan/2008:14:00:45 -0800] "www.modestolan.com: GET /vb/calendar.php?do=add&c=2&day=2006-1-20 HTTP/1.1" 200 6381 "-" "Mozilla/5.0 (compatible; Googlebot/2.1; +http://www.google.com/bot.html)"
66.249.70.51 - - [06/Jan/2008:14:00:52 -0800] "www.modestolan.com: GET /vb/calendar.php?do=add&c=2&day=2006-5-27 HTTP/1.1" 200 6383 "-" "Mozilla/5.0 (compatible; Googlebot/2.1; +http://www.google.com/bot.html)"
66.249.70.51 - - [06/Jan/2008:14:01:00 -0800] "www.modestolan.com: GET /vb/calendar.php?do=add&c=2&day=2006-3-13 HTTP/1.1" 200 6381 "-" "Mozilla/5.0 (compatible; Googlebot/2.1; +http://www.google.com/bot.html)"
66.249.70.51 - - [06/Jan/2008:14:01:08 -0800] "www.modestolan.com: GET /vb/calendar.php?do=add&c=2&day=2006-3-7 HTTP/1.1" 200 6381 "-" "Mozilla/5.0 (compatible; Googlebot/2.1; +http://www.google.com/bot.html)"
66.249.70.51 - - [06/Jan/2008:14:01:15 -0800] "www.modestolan.com: GET /vb/calendar.php?do=add&c=2&day=2006-2-19 HTTP/1.1" 200 6384 "-" "Mozilla/5.0 (compatible; Googlebot/2.1; +http://www.google.com/bot.html)"
66.249.70.51 - - [06/Jan/2008:14:01:23 -0800] "www.modestolan.com: GET /vb/calendar.php?do=add&c=2&day=2006-9-26 HTTP/1.1" 200 6381 "-" "Mozilla/5.0 (compatible; Googlebot/2.1; +http://www.google.com/bot.html)"
24.197.4.214 - - [06/Jan/2008:14:01:31 -0800] "www.modestolan.com: GET /vb/ HTTP/1.1" 200 8983 "-" "Mozilla/5.0 (Windows; U; Windows NT 6.0; en-US; rv:1.9b2) Gecko/2007121120 Firefox/3.0b2"
66.249.70.51 - - [06/Jan/2008:14:01:31 -0800] "www.modestolan.com: GET /vb/calendar.php?do=add&c=2&day=2006-6-2 HTTP/1.1" 200 6380 "-" "Mozilla/5.0 (compatible; Googlebot/2.1; +http://www.google.com/bot.html)"
24.197.4.214 - - [06/Jan/2008:14:01:31 -0800] "www.modestolan.com: GET /php/menu.php HTTP/1.1" 200 21682 "http://www.modestolan.com/vb/" "Mozilla/5.0 (Windows; U; Windows NT 6.0; en-US; rv:1.9b2) Gecko/2007121120 Firefox/3.0b2"
24.197.4.214 - - [06/Jan/2008:14:01:32 -0800] "www.modestolan.com: GET /vb/cron.php?&rand=187480 HTTP/1.1" 200 43 "http://www.modestolan.com/vb/" "Mozilla/5.0 (Windows; U; Windows NT 6.0; en-US; rv:1.9b2) Gecko/2007121120 Firefox/3.0b2"
24.197.4.214 - - [06/Jan/2008:14:01:38 -0800] "www.modestolan.com: GET /vb HTTP/1.1" 301 363 "http://www.modestolan.com/vb/" "Mozilla/5.0 (Windows; U; Windows NT 6.0; en-US; rv:1.9b2) Gecko/2007121120 Firefox/3.0b2"
66.249.70.51 - - [06/Jan/2008:14:01:38 -0800] "www.modestolan.com: GET /vb/calendar.php?do=add&c=2&day=2006-5-25 HTTP/1.1" 200 6381 "-" "Mozilla/5.0 (compatible; Googlebot/2.1; +http://www.google.com/bot.html)"
24.197.4.214 - - [06/Jan/2008:14:01:39 -0800] "www.modestolan.com: GET /vb/ HTTP/1.1" 200 8983 "http://www.modestolan.com/vb/" "Mozilla/5.0 (Windows; U; Windows NT 6.0; en-US; rv:1.9b2) Gecko/2007121120 Firefox/3.0b2"
24.197.4.214 - - [06/Jan/2008:14:01:39 -0800] "www.modestolan.com: GET /php/menu.php HTTP/1.1" 200 21682 "http://www.modestolan.com/vb/" "Mozilla/5.0 (Windows; U; Windows NT 6.0; en-US; rv:1.9b2) Gecko/2007121120 Firefox/3.0b2"
24.197.4.214 - - [06/Jan/2008:14:01:40 -0800] "www.modestolan.com: GET /vb/cron.php?&rand=951893 HTTP/1.1" 200 43 "http://www.modestolan.com/vb/" "Mozilla/5.0 (Windows; U; Windows NT 6.0; en-US; rv:1.9b2) Gecko/2007121120 Firefox/3.0b2"
66.249.70.51 - - [06/Jan/2008:14:01:46 -0800] "www.modestolan.com: GET /vb/calendar.php?do=add&c=2&day=2006-9-1 HTTP/1.1" 200 6381 "-" "Mozilla/5.0 (compatible; Googlebot/2.1; +http://www.google.com/bot.html)"
66.249.70.51 - - [06/Jan/2008:14:01:54 -0800] "www.modestolan.com: GET /vb/calendar.php?c=2&week=1153612800 HTTP/1.1" 200 7140 "-" "Mozilla/5.0 (compatible; Googlebot/2.1; +http://www.google.com/bot.html)"
66.249.70.51 - - [06/Jan/2008:14:02:02 -0800] "www.modestolan.com: GET /vb/calendar.php?c=2&week=1165708800 HTTP/1.1" 200 7131 "-" "Mozilla/5.0 (compatible; Googlebot/2.1; +http://www.google.com/bot.html)"
67.171.142.139 - - [06/Jan/2008:14:02:03 -0800] "www.modestolan.com: GET /xwred1/burning-monk.jpg HTTP/1.1" 304 - "http://profile.myspace.com/index.cfm?fuseaction=user.viewprofile&friendid=29069126&MyToken=22d02038-7818-462c-b14d-504009407d4e" "Mozilla/4.0 (compatible; MSIE 7.0; Windows NT 6.0; SLCC1; .NET CLR 2.0.50727; Media Center PC 5.0; .NET CLR 3.0.04506)"
66.249.70.51 - - [06/Jan/2008:14:02:09 -0800] "www.modestolan.com: GET /vb/calendar.php?c=2&week=1138492800 HTTP/1.1" 200 7351 "-" "Mozilla/5.0 (compatible; Googlebot/2.1; +http://www.google.com/bot.html)"
66.249.70.51 - - [06/Jan/2008:14:02:17 -0800] "www.modestolan.com: GET /vb/calendar.php?do=add&c=2&day=2006-7-11 HTTP/1.1" 200 6382 "-" "Mozilla/5.0 (compatible; Googlebot/2.1; +http://www.google.com/bot.html)"
66.249.70.51 - - [06/Jan/2008:14:02:25 -0800] "www.modestolan.com: GET /vb/calendar.php?do=add&c=2&day=2006-3-5 HTTP/1.1" 200 6380 "-" "Mozilla/5.0 (compatible; Googlebot/2.1; +http://www.google.com/bot.html)"
66.249.70.51 - - [06/Jan/2008:14:02:32 -0800] "www.modestolan.com: GET /vb/calendar.php?c=2&week=1162684800 HTTP/1.1" 200 7083 "-" "Mozilla/5.0 (compatible; Googlebot/2.1; +http://www.google.com/bot.html)"
66.249.70.51 - - [06/Jan/2008:14:02:40 -0800] "www.modestolan.com: GET /vb/calendar.php?do=add&c=2&day=2006-7-12 HTTP/1.1" 200 6383 "-" "Mozilla/5.0 (compatible; Googlebot/2.1; +http://www.google.com/bot.html)"
66.249.70.51 - - [06/Jan/2008:14:02:42 -0800] "www.modestolan.com: GET /vb/calendar.php?c=1&week=1151798400&do=displayweek&month=7 HTTP/1.1" 200 7284 "-" "Mozilla/5.0 (compatible; Googlebot/2.1; +http://www.google.com/bot.html)"
66.249.70.51 - - [06/Jan/2008:14:02:48 -0800] "www.modestolan.com: GET /vb/calendar.php?do=add&c=2&day=2006-12-16 HTTP/1.1" 200 6381 "-" "Mozilla/5.0 (compatible; Googlebot/2.1; +http://www.google.com/bot.html)"
66.249.70.51 - - [06/Jan/2008:14:02:55 -0800] "www.modestolan.com: GET /vb/calendar.php?do=add&c=2&day=2006-6-13 HTTP/1.1" 200 6382 "-" "Mozilla/5.0 (compatible; Googlebot/2.1; +http://www.google.com/bot.html)"
66.249.70.51 - - [06/Jan/2008:14:03:03 -0800] "www.modestolan.com: GET /vb/calendar.php?do=add&c=2&day=2006-1-21 HTTP/1.1" 200 6382 "-" "Mozilla/5.0 (compatible; Googlebot/2.1; +http://www.google.com/bot.html)"
65.55.213.109 - - [06/Jan/2008:14:03:07 -0800] "www.modestolan.com: GET /vb/showthread.php?t=5645 HTTP/1.0" 200 41531 "-" "msnbot-media/1.0 (+http://search.msn.com/msnbot.htm)"
65.55.213.109 - - [06/Jan/2008:14:03:07 -0800] "www.modestolan.com: GET /vb/images/buttons/collapse_thead.gif HTTP/1.0" 200 91 "-" "msnbot-media/1.0 (+http://search.msn.com/msnbot.htm)"
82.99.30.4 - - [06/Jan/2008:14:03:08 -0800] "www.modestolan.com: GET /vb/image.php?s=3e8fd33f1766f15d6f888fe47629b3a6&u=652&dateline=1051771679 HTTP/1.0" 200 2314 "-" "Mozilla/4.0 (compatible; MSIE 6.0; Windows NT 5.1)"
65.55.213.109 - - [06/Jan/2008:14:03:08 -0800] "www.modestolan.com: GET /vb/member.php?u=1635 HTTP/1.0" 200 22866 "-" "msnbot-media/1.0 (+http://search.msn.com/msnbot.htm)"
65.55.213.109 - - [06/Jan/2008:14:03:08 -0800] "www.modestolan.com: GET /vb/images/misc/navbits_start.gif HTTP/1.0" 200 123 "-" "msnbot-media/1.0 (+http://search.msn.com/msnbot.htm)"
65.55.213.109 - - [06/Jan/2008:14:03:08 -0800] "www.modestolan.com: GET /vb/images/icons/icon5.gif HTTP/1.0" 200 355 "-" "msnbot-media/1.0 (+http://search.msn.com/msnbot.htm)"
66.249.70.51 - - [06/Jan/2008:14:03:11 -0800] "www.modestolan.com: GET /vb/calendar.php?do=add&c=2&day=2006-12-27 HTTP/1.1" 200 6383 "-" "Mozilla/5.0 (compatible; Googlebot/2.1; +http://www.google.com/bot.html)"
66.249.70.51 - - [06/Jan/2008:14:03:18 -0800] "www.modestolan.com: GET /vb/calendar.php?do=add&c=2&day=2006-11-20 HTTP/1.1" 200 6382 "-" "Mozilla/5.0 (compatible; Googlebot/2.1; +http://www.google.com/bot.html)"
66.249.70.51 - - [06/Jan/2008:14:03:26 -0800] "www.modestolan.com: GET /vb/calendar.php?do=add&c=2&day=2006-5-23 HTTP/1.1" 200 6382 "-" "Mozilla/5.0 (compatible; Googlebot/2.1; +http://www.google.com/bot.html)"
66.249.70.51 - - [06/Jan/2008:14:03:34 -0800] "www.modestolan.com: GET /vb/calendar.php?do=add&c=2&day=2006-4-25 HTTP/1.1" 200 6381 "-" "Mozilla/5.0 (compatible; Googlebot/2.1; +http://www.google.com/bot.html)"
66.249.70.51 - - [06/Jan/2008:14:03:42 -0800] "www.modestolan.com: GET /vb/calendar.php?do=add&c=2&day=2006-6-19 HTTP/1.1" 200 6384 "-" "Mozilla/5.0 (compatible; Googlebot/2.1; +http://www.google.com/bot.html)"
66.249.70.51 - - [06/Jan/2008:14:03:49 -0800] "www.modestolan.com: GET /vb/calendar.php?do=add&c=2&day=2006-3-16 HTTP/1.1" 200 6382 "-" "Mozilla/5.0 (compatible; Googlebot/2.1; +http://www.google.com/bot.html)"
66.249.70.51 - - [06/Jan/2008:14:03:57 -0800] "www.modestolan.com: GET /vb/calendar.php?do=add&c=2&day=2006-11-18 HTTP/1.1" 200 6384 "-" "Mozilla/5.0 (compatible; Googlebot/2.1; +http://www.google.com/bot.html)"
66.249.70.51 - - [06/Jan/2008:14:04:05 -0800] "www.modestolan.com: GET /vb/calendar.php?do=add&c=2&day=2006-3-17 HTTP/1.1" 200 6383 "-" "Mozilla/5.0 (compatible; Googlebot/2.1; +http://www.google.com/bot.html)"
66.249.70.51 - - [06/Jan/2008:14:04:12 -0800] "www.modestolan.com: GET /vb/calendar.php?c=2&week=1150588800 HTTP/1.1" 200 7121 "-" "Mozilla/5.0 (compatible; Googlebot/2.1; +http://www.google.com/bot.html)"
66.249.70.51 - - [06/Jan/2008:14:04:20 -0800] "www.modestolan.com: GET /vb/calendar.php?do=add&c=2&day=2006-6-26 HTTP/1.1" 200 6381 "-" "Mozilla/5.0 (compatible; Googlebot/2.1; +http://www.google.com/bot.html)"
66.249.70.51 - - [06/Jan/2008:14:04:28 -0800] "www.modestolan.com: GET /vb/calendar.php?do=add&c=2&day=2006-1-29 HTTP/1.1" 200 6383 "-" "Mozilla/5.0 (compatible; Googlebot/2.1; +http://www.google.com/bot.html)"
66.249.70.51 - - [06/Jan/2008:14:04:36 -0800] "www.modestolan.com: GET /vb/calendar.php?do=add&c=2&day=2006-11-17 HTTP/1.1" 200 6383 "-" "Mozilla/5.0 (compatible; Googlebot/2.1; +http://www.google.com/bot.html)"
66.249.70.51 - - [06/Jan/2008:14:04:43 -0800] "www.modestolan.com: GET /vb/calendar.php?c=2&week=1167523200 HTTP/1.1" 200 7439 "-" "Mozilla/5.0 (compatible; Googlebot/2.1; +http://www.google.com/bot.html)"
66.249.70.51 - - [06/Jan/2008:14:04:51 -0800] "www.modestolan.com: GET /vb/calendar.php?do=add&c=2&day=2006-11-14 HTTP/1.1" 200 6382 "-" "Mozilla/5.0 (compatible; Googlebot/2.1; +http://www.google.com/bot.html)"
70.107.120.198 - - [06/Jan/2008:14:04:54 -0800] "www.modestolan.com: GET /vb/avatar.php?userid=924&dateline=1101103211.jpeg HTTP/1.1" 404 337 "http://www.gamespot.com/news/6141519.html" "Mozilla/5.0 (Windows; U; Windows NT 5.1; en-US; rv:1.8.1.11) Gecko/20071127 Firefox/2.0.0.11"
66.249.70.51 - - [06/Jan/2008:14:04:59 -0800] "www.modestolan.com: GET /vb/calendar.php?do=add&c=2&day=2006-2-11 HTTP/1.1" 200 6381 "-" "Mozilla/5.0 (compatible; Googlebot/2.1; +http://www.google.com/bot.html)"
74.6.24.39 - - [06/Jan/2008:14:05:01 -0800] "www.modestolan.com: GET /vb/archive/index.php/t-5350.html HTTP/1.0" 200 7058 "-" "Mozilla/5.0 (compatible; Yahoo! Slurp; http://help.yahoo.com/help/us/ysearch/slurp)"
66.249.70.51 - - [06/Jan/2008:14:05:06 -0800] "www.modestolan.com: GET /vb/calendar.php?do=add&c=2&day=2006-12-11 HTTP/1.1" 200 6383 "-" "Mozilla/5.0 (compatible; Googlebot/2.1; +http://www.google.com/bot.html)"
66.249.70.51 - - [06/Jan/2008:14:05:14 -0800] "www.modestolan.com: GET /vb/calendar.php?do=add&c=2&day=2006-1-22 HTTP/1.1" 200 6381 "-" "Mozilla/5.0 (compatible; Googlebot/2.1; +http://www.google.com/bot.html)"
66.249.70.51 - - [06/Jan/2008:14:05:22 -0800] "www.modestolan.com: GET /vb/calendar.php?do=add&c=2&day=2006-5-21 HTTP/1.1" 200 6382 "-" "Mozilla/5.0 (compatible; Googlebot/2.1; +http://www.google.com/bot.html)"
74.6.26.228 - - [06/Jan/2008:14:05:22 -0800] "www.modestolan.com: GET /~nine/Nine_Inch_Nails-Live_In_Fresno_CA_03-23-2005-YKK/01-nine_inch_nails-intro-ykk.mp3 HTTP/1.0" 200 24017 "-" "Mozilla/5.0 (compatible; Yahoo! Slurp; http://help.yahoo.com/help/us/ysearch/slurp)"
66.249.70.51 - - [06/Jan/2008:14:05:29 -0800] "www.modestolan.com: GET /vb/calendar.php?do=add&c=2&day=2006-3-10 HTTP/1.1" 200 6383 "-" "Mozilla/5.0 (compatible; Googlebot/2.1; +http://www.google.com/bot.html)"
66.249.70.51 - - [06/Jan/2008:14:05:37 -0800] "www.modestolan.com: GET /vb/calendar.php?do=add&c=2&day=2006-3-9 HTTP/1.1" 200 6380 "-" "Mozilla/5.0 (compatible; Googlebot/2.1; +http://www.google.com/bot.html)"
66.249.70.51 - - [06/Jan/2008:14:05:45 -0800] "www.modestolan.com: GET /vb/calendar.php?do=add&c=2&day=2006-1-24 HTTP/1.1" 200 6381 "-" "Mozilla/5.0 (compatible; Googlebot/2.1; +http://www.google.com/bot.html)"
66.249.70.51 - - [06/Jan/2008:14:05:53 -0800] "www.modestolan.com: GET /vb/calendar.php?do=add&c=2&day=2006-8-2 HTTP/1.1" 200 6381 "-" "Mozilla/5.0 (compatible; Googlebot/2.1; +http://www.google.com/bot.html)"
66.249.70.51 - - [06/Jan/2008:14:06:00 -0800] "www.modestolan.com: GET /vb/calendar.php?do=add&c=2&day=2006-10-16 HTTP/1.1" 200 6383 "-" "Mozilla/5.0 (compatible; Googlebot/2.1; +http://www.google.com/bot.html)"
66.249.70.51 - - [06/Jan/2008:14:06:08 -0800] "www.modestolan.com: GET /vb/calendar.php?do=add&c=2&day=2006-5-30 HTTP/1.1" 200 6383 "-" "Mozilla/5.0 (compatible; Googlebot/2.1; +http://www.google.com/bot.html)"
66.249.70.51 - - [06/Jan/2008:14:06:16 -0800] "www.modestolan.com: GET /vb/calendar.php?do=add&c=2&day=2006-12-18 HTTP/1.1" 200 6383 "-" "Mozilla/5.0 (compatible; Googlebot/2.1; +http://www.google.com/bot.html)"
66.249.70.51 - - [06/Jan/2008:14:06:23 -0800] "www.modestolan.com: GET /vb/calendar.php?do=add&c=2&day=2006-1-30 HTTP/1.1" 200 6384 "-" "Mozilla/5.0 (compatible; Googlebot/2.1; +http://www.google.com/bot.html)"
66.249.70.51 - - [06/Jan/2008:14:06:31 -0800] "www.modestolan.com: GET /vb/calendar.php?do=add&c=2&day=2006-1-15 HTTP/1.1" 200 6382 "-" "Mozilla/5.0 (compatible; Googlebot/2.1; +http://www.google.com/bot.html)"
66.249.70.51 - - [06/Jan/2008:14:06:39 -0800] "www.modestolan.com: GET /vb/calendar.php?do=add&c=2&day=2006-7-13 HTTP/1.1" 200 6382 "-" "Mozilla/5.0 (compatible; Googlebot/2.1; +http://www.google.com/bot.html)"
66.249.70.51 - - [06/Jan/2008:14:06:46 -0800] "www.modestolan.com: GET /vb/calendar.php?do=add&c=2&day=2006-12-25 HTTP/1.1" 200 6382 "-" "Mozilla/5.0 (compatible; Googlebot/2.1; +http://www.google.com/bot.html)"
66.249.70.51 - - [06/Jan/2008:14:06:54 -0800] "www.modestolan.com: GET /vb/calendar.php?do=add&c=2&day=2006-12-17 HTTP/1.1" 200 6384 "-" "Mozilla/5.0 (compatible; Googlebot/2.1; +http://www.google.com/bot.html)"
66.249.70.51 - - [06/Jan/2008:14:07:02 -0800] "www.modestolan.com: GET /vb/calendar.php?do=add&c=2&day=2006-6-14 HTTP/1.1" 200 6382 "-" "Mozilla/5.0 (compatible; Googlebot/2.1; +http://www.google.com/bot.html)"
66.249.70.51 - - [06/Jan/2008:14:07:10 -0800] "www.modestolan.com: GET /vb/calendar.php?do=add&c=2&day=2006-4-11 HTTP/1.1" 200 6380 "-" "Mozilla/5.0 (compatible; Googlebot/2.1; +http://www.google.com/bot.html)"
66.249.70.51 - - [06/Jan/2008:14:07:17 -0800] "www.modestolan.com: GET /vb/calendar.php?do=add&c=2&day=2006-4-27 HTTP/1.1" 200 6383 "-" "Mozilla/5.0 (compatible; Googlebot/2.1; +http://www.google.com/bot.html)"
66.249.70.51 - - [06/Jan/2008:14:07:25 -0800] "www.modestolan.com: GET /vb/calendar.php?c=2&week=1145145600 HTTP/1.1" 200 7281 "-" "Mozilla/5.0 (compatible; Googlebot/2.1; +http://www.google.com/bot.html)"
66.249.70.51 - - [06/Jan/2008:14:07:33 -0800] "www.modestolan.com: GET /vb/calendar.php?do=add&c=2&day=2006-11-25 HTTP/1.1" 200 6382 "-" "Mozilla/5.0 (compatible; Googlebot/2.1; +http://www.google.com/bot.html)"
66.249.70.51 - - [06/Jan/2008:14:07:40 -0800] "www.modestolan.com: GET /vb/calendar.php?do=add&c=2&day=2006-11-19 HTTP/1.1" 200 6383 "-" "Mozilla/5.0 (compatible; Googlebot/2.1; +http://www.google.com/bot.html)"
66.249.70.51 - - [06/Jan/2008:14:07:48 -0800] "www.modestolan.com: GET /vb/calendar.php?do=add&c=2&day=2006-2-4 HTTP/1.1" 200 6381 "-" "Mozilla/5.0 (compatible; Googlebot/2.1; +http://www.google.com/bot.html)"
66.249.70.51 - - [06/Jan/2008:14:07:56 -0800] "www.modestolan.com: GET /vb/calendar.php?do=add&c=2&day=2006-9-29 HTTP/1.1" 200 6384 "-" "Mozilla/5.0 (compatible; Googlebot/2.1; +http://www.google.com/bot.html)"
66.249.70.51 - - [06/Jan/2008:14:08:03 -0800] "www.modestolan.com: GET /vb/calendar.php?do=add&c=2&day=2006-3-12 HTTP/1.1" 200 6382 "-" "Mozilla/5.0 (compatible; Googlebot/2.1; +http://www.google.com/bot.html)"
66.249.70.51 - - [06/Jan/2008:14:08:11 -0800] "www.modestolan.com: GET /vb/calendar.php?do=add&c=2&day=2006-5-24 HTTP/1.1" 200 6381 "-" "Mozilla/5.0 (compatible; Googlebot/2.1; +http://www.google.com/bot.html)"
66.249.70.51 - - [06/Jan/2008:14:08:19 -0800] "www.modestolan.com: GET /vb/calendar.php?do=add&c=2&day=2006-6-29 HTTP/1.1" 200 6382 "-" "Mozilla/5.0 (compatible; Googlebot/2.1; +http://www.google.com/bot.html)"
66.249.70.51 - - [06/Jan/2008:14:08:27 -0800] "www.modestolan.com: GET /vb/calendar.php?do=add&c=2&day=2006-4-14 HTTP/1.1" 200 6382 "-" "Mozilla/5.0 (compatible; Googlebot/2.1; +http://www.google.com/bot.html)"
66.249.70.51 - - [06/Jan/2008:14:08:34 -0800] "www.modestolan.com: GET /vb/calendar.php?do=add&c=2&day=2006-6-17 HTTP/1.1" 200 6383 "-" "Mozilla/5.0 (compatible; Googlebot/2.1; +http://www.google.com/bot.html)"
122.152.128.48 - - [06/Jan/2008:14:08:39 -0800] "www.modestolan.com: GET / HTTP/1.1" 200 17130 "-" "Baiduspider+(+http://www.baidu.com/search/spider_jp.html)"
66.249.70.51 - - [06/Jan/2008:14:08:42 -0800] "www.modestolan.com: GET /vb/calendar.php?do=add&c=2&day=2006-7-17 HTTP/1.1" 200 6383 "-" "Mozilla/5.0 (compatible; Googlebot/2.1; +http://www.google.com/bot.html)"
66.249.70.51 - - [06/Jan/2008:14:08:50 -0800] "www.modestolan.com: GET /vb/calendar.php?c=2&week=1140912000 HTTP/1.1" 200 7537 "-" "Mozilla/5.0 (compatible; Googlebot/2.1; +http://www.google.com/bot.html)"
65.55.213.109 - - [06/Jan/2008:14:08:56 -0800] "www.modestolan.com: GET /vb/image.php?u=516&dateline=1158018158 HTTP/1.0" 200 11650 "-" "msnbot-media/1.0 (+http://search.msn.com/msnbot.htm)"
65.55.213.109 - - [06/Jan/2008:14:08:57 -0800] "www.modestolan.com: GET /vb/memberlist.php?&order=desc&sort=username&pp=30&page=2 HTTP/1.0" 200 40090 "-" "msnbot-media/1.0 (+http://search.msn.com/msnbot.htm)"
66.249.70.51 - - [06/Jan/2008:14:08:57 -0800] "www.modestolan.com: GET /vb/calendar.php?do=add&c=2&day=2006-3-2 HTTP/1.1" 200 6381 "-" "Mozilla/5.0 (compatible; Googlebot/2.1; +http://www.google.com/bot.html)"
65.55.213.109 - - [06/Jan/2008:14:08:58 -0800] "www.modestolan.com: GET /vb/image.php?u=867&dateline=1191001815 HTTP/1.0" 200 29522 "-" "msnbot-media/1.0 (+http://search.msn.com/msnbot.htm)"
65.55.213.109 - - [06/Jan/2008:14:09:00 -0800] "www.modestolan.com: GET /vb/image.php?u=1025&dateline=1169021915 HTTP/1.0" 200 26591 "-" "msnbot-media/1.0 (+http://search.msn.com/msnbot.htm)"
65.55.213.109 - - [06/Jan/2008:14:09:00 -0800] "www.modestolan.com: GET /vb/image.php?u=946&dateline=1099246818 HTTP/1.0" 200 24244 "-" "msnbot-media/1.0 (+http://search.msn.com/msnbot.htm)"
65.55.213.109 - - [06/Jan/2008:14:09:01 -0800] "www.modestolan.com: GET /vb/image.php?u=659&dateline=1125108442 HTTP/1.0" 200 3039 "-" "msnbot-media/1.0 (+http://search.msn.com/msnbot.htm)"
66.249.70.51 - - [06/Jan/2008:14:09:05 -0800] "www.modestolan.com: GET /vb/calendar.php?do=add&c=2&day=2006-1-25 HTTP/1.1" 200 6382 "-" "Mozilla/5.0 (compatible; Googlebot/2.1; +http://www.google.com/bot.html)"
66.249.70.51 - - [06/Jan/2008:14:09:13 -0800] "www.modestolan.com: GET /vb/calendar.php?do=add&c=2&day=2006-9-3 HTTP/1.1" 200 6380 "-" "Mozilla/5.0 (compatible; Googlebot/2.1; +http://www.google.com/bot.html)"
66.249.70.51 - - [06/Jan/2008:14:09:20 -0800] "www.modestolan.com: GET /vb/calendar.php?do=add&c=2&day=2006-11-12 HTTP/1.1" 200 6383 "-" "Mozilla/5.0 (compatible; Googlebot/2.1; +http://www.google.com/bot.html)"
82.99.30.61 - - [06/Jan/2008:14:09:26 -0800] "www.modestolan.com: GET /vb/newreply.php?s=3e8fd33f1766f15d6f888fe47629b3a6&do=newreply&p=48784 HTTP/1.0" 200 25576 "-" "Mozilla/4.0 (compatible; MSIE 6.0; Windows NT 5.1)"
66.249.70.51 - - [06/Jan/2008:14:09:28 -0800] "www.modestolan.com: GET /vb/calendar.php?do=add&c=2&day=2006-10-24 HTTP/1.1" 200 6383 "-" "Mozilla/5.0 (compatible; Googlebot/2.1; +http://www.google.com/bot.html)"
66.249.70.51 - - [06/Jan/2008:14:09:36 -0800] "www.modestolan.com: GET /vb/calendar.php?do=add&c=2&day=2006-4-28 HTTP/1.1" 200 6383 "-" "Mozilla/5.0 (compatible; Googlebot/2.1; +http://www.google.com/bot.html)"
68.116.82.112 - - [06/Jan/2008:14:09:42 -0800] "www.modestolan.com: GET / HTTP/1.1" 200 24084 "-" "Mozilla/4.0 (compatible; MSIE 6.0; Windows NT 5.1; SV1; .NET CLR 1.0.3705; .NET CLR 1.1.4322; Media Center PC 4.0)"
68.116.82.112 - - [06/Jan/2008:14:09:42 -0800] "www.modestolan.com: GET /tables.css HTTP/1.1" 304 - "http://www.modestolan.com/" "Mozilla/4.0 (compatible; MSIE 6.0; Windows NT 5.1; SV1; .NET CLR 1.0.3705; .NET CLR 1.1.4322; Media Center PC 4.0)"
68.116.82.112 - - [06/Jan/2008:14:09:42 -0800] "www.modestolan.com: GET /images/bg_small.jpg HTTP/1.1" 304 - "http://www.modestolan.com/" "Mozilla/4.0 (compatible; MSIE 6.0; Windows NT 5.1; SV1; .NET CLR 1.0.3705; .NET CLR 1.1.4322; Media Center PC 4.0)"
68.116.82.112 - - [06/Jan/2008:14:09:42 -0800] "www.modestolan.com: GET /php/menu.php HTTP/1.1" 200 21682 "http://www.modestolan.com/" "Mozilla/4.0 (compatible; MSIE 6.0; Windows NT 5.1; SV1; .NET CLR 1.0.3705; .NET CLR 1.1.4322; Media Center PC 4.0)"
68.116.82.112 - - [06/Jan/2008:14:09:42 -0800] "www.modestolan.com: GET /images/menu/1.gif HTTP/1.1" 304 - "http://www.modestolan.com/" "Mozilla/4.0 (compatible; MSIE 6.0; Windows NT 5.1; SV1; .NET CLR 1.0.3705; .NET CLR 1.1.4322; Media Center PC 4.0)"
68.116.82.112 - - [06/Jan/2008:14:09:42 -0800] "www.modestolan.com: GET /images/menu/2.gif HTTP/1.1" 304 - "http://www.modestolan.com/" "Mozilla/4.0 (compatible; MSIE 6.0; Windows NT 5.1; SV1; .NET CLR 1.0.3705; .NET CLR 1.1.4322; Media Center PC 4.0)"
68.116.82.112 - - [06/Jan/2008:14:09:42 -0800] "www.modestolan.com: GET /images/menu/3.gif HTTP/1.1" 304 - "http://www.modestolan.com/" "Mozilla/4.0 (compatible; MSIE 6.0; Windows NT 5.1; SV1; .NET CLR 1.0.3705; .NET CLR 1.1.4322; Media Center PC 4.0)"
68.116.82.112 - - [06/Jan/2008:14:09:42 -0800] "www.modestolan.com: GET /images/menu/4.gif HTTP/1.1" 304 - "http://www.modestolan.com/" "Mozilla/4.0 (compatible; MSIE 6.0; Windows NT 5.1; SV1; .NET CLR 1.0.3705; .NET CLR 1.1.4322; Media Center PC 4.0)"
68.116.82.112 - - [06/Jan/2008:14:09:42 -0800] "www.modestolan.com: GET /images/landate.swf HTTP/1.1" 304 - "http://www.modestolan.com/" "Mozilla/4.0 (compatible; MSIE 6.0; Windows NT 5.1; SV1; .NET CLR 1.0.3705; .NET CLR 1.1.4322; Media Center PC 4.0)"
68.116.82.112 - - [06/Jan/2008:14:09:42 -0800] "www.modestolan.com: GET /images/menu/8.gif HTTP/1.1" 304 - "http://www.modestolan.com/" "Mozilla/4.0 (compatible; MSIE 6.0; Windows NT 5.1; SV1; .NET CLR 1.0.3705; .NET CLR 1.1.4322; Media Center PC 4.0)"
68.116.82.112 - - [06/Jan/2008:14:09:43 -0800] "www.modestolan.com: GET /images/menu/5.gif HTTP/1.1" 304 - "http://www.modestolan.com/" "Mozilla/4.0 (compatible; MSIE 6.0; Windows NT 5.1; SV1; .NET CLR 1.0.3705; .NET CLR 1.1.4322; Media Center PC 4.0)"
68.116.82.112 - - [06/Jan/2008:14:09:43 -0800] "www.modestolan.com: GET /images/menu/6.gif HTTP/1.1" 304 - "http://www.modestolan.com/" "Mozilla/4.0 (compatible; MSIE 6.0; Windows NT 5.1; SV1; .NET CLR 1.0.3705; .NET CLR 1.1.4322; Media Center PC 4.0)"
68.116.82.112 - - [06/Jan/2008:14:09:43 -0800] "www.modestolan.com: GET /images/menu/7.gif HTTP/1.1" 304 - "http://www.modestolan.com/" "Mozilla/4.0 (compatible; MSIE 6.0; Windows NT 5.1; SV1; .NET CLR 1.0.3705; .NET CLR 1.1.4322; Media Center PC 4.0)"
68.116.82.112 - - [06/Jan/2008:14:09:43 -0800] "www.modestolan.com: GET /images/transparent.gif HTTP/1.1" 304 - "http://www.modestolan.com/" "Mozilla/4.0 (compatible; MSIE 6.0; Windows NT 5.1; SV1; .NET CLR 1.0.3705; .NET CLR 1.1.4322; Media Center PC 4.0)"
68.116.82.112 - - [06/Jan/2008:14:09:43 -0800] "www.modestolan.com: GET /images/top_14.gif HTTP/1.1" 304 - "http://www.modestolan.com/" "Mozilla/4.0 (compatible; MSIE 6.0; Windows NT 5.1; SV1; .NET CLR 1.0.3705; .NET CLR 1.1.4322; Media Center PC 4.0)"
68.116.82.112 - - [06/Jan/2008:14:09:43 -0800] "www.modestolan.com: GET /images/top_12.gif HTTP/1.1" 304 - "http://www.modestolan.com/" "Mozilla/4.0 (compatible; MSIE 6.0; Windows NT 5.1; SV1; .NET CLR 1.0.3705; .NET CLR 1.1.4322; Media Center PC 4.0)"
68.116.82.112 - - [06/Jan/2008:14:09:43 -0800] "www.modestolan.com: GET /transparent.gif HTTP/1.1" 304 - "http://www.modestolan.com/" "Mozilla/4.0 (compatible; MSIE 6.0; Windows NT 5.1; SV1; .NET CLR 1.0.3705; .NET CLR 1.1.4322; Media Center PC 4.0)"
68.116.82.112 - - [06/Jan/2008:14:09:43 -0800] "www.modestolan.com: GET /images/top_01.gif HTTP/1.1" 304 - "http://www.modestolan.com/" "Mozilla/4.0 (compatible; MSIE 6.0; Windows NT 5.1; SV1; .NET CLR 1.0.3705; .NET CLR 1.1.4322; Media Center PC 4.0)"
68.116.82.112 - - [06/Jan/2008:14:09:43 -0800] "www.modestolan.com: GET /images/top_03.gif HTTP/1.1" 304 - "http://www.modestolan.com/" "Mozilla/4.0 (compatible; MSIE 6.0; Windows NT 5.1; SV1; .NET CLR 1.0.3705; .NET CLR 1.1.4322; Media Center PC 4.0)"
68.116.82.112 - - [06/Jan/2008:14:09:43 -0800] "www.modestolan.com: GET /images/top_02.gif HTTP/1.1" 304 - "http://www.modestolan.com/" "Mozilla/4.0 (compatible; MSIE 6.0; Windows NT 5.1; SV1; .NET CLR 1.0.3705; .NET CLR 1.1.4322; Media Center PC 4.0)"
68.116.82.112 - - [06/Jan/2008:14:09:43 -0800] "www.modestolan.com: GET /images/top_04.gif HTTP/1.1" 304 - "http://www.modestolan.com/" "Mozilla/4.0 (compatible; MSIE 6.0; Windows NT 5.1; SV1; .NET CLR 1.0.3705; .NET CLR 1.1.4322; Media Center PC 4.0)"
68.116.82.112 - - [06/Jan/2008:14:09:43 -0800] "www.modestolan.com: GET /images/top_06.gif HTTP/1.1" 304 - "http://www.modestolan.com/" "Mozilla/4.0 (compatible; MSIE 6.0; Windows NT 5.1; SV1; .NET CLR 1.0.3705; .NET CLR 1.1.4322; Media Center PC 4.0)"
68.116.82.112 - - [06/Jan/2008:14:09:43 -0800] "www.modestolan.com: GET /images/top_05.gif HTTP/1.1" 304 - "http://www.modestolan.com/" "Mozilla/4.0 (compatible; MSIE 6.0; Windows NT 5.1; SV1; .NET CLR 1.0.3705; .NET CLR 1.1.4322; Media Center PC 4.0)"
68.116.82.112 - - [06/Jan/2008:14:09:43 -0800] "www.modestolan.com: GET /images/top_07.gif HTTP/1.1" 304 - "http://www.modestolan.com/" "Mozilla/4.0 (compatible; MSIE 6.0; Windows NT 5.1; SV1; .NET CLR 1.0.3705; .NET CLR 1.1.4322; Media Center PC 4.0)"
68.116.82.112 - - [06/Jan/2008:14:09:43 -0800] "www.modestolan.com: GET /images/top_08.gif HTTP/1.1" 304 - "http://www.modestolan.com/" "Mozilla/4.0 (compatible; MSIE 6.0; Windows NT 5.1; SV1; .NET CLR 1.0.3705; .NET CLR 1.1.4322; Media Center PC 4.0)"
68.116.82.112 - - [06/Jan/2008:14:09:43 -0800] "www.modestolan.com: GET /images/top_09.gif HTTP/1.1" 304 - "http://www.modestolan.com/" "Mozilla/4.0 (compatible; MSIE 6.0; Windows NT 5.1; SV1; .NET CLR 1.0.3705; .NET CLR 1.1.4322; Media Center PC 4.0)"
68.116.82.112 - - [06/Jan/2008:14:09:43 -0800] "www.modestolan.com: GET /images/top_13.gif HTTP/1.1" 304 - "http://www.modestolan.com/" "Mozilla/4.0 (compatible; MSIE 6.0; Windows NT 5.1; SV1; .NET CLR 1.0.3705; .NET CLR 1.1.4322; Media Center PC 4.0)"
68.116.82.112 - - [06/Jan/2008:14:09:43 -0800] "www.modestolan.com: GET /images/top_11.gif HTTP/1.1" 304 - "http://www.modestolan.com/" "Mozilla/4.0 (compatible; MSIE 6.0; Windows NT 5.1; SV1; .NET CLR 1.0.3705; .NET CLR 1.1.4322; Media Center PC 4.0)"
68.116.82.112 - - [06/Jan/2008:14:09:43 -0800] "www.modestolan.com: GET /images/sponsors/geeks.com.gif HTTP/1.1" 304 - "http://www.modestolan.com/" "Mozilla/4.0 (compatible; MSIE 6.0; Windows NT 5.1; SV1; .NET CLR 1.0.3705; .NET CLR 1.1.4322; Media Center PC 4.0)"
68.116.82.112 - - [06/Jan/2008:14:09:43 -0800] "www.modestolan.com: GET /images/sponsors/alogo.gif HTTP/1.1" 304 - "http://www.modestolan.com/" "Mozilla/4.0 (compatible; MSIE 6.0; Windows NT 5.1; SV1; .NET CLR 1.0.3705; .NET CLR 1.1.4322; Media Center PC 4.0)"
68.116.82.112 - - [06/Jan/2008:14:09:43 -0800] "www.modestolan.com: GET /images/sponsors/nvidia.jpeg HTTP/1.1" 304 - "http://www.modestolan.com/" "Mozilla/4.0 (compatible; MSIE 6.0; Windows NT 5.1; SV1; .NET CLR 1.0.3705; .NET CLR 1.1.4322; Media Center PC 4.0)"
68.116.82.112 - - [06/Jan/2008:14:09:43 -0800] "www.modestolan.com: GET /images/sponsors/BAWLSbutton.gif HTTP/1.1" 304 - "http://www.modestolan.com/" "Mozilla/4.0 (compatible; MSIE 6.0; Windows NT 5.1; SV1; .NET CLR 1.0.3705; .NET CLR 1.1.4322; Media Center PC 4.0)"
68.116.82.112 - - [06/Jan/2008:14:09:43 -0800] "www.modestolan.com: GET /images/runningslack.gif HTTP/1.1" 304 - "http://www.modestolan.com/" "Mozilla/4.0 (compatible; MSIE 6.0; Windows NT 5.1; SV1; .NET CLR 1.0.3705; .NET CLR 1.1.4322; Media Center PC 4.0)"
68.116.82.112 - - [06/Jan/2008:14:09:43 -0800] "www.modestolan.com: GET /images/top_10.gif HTTP/1.1" 304 - "http://www.modestolan.com/" "Mozilla/4.0 (compatible; MSIE 6.0; Windows NT 5.1; SV1; .NET CLR 1.0.3705; .NET CLR 1.1.4322; Media Center PC 4.0)"
66.249.70.51 - - [06/Jan/2008:14:09:44 -0800] "www.modestolan.com: GET /vb/calendar.php?do=add&c=2&day=2006-12-10 HTTP/1.1" 200 6384 "-" "Mozilla/5.0 (compatible; Googlebot/2.1; +http://www.google.com/bot.html)"
66.249.70.51 - - [06/Jan/2008:14:09:51 -0800] "www.modestolan.com: GET /vb/calendar.php?do=add&c=2&day=2006-5-22 HTTP/1.1" 200 6382 "-" "Mozilla/5.0 (compatible; Googlebot/2.1; +http://www.google.com/bot.html)"
66.249.70.51 - - [06/Jan/2008:14:09:59 -0800] "www.modestolan.com: GET /vb/calendar.php?c=2&week=1160265600 HTTP/1.1" 200 7082 "-" "Mozilla/5.0 (compatible; Googlebot/2.1; +http://www.google.com/bot.html)"
66.249.70.51 - - [06/Jan/2008:14:10:07 -0800] "www.modestolan.com: GET /vb/calendar.php?c=2&week=1151798400 HTTP/1.1" 200 7137 "-" "Mozilla/5.0 (compatible; Googlebot/2.1; +http://www.google.com/bot.html)"
68.116.82.112 - - [06/Jan/2008:14:10:13 -0800] "webmail.modestolan.com: GET / HTTP/1.1" 302 5 "-" "Mozilla/4.0 (compatible; MSIE 6.0; Windows NT 5.1; SV1; .NET CLR 1.0.3705; .NET CLR 1.1.4322; Media Center PC 4.0)"
68.116.82.112 - - [06/Jan/2008:14:10:13 -0800] "webmail.modestolan.com: GET /src/login.php HTTP/1.1" 200 2165 "-" "Mozilla/4.0 (compatible; MSIE 6.0; Windows NT 5.1; SV1; .NET CLR 1.0.3705; .NET CLR 1.1.4322; Media Center PC 4.0)"
68.116.82.112 - - [06/Jan/2008:14:10:13 -0800] "webmail.modestolan.com: GET /images/sm_logo.png HTTP/1.1" 304 - "https://webmail.modestolan.com/src/login.php" "Mozilla/4.0 (compatible; MSIE 6.0; Windows NT 5.1; SV1; .NET CLR 1.0.3705; .NET CLR 1.1.4322; Media Center PC 4.0)"
66.249.70.51 - - [06/Jan/2008:14:10:14 -0800] "www.modestolan.com: GET /vb/calendar.php?do=add&c=2&day=2006-12-28 HTTP/1.1" 200 6384 "-" "Mozilla/5.0 (compatible; Googlebot/2.1; +http://www.google.com/bot.html)"
68.116.82.112 - - [06/Jan/2008:14:10:21 -0800] "webmail.modestolan.com: POST /src/redirect.php HTTP/1.1" 302 5 "https://webmail.modestolan.com/src/login.php" "Mozilla/4.0 (compatible; MSIE 6.0; Windows NT 5.1; SV1; .NET CLR 1.0.3705; .NET CLR 1.1.4322; Media Center PC 4.0)"
68.116.82.112 - - [06/Jan/2008:14:10:22 -0800] "webmail.modestolan.com: GET /src/webmail.php HTTP/1.1" 200 347 "https://webmail.modestolan.com/src/login.php" "Mozilla/4.0 (compatible; MSIE 6.0; Windows NT 5.1; SV1; .NET CLR 1.0.3705; .NET CLR 1.1.4322; Media Center PC 4.0)"
66.249.70.51 - - [06/Jan/2008:14:10:23 -0800] "www.modestolan.com: GET /vb/calendar.php?do=add&c=2&day=2006-1-16 HTTP/1.1" 200 6382 "-" "Mozilla/5.0 (compatible; Googlebot/2.1; +http://www.google.com/bot.html)"
68.116.82.112 - - [06/Jan/2008:14:10:26 -0800] "webmail.modestolan.com: GET /src/left_main.php HTTP/1.1" 200 8548 "https://webmail.modestolan.com/src/webmail.php" "Mozilla/4.0 (compatible; MSIE 6.0; Windows NT 5.1; SV1; .NET CLR 1.0.3705; .NET CLR 1.1.4322; Media Center PC 4.0)"
68.116.82.112 - - [06/Jan/2008:14:10:28 -0800] "webmail.modestolan.com: GET /images/sort_none.png HTTP/1.1" 304 - "https://webmail.modestolan.com/src/right_main.php" "Mozilla/4.0 (compatible; MSIE 6.0; Windows NT 5.1; SV1; .NET CLR 1.0.3705; .NET CLR 1.1.4322; Media Center PC 4.0)"
68.116.82.112 - - [06/Jan/2008:14:10:29 -0800] "webmail.modestolan.com: GET /images/up_pointer.png HTTP/1.1" 304 - "https://webmail.modestolan.com/src/right_main.php" "Mozilla/4.0 (compatible; MSIE 6.0; Windows NT 5.1; SV1; .NET CLR 1.0.3705; .NET CLR 1.1.4322; Media Center PC 4.0)"
68.116.82.112 - - [06/Jan/2008:14:10:29 -0800] "webmail.modestolan.com: GET /src/right_main.php HTTP/1.1" 200 20528 "https://webmail.modestolan.com/src/webmail.php" "Mozilla/4.0 (compatible; MSIE 6.0; Windows NT 5.1; SV1; .NET CLR 1.0.3705; .NET CLR 1.1.4322; Media Center PC 4.0)"
66.249.70.51 - - [06/Jan/2008:14:10:30 -0800] "www.modestolan.com: GET /vb/calendar.php?do=add&c=2&day=2006-9-7 HTTP/1.1" 200 6382 "-" "Mozilla/5.0 (compatible; Googlebot/2.1; +http://www.google.com/bot.html)"
66.249.70.51 - - [06/Jan/2008:14:10:37 -0800] "www.modestolan.com: GET /vb/calendar.php?do=add&c=2&day=2006-3-3 HTTP/1.1" 200 6380 "-" "Mozilla/5.0 (compatible; Googlebot/2.1; +http://www.google.com/bot.html)"
68.116.82.112 - - [06/Jan/2008:14:10:39 -0800] "webmail.modestolan.com: POST /src/move_messages.php HTTP/1.1" 302 5 "https://webmail.modestolan.com/src/right_main.php" "Mozilla/4.0 (compatible; MSIE 6.0; Windows NT 5.1; SV1; .NET CLR 1.0.3705; .NET CLR 1.1.4322; Media Center PC 4.0)"
68.116.82.112 - - [06/Jan/2008:14:10:41 -0800] "webmail.modestolan.com: GET /src/right_main.php?mailbox=INBOX&startMessage=1 HTTP/1.1" 200 20893 "https://webmail.modestolan.com/src/right_main.php" "Mozilla/4.0 (compatible; MSIE 6.0; Windows NT 5.1; SV1; .NET CLR 1.0.3705; .NET CLR 1.1.4322; Media Center PC 4.0)"
66.249.70.51 - - [06/Jan/2008:14:10:45 -0800] "www.modestolan.com: GET /vb/calendar.php?do=add&c=2&day=2006-11-4 HTTP/1.1" 200 6382 "-" "Mozilla/5.0 (compatible; Googlebot/2.1; +http://www.google.com/bot.html)"
68.116.82.112 - - [06/Jan/2008:14:10:49 -0800] "webmail.modestolan.com: POST /src/move_messages.php HTTP/1.1" 302 5 "https://webmail.modestolan.com/src/right_main.php?mailbox=INBOX&startMessage=1" "Mozilla/4.0 (compatible; MSIE 6.0; Windows NT 5.1; SV1; .NET CLR 1.0.3705; .NET CLR 1.1.4322; Media Center PC 4.0)"
68.116.82.112 - - [06/Jan/2008:14:10:50 -0800] "webmail.modestolan.com: GET /src/right_main.php?mailbox=INBOX&startMessage=1 HTTP/1.1" 200 20558 "https://webmail.modestolan.com/src/right_main.php?mailbox=INBOX&startMessage=1" "Mozilla/4.0 (compatible; MSIE 6.0; Windows NT 5.1; SV1; .NET CLR 1.0.3705; .NET CLR 1.1.4322; Media Center PC 4.0)"
66.249.70.51 - - [06/Jan/2008:14:10:53 -0800] "www.modestolan.com: GET /vb/calendar.php?c=2&week=1166313600 HTTP/1.1" 200 7137 "-" "Mozilla/5.0 (compatible; Googlebot/2.1; +http://www.google.com/bot.html)"
66.249.70.51 - - [06/Jan/2008:14:11:01 -0800] "www.modestolan.com: GET /vb/calendar.php?do=add&c=2&day=2006-4-26 HTTP/1.1" 200 6382 "-" "Mozilla/5.0 (compatible; Googlebot/2.1; +http://www.google.com/bot.html)"
89.223.167.167 - - [06/Jan/2008:14:11:02 -0800] "www.modestolan.com: GET /xwred1/ HTTP/1.1" 200 63483 "http://www.google.hu/search?hl=en&client=firefox-a&rls=org.mozilla%3Aen-US%3Aofficial&q=-inurl%3A%28htm%7Chtml%7Cphp%29+intitle%3A%22index+of%22+%2B%22last+modified%22+%2B%22parent+directory%22+%2Bdescription+%2Bsize+%2B%28rar%7Czip%29+%22morcheeba%22&btnG=Search&meta=" "Mozilla/5.0 (Windows; U; Windows NT 5.1; hu; rv:1.8.1.11) Gecko/20071127 Firefox/2.0.0.11"
68.116.82.112 - - [06/Jan/2008:14:11:03 -0800] "webmail.modestolan.com: POST /src/move_messages.php HTTP/1.1" 302 5 "https://webmail.modestolan.com/src/right_main.php?mailbox=INBOX&startMessage=1" "Mozilla/4.0 (compatible; MSIE 6.0; Windows NT 5.1; SV1; .NET CLR 1.0.3705; .NET CLR 1.1.4322; Media Center PC 4.0)"
89.223.167.167 - - [06/Jan/2008:14:11:03 -0800] "www.modestolan.com: GET /tables.css HTTP/1.1" 200 2419 "http://www.modestolan.com/xwred1/" "Mozilla/5.0 (Windows; U; Windows NT 5.1; hu; rv:1.8.1.11) Gecko/20071127 Firefox/2.0.0.11"
89.223.167.167 - - [06/Jan/2008:14:11:04 -0800] "www.modestolan.com: GET /images/top_14.gif HTTP/1.1" 200 522 "http://www.modestolan.com/xwred1/" "Mozilla/5.0 (Windows; U; Windows NT 5.1; hu; rv:1.8.1.11) Gecko/20071127 Firefox/2.0.0.11"
89.223.167.167 - - [06/Jan/2008:14:11:04 -0800] "www.modestolan.com: GET /images/transparent.gif HTTP/1.1" 200 43 "http://www.modestolan.com/xwred1/" "Mozilla/5.0 (Windows; U; Windows NT 5.1; hu; rv:1.8.1.11) Gecko/20071127 Firefox/2.0.0.11"
89.223.167.167 - - [06/Jan/2008:14:11:04 -0800] "www.modestolan.com: GET /images/top_12.gif HTTP/1.1" 200 826 "http://www.modestolan.com/xwred1/" "Mozilla/5.0 (Windows; U; Windows NT 5.1; hu; rv:1.8.1.11) Gecko/20071127 Firefox/2.0.0.11"
89.223.167.167 - - [06/Jan/2008:14:11:04 -0800] "www.modestolan.com: GET /images/top_03.gif HTTP/1.1" 200 349 "http://www.modestolan.com/xwred1/" "Mozilla/5.0 (Windows; U; Windows NT 5.1; hu; rv:1.8.1.11) Gecko/20071127 Firefox/2.0.0.11"
89.223.167.167 - - [06/Jan/2008:14:11:04 -0800] "www.modestolan.com: GET /transparent.gif HTTP/1.1" 200 43 "http://www.modestolan.com/xwred1/" "Mozilla/5.0 (Windows; U; Windows NT 5.1; hu; rv:1.8.1.11) Gecko/20071127 Firefox/2.0.0.11"
89.223.167.167 - - [06/Jan/2008:14:11:04 -0800] "www.modestolan.com: GET /images/top_04.gif HTTP/1.1" 200 1547 "http://www.modestolan.com/xwred1/" "Mozilla/5.0 (Windows; U; Windows NT 5.1; hu; rv:1.8.1.11) Gecko/20071127 Firefox/2.0.0.11"
89.223.167.167 - - [06/Jan/2008:14:11:04 -0800] "www.modestolan.com: GET /images/top_01.gif HTTP/1.1" 200 344 "http://www.modestolan.com/xwred1/" "Mozilla/5.0 (Windows; U; Windows NT 5.1; hu; rv:1.8.1.11) Gecko/20071127 Firefox/2.0.0.11"
89.223.167.167 - - [06/Jan/2008:14:11:04 -0800] "www.modestolan.com: GET /images/top_07.gif HTTP/1.1" 200 2521 "http://www.modestolan.com/xwred1/" "Mozilla/5.0 (Windows; U; Windows NT 5.1; hu; rv:1.8.1.11) Gecko/20071127 Firefox/2.0.0.11"
89.223.167.167 - - [06/Jan/2008:14:11:05 -0800] "www.modestolan.com: GET /images/top_09.gif HTTP/1.1" 200 1089 "http://www.modestolan.com/xwred1/" "Mozilla/5.0 (Windows; U; Windows NT 5.1; hu; rv:1.8.1.11) Gecko/20071127 Firefox/2.0.0.11"
68.116.82.112 - - [06/Jan/2008:14:11:05 -0800] "webmail.modestolan.com: GET /src/right_main.php?mailbox=INBOX&startMessage=1 HTTP/1.1" 200 20384 "https://webmail.modestolan.com/src/right_main.php?mailbox=INBOX&startMessage=1" "Mozilla/4.0 (compatible; MSIE 6.0; Windows NT 5.1; SV1; .NET CLR 1.0.3705; .NET CLR 1.1.4322; Media Center PC 4.0)"
89.223.167.167 - - [06/Jan/2008:14:11:05 -0800] "www.modestolan.com: GET /images/top_02.gif HTTP/1.1" 200 882 "http://www.modestolan.com/xwred1/" "Mozilla/5.0 (Windows; U; Windows NT 5.1; hu; rv:1.8.1.11) Gecko/20071127 Firefox/2.0.0.11"
89.223.167.167 - - [06/Jan/2008:14:11:05 -0800] "www.modestolan.com: GET /images/top_06.gif HTTP/1.1" 200 1954 "http://www.modestolan.com/xwred1/" "Mozilla/5.0 (Windows; U; Windows NT 5.1; hu; rv:1.8.1.11) Gecko/20071127 Firefox/2.0.0.11"
89.223.167.167 - - [06/Jan/2008:14:11:05 -0800] "www.modestolan.com: GET /images/top_05.gif HTTP/1.1" 200 3111 "http://www.modestolan.com/xwred1/" "Mozilla/5.0 (Windows; U; Windows NT 5.1; hu; rv:1.8.1.11) Gecko/20071127 Firefox/2.0.0.11"
89.223.167.167 - - [06/Jan/2008:14:11:05 -0800] "www.modestolan.com: GET /images/top_13.gif HTTP/1.1" 200 728 "http://www.modestolan.com/xwred1/" "Mozilla/5.0 (Windows; U; Windows NT 5.1; hu; rv:1.8.1.11) Gecko/20071127 Firefox/2.0.0.11"
89.223.167.167 - - [06/Jan/2008:14:11:05 -0800] "www.modestolan.com: GET /images/top_11.gif HTTP/1.1" 200 1553 "http://www.modestolan.com/xwred1/" "Mozilla/5.0 (Windows; U; Windows NT 5.1; hu; rv:1.8.1.11) Gecko/20071127 Firefox/2.0.0.11"
89.223.167.167 - - [06/Jan/2008:14:11:05 -0800] "www.modestolan.com: GET /images/top_08.gif HTTP/1.1" 200 1738 "http://www.modestolan.com/xwred1/" "Mozilla/5.0 (Windows; U; Windows NT 5.1; hu; rv:1.8.1.11) Gecko/20071127 Firefox/2.0.0.11"
89.223.167.167 - - [06/Jan/2008:14:11:05 -0800] "www.modestolan.com: GET /images/sponsors/geeks.com.gif HTTP/1.1" 200 6611 "http://www.modestolan.com/xwred1/" "Mozilla/5.0 (Windows; U; Windows NT 5.1; hu; rv:1.8.1.11) Gecko/20071127 Firefox/2.0.0.11"
89.223.167.167 - - [06/Jan/2008:14:11:05 -0800] "www.modestolan.com: GET /images/sponsors/nvidia.jpeg HTTP/1.1" 200 5580 "http://www.modestolan.com/xwred1/" "Mozilla/5.0 (Windows; U; Windows NT 5.1; hu; rv:1.8.1.11) Gecko/20071127 Firefox/2.0.0.11"
89.223.167.167 - - [06/Jan/2008:14:11:05 -0800] "www.modestolan.com: GET /images/sponsors/alogo.gif HTTP/1.1" 200 5996 "http://www.modestolan.com/xwred1/" "Mozilla/5.0 (Windows; U; Windows NT 5.1; hu; rv:1.8.1.11) Gecko/20071127 Firefox/2.0.0.11"
89.223.167.167 - - [06/Jan/2008:14:11:05 -0800] "www.modestolan.com: GET /images/sponsors/BAWLSbutton.gif HTTP/1.1" 200 8114 "http://www.modestolan.com/xwred1/" "Mozilla/5.0 (Windows; U; Windows NT 5.1; hu; rv:1.8.1.11) Gecko/20071127 Firefox/2.0.0.11"
89.223.167.167 - - [06/Jan/2008:14:11:05 -0800] "www.modestolan.com: GET /images/runningslack.gif HTTP/1.1" 200 1818 "http://www.modestolan.com/xwred1/" "Mozilla/5.0 (Windows; U; Windows NT 5.1; hu; rv:1.8.1.11) Gecko/20071127 Firefox/2.0.0.11"
89.223.167.167 - - [06/Jan/2008:14:11:05 -0800] "www.modestolan.com: GET /icons/blank.gif HTTP/1.1" 200 148 "http://www.modestolan.com/xwred1/" "Mozilla/5.0 (Windows; U; Windows NT 5.1; hu; rv:1.8.1.11) Gecko/20071127 Firefox/2.0.0.11"
89.223.167.167 - - [06/Jan/2008:14:11:05 -0800] "www.modestolan.com: GET /icons/back.gif HTTP/1.1" 200 216 "http://www.modestolan.com/xwred1/" "Mozilla/5.0 (Windows; U; Windows NT 5.1; hu; rv:1.8.1.11) Gecko/20071127 Firefox/2.0.0.11"
89.223.167.167 - - [06/Jan/2008:14:11:05 -0800] "www.modestolan.com: GET /icons/movie.gif HTTP/1.1" 200 243 "http://www.modestolan.com/xwred1/" "Mozilla/5.0 (Windows; U; Windows NT 5.1; hu; rv:1.8.1.11) Gecko/20071127 Firefox/2.0.0.11"
89.223.167.167 - - [06/Jan/2008:14:11:06 -0800] "www.modestolan.com: GET /icons/folder.gif HTTP/1.1" 200 225 "http://www.modestolan.com/xwred1/" "Mozilla/5.0 (Windows; U; Windows NT 5.1; hu; rv:1.8.1.11) Gecko/20071127 Firefox/2.0.0.11"
89.223.167.167 - - [06/Jan/2008:14:11:06 -0800] "www.modestolan.com: GET /icons/image2.gif HTTP/1.1" 200 309 "http://www.modestolan.com/xwred1/" "Mozilla/5.0 (Windows; U; Windows NT 5.1; hu; rv:1.8.1.11) Gecko/20071127 Firefox/2.0.0.11"
89.223.167.167 - - [06/Jan/2008:14:11:06 -0800] "www.modestolan.com: GET /icons/layout.gif HTTP/1.1" 200 276 "http://www.modestolan.com/xwred1/" "Mozilla/5.0 (Windows; U; Windows NT 5.1; hu; rv:1.8.1.11) Gecko/20071127 Firefox/2.0.0.11"
89.223.167.167 - - [06/Jan/2008:14:11:06 -0800] "www.modestolan.com: GET /icons/unknown.gif HTTP/1.1" 200 245 "http://www.modestolan.com/xwred1/" "Mozilla/5.0 (Windows; U; Windows NT 5.1; hu; rv:1.8.1.11) Gecko/20071127 Firefox/2.0.0.11"
89.223.167.167 - - [06/Jan/2008:14:11:06 -0800] "www.modestolan.com: GET /icons/sound2.gif HTTP/1.1" 200 221 "http://www.modestolan.com/xwred1/" "Mozilla/5.0 (Windows; U; Windows NT 5.1; hu; rv:1.8.1.11) Gecko/20071127 Firefox/2.0.0.11"
89.223.167.167 - - [06/Jan/2008:14:11:06 -0800] "www.modestolan.com: GET /icons/compressed.gif HTTP/1.1" 200 1038 "http://www.modestolan.com/xwred1/" "Mozilla/5.0 (Windows; U; Windows NT 5.1; hu; rv:1.8.1.11) Gecko/20071127 Firefox/2.0.0.11"
89.223.167.167 - - [06/Jan/2008:14:11:06 -0800] "www.modestolan.com: GET /icons/text.gif HTTP/1.1" 200 229 "http://www.modestolan.com/xwred1/" "Mozilla/5.0 (Windows; U; Windows NT 5.1; hu; rv:1.8.1.11) Gecko/20071127 Firefox/2.0.0.11"
