89.223.167.167 - - [06/Jan/2008:14:11:06 -0800] "www.modestolan.com: GET /icons/deb.gif HTTP/1.1" 200 1303 "http://www.modestolan.com/xwred1/" "Mozilla/5.0 (Windows; U; Windows NT 5.1; hu; rv:1.8.1.11) Gecko/20071127 Firefox/2.0.0.11"
89.223.167.167 - - [06/Jan/2008:14:11:06 -0800] "www.modestolan.com: GET /icons/binary.gif HTTP/1.1" 200 246 "http://www.modestolan.com/xwred1/" "Mozilla/5.0 (Windows; U; Windows NT 5.1; hu; rv:1.8.1.11) Gecko/20071127 Firefox/2.0.0.11"
89.223.167.167 - - [06/Jan/2008:14:11:06 -0800] "www.modestolan.com: GET /icons/script.gif HTTP/1.1" 200 242 "http://www.modestolan.com/xwred1/" "Mozilla/5.0 (Windows; U; Windows NT 5.1; hu; rv:1.8.1.11) Gecko/20071127 Firefox/2.0.0.11"
89.223.167.167 - - [06/Jan/2008:14:11:06 -0800] "www.modestolan.com: GET /icons/tar.gif HTTP/1.1" 200 219 "http://www.modestolan.com/xwred1/" "Mozilla/5.0 (Windows; U; Windows NT 5.1; hu; rv:1.8.1.11) Gecko/20071127 Firefox/2.0.0.11"
89.223.167.167 - - [06/Jan/2008:14:11:06 -0800] "www.modestolan.com: GET /images/top_10.gif HTTP/1.1" 200 1188 "http://www.modestolan.com/xwred1/" "Mozilla/5.0 (Windows; U; Windows NT 5.1; hu; rv:1.8.1.11) Gecko/20071127 Firefox/2.0.0.11"
89.223.167.167 - - [06/Jan/2008:14:11:06 -0800] "www.modestolan.com: GET /images/bg_small.jpg HTTP/1.1" 200 1598 "http://www.modestolan.com/xwred1/" "Mozilla/5.0 (Windows; U; Windows NT 5.1; hu; rv:1.8.1.11) Gecko/20071127 Firefox/2.0.0.11"
89.223.167.167 - - [06/Jan/2008:14:11:07 -0800] "www.modestolan.com: GET /favicon.ico HTTP/1.1" 404 335 "-" "Mozilla/5.0 (Windows; U; Windows NT 5.1; hu; rv:1.8.1.11) Gecko/20071127 Firefox/2.0.0.11"
66.249.70.51 - - [06/Jan/2008:14:11:08 -0800] "www.modestolan.com: GET /vb/calendar.php?do=add&c=2&day=2006-10-21 HTTP/1.1" 200 6379 "-" "Mozilla/5.0 (compatible; Googlebot/2.1; +http://www.google.com/bot.html)"
66.249.70.51 - - [06/Jan/2008:14:11:16 -0800] "www.modestolan.com: GET /vb/calendar.php?do=add&c=2&day=2006-8-1 HTTP/1.1" 200 6382 "-" "Mozilla/5.0 (compatible; Googlebot/2.1; +http://www.google.com/bot.html)"
68.116.82.112 - - [06/Jan/2008:14:11:18 -0800] "webmail.modestolan.com: POST /src/move_messages.php HTTP/1.1" 302 5 "https://webmail.modestolan.com/src/right_main.php?mailbox=INBOX&startMessage=1" "Mozilla/4.0 (compatible; MSIE 6.0; Windows NT 5.1; SV1; .NET CLR 1.0.3705; .NET CLR 1.1.4322; Media Center PC 4.0)"
68.116.82.112 - - [06/Jan/2008:14:11:19 -0800] "webmail.modestolan.com: GET /src/right_main.php?mailbox=INBOX&startMessage=1 HTTP/1.1" 200 20234 "https://webmail.modestolan.com/src/right_main.php?mailbox=INBOX&startMessage=1" "Mozilla/4.0 (compatible; MSIE 6.0; Windows NT 5.1; SV1; .NET CLR 1.0.3705; .NET CLR 1.1.4322; Media Center PC 4.0)"
89.223.167.167 - - [06/Jan/2008:14:11:21 -0800] "www.modestolan.com: GET /xwred1/morcheeba/ HTTP/1.1" 200 14820 "http://www.modestolan.com/xwred1/" "Mozilla/5.0 (Windows; U; Windows NT 5.1; hu; rv:1.8.1.11) Gecko/20071127 Firefox/2.0.0.11"
66.249.70.51 - - [06/Jan/2008:14:11:24 -0800] "www.modestolan.com: GET /vb/calendar.php?do=add&c=2&day=2006-9-6 HTTP/1.1" 200 6381 "-" "Mozilla/5.0 (compatible; Googlebot/2.1; +http://www.google.com/bot.html)"
68.116.82.112 - - [06/Jan/2008:14:11:29 -0800] "webmail.modestolan.com: POST /src/move_messages.php HTTP/1.1" 302 5 "https://webmail.modestolan.com/src/right_main.php?mailbox=INBOX&startMessage=1" "Mozilla/4.0 (compatible; MSIE 6.0; Windows NT 5.1; SV1; .NET CLR 1.0.3705; .NET CLR 1.1.4322; Media Center PC 4.0)"
68.116.82.112 - - [06/Jan/2008:14:11:30 -0800] "webmail.modestolan.com: GET /src/right_main.php?mailbox=INBOX&startMessage=1 HTTP/1.1" 200 19730 "https://webmail.modestolan.com/src/right_main.php?mailbox=INBOX&startMessage=1" "Mozilla/4.0 (compatible; MSIE 6.0; Windows NT 5.1; SV1; .NET CLR 1.0.3705; .NET CLR 1.1.4322; Media Center PC 4.0)"
89.223.167.167 - - [06/Jan/2008:14:11:30 -0800] "www.modestolan.com: GET /xwred1/morcheeba/antidote.mp3 HTTP/1.1" 200 24084 "http://www.modestolan.com/xwred1/morcheeba/" "Mozilla/5.0 (Windows; U; Windows NT 5.1; hu; rv:1.8.1.11) Gecko/20071127 Firefox/2.0.0.11"
66.249.70.51 - - [06/Jan/2008:14:11:31 -0800] "www.modestolan.com: GET /vb/calendar.php?do=add&c=2&day=2006-4-29 HTTP/1.1" 200 6383 "-" "Mozilla/5.0 (compatible; Googlebot/2.1; +http://www.google.com/bot.html)"
66.249.70.51 - - [06/Jan/2008:14:11:38 -0800] "www.modestolan.com: GET /vb/showthread.php?goto=newpost&t=5715 HTTP/1.1" 302 5 "-" "Mozilla/5.0 (compatible; Googlebot/2.1; +http://www.google.com/bot.html)"
68.116.82.112 - - [06/Jan/2008:14:11:38 -0800] "webmail.modestolan.com: POST /src/move_messages.php HTTP/1.1" 302 5 "https://webmail.modestolan.com/src/right_main.php?mailbox=INBOX&startMessage=1" "Mozilla/4.0 (compatible; MSIE 6.0; Windows NT 5.1; SV1; .NET CLR 1.0.3705; .NET CLR 1.1.4322; Media Center PC 4.0)"
66.249.70.51 - - [06/Jan/2008:14:11:41 -0800] "www.modestolan.com: GET /vb/showthread.php?p=50500 HTTP/1.1" 200 18049 "-" "Mozilla/5.0 (compatible; Googlebot/2.1; +http://www.google.com/bot.html)"
68.116.82.112 - - [06/Jan/2008:14:11:41 -0800] "webmail.modestolan.com: GET /src/right_main.php?mailbox=INBOX&startMessage=1 HTTP/1.1" 200 20022 "https://webmail.modestolan.com/src/right_main.php?mailbox=INBOX&startMessage=1" "Mozilla/4.0 (compatible; MSIE 6.0; Windows NT 5.1; SV1; .NET CLR 1.0.3705; .NET CLR 1.1.4322; Media Center PC 4.0)"
66.249.70.51 - - [06/Jan/2008:14:11:42 -0800] "www.modestolan.com: GET /vb/calendar.php?do=add&c=2&day=2006-1-31 HTTP/1.1" 200 6382 "-" "Mozilla/5.0 (compatible; Googlebot/2.1; +http://www.google.com/bot.html)"
66.249.70.51 - - [06/Jan/2008:14:11:47 -0800] "www.modestolan.com: GET /vb/calendar.php?do=add&c=2&day=2006-2-25 HTTP/1.1" 200 6381 "-" "Mozilla/5.0 (compatible; Googlebot/2.1; +http://www.google.com/bot.html)"
68.116.82.112 - - [06/Jan/2008:14:11:51 -0800] "webmail.modestolan.com: POST /src/move_messages.php HTTP/1.1" 302 5 "https://webmail.modestolan.com/src/right_main.php?mailbox=INBOX&startMessage=1" "Mozilla/4.0 (compatible; MSIE 6.0; Windows NT 5.1; SV1; .NET CLR 1.0.3705; .NET CLR 1.1.4322; Media Center PC 4.0)"
68.116.82.112 - - [06/Jan/2008:14:11:52 -0800] "webmail.modestolan.com: GET /src/right_main.php?mailbox=INBOX&startMessage=1 HTTP/1.1" 200 19287 "https://webmail.modestolan.com/src/right_main.php?mailbox=INBOX&startMessage=1" "Mozilla/4.0 (compatible; MSIE 6.0; Windows NT 5.1; SV1; .NET CLR 1.0.3705; .NET CLR 1.1.4322; Media Center PC 4.0)"
66.249.70.51 - - [06/Jan/2008:14:11:54 -0800] "www.modestolan.com: GET /vb/calendar.php?do=add&c=2&day=2006-3-11 HTTP/1.1" 200 6382 "-" "Mozilla/5.0 (compatible; Googlebot/2.1; +http://www.google.com/bot.html)"
67.187.209.177 - - [06/Jan/2008:14:11:57 -0800] "www.jdacura.com: GET /jdacura/homepage/ HTTP/1.1" 200 9519 "-" "Mozilla/5.0 (X11; U; Linux i686; en-US; rv:1.8.1.11) Gecko/20071204 Ubuntu/7.10 (gutsy) Firefox/2.0.0.11"
67.187.209.177 - - [06/Jan/2008:14:11:58 -0800] "www.jdacura.com: GET /jdacura/homepage/trans.gif HTTP/1.1" 200 43 "http://www.jdacura.com/jdacura/homepage/" "Mozilla/5.0 (X11; U; Linux i686; en-US; rv:1.8.1.11) Gecko/20071204 Ubuntu/7.10 (gutsy) Firefox/2.0.0.11"
67.187.209.177 - - [06/Jan/2008:14:11:58 -0800] "www.jdacura.com: GET /jdacura/homepage/bg.jpg HTTP/1.1" 200 32021 "http://www.jdacura.com/jdacura/homepage/" "Mozilla/5.0 (X11; U; Linux i686; en-US; rv:1.8.1.11) Gecko/20071204 Ubuntu/7.10 (gutsy) Firefox/2.0.0.11"
67.187.209.177 - - [06/Jan/2008:14:11:59 -0800] "www.jdacura.com: GET /favicon.ico HTTP/1.1" 404 330 "-" "Mozilla/5.0 (X11; U; Linux i686; en-US; rv:1.8.1.11) Gecko/20071204 Ubuntu/7.10 (gutsy) Firefox/2.0.0.11"
68.116.82.112 - - [06/Jan/2008:14:11:59 -0800] "webmail.modestolan.com: POST /src/move_messages.php HTTP/1.1" 302 5 "https://webmail.modestolan.com/src/right_main.php?mailbox=INBOX&startMessage=1" "Mozilla/4.0 (compatible; MSIE 6.0; Windows NT 5.1; SV1; .NET CLR 1.0.3705; .NET CLR 1.1.4322; Media Center PC 4.0)"
68.116.82.112 - - [06/Jan/2008:14:12:00 -0800] "webmail.modestolan.com: GET /src/right_main.php?mailbox=INBOX&startMessage=1 HTTP/1.1" 200 19491 "https://webmail.modestolan.com/src/right_main.php?mailbox=INBOX&startMessage=1" "Mozilla/4.0 (compatible; MSIE 6.0; Windows NT 5.1; SV1; .NET CLR 1.0.3705; .NET CLR 1.1.4322; Media Center PC 4.0)"
66.249.70.51 - - [06/Jan/2008:14:12:02 -0800] "www.modestolan.com: GET /vb/calendar.php?do=add&c=2&day=2006-7-14 HTTP/1.1" 200 6382 "-" "Mozilla/5.0 (compatible; Googlebot/2.1; +http://www.google.com/bot.html)"
68.116.82.112 - - [06/Jan/2008:14:12:09 -0800] "webmail.modestolan.com: POST /src/move_messages.php HTTP/1.1" 302 5 "https://webmail.modestolan.com/src/right_main.php?mailbox=INBOX&startMessage=1" "Mozilla/4.0 (compatible; MSIE 6.0; Windows NT 5.1; SV1; .NET CLR 1.0.3705; .NET CLR 1.1.4322; Media Center PC 4.0)"
68.116.82.112 - - [06/Jan/2008:14:12:10 -0800] "webmail.modestolan.com: GET /src/right_main.php?mailbox=INBOX&startMessage=1 HTTP/1.1" 200 19541 "https://webmail.modestolan.com/src/right_main.php?mailbox=INBOX&startMessage=1" "Mozilla/4.0 (compatible; MSIE 6.0; Windows NT 5.1; SV1; .NET CLR 1.0.3705; .NET CLR 1.1.4322; Media Center PC 4.0)"
66.249.70.51 - - [06/Jan/2008:14:12:11 -0800] "www.modestolan.com: GET /vb/calendar.php?do=add&c=2&day=2006-9-24 HTTP/1.1" 200 6382 "-" "Mozilla/5.0 (compatible; Googlebot/2.1; +http://www.google.com/bot.html)"
66.249.70.51 - - [06/Jan/2008:14:12:18 -0800] "www.modestolan.com: GET /vb/calendar.php?do=add&c=2&day=2006-10-3 HTTP/1.1" 200 6380 "-" "Mozilla/5.0 (compatible; Googlebot/2.1; +http://www.google.com/bot.html)"
85.97.160.216 - - [06/Jan/2008:14:12:25 -0800] "www.modestolan.com: GET /vb/avatar.php?userid=924&dateline=1101103211.jpeg HTTP/1.1" 404 337 "http://www.gamespot.com/news/6141519.html" "Mozilla/5.0 (Windows; U; Windows NT 5.1; tr; rv:1.8.1.11) Gecko/20071127 Firefox/2.0.0.11"
68.116.82.112 - - [06/Jan/2008:14:12:25 -0800] "webmail.modestolan.com: POST /src/move_messages.php HTTP/1.1" 302 5 "https://webmail.modestolan.com/src/right_main.php?mailbox=INBOX&startMessage=1" "Mozilla/4.0 (compatible; MSIE 6.0; Windows NT 5.1; SV1; .NET CLR 1.0.3705; .NET CLR 1.1.4322; Media Center PC 4.0)"
66.249.70.51 - - [06/Jan/2008:14:12:26 -0800] "www.modestolan.com: GET /vb/calendar.php?do=add&c=2&day=2006-2-3 HTTP/1.1" 200 6377 "-" "Mozilla/5.0 (compatible; Googlebot/2.1; +http://www.google.com/bot.html)"
68.116.82.112 - - [06/Jan/2008:14:12:26 -0800] "webmail.modestolan.com: GET /src/right_main.php?mailbox=INBOX&startMessage=1 HTTP/1.1" 200 18667 "https://webmail.modestolan.com/src/right_main.php?mailbox=INBOX&startMessage=1" "Mozilla/4.0 (compatible; MSIE 6.0; Windows NT 5.1; SV1; .NET CLR 1.0.3705; .NET CLR 1.1.4322; Media Center PC 4.0)"
66.249.70.51 - - [06/Jan/2008:14:12:33 -0800] "www.modestolan.com: GET /vb/calendar.php?do=add&c=2&day=2006-4-10 HTTP/1.1" 200 6383 "-" "Mozilla/5.0 (compatible; Googlebot/2.1; +http://www.google.com/bot.html)"
66.249.70.51 - - [06/Jan/2008:14:12:41 -0800] "www.modestolan.com: GET /vb/calendar.php?do=add&c=2&day=2006-6-22 HTTP/1.1" 200 6382 "-" "Mozilla/5.0 (compatible; Googlebot/2.1; +http://www.google.com/bot.html)"
66.249.70.51 - - [06/Jan/2008:14:12:48 -0800] "www.modestolan.com: GET /vb/calendar.php?do=add&c=2&day=2006-12-15 HTTP/1.1" 200 6383 "-" "Mozilla/5.0 (compatible; Googlebot/2.1; +http://www.google.com/bot.html)"
68.116.82.112 - - [06/Jan/2008:14:12:53 -0800] "webmail.modestolan.com: POST /src/move_messages.php HTTP/1.1" 302 5 "https://webmail.modestolan.com/src/right_main.php?mailbox=INBOX&startMessage=1" "Mozilla/4.0 (compatible; MSIE 6.0; Windows NT 5.1; SV1; .NET CLR 1.0.3705; .NET CLR 1.1.4322; Media Center PC 4.0)"
68.116.82.112 - - [06/Jan/2008:14:12:54 -0800] "webmail.modestolan.com: GET /src/right_main.php?mailbox=INBOX&startMessage=1 HTTP/1.1" 200 18737 "https://webmail.modestolan.com/src/right_main.php?mailbox=INBOX&startMessage=1" "Mozilla/4.0 (compatible; MSIE 6.0; Windows NT 5.1; SV1; .NET CLR 1.0.3705; .NET CLR 1.1.4322; Media Center PC 4.0)"
66.249.70.51 - - [06/Jan/2008:14:12:56 -0800] "www.modestolan.com: GET /vb/calendar.php?do=add&c=2&day=2006-12-29 HTTP/1.1" 200 6384 "-" "Mozilla/5.0 (compatible; Googlebot/2.1; +http://www.google.com/bot.html)"
66.249.70.51 - - [06/Jan/2008:14:13:04 -0800] "www.modestolan.com: GET /vb/calendar.php?do=add&c=2&day=2006-6-1 HTTP/1.1" 200 6381 "-" "Mozilla/5.0 (compatible; Googlebot/2.1; +http://www.google.com/bot.html)"
68.116.82.112 - - [06/Jan/2008:14:13:10 -0800] "webmail.modestolan.com: POST /src/move_messages.php HTTP/1.1" 302 5 "https://webmail.modestolan.com/src/right_main.php?mailbox=INBOX&startMessage=1" "Mozilla/4.0 (compatible; MSIE 6.0; Windows NT 5.1; SV1; .NET CLR 1.0.3705; .NET CLR 1.1.4322; Media Center PC 4.0)"
68.116.82.112 - - [06/Jan/2008:14:13:11 -0800] "webmail.modestolan.com: GET /src/right_main.php?mailbox=INBOX&startMessage=1 HTTP/1.1" 200 18614 "https://webmail.modestolan.com/src/right_main.php?mailbox=INBOX&startMessage=1" "Mozilla/4.0 (compatible; MSIE 6.0; Windows NT 5.1; SV1; .NET CLR 1.0.3705; .NET CLR 1.1.4322; Media Center PC 4.0)"
66.249.70.51 - - [06/Jan/2008:14:13:12 -0800] "www.modestolan.com: GET /vb/calendar.php?do=add&c=2&day=2006-1-19 HTTP/1.1" 200 6383 "-" "Mozilla/5.0 (compatible; Googlebot/2.1; +http://www.google.com/bot.html)"
66.249.70.51 - - [06/Jan/2008:14:13:19 -0800] "www.modestolan.com: GET /vb/calendar.php?do=add&c=2&day=2006-6-16 HTTP/1.1" 200 6382 "-" "Mozilla/5.0 (compatible; Googlebot/2.1; +http://www.google.com/bot.html)"
68.116.82.112 - - [06/Jan/2008:14:13:20 -0800] "webmail.modestolan.com: POST /src/move_messages.php HTTP/1.1" 302 5 "https://webmail.modestolan.com/src/right_main.php?mailbox=INBOX&startMessage=1" "Mozilla/4.0 (compatible; MSIE 6.0; Windows NT 5.1; SV1; .NET CLR 1.0.3705; .NET CLR 1.1.4322; Media Center PC 4.0)"
68.116.82.112 - - [06/Jan/2008:14:13:20 -0800] "webmail.modestolan.com: GET /src/right_main.php?mailbox=INBOX&startMessage=1 HTTP/1.1" 200 17441 "https://webmail.modestolan.com/src/right_main.php?mailbox=INBOX&startMessage=1" "Mozilla/4.0 (compatible; MSIE 6.0; Windows NT 5.1; SV1; .NET CLR 1.0.3705; .NET CLR 1.1.4322; Media Center PC 4.0)"
65.55.213.109 - - [06/Jan/2008:14:13:26 -0800] "www.modestolan.com: GET /vb/image.php?u=42&dateline=1196366519 HTTP/1.0" 200 5920 "-" "msnbot-media/1.0 (+http://search.msn.com/msnbot.htm)"
66.249.70.51 - - [06/Jan/2008:14:13:27 -0800] "www.modestolan.com: GET /vb/calendar.php?do=add&c=2&day=2006-2-7 HTTP/1.1" 200 6382 "-" "Mozilla/5.0 (compatible; Googlebot/2.1; +http://www.google.com/bot.html)"
68.116.82.112 - - [06/Jan/2008:14:13:29 -0800] "webmail.modestolan.com: POST /src/move_messages.php HTTP/1.1" 302 5 "https://webmail.modestolan.com/src/right_main.php?mailbox=INBOX&startMessage=1" "Mozilla/4.0 (compatible; MSIE 6.0; Windows NT 5.1; SV1; .NET CLR 1.0.3705; .NET CLR 1.1.4322; Media Center PC 4.0)"
68.116.82.112 - - [06/Jan/2008:14:13:30 -0800] "webmail.modestolan.com: GET /src/right_main.php?mailbox=INBOX&startMessage=1 HTTP/1.1" 200 6223 "https://webmail.modestolan.com/src/right_main.php?mailbox=INBOX&startMessage=1" "Mozilla/4.0 (compatible; MSIE 6.0; Windows NT 5.1; SV1; .NET CLR 1.0.3705; .NET CLR 1.1.4322; Media Center PC 4.0)"
68.116.82.112 - - [06/Jan/2008:14:13:32 -0800] "webmail.modestolan.com: GET /src/left_main.php HTTP/1.1" 200 8610 "https://webmail.modestolan.com/src/left_main.php" "Mozilla/4.0 (compatible; MSIE 6.0; Windows NT 5.1; SV1; .NET CLR 1.0.3705; .NET CLR 1.1.4322; Media Center PC 4.0)"
68.116.82.112 - - [06/Jan/2008:14:13:34 -0800] "webmail.modestolan.com: GET /src/empty_trash.php HTTP/1.1" 302 5 "https://webmail.modestolan.com/src/left_main.php" "Mozilla/4.0 (compatible; MSIE 6.0; Windows NT 5.1; SV1; .NET CLR 1.0.3705; .NET CLR 1.1.4322; Media Center PC 4.0)"
68.116.82.112 - - [06/Jan/2008:14:13:35 -0800] "webmail.modestolan.com: GET /src/left_main.php?force_refresh=1 HTTP/1.1" 200 8516 "https://webmail.modestolan.com/src/left_main.php" "Mozilla/4.0 (compatible; MSIE 6.0; Windows NT 5.1; SV1; .NET CLR 1.0.3705; .NET CLR 1.1.4322; Media Center PC 4.0)"
66.249.70.51 - - [06/Jan/2008:14:13:35 -0800] "www.modestolan.com: GET /vb/calendar.php?do=add&c=2&day=2006-3-1 HTTP/1.1" 200 6381 "-" "Mozilla/5.0 (compatible; Googlebot/2.1; +http://www.google.com/bot.html)"
66.249.70.51 - - [06/Jan/2008:14:13:42 -0800] "www.modestolan.com: GET /vb/calendar.php?do=add&c=2&day=2006-9-2 HTTP/1.1" 200 6380 "-" "Mozilla/5.0 (compatible; Googlebot/2.1; +http://www.google.com/bot.html)"
66.249.70.51 - - [06/Jan/2008:14:13:50 -0800] "www.modestolan.com: GET /vb/calendar.php?do=add&c=2&day=2006-10-29 HTTP/1.1" 200 6384 "-" "Mozilla/5.0 (compatible; Googlebot/2.1; +http://www.google.com/bot.html)"
66.249.70.51 - - [06/Jan/2008:14:13:58 -0800] "www.modestolan.com: GET /vb/calendar.php?do=add&c=2&day=2006-8-31 HTTP/1.1" 200 6382 "-" "Mozilla/5.0 (compatible; Googlebot/2.1; +http://www.google.com/bot.html)"
74.6.22.234 - - [06/Jan/2008:14:13:58 -0800] "www.modestolan.com: GET /index.php?timestamp=1063965668 HTTP/1.0" 200 24017 "-" "Mozilla/5.0 (compatible; Yahoo! Slurp; http://help.yahoo.com/help/us/ysearch/slurp)"
66.249.70.51 - - [06/Jan/2008:14:14:05 -0800] "www.modestolan.com: GET /vb/calendar.php?do=add&c=2&day=2006-4-24 HTTP/1.1" 200 6382 "-" "Mozilla/5.0 (compatible; Googlebot/2.1; +http://www.google.com/bot.html)"
66.249.70.51 - - [06/Jan/2008:14:14:13 -0800] "www.modestolan.com: GET /vb/calendar.php?do=add&c=2&day=2006-10-6 HTTP/1.1" 200 6381 "-" "Mozilla/5.0 (compatible; Googlebot/2.1; +http://www.google.com/bot.html)"
66.249.70.51 - - [06/Jan/2008:14:14:21 -0800] "www.modestolan.com: GET /vb/calendar.php?do=add&c=2&day=2006-10-19 HTTP/1.1" 200 6384 "-" "Mozilla/5.0 (compatible; Googlebot/2.1; +http://www.google.com/bot.html)"
74.6.25.234 - - [06/Jan/2008:14:14:26 -0800] "www.modestolan.com: GET /vb/archive/index.php/t-4317.html HTTP/1.0" 200 4847 "-" "Mozilla/5.0 (compatible; Yahoo! Slurp; http://help.yahoo.com/help/us/ysearch/slurp)"
66.249.70.51 - - [06/Jan/2008:14:14:29 -0800] "www.modestolan.com: GET /vb/calendar.php?do=add&c=2&day=2006-6-27 HTTP/1.1" 200 6383 "-" "Mozilla/5.0 (compatible; Googlebot/2.1; +http://www.google.com/bot.html)"
66.249.70.51 - - [06/Jan/2008:14:14:36 -0800] "www.modestolan.com: GET /vb/calendar.php?do=add&c=2&day=2006-9-9 HTTP/1.1" 200 6382 "-" "Mozilla/5.0 (compatible; Googlebot/2.1; +http://www.google.com/bot.html)"
66.249.70.51 - - [06/Jan/2008:14:14:44 -0800] "www.modestolan.com: GET /vb/calendar.php?do=add&c=2&day=2006-3-6 HTTP/1.1" 200 6381 "-" "Mozilla/5.0 (compatible; Googlebot/2.1; +http://www.google.com/bot.html)"
66.249.70.51 - - [06/Jan/2008:14:14:52 -0800] "www.modestolan.com: GET /vb/calendar.php?do=add&c=2&day=2006-1-28 HTTP/1.1" 200 6383 "-" "Mozilla/5.0 (compatible; Googlebot/2.1; +http://www.google.com/bot.html)"
66.249.70.51 - - [06/Jan/2008:14:14:59 -0800] "www.modestolan.com: GET /vb/calendar.php?do=add&c=2&day=2006-10-22 HTTP/1.1" 200 6382 "-" "Mozilla/5.0 (compatible; Googlebot/2.1; +http://www.google.com/bot.html)"
66.249.70.51 - - [06/Jan/2008:14:15:07 -0800] "www.modestolan.com: GET /vb/calendar.php?do=add&c=2&day=2006-12-4 HTTP/1.1" 200 6382 "-" "Mozilla/5.0 (compatible; Googlebot/2.1; +http://www.google.com/bot.html)"
66.249.70.51 - - [06/Jan/2008:14:15:15 -0800] "www.modestolan.com: GET /vb/calendar.php?do=add&c=2&day=2006-5-28 HTTP/1.1" 200 6383 "-" "Mozilla/5.0 (compatible; Googlebot/2.1; +http://www.google.com/bot.html)"
66.249.70.51 - - [06/Jan/2008:14:15:22 -0800] "www.modestolan.com: GET /vb/calendar.php?c=2&week=1139702400 HTTP/1.1" 200 7109 "-" "Mozilla/5.0 (compatible; Googlebot/2.1; +http://www.google.com/bot.html)"
66.249.70.51 - - [06/Jan/2008:14:15:30 -0800] "www.modestolan.com: GET /vb/calendar.php?c=2&week=1137888000 HTTP/1.1" 200 7071 "-" "Mozilla/5.0 (compatible; Googlebot/2.1; +http://www.google.com/bot.html)"
66.249.70.51 - - [06/Jan/2008:14:15:38 -0800] "www.modestolan.com: GET /vb/calendar.php?do=add&c=2&day=2006-12-22 HTTP/1.1" 200 6382 "-" "Mozilla/5.0 (compatible; Googlebot/2.1; +http://www.google.com/bot.html)"
82.99.30.53 - - [06/Jan/2008:14:15:44 -0800] "www.modestolan.com: GET /vb/search.php? HTTP/1.0" 200 28090 "-" "Mozilla/4.0 (compatible; MSIE 6.0; Windows NT 5.1)"
66.249.70.51 - - [06/Jan/2008:14:15:46 -0800] "www.modestolan.com: GET /vb/calendar.php?c=2&week=1164499200 HTTP/1.1" 200 7449 "-" "Mozilla/5.0 (compatible; Googlebot/2.1; +http://www.google.com/bot.html)"
66.249.70.51 - - [06/Jan/2008:14:15:53 -0800] "www.modestolan.com: GET /vb/calendar.php?c=2&week=1141516800 HTTP/1.1" 200 7117 "-" "Mozilla/5.0 (compatible; Googlebot/2.1; +http://www.google.com/bot.html)"
65.55.213.109 - - [06/Jan/2008:14:15:58 -0800] "www.modestolan.com: GET /vb/image.php?u=1030&dateline=1148166501 HTTP/1.0" 200 7625 "-" "msnbot-media/1.0 (+http://search.msn.com/msnbot.htm)"
65.55.213.109 - - [06/Jan/2008:14:15:59 -0800] "www.modestolan.com: GET /vb/memberlist.php?&order=desc&sort=username&pp=30&page=7 HTTP/1.0" 200 39842 "-" "msnbot-media/1.0 (+http://search.msn.com/msnbot.htm)"
65.55.213.109 - - [06/Jan/2008:14:16:00 -0800] "www.modestolan.com: GET /vb/image.php?u=378&dateline=1076226768 HTTP/1.0" 200 2329 "-" "msnbot-media/1.0 (+http://search.msn.com/msnbot.htm)"
65.55.213.109 - - [06/Jan/2008:14:16:00 -0800] "www.modestolan.com: GET /vb/image.php?u=459&dateline=1060900050 HTTP/1.0" 200 21031 "-" "msnbot-media/1.0 (+http://search.msn.com/msnbot.htm)"
66.249.70.51 - - [06/Jan/2008:14:16:01 -0800] "www.modestolan.com: GET /vb/calendar.php?do=add&c=2&day=2006-1-18 HTTP/1.1" 200 6383 "-" "Mozilla/5.0 (compatible; Googlebot/2.1; +http://www.google.com/bot.html)"
65.55.213.109 - - [06/Jan/2008:14:16:02 -0800] "www.modestolan.com: GET /vb/image.php?u=17&dateline=1078711337 HTTP/1.0" 200 8305 "-" "msnbot-media/1.0 (+http://search.msn.com/msnbot.htm)"
65.55.213.109 - - [06/Jan/2008:14:16:02 -0800] "www.modestolan.com: GET /vb/image.php?u=128&dateline=1006729123 HTTP/1.0" 200 7001 "-" "msnbot-media/1.0 (+http://search.msn.com/msnbot.htm)"
65.55.213.109 - - [06/Jan/2008:14:16:03 -0800] "www.modestolan.com: GET /vb/image.php?u=421&dateline=1040760953 HTTP/1.0" 200 52425 "-" "msnbot-media/1.0 (+http://search.msn.com/msnbot.htm)"
65.55.213.109 - - [06/Jan/2008:14:16:05 -0800] "www.modestolan.com: GET /vb/memberlist.php?&order=desc&sort=username&pp=30&page=8 HTTP/1.0" 200 39966 "-" "msnbot-media/1.0 (+http://search.msn.com/msnbot.htm)"
65.55.213.109 - - [06/Jan/2008:14:16:06 -0800] "www.modestolan.com: GET /vb/image.php?u=18&dateline=1042857450 HTTP/1.0" 200 6734 "-" "msnbot-media/1.0 (+http://search.msn.com/msnbot.htm)"
66.249.70.51 - - [06/Jan/2008:14:16:09 -0800] "www.modestolan.com: GET /vb/calendar.php?c=2&week=1161475200 HTTP/1.1" 200 7073 "-" "Mozilla/5.0 (compatible; Googlebot/2.1; +http://www.google.com/bot.html)"
66.249.70.51 - - [06/Jan/2008:14:16:16 -0800] "www.modestolan.com: GET /vb/calendar.php?do=add&c=2&day=2006-12-8 HTTP/1.1" 200 6383 "-" "Mozilla/5.0 (compatible; Googlebot/2.1; +http://www.google.com/bot.html)"
66.249.70.51 - - [06/Jan/2008:14:16:24 -0800] "www.modestolan.com: GET /vb/calendar.php?do=add&c=2&day=2006-12-14 HTTP/1.1" 200 6382 "-" "Mozilla/5.0 (compatible; Googlebot/2.1; +http://www.google.com/bot.html)"
66.249.70.51 - - [06/Jan/2008:14:16:32 -0800] "www.modestolan.com: GET /vb/calendar.php?do=add&c=2&day=2006-2-10 HTTP/1.1" 200 6384 "-" "Mozilla/5.0 (compatible; Googlebot/2.1; +http://www.google.com/bot.html)"
66.249.70.51 - - [06/Jan/2008:14:16:39 -0800] "www.modestolan.com: GET /vb/calendar.php?do=add&c=2&day=2006-12-26 HTTP/1.1" 200 6383 "-" "Mozilla/5.0 (compatible; Googlebot/2.1; +http://www.google.com/bot.html)"
66.249.70.51 - - [06/Jan/2008:14:16:47 -0800] "www.modestolan.com: GET /vb/calendar.php?do=add&c=2&day=2006-8-5 HTTP/1.1" 200 6380 "-" "Mozilla/5.0 (compatible; Googlebot/2.1; +http://www.google.com/bot.html)"
66.249.70.51 - - [06/Jan/2008:14:16:55 -0800] "www.modestolan.com: GET /vb/calendar.php?do=add&c=2&day=2006-7-30 HTTP/1.1" 200 6384 "-" "Mozilla/5.0 (compatible; Googlebot/2.1; +http://www.google.com/bot.html)"
66.249.70.51 - - [06/Jan/2008:14:17:03 -0800] "www.modestolan.com: GET /vb/calendar.php?do=add&c=2&day=2006-2-28 HTTP/1.1" 200 6384 "-" "Mozilla/5.0 (compatible; Googlebot/2.1; +http://www.google.com/bot.html)"
65.55.213.109 - - [06/Jan/2008:14:17:06 -0800] "www.modestolan.com: GET /vb/image.php?u=751&dateline=1056277143 HTTP/1.0" 200 5177 "-" "msnbot-media/1.0 (+http://search.msn.com/msnbot.htm)"
65.55.213.109 - - [06/Jan/2008:14:17:06 -0800] "www.modestolan.com: GET /vb/image.php?u=13&dateline=1178630276 HTTP/1.0" 200 46591 "-" "msnbot-media/1.0 (+http://search.msn.com/msnbot.htm)"
65.55.213.109 - - [06/Jan/2008:14:17:07 -0800] "www.modestolan.com: GET /vb/image.php?u=1019&dateline=1122021223 HTTP/1.0" 200 1764 "-" "msnbot-media/1.0 (+http://search.msn.com/msnbot.htm)"
65.55.213.109 - - [06/Jan/2008:14:17:08 -0800] "www.modestolan.com: GET /vb/memberlist.php?&order=desc&sort=username&pp=30&page=4 HTTP/1.0" 200 40345 "-" "msnbot-media/1.0 (+http://search.msn.com/msnbot.htm)"
66.249.70.51 - - [06/Jan/2008:14:17:10 -0800] "www.modestolan.com: GET /vb/calendar.php?do=add&c=2&day=2006-8-27 HTTP/1.1" 200 6384 "-" "Mozilla/5.0 (compatible; Googlebot/2.1; +http://www.google.com/bot.html)"
66.249.70.51 - - [06/Jan/2008:14:17:18 -0800] "www.modestolan.com: GET /vb/calendar.php?do=add&c=2&day=2006-11-23 HTTP/1.1" 200 6383 "-" "Mozilla/5.0 (compatible; Googlebot/2.1; +http://www.google.com/bot.html)"
66.249.70.51 - - [06/Jan/2008:14:17:26 -0800] "www.modestolan.com: GET /vb/calendar.php?do=add&c=2&day=2006-1-26 HTTP/1.1" 200 6382 "-" "Mozilla/5.0 (compatible; Googlebot/2.1; +http://www.google.com/bot.html)"
66.249.70.51 - - [06/Jan/2008:14:17:33 -0800] "www.modestolan.com: GET /vb/calendar.php?do=add&c=2&day=2006-2-26 HTTP/1.1" 200 6381 "-" "Mozilla/5.0 (compatible; Googlebot/2.1; +http://www.google.com/bot.html)"
66.249.70.51 - - [06/Jan/2008:14:17:42 -0800] "www.modestolan.com: GET /vb/calendar.php?do=add&c=2&day=2006-10-17 HTTP/1.1" 200 6384 "-" "Mozilla/5.0 (compatible; Googlebot/2.1; +http://www.google.com/bot.html)"
66.249.70.51 - - [06/Jan/2008:14:17:49 -0800] "www.modestolan.com: GET /vb/calendar.php?do=add&c=2&day=2006-3-18 HTTP/1.1" 200 6383 "-" "Mozilla/5.0 (compatible; Googlebot/2.1; +http://www.google.com/bot.html)"
66.249.70.51 - - [06/Jan/2008:14:17:56 -0800] "www.modestolan.com: GET /vb/calendar.php?do=add&c=2&day=2006-2-8 HTTP/1.1" 200 6382 "-" "Mozilla/5.0 (compatible; Googlebot/2.1; +http://www.google.com/bot.html)"
66.249.70.51 - - [06/Jan/2008:14:18:04 -0800] "www.modestolan.com: GET /vb/calendar.php?do=add&c=2&day=2006-12-13 HTTP/1.1" 200 6381 "-" "Mozilla/5.0 (compatible; Googlebot/2.1; +http://www.google.com/bot.html)"
66.249.70.51 - - [06/Jan/2008:14:18:12 -0800] "www.modestolan.com: GET /vb/calendar.php?do=add&c=2&day=2006-2-6 HTTP/1.1" 200 6381 "-" "Mozilla/5.0 (compatible; Googlebot/2.1; +http://www.google.com/bot.html)"
66.249.70.51 - - [06/Jan/2008:14:18:20 -0800] "www.modestolan.com: GET /vb/calendar.php?do=add&c=2&day=2006-10-26 HTTP/1.1" 200 6383 "-" "Mozilla/5.0 (compatible; Googlebot/2.1; +http://www.google.com/bot.html)"
66.249.70.51 - - [06/Jan/2008:14:18:27 -0800] "www.modestolan.com: GET /vb/calendar.php?do=add&c=2&day=2006-3-15 HTTP/1.1" 200 6382 "-" "Mozilla/5.0 (compatible; Googlebot/2.1; +http://www.google.com/bot.html)"
66.249.70.51 - - [06/Jan/2008:14:18:35 -0800] "www.modestolan.com: GET /vb/calendar.php?do=add&c=2&day=2006-10-5 HTTP/1.1" 200 6382 "-" "Mozilla/5.0 (compatible; Googlebot/2.1; +http://www.google.com/bot.html)"
66.249.70.51 - - [06/Jan/2008:14:18:43 -0800] "www.modestolan.com: GET /vb/calendar.php?do=add&c=2&day=2006-6-11 HTTP/1.1" 200 6381 "-" "Mozilla/5.0 (compatible; Googlebot/2.1; +http://www.google.com/bot.html)"
66.249.70.51 - - [06/Jan/2008:14:18:51 -0800] "www.modestolan.com: GET /vb/calendar.php?do=add&c=2&day=2006-7-20 HTTP/1.1" 200 6381 "-" "Mozilla/5.0 (compatible; Googlebot/2.1; +http://www.google.com/bot.html)"
66.249.70.51 - - [06/Jan/2008:14:18:58 -0800] "www.modestolan.com: GET /vb/calendar.php?do=add&c=2&day=2006-8-28 HTTP/1.1" 200 6384 "-" "Mozilla/5.0 (compatible; Googlebot/2.1; +http://www.google.com/bot.html)"
66.249.70.51 - - [06/Jan/2008:14:19:06 -0800] "www.modestolan.com: GET /vb/calendar.php?do=add&c=2&day=2006-7-10 HTTP/1.1" 200 6384 "-" "Mozilla/5.0 (compatible; Googlebot/2.1; +http://www.google.com/bot.html)"
66.249.70.51 - - [06/Jan/2008:14:19:13 -0800] "www.modestolan.com: GET /vb/calendar.php?do=add&c=2&day=2006-4-9 HTTP/1.1" 200 6382 "-" "Mozilla/5.0 (compatible; Googlebot/2.1; +http://www.google.com/bot.html)"
66.249.70.51 - - [06/Jan/2008:14:19:21 -0800] "www.modestolan.com: GET /vb/calendar.php?do=add&c=2&day=2006-1-27 HTTP/1.1" 200 6383 "-" "Mozilla/5.0 (compatible; Googlebot/2.1; +http://www.google.com/bot.html)"
66.249.70.51 - - [06/Jan/2008:14:19:29 -0800] "www.modestolan.com: GET /vb/calendar.php?do=add&c=2&day=2006-4-23 HTTP/1.1" 200 6383 "-" "Mozilla/5.0 (compatible; Googlebot/2.1; +http://www.google.com/bot.html)"
66.249.70.51 - - [06/Jan/2008:14:19:37 -0800] "www.modestolan.com: GET /vb/calendar.php?do=add&c=2&day=2006-12-9 HTTP/1.1" 200 6384 "-" "Mozilla/5.0 (compatible; Googlebot/2.1; +http://www.google.com/bot.html)"
66.249.70.51 - - [06/Jan/2008:14:19:44 -0800] "www.modestolan.com: GET /vb/calendar.php?do=add&c=2&day=2006-8-4 HTTP/1.1" 200 6381 "-" "Mozilla/5.0 (compatible; Googlebot/2.1; +http://www.google.com/bot.html)"
66.249.70.51 - - [06/Jan/2008:14:19:52 -0800] "www.modestolan.com: GET /vb/calendar.php?do=add&c=2&day=2006-10-27 HTTP/1.1" 200 6384 "-" "Mozilla/5.0 (compatible; Googlebot/2.1; +http://www.google.com/bot.html)"
60.183.23.34 - - [06/Jan/2008:14:20:00 -0800] "www.modestolan.com: GET / HTTP/1.1" 200 24084 "http://www.modestolan.com/" "Mozilla/4.0 (compatible; MSIE 6.0; Windows NT 5.1; SV1; Maxthon; .NET CLR 1.1.4322; InfoPath.1; .NET CLR 2.0.50727)"
66.249.70.51 - - [06/Jan/2008:14:20:00 -0800] "www.modestolan.com: GET /vb/calendar.php?do=add&c=2&day=2006-5-31 HTTP/1.1" 200 6381 "-" "Mozilla/5.0 (compatible; Googlebot/2.1; +http://www.google.com/bot.html)"
66.249.70.51 - - [06/Jan/2008:14:20:07 -0800] "www.modestolan.com: GET /vb/calendar.php?do=add&c=2&day=2006-7-21 HTTP/1.1" 200 6382 "-" "Mozilla/5.0 (compatible; Googlebot/2.1; +http://www.google.com/bot.html)"
66.249.70.51 - - [06/Jan/2008:14:20:15 -0800] "www.modestolan.com: GET /vb/calendar.php?do=add&c=2&day=2006-7-15 HTTP/1.1" 200 6382 "-" "Mozilla/5.0 (compatible; Googlebot/2.1; +http://www.google.com/bot.html)"
65.55.213.109 - - [06/Jan/2008:14:20:16 -0800] "www.modestolan.com: GET /vb/image.php?u=64&dateline=1054423438 HTTP/1.0" 200 15246 "-" "msnbot-media/1.0 (+http://search.msn.com/msnbot.htm)"
65.55.213.109 - - [06/Jan/2008:14:20:20 -0800] "www.modestolan.com: GET /vb/image.php?u=1082&dateline=1146889215 HTTP/1.0" 200 26315 "-" "msnbot-media/1.0 (+http://search.msn.com/msnbot.htm)"
65.55.213.109 - - [06/Jan/2008:14:20:21 -0800] "www.modestolan.com: GET /vb/memberlist.php?ltr=P&order=desc&sort=username&pp=30&page=1 HTTP/1.0" 200 31524 "-" "msnbot-media/1.0 (+http://search.msn.com/msnbot.htm)"
66.249.70.51 - - [06/Jan/2008:14:20:23 -0800] "www.modestolan.com: GET /vb/calendar.php?do=add&c=2&day=2006-9-4 HTTP/1.1" 200 6382 "-" "Mozilla/5.0 (compatible; Googlebot/2.1; +http://www.google.com/bot.html)"
65.55.213.109 - - [06/Jan/2008:14:20:23 -0800] "www.modestolan.com: GET /vb/memberlist.php?ltr=B&order=desc&sort=username&pp=30&page=1 HTTP/1.0" 200 30172 "-" "msnbot-media/1.0 (+http://search.msn.com/msnbot.htm)"
65.55.213.109 - - [06/Jan/2008:14:20:28 -0800] "www.modestolan.com: GET /vb/image.php?u=47&dateline=1008970369 HTTP/1.0" 200 7041 "-" "msnbot-media/1.0 (+http://search.msn.com/msnbot.htm)"
65.55.213.109 - - [06/Jan/2008:14:20:28 -0800] "www.modestolan.com: GET /vb/image.php?u=15&dateline=1108162605 HTTP/1.0" 200 13214 "-" "msnbot-media/1.0 (+http://search.msn.com/msnbot.htm)"
82.99.30.73 - - [06/Jan/2008:14:20:30 -0800] "www.modestolan.com: GET /vb/search.php?s=84d30a00632f9aa85ffcc239f7ec06d1&do=getdaily HTTP/1.0" 200 23173 "-" "Mozilla/4.0 (compatible; MSIE 6.0; Windows NT 5.1)"
66.249.70.51 - - [06/Jan/2008:14:20:30 -0800] "www.modestolan.com: GET /vb/calendar.php?do=add&c=2&day=2006-7-16 HTTP/1.1" 200 6382 "-" "Mozilla/5.0 (compatible; Googlebot/2.1; +http://www.google.com/bot.html)"
66.249.70.51 - - [06/Jan/2008:14:20:38 -0800] "www.modestolan.com: GET /vb/calendar.php?do=add&c=2&day=2006-11-21 HTTP/1.1" 200 6382 "-" "Mozilla/5.0 (compatible; Googlebot/2.1; +http://www.google.com/bot.html)"
125.34.53.134 - - [06/Jan/2008:14:20:45 -0800] "www.modestolan.com: GET / HTTP/1.1" 200 24084 "http://www.modestolan.com/" "Mozilla/4.0 (compatible; MSIE 6.0; Windows NT 5.1; SV1; Maxthon; .NET CLR 1.1.4322; InfoPath.1; .NET CLR 2.0.50727)"
66.249.70.51 - - [06/Jan/2008:14:20:46 -0800] "www.modestolan.com: GET /vb/calendar.php?do=add&c=2&day=2006-6-28 HTTP/1.1" 200 6384 "-" "Mozilla/5.0 (compatible; Googlebot/2.1; +http://www.google.com/bot.html)"
66.249.70.51 - - [06/Jan/2008:14:20:54 -0800] "www.modestolan.com: GET /vb/calendar.php?do=add&c=2&day=2006-7-9 HTTP/1.1" 200 6383 "-" "Mozilla/5.0 (compatible; Googlebot/2.1; +http://www.google.com/bot.html)"
66.249.70.51 - - [06/Jan/2008:14:21:01 -0800] "www.modestolan.com: GET /vb/calendar.php?do=add&c=2&day=2006-12-21 HTTP/1.1" 200 6382 "-" "Mozilla/5.0 (compatible; Googlebot/2.1; +http://www.google.com/bot.html)"
66.249.70.51 - - [06/Jan/2008:14:21:09 -0800] "www.modestolan.com: GET /vb/calendar.php?do=add&c=2&day=2006-5-29 HTTP/1.1" 200 6383 "-" "Mozilla/5.0 (compatible; Googlebot/2.1; +http://www.google.com/bot.html)"
66.249.70.51 - - [06/Jan/2008:14:21:17 -0800] "www.modestolan.com: GET /vb/calendar.php?do=add&c=2&day=2006-8-29 HTTP/1.1" 200 6382 "-" "Mozilla/5.0 (compatible; Googlebot/2.1; +http://www.google.com/bot.html)"
66.249.70.51 - - [06/Jan/2008:14:21:24 -0800] "www.modestolan.com: GET /vb/calendar.php?do=add&c=2&day=2006-12-3 HTTP/1.1" 200 6381 "-" "Mozilla/5.0 (compatible; Googlebot/2.1; +http://www.google.com/bot.html)"
66.249.70.51 - - [06/Jan/2008:14:21:32 -0800] "www.modestolan.com: GET /vb/calendar.php?do=add&c=2&day=2006-9-5 HTTP/1.1" 200 6381 "-" "Mozilla/5.0 (compatible; Googlebot/2.1; +http://www.google.com/bot.html)"
24.197.4.214 - - [06/Jan/2008:14:21:36 -0800] "www.modestolan.com: GET /~twentydead/ HTTP/1.1" 200 11490 "-" "Mozilla/5.0 (Windows; U; Windows NT 6.0; en-US; rv:1.9b2) Gecko/2007121120 Firefox/3.0b2"
66.249.70.51 - - [06/Jan/2008:14:21:40 -0800] "www.modestolan.com: GET /vb/calendar.php?do=add&c=2&day=2006-10-4 HTTP/1.1" 200 6382 "-" "Mozilla/5.0 (compatible; Googlebot/2.1; +http://www.google.com/bot.html)"
24.197.4.214 - - [06/Jan/2008:14:21:40 -0800] "www.modestolan.com: GET /~twentydead/gallery/ HTTP/1.1" 200 5814 "http://www.modestolan.com/~twentydead/" "Mozilla/5.0 (Windows; U; Windows NT 6.0; en-US; rv:1.9b2) Gecko/2007121120 Firefox/3.0b2"
24.197.4.214 - - [06/Jan/2008:14:21:40 -0800] "www.modestolan.com: GET /~twentydead/gallery/skins/bgreen2/css/standalone_style.css HTTP/1.1" 200 141 "http://www.modestolan.com/~twentydead/gallery/" "Mozilla/5.0 (Windows; U; Windows NT 6.0; en-US; rv:1.9b2) Gecko/2007121120 Firefox/3.0b2"
24.197.4.214 - - [06/Jan/2008:14:21:40 -0800] "www.modestolan.com: GET /~twentydead/gallery/skins/bgreen2/css/embedded_style.css HTTP/1.1" 200 7082 "http://www.modestolan.com/~twentydead/gallery/" "Mozilla/5.0 (Windows; U; Windows NT 6.0; en-US; rv:1.9b2) Gecko/2007121120 Firefox/3.0b2"
24.197.4.214 - - [06/Jan/2008:14:21:45 -0800] "www.modestolan.com: GET /~twentydead/hackers/ HTTP/1.1" 200 3628 "http://www.modestolan.com/~twentydead/" "Mozilla/5.0 (Windows; U; Windows NT 6.0; en-US; rv:1.9b2) Gecko/2007121120 Firefox/3.0b2"
24.197.4.214 - - [06/Jan/2008:14:21:46 -0800] "www.modestolan.com: GET /icons/sound2.gif HTTP/1.1" 200 221 "http://www.modestolan.com/~twentydead/hackers/" "Mozilla/5.0 (Windows; U; Windows NT 6.0; en-US; rv:1.9b2) Gecko/2007121120 Firefox/3.0b2"
66.249.70.51 - - [06/Jan/2008:14:21:48 -0800] "www.modestolan.com: GET /vb/calendar.php?do=add&c=2&day=2006-12-20 HTTP/1.1" 200 6383 "-" "Mozilla/5.0 (compatible; Googlebot/2.1; +http://www.google.com/bot.html)"
24.197.4.214 - - [06/Jan/2008:14:21:48 -0800] "www.modestolan.com: GET /~twentydead/hackers/4hackers.gif HTTP/1.1" 200 54401 "http://www.modestolan.com/~twentydead/hackers/" "Mozilla/5.0 (Windows; U; Windows NT 6.0; en-US; rv:1.9b2) Gecko/2007121120 Firefox/3.0b2"
24.197.4.214 - - [06/Jan/2008:14:21:50 -0800] "www.modestolan.com: GET /~twentydead/hackers/6hackers2.gif HTTP/1.1" 200 66256 "http://www.modestolan.com/~twentydead/hackers/" "Mozilla/5.0 (Windows; U; Windows NT 6.0; en-US; rv:1.9b2) Gecko/2007121120 Firefox/3.0b2"
24.197.4.214 - - [06/Jan/2008:14:21:51 -0800] "www.modestolan.com: GET /~twentydead/hackers/dade2.gif HTTP/1.1" 200 38243 "http://www.modestolan.com/~twentydead/hackers/" "Mozilla/5.0 (Windows; U; Windows NT 6.0; en-US; rv:1.9b2) Gecko/2007121120 Firefox/3.0b2"
24.197.4.214 - - [06/Jan/2008:14:21:54 -0800] "www.modestolan.com: GET /~twentydead/hackers/dade3.gif HTTP/1.1" 200 64599 "http://www.modestolan.com/~twentydead/hackers/" "Mozilla/5.0 (Windows; U; Windows NT 6.0; en-US; rv:1.9b2) Gecko/2007121120 Firefox/3.0b2"
66.249.70.51 - - [06/Jan/2008:14:21:55 -0800] "www.modestolan.com: GET /vb/calendar.php?do=add&c=2&day=2006-10-25 HTTP/1.1" 200 6380 "-" "Mozilla/5.0 (compatible; Googlebot/2.1; +http://www.google.com/bot.html)"
24.197.4.214 - - [06/Jan/2008:14:21:55 -0800] "www.modestolan.com: GET /~twentydead/hackers/dade_banner.gif HTTP/1.1" 200 15023 "http://www.modestolan.com/~twentydead/hackers/" "Mozilla/5.0 (Windows; U; Windows NT 6.0; en-US; rv:1.9b2) Gecko/2007121120 Firefox/3.0b2"
24.197.4.214 - - [06/Jan/2008:14:21:57 -0800] "www.modestolan.com: GET /~twentydead/hackers/dade_murphy.gif HTTP/1.1" 200 13361 "http://www.modestolan.com/~twentydead/hackers/" "Mozilla/5.0 (Windows; U; Windows NT 6.0; en-US; rv:1.9b2) Gecko/2007121120 Firefox/3.0b2"
24.197.4.214 - - [06/Jan/2008:14:21:59 -0800] "www.modestolan.com: GET /~twentydead/hackers/group.gif HTTP/1.1" 200 55852 "http://www.modestolan.com/~twentydead/hackers/" "Mozilla/5.0 (Windows; U; Windows NT 6.0; en-US; rv:1.9b2) Gecko/2007121120 Firefox/3.0b2"
24.197.4.214 - - [06/Jan/2008:14:22:02 -0800] "www.modestolan.com: GET /~twentydead/hackers/kate1.gif HTTP/1.1" 200 54021 "http://www.modestolan.com/~twentydead/hackers/" "Mozilla/5.0 (Windows; U; Windows NT 6.0; en-US; rv:1.9b2) Gecko/2007121120 Firefox/3.0b2"
66.249.70.51 - - [06/Jan/2008:14:22:03 -0800] "www.modestolan.com: GET /vb/calendar.php?do=add&c=2&day=2006-10-30 HTTP/1.1" 200 6384 "-" "Mozilla/5.0 (compatible; Googlebot/2.1; +http://www.google.com/bot.html)"
24.197.4.214 - - [06/Jan/2008:14:22:03 -0800] "www.modestolan.com: GET /~twentydead/hackers/kate2.gif HTTP/1.1" 200 44275 "http://www.modestolan.com/~twentydead/hackers/" "Mozilla/5.0 (Windows; U; Windows NT 6.0; en-US; rv:1.9b2) Gecko/2007121120 Firefox/3.0b2"
24.197.4.214 - - [06/Jan/2008:14:22:05 -0800] "www.modestolan.com: GET /~twentydead/hackers/pwrbook.gif HTTP/1.1" 200 62064 "http://www.modestolan.com/~twentydead/hackers/" "Mozilla/5.0 (Windows; U; Windows NT 6.0; en-US; rv:1.9b2) Gecko/2007121120 Firefox/3.0b2"
24.197.4.214 - - [06/Jan/2008:14:22:09 -0800] "www.modestolan.com: GET /~twentydead/hackers/rollerblading.gif HTTP/1.1" 200 51879 "http://www.modestolan.com/~twentydead/hackers/" "Mozilla/5.0 (Windows; U; Windows NT 6.0; en-US; rv:1.9b2) Gecko/2007121120 Firefox/3.0b2"
66.249.70.51 - - [06/Jan/2008:14:22:11 -0800] "www.modestolan.com: GET /vb/calendar.php?do=add&c=2&day=2006-6-15 HTTP/1.1" 200 6383 "-" "Mozilla/5.0 (compatible; Googlebot/2.1; +http://www.google.com/bot.html)"
74.6.20.32 - - [06/Jan/2008:14:22:11 -0800] "www.modestolan.com: GET /vb/misc.php?do=whoposted&t=5602 HTTP/1.0" 200 2966 "-" "Mozilla/5.0 (compatible; Yahoo! Slurp; http://help.yahoo.com/help/us/ysearch/slurp)"
24.197.4.214 - - [06/Jan/2008:14:22:13 -0800] "www.modestolan.com: GET /~twentydead/hackers/top_10_worst_tech_in_film_hackers02.jpg HTTP/1.1" 200 38609 "http://www.modestolan.com/~twentydead/hackers/" "Mozilla/5.0 (Windows; U; Windows NT 6.0; en-US; rv:1.9b2) Gecko/2007121120 Firefox/3.0b2"
66.249.70.51 - - [06/Jan/2008:14:22:18 -0800] "www.modestolan.com: GET /vb/calendar.php?do=add&c=2&day=2006-7-18 HTTP/1.1" 200 6384 "-" "Mozilla/5.0 (compatible; Googlebot/2.1; +http://www.google.com/bot.html)"
24.197.4.214 - - [06/Jan/2008:14:22:25 -0800] "www.modestolan.com: GET /~twentydead/howcute.JPG HTTP/1.1" 200 119894 "http://www.modestolan.com/~twentydead/" "Mozilla/5.0 (Windows; U; Windows NT 6.0; en-US; rv:1.9b2) Gecko/2007121120 Firefox/3.0b2"
66.249.70.51 - - [06/Jan/2008:14:22:26 -0800] "www.modestolan.com: GET /vb/calendar.php?do=add&c=2&day=2006-8-30 HTTP/1.1" 200 6384 "-" "Mozilla/5.0 (compatible; Googlebot/2.1; +http://www.google.com/bot.html)"
66.249.70.51 - - [06/Jan/2008:14:22:34 -0800] "www.modestolan.com: GET /vb/calendar.php?do=add&c=2&day=2006-10-18 HTTP/1.1" 200 6384 "-" "Mozilla/5.0 (compatible; Googlebot/2.1; +http://www.google.com/bot.html)"
24.197.4.214 - - [06/Jan/2008:14:22:36 -0800] "www.modestolan.com: GET /~twentydead/hydra.jpg HTTP/1.1" 200 67121 "http://www.modestolan.com/~twentydead/" "Mozilla/5.0 (Windows; U; Windows NT 6.0; en-US; rv:1.9b2) Gecko/2007121120 Firefox/3.0b2"
66.249.70.51 - - [06/Jan/2008:14:22:41 -0800] "www.modestolan.com: GET /vb/calendar.php?do=add&c=2&day=2006-12-23 HTTP/1.1" 200 6383 "-" "Mozilla/5.0 (compatible; Googlebot/2.1; +http://www.google.com/bot.html)"
66.249.70.51 - - [06/Jan/2008:14:22:49 -0800] "www.modestolan.com: GET /vb/calendar.php?do=add&c=2&day=2006-2-23 HTTP/1.1" 200 6382 "-" "Mozilla/5.0 (compatible; Googlebot/2.1; +http://www.google.com/bot.html)"
66.249.70.51 - - [06/Jan/2008:14:22:57 -0800] "www.modestolan.com: GET /vb/calendar.php?do=add&c=2&day=2006-6-25 HTTP/1.1" 200 6382 "-" "Mozilla/5.0 (compatible; Googlebot/2.1; +http://www.google.com/bot.html)"
24.197.4.214 - - [06/Jan/2008:14:23:00 -0800] "www.modestolan.com: GET /~twentydead/kevinsetup.JPG HTTP/1.1" 200 517798 "http://www.modestolan.com/~twentydead/" "Mozilla/5.0 (Windows; U; Windows NT 6.0; en-US; rv:1.9b2) Gecko/2007121120 Firefox/3.0b2"
24.197.4.214 - - [06/Jan/2008:14:23:04 -0800] "www.modestolan.com: GET /~twentydead/licenseplate/ HTTP/1.1" 200 1250 "http://www.modestolan.com/~twentydead/" "Mozilla/5.0 (Windows; U; Windows NT 6.0; en-US; rv:1.9b2) Gecko/2007121120 Firefox/3.0b2"
66.249.70.51 - - [06/Jan/2008:14:23:05 -0800] "www.modestolan.com: GET /vb/calendar.php?do=add&c=2&day=2006-10-31 HTTP/1.1" 200 6382 "-" "Mozilla/5.0 (compatible; Googlebot/2.1; +http://www.google.com/bot.html)"
24.197.4.214 - - [06/Jan/2008:14:23:05 -0800] "www.modestolan.com: GET /~twentydead/licenseplate/IMG00107.jpg HTTP/1.1" 200 32894 "http://www.modestolan.com/~twentydead/licenseplate/" "Mozilla/5.0 (Windows; U; Windows NT 6.0; en-US; rv:1.9b2) Gecko/2007121120 Firefox/3.0b2"
24.197.4.214 - - [06/Jan/2008:14:23:08 -0800] "www.modestolan.com: GET /~twentydead/licenseplate/IMG00108.jpg HTTP/1.1" 200 34187 "http://www.modestolan.com/~twentydead/licenseplate/" "Mozilla/5.0 (Windows; U; Windows NT 6.0; en-US; rv:1.9b2) Gecko/2007121120 Firefox/3.0b2"
66.249.70.51 - - [06/Jan/2008:14:23:12 -0800] "www.modestolan.com: GET /vb/calendar.php?do=add&c=2&day=2006-3-8 HTTP/1.1" 200 6383 "-" "Mozilla/5.0 (compatible; Googlebot/2.1; +http://www.google.com/bot.html)"
24.197.4.214 - - [06/Jan/2008:14:23:14 -0800] "www.modestolan.com: GET /~twentydead/linuxsucks.png HTTP/1.1" 200 663970 "http://www.modestolan.com/~twentydead/" "Mozilla/5.0 (Windows; U; Windows NT 6.0; en-US; rv:1.9b2) Gecko/2007121120 Firefox/3.0b2"
66.249.70.51 - - [06/Jan/2008:14:23:20 -0800] "www.modestolan.com: GET /vb/calendar.php?do=add&c=2&day=2006-6-12 HTTP/1.1" 200 6382 "-" "Mozilla/5.0 (compatible; Googlebot/2.1; +http://www.google.com/bot.html)"
66.249.70.51 - - [06/Jan/2008:14:23:28 -0800] "www.modestolan.com: GET /vb/calendar.php?do=add&c=2&day=2006-10-2 HTTP/1.1" 200 6381 "-" "Mozilla/5.0 (compatible; Googlebot/2.1; +http://www.google.com/bot.html)"
24.197.4.214 - - [06/Jan/2008:14:23:31 -0800] "www.modestolan.com: GET /~twentydead/loobix.png HTTP/1.1" 200 1532017 "http://www.modestolan.com/~twentydead/" "Mozilla/5.0 (Windows; U; Windows NT 6.0; en-US; rv:1.9b2) Gecko/2007121120 Firefox/3.0b2"
24.197.4.214 - - [06/Jan/2008:14:23:35 -0800] "www.modestolan.com: GET /~twentydead/online.JPG HTTP/1.1" 200 152064 "http://www.modestolan.com/~twentydead/" "Mozilla/5.0 (Windows; U; Windows NT 6.0; en-US; rv:1.9b2) Gecko/2007121120 Firefox/3.0b2"
66.249.70.51 - - [06/Jan/2008:14:23:35 -0800] "www.modestolan.com: GET /vb/calendar.php?do=add&c=2&day=2006-12-19 HTTP/1.1" 200 6385 "-" "Mozilla/5.0 (compatible; Googlebot/2.1; +http://www.google.com/bot.html)"
74.6.19.210 - - [06/Jan/2008:14:23:40 -0800] "www.modestolan.com: GET /vb/showthread.php?t=5418 HTTP/1.0" 200 10751 "-" "Mozilla/5.0 (compatible; Yahoo! Slurp; http://help.yahoo.com/help/us/ysearch/slurp)"
66.249.70.51 - - [06/Jan/2008:14:23:43 -0800] "www.modestolan.com: GET /vb/calendar.php?do=add&c=2&day=2006-2-24 HTTP/1.1" 200 6383 "-" "Mozilla/5.0 (compatible; Googlebot/2.1; +http://www.google.com/bot.html)"
24.197.4.214 - - [06/Jan/2008:14:23:47 -0800] "www.modestolan.com: GET /~twentydead/party.jpg HTTP/1.1" 200 215722 "http://www.modestolan.com/~twentydead/" "Mozilla/5.0 (Windows; U; Windows NT 6.0; en-US; rv:1.9b2) Gecko/2007121120 Firefox/3.0b2"
66.249.70.51 - - [06/Jan/2008:14:23:51 -0800] "www.modestolan.com: GET /vb/calendar.php?do=add&c=2&day=2006-3-4 HTTP/1.1" 200 6381 "-" "Mozilla/5.0 (compatible; Googlebot/2.1; +http://www.google.com/bot.html)"
24.197.4.214 - - [06/Jan/2008:14:23:51 -0800] "www.modestolan.com: GET /~twentydead/pirates.JPG HTTP/1.1" 200 195025 "http://www.modestolan.com/~twentydead/" "Mozilla/5.0 (Windows; U; Windows NT 6.0; en-US; rv:1.9b2) Gecko/2007121120 Firefox/3.0b2"
24.197.4.214 - - [06/Jan/2008:14:23:57 -0800] "www.modestolan.com: GET /~twentydead/rogueblackrock.jpg HTTP/1.1" 200 181507 "http://www.modestolan.com/~twentydead/" "Mozilla/5.0 (Windows; U; Windows NT 6.0; en-US; rv:1.9b2) Gecko/2007121120 Firefox/3.0b2"
66.249.70.51 - - [06/Jan/2008:14:23:58 -0800] "www.modestolan.com: GET /vb/calendar.php?do=add&c=2&day=2006-6-18 HTTP/1.1" 200 6383 "-" "Mozilla/5.0 (compatible; Googlebot/2.1; +http://www.google.com/bot.html)"
24.197.4.214 - - [06/Jan/2008:14:24:02 -0800] "www.modestolan.com: GET /~twentydead/scientology.jpg HTTP/1.1" 200 79271 "http://www.modestolan.com/~twentydead/" "Mozilla/5.0 (Windows; U; Windows NT 6.0; en-US; rv:1.9b2) Gecko/2007121120 Firefox/3.0b2"
66.249.70.51 - - [06/Jan/2008:14:24:06 -0800] "www.modestolan.com: GET /vb/calendar.php?do=add&c=2&day=2006-11-24 HTTP/1.1" 200 6383 "-" "Mozilla/5.0 (compatible; Googlebot/2.1; +http://www.google.com/bot.html)"
66.249.70.51 - - [06/Jan/2008:14:24:14 -0800] "www.modestolan.com: GET /vb/calendar.php?do=add&c=2&day=2006-9-30 HTTP/1.1" 200 6383 "-" "Mozilla/5.0 (compatible; Googlebot/2.1; +http://www.google.com/bot.html)"
67.77.212.147 - - [06/Jan/2008:14:24:19 -0800] "www.modestolan.com: GET /xwred1/taliban.jpeg HTTP/1.1" 200 12324 "-" "Mozilla/5.0 (Windows; U; Windows NT 5.1; en-US; rv:1.8.1.11) Gecko/20071127 Firefox/2.0.0.11"
217.212.224.145 - - [06/Jan/2008:14:24:19 -0800] "www.modestolan.com: GET /robots.txt HTTP/1.0" 404 322 "-" "psbot/0.1 (+http://www.picsearch.com/bot.html)"
74.6.28.152 - - [06/Jan/2008:14:24:20 -0800] "www.modestolan.com: GET /vb/member.php?s=&action=getinfo&userid=978 HTTP/1.0" 200 6701 "-" "Mozilla/5.0 (compatible; Yahoo! Slurp; http://help.yahoo.com/help/us/ysearch/slurp)"
217.212.224.182 - - [06/Jan/2008:14:24:20 -0800] "www.modestolan.com: GET /~nine/misc/ HTTP/1.0" 200 18920 "-" "psbot/0.1 (+http://www.picsearch.com/bot.html)"
66.249.70.51 - - [06/Jan/2008:14:24:22 -0800] "www.modestolan.com: GET /vb/calendar.php?do=add&c=2&day=2006-6-23 HTTP/1.1" 200 6382 "-" "Mozilla/5.0 (compatible; Googlebot/2.1; +http://www.google.com/bot.html)"
24.197.4.214 - - [06/Jan/2008:14:24:24 -0800] "www.modestolan.com: GET /~twentydead/shitbox.jpg HTTP/1.1" 200 235933 "http://www.modestolan.com/~twentydead/" "Mozilla/5.0 (Windows; U; Windows NT 6.0; en-US; rv:1.9b2) Gecko/2007121120 Firefox/3.0b2"
24.197.4.214 - - [06/Jan/2008:14:24:27 -0800] "www.modestolan.com: GET /~twentydead/shitbox1.jpg HTTP/1.1" 200 143707 "http://www.modestolan.com/~twentydead/" "Mozilla/5.0 (Windows; U; Windows NT 6.0; en-US; rv:1.9b2) Gecko/2007121120 Firefox/3.0b2"
66.249.70.51 - - [06/Jan/2008:14:24:29 -0800] "www.modestolan.com: GET /vb/calendar.php?do=add&c=2&day=2006-9-27 HTTP/1.1" 200 6384 "-" "Mozilla/5.0 (compatible; Googlebot/2.1; +http://www.google.com/bot.html)"
24.197.4.214 - - [06/Jan/2008:14:24:30 -0800] "www.modestolan.com: GET /~twentydead/sohuge.jpg HTTP/1.1" 200 594681 "http://www.modestolan.com/~twentydead/" "Mozilla/5.0 (Windows; U; Windows NT 6.0; en-US; rv:1.9b2) Gecko/2007121120 Firefox/3.0b2"
74.6.24.112 - - [06/Jan/2008:14:24:37 -0800] "www.modestolan.com: GET /~twentydead/gallery HTTP/1.0" 301 368 "-" "Mozilla/5.0 (compatible; Yahoo! Slurp; http://help.yahoo.com/help/us/ysearch/slurp)"
74.6.24.112 - - [06/Jan/2008:14:24:37 -0800] "www.modestolan.com: GET /~twentydead/gallery/ HTTP/1.0" 200 5787 "-" "Mozilla/5.0 (compatible; Yahoo! Slurp; http://help.yahoo.com/help/us/ysearch/slurp)"
66.249.70.51 - - [06/Jan/2008:14:24:37 -0800] "www.modestolan.com: GET /vb/calendar.php?do=add&c=2&day=2006-12-24 HTTP/1.1" 200 6383 "-" "Mozilla/5.0 (compatible; Googlebot/2.1; +http://www.google.com/bot.html)"
24.197.4.214 - - [06/Jan/2008:14:24:39 -0800] "www.modestolan.com: GET /~twentydead/laptop/ HTTP/1.1" 200 2810 "http://www.modestolan.com/~twentydead/" "Mozilla/5.0 (Windows; U; Windows NT 6.0; en-US; rv:1.9b2) Gecko/2007121120 Firefox/3.0b2"
