66.249.70.51 - - [06/Jan/2008:11:11:57 -0800] "www.modestolan.com: GET /~nine/misc/hax.jpeg HTTP/1.1" 200 26299 "-" "Googlebot-Image/1.0"
66.249.70.51 - - [06/Jan/2008:11:12:01 -0800] "www.modestolan.com: GET /vb/calendar.php?c=2&week=1163289600&do=displayweek&month=11 HTTP/1.1" 200 7109 "-" "Mozilla/5.0 (compatible; Googlebot/2.1; +http://www.google.com/bot.html)"
68.116.82.112 - - [06/Jan/2008:11:12:23 -0800] "webmail.modestolan.com: GET /src/left_main.php HTTP/1.1" 200 9224 "https://webmail.modestolan.com/src/webmail.php" "Mozilla/4.0 (compatible; MSIE 7.0; Windows NT 5.1; .NET CLR 1.1.4322)"
66.249.70.51 - - [06/Jan/2008:11:12:26 -0800] "www.modestolan.com: GET /vb/calendar.php?month=4&year=2006&c=2&do=displaymonth HTTP/1.1" 200 7882 "-" "Mozilla/5.0 (compatible; Googlebot/2.1; +http://www.google.com/bot.html)"
66.249.70.51 - - [06/Jan/2008:11:12:51 -0800] "www.modestolan.com: GET /vb/calendar.php?c=2&week=1166918400&do=displayweek&month=12 HTTP/1.1" 200 7156 "-" "Mozilla/5.0 (compatible; Googlebot/2.1; +http://www.google.com/bot.html)"
66.249.70.51 - - [06/Jan/2008:11:13:16 -0800] "www.modestolan.com: GET /vb/calendar.php?month=8&year=2006&c=2&do=displaymonth HTTP/1.1" 200 7600 "-" "Mozilla/5.0 (compatible; Googlebot/2.1; +http://www.google.com/bot.html)"
74.6.24.139 - - [06/Jan/2008:11:13:38 -0800] "www.modestolan.com: GET /vb/search.php?do=finduser&userid=15&searchthreadid=5680 HTTP/1.0" 302 0 "-" "Mozilla/5.0 (compatible; Yahoo! Slurp; http://help.yahoo.com/help/us/ysearch/slurp)"
74.6.24.139 - - [06/Jan/2008:11:13:39 -0800] "www.modestolan.com: GET /vb/search.php?searchid=9946 HTTP/1.0" 200 6348 "-" "Mozilla/5.0 (compatible; Yahoo! Slurp; http://help.yahoo.com/help/us/ysearch/slurp)"
66.249.70.51 - - [06/Jan/2008:11:13:41 -0800] "www.modestolan.com: GET /vb/calendar.php?month=12&year=2006&c=2&do=displaymonth HTTP/1.1" 200 7653 "-" "Mozilla/5.0 (compatible; Googlebot/2.1; +http://www.google.com/bot.html)"
74.6.22.79 - - [06/Jan/2008:11:14:02 -0800] "www.modestolan.com: GET /~nine/Nine_Inch_Nails-Live_In_Fresno_CA_03-23-2005-YKK/07-nine_inch_nails-terrible_lie-ykk.mp3 HTTP/1.0" 200 24017 "-" "Mozilla/5.0 (compatible; Yahoo! Slurp; http://help.yahoo.com/help/us/ysearch/slurp)"
66.249.70.51 - - [06/Jan/2008:11:14:06 -0800] "www.modestolan.com: GET /vb/calendar.php?c=2&week=1145750400&do=displayweek&month=4 HTTP/1.1" 200 7227 "-" "Mozilla/5.0 (compatible; Googlebot/2.1; +http://www.google.com/bot.html)"
66.249.70.51 - - [06/Jan/2008:11:14:30 -0800] "www.modestolan.com: GET /vb/calendar.php?c=2&week=1137888000&do=displayweek&month=1 HTTP/1.1" 200 7084 "-" "Mozilla/5.0 (compatible; Googlebot/2.1; +http://www.google.com/bot.html)"
74.6.20.227 - - [06/Jan/2008:11:14:32 -0800] "www.modestolan.com: GET /vb/showthread.php?p=47054 HTTP/1.0" 200 9096 "-" "Mozilla/5.0 (compatible; Yahoo! Slurp; http://help.yahoo.com/help/us/ysearch/slurp)"
58.208.4.84 - - [06/Jan/2008:11:14:43 -0800] "www.modestolan.com: GET / HTTP/1.1" 200 24084 "http://www.modestolan.com/" "Mozilla/4.0 (compatible; MSIE 6.0; Windows NT 5.1; SV1; Maxthon; .NET CLR 1.1.4322; InfoPath.1; .NET CLR 2.0.50727)"
61.140.35.34 - - [06/Jan/2008:11:14:50 -0800] "www.modestolan.com: GET / HTTP/1.1" 200 24084 "http://www.modestolan.com/" "Mozilla/4.0 (compatible; MSIE 6.0; Windows NT 5.1; SV1; Maxthon; .NET CLR 1.1.4322; InfoPath.1; .NET CLR 2.0.50727)"
66.249.70.51 - - [06/Jan/2008:11:14:55 -0800] "www.modestolan.com: GET /vb/calendar.php?do=getinfo&day=2006-4-16&c=2 HTTP/1.1" 200 5915 "-" "Mozilla/5.0 (compatible; Googlebot/2.1; +http://www.google.com/bot.html)"
66.249.70.51 - - [06/Jan/2008:11:15:20 -0800] "www.modestolan.com: GET /vb/calendar.php?c=2&week=1151193600&do=displayweek&month=7 HTTP/1.1" 200 7479 "-" "Mozilla/5.0 (compatible; Googlebot/2.1; +http://www.google.com/bot.html)"
66.249.70.51 - - [06/Jan/2008:11:15:45 -0800] "www.modestolan.com: GET /vb/calendar.php?c=2&week=1154217600&do=displayweek&month=8 HTTP/1.1" 200 7449 "-" "Mozilla/5.0 (compatible; Googlebot/2.1; +http://www.google.com/bot.html)"
121.132.88.147 - - [06/Jan/2008:11:16:05 -0800] "www.modestolan.com: GET /xwred1/fat_naruto.jpeg HTTP/1.1" 200 115036 "http://cafe118.daum.net/_c21_/bbs_read?grpid=aSh8&mgrpid=&fldid=Kyjz&page=6&prev_page=2&firstbbsdepth=000Q4zzzzzzzzzzzzzzzzzzzzzzzzz&lastbbsdepth=000Pdzzzzzzzzzzzzzzzzzzzzzzzzz&contentval=000O6zzzzzzzzzzzzzzzzzzzzzzzzz&datanum=1494" "Mozilla/4.0 (compatible; MSIE 6.0; Windows NT 5.1; .NET CLR 1.0.3705)"
66.249.70.51 - - [06/Jan/2008:11:16:12 -0800] "www.modestolan.com: GET /vb/calendar.php?c=2&week=1165104000&do=displayweek&month=12 HTTP/1.1" 200 7146 "-" "Mozilla/5.0 (compatible; Googlebot/2.1; +http://www.google.com/bot.html)"
66.249.70.51 - - [06/Jan/2008:11:16:34 -0800] "www.modestolan.com: GET /vb/calendar.php?c=2&week=1165708800&do=displayweek&month=12 HTTP/1.1" 200 7146 "-" "Mozilla/5.0 (compatible; Googlebot/2.1; +http://www.google.com/bot.html)"
212.80.70.66 - - [06/Jan/2008:11:16:38 -0800] "www.modestolan.com: GET /%7Ehoodlum/dump HTTP/1.0" 404 325 "-" "Mozilla/4.0 (compatible; MSIE 6.0; Windows NT 5.1)"
212.80.70.66 - - [06/Jan/2008:11:16:44 -0800] "www.modestolan.com: GET /%7Ehoodlum/dump HTTP/1.0" 404 325 "-" "Mozilla/4.0 (compatible; MSIE 6.0; Windows NT 5.1)"
66.249.70.51 - - [06/Jan/2008:11:16:59 -0800] "www.modestolan.com: GET /vb/calendar.php?c=2&week=1148169600&do=displayweek&month=5 HTTP/1.1" 200 7102 "-" "Mozilla/5.0 (compatible; Googlebot/2.1; +http://www.google.com/bot.html)"
66.249.70.51 - - [06/Jan/2008:11:17:24 -0800] "www.modestolan.com: GET /vb/calendar.php?do=add&type=recur&c=2 HTTP/1.1" 200 6376 "-" "Mozilla/5.0 (compatible; Googlebot/2.1; +http://www.google.com/bot.html)"
212.80.70.66 - - [06/Jan/2008:11:17:38 -0800] "www.modestolan.com: GET /%7Ehoodlum/dump HTTP/1.0" 404 325 "-" "Mozilla/4.0 (compatible; MSIE 6.0; Windows NT 5.1)"
212.80.70.66 - - [06/Jan/2008:11:17:45 -0800] "www.modestolan.com: GET /%7Ehoodlum/dump HTTP/1.0" 404 325 "-" "Mozilla/4.0 (compatible; MSIE 6.0; Windows NT 5.1)"
66.249.70.51 - - [06/Jan/2008:11:17:49 -0800] "www.modestolan.com: GET /vb/calendar.php?c=2&week=1140307200&do=displayweek&month=2 HTTP/1.1" 200 7116 "-" "Mozilla/5.0 (compatible; Googlebot/2.1; +http://www.google.com/bot.html)"
64.12.186.233 - - [06/Jan/2008:11:18:10 -0800] "www.modestolan.com: GET /~xwred1/streetfighter.wmv HTTP/1.1" 200 15816 "http://www.singingfish.com" "asterias/2.0"
66.249.70.51 - - [06/Jan/2008:11:18:13 -0800] "www.modestolan.com: GET /vb/calendar.php?c=2&week=1163894400&do=displayweek&month=11 HTTP/1.1" 200 7106 "-" "Mozilla/5.0 (compatible; Googlebot/2.1; +http://www.google.com/bot.html)"
66.249.70.51 - - [06/Jan/2008:11:18:38 -0800] "www.modestolan.com: GET /vb/calendar.php?c=2&week=1156636800&do=displayweek&month=9 HTTP/1.1" 200 7380 "-" "Mozilla/5.0 (compatible; Googlebot/2.1; +http://www.google.com/bot.html)"
66.249.70.51 - - [06/Jan/2008:11:19:03 -0800] "www.modestolan.com: GET /vb/calendar.php?c=2&week=1141516800&do=displayweek&month=3 HTTP/1.1" 200 7134 "-" "Mozilla/5.0 (compatible; Googlebot/2.1; +http://www.google.com/bot.html)"
66.249.70.51 - - [06/Jan/2008:11:19:28 -0800] "www.modestolan.com: GET /vb/calendar.php?c=2&week=1148774400&do=displayweek&month=6 HTTP/1.1" 200 7451 "-" "Mozilla/5.0 (compatible; Googlebot/2.1; +http://www.google.com/bot.html)"
66.249.70.51 - - [06/Jan/2008:11:19:53 -0800] "www.modestolan.com: GET /vb/calendar.php?c=2&week=1162080000&do=displayweek&month=11 HTTP/1.1" 200 7369 "-" "Mozilla/5.0 (compatible; Googlebot/2.1; +http://www.google.com/bot.html)"
66.249.70.51 - - [06/Jan/2008:11:20:17 -0800] "www.modestolan.com: GET /vb/calendar.php?c=2&week=1152403200&do=displayweek&month=7 HTTP/1.1" 200 7148 "-" "Mozilla/5.0 (compatible; Googlebot/2.1; +http://www.google.com/bot.html)"
66.249.70.51 - - [06/Jan/2008:11:20:42 -0800] "www.modestolan.com: GET /vb/calendar.php?month=9&year=2006&c=2&do=displaymonth HTTP/1.1" 200 7549 "-" "Mozilla/5.0 (compatible; Googlebot/2.1; +http://www.google.com/bot.html)"
74.6.24.198 - - [06/Jan/2008:11:21:07 -0800] "www.modestolan.com: GET /~twentydead/ HTTP/1.0" 200 11464 "-" "Mozilla/5.0 (compatible; Yahoo! Slurp; http://help.yahoo.com/help/us/ysearch/slurp)"
66.249.70.51 - - [06/Jan/2008:11:21:07 -0800] "www.modestolan.com: GET /vb/calendar.php?month=10&year=2006&c=2&do=displaymonth HTTP/1.1" 200 7541 "-" "Mozilla/5.0 (compatible; Googlebot/2.1; +http://www.google.com/bot.html)"
66.249.70.51 - - [06/Jan/2008:11:21:32 -0800] "www.modestolan.com: GET /vb/calendar.php?c=2&week=1140912000&do=displayweek&month=3 HTTP/1.1" 200 7540 "-" "Mozilla/5.0 (compatible; Googlebot/2.1; +http://www.google.com/bot.html)"
66.249.70.51 - - [06/Jan/2008:11:21:56 -0800] "www.modestolan.com: GET /vb/calendar.php?c=2&week=1159660800&do=displayweek&month=10 HTTP/1.1" 200 7087 "-" "Mozilla/5.0 (compatible; Googlebot/2.1; +http://www.google.com/bot.html)"
66.249.70.51 - - [06/Jan/2008:11:22:21 -0800] "www.modestolan.com: GET /vb/calendar.php?c=2&week=1161475200&do=displayweek&month=10 HTTP/1.1" 200 7084 "-" "Mozilla/5.0 (compatible; Googlebot/2.1; +http://www.google.com/bot.html)"
68.116.82.112 - - [06/Jan/2008:11:22:25 -0800] "webmail.modestolan.com: GET /src/left_main.php HTTP/1.1" 200 9224 "https://webmail.modestolan.com/src/webmail.php" "Mozilla/4.0 (compatible; MSIE 7.0; Windows NT 5.1; .NET CLR 1.1.4322)"
66.249.70.51 - - [06/Jan/2008:11:22:46 -0800] "www.modestolan.com: GET /vb/calendar.php?c=2&week=1144540800&do=displayweek&month=4 HTTP/1.1" 200 7335 "-" "Mozilla/5.0 (compatible; Googlebot/2.1; +http://www.google.com/bot.html)"
74.6.23.199 - - [06/Jan/2008:11:22:57 -0800] "www.modestolan.com: GET /~twentydead/licenseplate/ HTTP/1.0" 200 1238 "-" "Mozilla/5.0 (compatible; Yahoo! Slurp; http://help.yahoo.com/help/us/ysearch/slurp)"
66.249.70.51 - - [06/Jan/2008:11:23:11 -0800] "www.modestolan.com: GET /vb/calendar.php?do=add&type=single&c=2 HTTP/1.1" 200 6377 "-" "Mozilla/5.0 (compatible; Googlebot/2.1; +http://www.google.com/bot.html)"
74.6.26.38 - - [06/Jan/2008:11:23:30 -0800] "www.modestolan.com: GET /vb/member.php?u=928 HTTP/1.0" 200 6199 "-" "Mozilla/5.0 (compatible; Yahoo! Slurp; http://help.yahoo.com/help/us/ysearch/slurp)"
66.249.70.51 - - [06/Jan/2008:11:23:36 -0800] "www.modestolan.com: GET /vb/calendar.php?c=2&week=1149984000&do=displayweek&month=6 HTTP/1.1" 200 7126 "-" "Mozilla/5.0 (compatible; Googlebot/2.1; +http://www.google.com/bot.html)"
69.134.207.30 - - [06/Jan/2008:11:23:38 -0800] "sanctum.modestolan.com: GET /UBRS-RendNef.jpg HTTP/1.1" 304 - "-" "Mozilla/4.0 (compatible; MSIE 7.0; Windows NT 5.1; .NET CLR 2.0.50727; .NET CLR 3.0.04506.648; .NET CLR 3.5.21022)"
69.134.207.30 - - [06/Jan/2008:11:23:38 -0800] "sanctum.modestolan.com: GET /shadscreen2.jpg HTTP/1.1" 404 344 "-" "Mozilla/4.0 (compatible; MSIE 7.0; Windows NT 5.1; .NET CLR 2.0.50727; .NET CLR 3.0.04506.648; .NET CLR 3.5.21022)"
69.134.207.30 - - [06/Jan/2008:11:23:38 -0800] "sanctum.modestolan.com: GET /shadscreen.jpg HTTP/1.1" 404 343 "-" "Mozilla/4.0 (compatible; MSIE 7.0; Windows NT 5.1; .NET CLR 2.0.50727; .NET CLR 3.0.04506.648; .NET CLR 3.5.21022)"
69.134.207.30 - - [06/Jan/2008:11:23:38 -0800] "sanctum.modestolan.com: GET /shadscreen3.jpg HTTP/1.1" 404 344 "-" "Mozilla/4.0 (compatible; MSIE 7.0; Windows NT 5.1; .NET CLR 2.0.50727; .NET CLR 3.0.04506.648; .NET CLR 3.5.21022)"
69.134.207.30 - - [06/Jan/2008:11:23:38 -0800] "sanctum.modestolan.com: GET /shadscreen1.jpg HTTP/1.1" 404 344 "-" "Mozilla/4.0 (compatible; MSIE 7.0; Windows NT 5.1; .NET CLR 2.0.50727; .NET CLR 3.0.04506.648; .NET CLR 3.5.21022)"
66.249.70.51 - - [06/Jan/2008:11:24:00 -0800] "www.modestolan.com: GET /vb/calendar.php?c=2&week=1139097600&do=displayweek&month=2 HTTP/1.1" 200 7109 "-" "Mozilla/5.0 (compatible; Googlebot/2.1; +http://www.google.com/bot.html)"
69.110.106.6 - - [06/Jan/2008:11:24:21 -0800] "www.modestolan.com: GET /vb HTTP/1.1" 301 363 "-" "Mozilla/5.0 (X11; U; Linux i686; en-US; rv:1.8.1.11) Gecko/20071204 Ubuntu/7.10 (gutsy) Firefox/2.0.0.11"
69.110.106.6 - - [06/Jan/2008:11:24:22 -0800] "www.modestolan.com: GET /vb/ HTTP/1.1" 200 8570 "-" "Mozilla/5.0 (X11; U; Linux i686; en-US; rv:1.8.1.11) Gecko/20071204 Ubuntu/7.10 (gutsy) Firefox/2.0.0.11"
69.110.106.6 - - [06/Jan/2008:11:24:22 -0800] "www.modestolan.com: GET /vb/clientscript/vbulletin_global.js?v=368 HTTP/1.1" 200 43897 "http://www.modestolan.com/vb/" "Mozilla/5.0 (X11; U; Linux i686; en-US; rv:1.8.1.11) Gecko/20071204 Ubuntu/7.10 (gutsy) Firefox/2.0.0.11"
69.110.106.6 - - [06/Jan/2008:11:24:22 -0800] "www.modestolan.com: GET /vb/clientscript/vbulletin_menu.js?v=368 HTTP/1.1" 200 17850 "http://www.modestolan.com/vb/" "Mozilla/5.0 (X11; U; Linux i686; en-US; rv:1.8.1.11) Gecko/20071204 Ubuntu/7.10 (gutsy) Firefox/2.0.0.11"
69.110.106.6 - - [06/Jan/2008:11:24:23 -0800] "www.modestolan.com: GET /tables.css HTTP/1.1" 200 2419 "http://www.modestolan.com/vb/" "Mozilla/5.0 (X11; U; Linux i686; en-US; rv:1.8.1.11) Gecko/20071204 Ubuntu/7.10 (gutsy) Firefox/2.0.0.11"
69.110.106.6 - - [06/Jan/2008:11:24:23 -0800] "www.modestolan.com: GET /php/menu.php HTTP/1.1" 200 21682 "http://www.modestolan.com/vb/" "Mozilla/5.0 (X11; U; Linux i686; en-US; rv:1.8.1.11) Gecko/20071204 Ubuntu/7.10 (gutsy) Firefox/2.0.0.11"
69.110.106.6 - - [06/Jan/2008:11:24:23 -0800] "www.modestolan.com: GET /images/menu/2.gif HTTP/1.1" 200 550 "http://www.modestolan.com/vb/" "Mozilla/5.0 (X11; U; Linux i686; en-US; rv:1.8.1.11) Gecko/20071204 Ubuntu/7.10 (gutsy) Firefox/2.0.0.11"
69.110.106.6 - - [06/Jan/2008:11:24:23 -0800] "www.modestolan.com: GET /images/menu/1.gif HTTP/1.1" 200 368 "http://www.modestolan.com/vb/" "Mozilla/5.0 (X11; U; Linux i686; en-US; rv:1.8.1.11) Gecko/20071204 Ubuntu/7.10 (gutsy) Firefox/2.0.0.11"
69.110.106.6 - - [06/Jan/2008:11:24:23 -0800] "www.modestolan.com: GET /images/transparent.gif HTTP/1.1" 200 43 "http://www.modestolan.com/vb/" "Mozilla/5.0 (X11; U; Linux i686; en-US; rv:1.8.1.11) Gecko/20071204 Ubuntu/7.10 (gutsy) Firefox/2.0.0.11"
69.110.106.6 - - [06/Jan/2008:11:24:23 -0800] "www.modestolan.com: GET /images/top_14.gif HTTP/1.1" 200 522 "http://www.modestolan.com/vb/" "Mozilla/5.0 (X11; U; Linux i686; en-US; rv:1.8.1.11) Gecko/20071204 Ubuntu/7.10 (gutsy) Firefox/2.0.0.11"
69.110.106.6 - - [06/Jan/2008:11:24:23 -0800] "www.modestolan.com: GET /images/top_12.gif HTTP/1.1" 200 826 "http://www.modestolan.com/vb/" "Mozilla/5.0 (X11; U; Linux i686; en-US; rv:1.8.1.11) Gecko/20071204 Ubuntu/7.10 (gutsy) Firefox/2.0.0.11"
69.110.106.6 - - [06/Jan/2008:11:24:23 -0800] "www.modestolan.com: GET /transparent.gif HTTP/1.1" 200 43 "http://www.modestolan.com/vb/" "Mozilla/5.0 (X11; U; Linux i686; en-US; rv:1.8.1.11) Gecko/20071204 Ubuntu/7.10 (gutsy) Firefox/2.0.0.11"
69.110.106.6 - - [06/Jan/2008:11:24:23 -0800] "www.modestolan.com: GET /images/top_02.gif HTTP/1.1" 200 882 "http://www.modestolan.com/vb/" "Mozilla/5.0 (X11; U; Linux i686; en-US; rv:1.8.1.11) Gecko/20071204 Ubuntu/7.10 (gutsy) Firefox/2.0.0.11"
69.110.106.6 - - [06/Jan/2008:11:24:23 -0800] "www.modestolan.com: GET /images/top_05.gif HTTP/1.1" 200 3111 "http://www.modestolan.com/vb/" "Mozilla/5.0 (X11; U; Linux i686; en-US; rv:1.8.1.11) Gecko/20071204 Ubuntu/7.10 (gutsy) Firefox/2.0.0.11"
69.110.106.6 - - [06/Jan/2008:11:24:23 -0800] "www.modestolan.com: GET /images/top_06.gif HTTP/1.1" 200 1954 "http://www.modestolan.com/vb/" "Mozilla/5.0 (X11; U; Linux i686; en-US; rv:1.8.1.11) Gecko/20071204 Ubuntu/7.10 (gutsy) Firefox/2.0.0.11"
69.110.106.6 - - [06/Jan/2008:11:24:23 -0800] "www.modestolan.com: GET /images/top_07.gif HTTP/1.1" 200 2521 "http://www.modestolan.com/vb/" "Mozilla/5.0 (X11; U; Linux i686; en-US; rv:1.8.1.11) Gecko/20071204 Ubuntu/7.10 (gutsy) Firefox/2.0.0.11"
69.110.106.6 - - [06/Jan/2008:11:24:23 -0800] "www.modestolan.com: GET /images/top_08.gif HTTP/1.1" 200 1738 "http://www.modestolan.com/vb/" "Mozilla/5.0 (X11; U; Linux i686; en-US; rv:1.8.1.11) Gecko/20071204 Ubuntu/7.10 (gutsy) Firefox/2.0.0.11"
69.110.106.6 - - [06/Jan/2008:11:24:23 -0800] "www.modestolan.com: GET /images/top_09.gif HTTP/1.1" 200 1089 "http://www.modestolan.com/vb/" "Mozilla/5.0 (X11; U; Linux i686; en-US; rv:1.8.1.11) Gecko/20071204 Ubuntu/7.10 (gutsy) Firefox/2.0.0.11"
69.110.106.6 - - [06/Jan/2008:11:24:23 -0800] "www.modestolan.com: GET /images/menu/3.gif HTTP/1.1" 200 511 "http://www.modestolan.com/vb/" "Mozilla/5.0 (X11; U; Linux i686; en-US; rv:1.8.1.11) Gecko/20071204 Ubuntu/7.10 (gutsy) Firefox/2.0.0.11"
69.110.106.6 - - [06/Jan/2008:11:24:23 -0800] "www.modestolan.com: GET /images/menu/4.gif HTTP/1.1" 200 443 "http://www.modestolan.com/vb/" "Mozilla/5.0 (X11; U; Linux i686; en-US; rv:1.8.1.11) Gecko/20071204 Ubuntu/7.10 (gutsy) Firefox/2.0.0.11"
69.110.106.6 - - [06/Jan/2008:11:24:23 -0800] "www.modestolan.com: GET /images/menu/8.gif HTTP/1.1" 200 746 "http://www.modestolan.com/vb/" "Mozilla/5.0 (X11; U; Linux i686; en-US; rv:1.8.1.11) Gecko/20071204 Ubuntu/7.10 (gutsy) Firefox/2.0.0.11"
69.110.106.6 - - [06/Jan/2008:11:24:23 -0800] "www.modestolan.com: GET /images/menu/5.gif HTTP/1.1" 200 549 "http://www.modestolan.com/vb/" "Mozilla/5.0 (X11; U; Linux i686; en-US; rv:1.8.1.11) Gecko/20071204 Ubuntu/7.10 (gutsy) Firefox/2.0.0.11"
69.110.106.6 - - [06/Jan/2008:11:24:23 -0800] "www.modestolan.com: GET /images/menu/6.gif HTTP/1.1" 200 600 "http://www.modestolan.com/vb/" "Mozilla/5.0 (X11; U; Linux i686; en-US; rv:1.8.1.11) Gecko/20071204 Ubuntu/7.10 (gutsy) Firefox/2.0.0.11"
69.110.106.6 - - [06/Jan/2008:11:24:23 -0800] "www.modestolan.com: GET /images/menu/7.gif HTTP/1.1" 200 601 "http://www.modestolan.com/vb/" "Mozilla/5.0 (X11; U; Linux i686; en-US; rv:1.8.1.11) Gecko/20071204 Ubuntu/7.10 (gutsy) Firefox/2.0.0.11"
69.110.106.6 - - [06/Jan/2008:11:24:23 -0800] "www.modestolan.com: GET /images/top_01.gif HTTP/1.1" 200 344 "http://www.modestolan.com/vb/" "Mozilla/5.0 (X11; U; Linux i686; en-US; rv:1.8.1.11) Gecko/20071204 Ubuntu/7.10 (gutsy) Firefox/2.0.0.11"
69.110.106.6 - - [06/Jan/2008:11:24:23 -0800] "www.modestolan.com: GET /images/top_03.gif HTTP/1.1" 200 349 "http://www.modestolan.com/vb/" "Mozilla/5.0 (X11; U; Linux i686; en-US; rv:1.8.1.11) Gecko/20071204 Ubuntu/7.10 (gutsy) Firefox/2.0.0.11"
69.110.106.6 - - [06/Jan/2008:11:24:23 -0800] "www.modestolan.com: GET /images/top_04.gif HTTP/1.1" 200 1547 "http://www.modestolan.com/vb/" "Mozilla/5.0 (X11; U; Linux i686; en-US; rv:1.8.1.11) Gecko/20071204 Ubuntu/7.10 (gutsy) Firefox/2.0.0.11"
69.110.106.6 - - [06/Jan/2008:11:24:23 -0800] "www.modestolan.com: GET /images/top_13.gif HTTP/1.1" 200 728 "http://www.modestolan.com/vb/" "Mozilla/5.0 (X11; U; Linux i686; en-US; rv:1.8.1.11) Gecko/20071204 Ubuntu/7.10 (gutsy) Firefox/2.0.0.11"
69.110.106.6 - - [06/Jan/2008:11:24:23 -0800] "www.modestolan.com: GET /images/top_11.gif HTTP/1.1" 200 1553 "http://www.modestolan.com/vb/" "Mozilla/5.0 (X11; U; Linux i686; en-US; rv:1.8.1.11) Gecko/20071204 Ubuntu/7.10 (gutsy) Firefox/2.0.0.11"
69.110.106.6 - - [06/Jan/2008:11:24:23 -0800] "www.modestolan.com: GET /vb/images/misc/navbits_start.gif HTTP/1.1" 200 123 "http://www.modestolan.com/vb/" "Mozilla/5.0 (X11; U; Linux i686; en-US; rv:1.8.1.11) Gecko/20071204 Ubuntu/7.10 (gutsy) Firefox/2.0.0.11"
69.110.106.6 - - [06/Jan/2008:11:24:23 -0800] "www.modestolan.com: GET /vb/images/buttons/collapse_tcat.gif HTTP/1.1" 200 91 "http://www.modestolan.com/vb/" "Mozilla/5.0 (X11; U; Linux i686; en-US; rv:1.8.1.11) Gecko/20071204 Ubuntu/7.10 (gutsy) Firefox/2.0.0.11"
69.110.106.6 - - [06/Jan/2008:11:24:23 -0800] "www.modestolan.com: GET /vb/images/statusicon/forum_old.gif HTTP/1.1" 200 431 "http://www.modestolan.com/vb/" "Mozilla/5.0 (X11; U; Linux i686; en-US; rv:1.8.1.11) Gecko/20071204 Ubuntu/7.10 (gutsy) Firefox/2.0.0.11"
69.110.106.6 - - [06/Jan/2008:11:24:24 -0800] "www.modestolan.com: GET /vb/images/buttons/lastpost.gif HTTP/1.1" 200 121 "http://www.modestolan.com/vb/" "Mozilla/5.0 (X11; U; Linux i686; en-US; rv:1.8.1.11) Gecko/20071204 Ubuntu/7.10 (gutsy) Firefox/2.0.0.11"
69.110.106.6 - - [06/Jan/2008:11:24:24 -0800] "www.modestolan.com: GET /images/top_10.gif HTTP/1.1" 200 1188 "http://www.modestolan.com/vb/" "Mozilla/5.0 (X11; U; Linux i686; en-US; rv:1.8.1.11) Gecko/20071204 Ubuntu/7.10 (gutsy) Firefox/2.0.0.11"
69.110.106.6 - - [06/Jan/2008:11:24:24 -0800] "www.modestolan.com: GET /vb/clientscript/vbulletin_read_marker.js?v=368 HTTP/1.1" 200 6791 "http://www.modestolan.com/vb/" "Mozilla/5.0 (X11; U; Linux i686; en-US; rv:1.8.1.11) Gecko/20071204 Ubuntu/7.10 (gutsy) Firefox/2.0.0.11"
69.110.106.6 - - [06/Jan/2008:11:24:24 -0800] "www.modestolan.com: GET /vb/images/misc/menu_open.gif HTTP/1.1" 200 279 "http://www.modestolan.com/vb/" "Mozilla/5.0 (X11; U; Linux i686; en-US; rv:1.8.1.11) Gecko/20071204 Ubuntu/7.10 (gutsy) Firefox/2.0.0.11"
69.110.106.6 - - [06/Jan/2008:11:24:24 -0800] "www.modestolan.com: GET /vb/images/buttons/collapse_thead.gif HTTP/1.1" 200 91 "http://www.modestolan.com/vb/" "Mozilla/5.0 (X11; U; Linux i686; en-US; rv:1.8.1.11) Gecko/20071204 Ubuntu/7.10 (gutsy) Firefox/2.0.0.11"
69.110.106.6 - - [06/Jan/2008:11:24:24 -0800] "www.modestolan.com: GET /vb/images/misc/whos_online.gif HTTP/1.1" 200 1440 "http://www.modestolan.com/vb/" "Mozilla/5.0 (X11; U; Linux i686; en-US; rv:1.8.1.11) Gecko/20071204 Ubuntu/7.10 (gutsy) Firefox/2.0.0.11"
69.110.106.6 - - [06/Jan/2008:11:24:24 -0800] "www.modestolan.com: GET /vb/images/misc/stats.gif HTTP/1.1" 200 1461 "http://www.modestolan.com/vb/" "Mozilla/5.0 (X11; U; Linux i686; en-US; rv:1.8.1.11) Gecko/20071204 Ubuntu/7.10 (gutsy) Firefox/2.0.0.11"
69.110.106.6 - - [06/Jan/2008:11:24:24 -0800] "www.modestolan.com: GET /vb/images/statusicon/forum_new.gif HTTP/1.1" 200 425 "http://www.modestolan.com/vb/" "Mozilla/5.0 (X11; U; Linux i686; en-US; rv:1.8.1.11) Gecko/20071204 Ubuntu/7.10 (gutsy) Firefox/2.0.0.11"
69.110.106.6 - - [06/Jan/2008:11:24:24 -0800] "www.modestolan.com: GET /vb/cron.php?&rand=455637 HTTP/1.1" 200 43 "http://www.modestolan.com/vb/" "Mozilla/5.0 (X11; U; Linux i686; en-US; rv:1.8.1.11) Gecko/20071204 Ubuntu/7.10 (gutsy) Firefox/2.0.0.11"
69.110.106.6 - - [06/Jan/2008:11:24:24 -0800] "www.modestolan.com: GET /favicon.ico HTTP/1.1" 404 335 "-" "Mozilla/5.0 (X11; U; Linux i686; en-US; rv:1.8.1.11) Gecko/20071204 Ubuntu/7.10 (gutsy) Firefox/2.0.0.11"
66.249.70.51 - - [06/Jan/2008:11:24:25 -0800] "www.modestolan.com: GET /vb/calendar.php?c=2&week=1164499200&do=displayweek&month=12 HTTP/1.1" 200 7457 "-" "Mozilla/5.0 (compatible; Googlebot/2.1; +http://www.google.com/bot.html)"
69.110.106.6 - - [06/Jan/2008:11:24:44 -0800] "www.modestolan.com: GET /register.php?lanid=25 HTTP/1.1" 200 26629 "http://www.modestolan.com/vb/" "Mozilla/5.0 (X11; U; Linux i686; en-US; rv:1.8.1.11) Gecko/20071204 Ubuntu/7.10 (gutsy) Firefox/2.0.0.11"
69.110.106.6 - - [06/Jan/2008:11:24:44 -0800] "www.modestolan.com: GET /images/bg_small.jpg HTTP/1.1" 200 1598 "http://www.modestolan.com/register.php?lanid=25" "Mozilla/5.0 (X11; U; Linux i686; en-US; rv:1.8.1.11) Gecko/20071204 Ubuntu/7.10 (gutsy) Firefox/2.0.0.11"
69.110.106.6 - - [06/Jan/2008:11:24:44 -0800] "www.modestolan.com: GET /php/menu.php HTTP/1.1" 200 21682 "http://www.modestolan.com/register.php?lanid=25" "Mozilla/5.0 (X11; U; Linux i686; en-US; rv:1.8.1.11) Gecko/20071204 Ubuntu/7.10 (gutsy) Firefox/2.0.0.11"
69.110.106.6 - - [06/Jan/2008:11:24:44 -0800] "www.modestolan.com: GET /images/sponsors/alogo.gif HTTP/1.1" 200 5996 "http://www.modestolan.com/register.php?lanid=25" "Mozilla/5.0 (X11; U; Linux i686; en-US; rv:1.8.1.11) Gecko/20071204 Ubuntu/7.10 (gutsy) Firefox/2.0.0.11"
69.110.106.6 - - [06/Jan/2008:11:24:44 -0800] "www.modestolan.com: GET /images/sponsors/nvidia.jpeg HTTP/1.1" 200 5580 "http://www.modestolan.com/register.php?lanid=25" "Mozilla/5.0 (X11; U; Linux i686; en-US; rv:1.8.1.11) Gecko/20071204 Ubuntu/7.10 (gutsy) Firefox/2.0.0.11"
69.110.106.6 - - [06/Jan/2008:11:24:44 -0800] "www.modestolan.com: GET /images/sponsors/geeks.com.gif HTTP/1.1" 200 6611 "http://www.modestolan.com/register.php?lanid=25" "Mozilla/5.0 (X11; U; Linux i686; en-US; rv:1.8.1.11) Gecko/20071204 Ubuntu/7.10 (gutsy) Firefox/2.0.0.11"
69.110.106.6 - - [06/Jan/2008:11:24:44 -0800] "www.modestolan.com: GET /images/sponsors/BAWLSbutton.gif HTTP/1.1" 200 8114 "http://www.modestolan.com/register.php?lanid=25" "Mozilla/5.0 (X11; U; Linux i686; en-US; rv:1.8.1.11) Gecko/20071204 Ubuntu/7.10 (gutsy) Firefox/2.0.0.11"
69.110.106.6 - - [06/Jan/2008:11:24:44 -0800] "www.modestolan.com: GET /images/runningslack.gif HTTP/1.1" 200 1818 "http://www.modestolan.com/register.php?lanid=25" "Mozilla/5.0 (X11; U; Linux i686; en-US; rv:1.8.1.11) Gecko/20071204 Ubuntu/7.10 (gutsy) Firefox/2.0.0.11"
66.249.70.51 - - [06/Jan/2008:11:24:50 -0800] "www.modestolan.com: GET /vb/calendar.php?c=2&week=1153008000&do=displayweek&month=7 HTTP/1.1" 200 7153 "-" "Mozilla/5.0 (compatible; Googlebot/2.1; +http://www.google.com/bot.html)"
74.6.20.123 - - [06/Jan/2008:11:24:57 -0800] "www.modestolan.com: GET /vb/memberlist.php?ltr=O&pp=30&sort=username&order=asc HTTP/1.0" 200 6526 "-" "Mozilla/5.0 (compatible; Yahoo! Slurp; http://help.yahoo.com/help/us/ysearch/slurp)"
74.6.20.141 - - [06/Jan/2008:11:25:10 -0800] "www.modestolan.com: GET /~twentydead/?N=D HTTP/1.0" 200 11464 "-" "Mozilla/5.0 (compatible; Yahoo! Slurp; http://help.yahoo.com/help/us/ysearch/slurp)"
66.249.70.51 - - [06/Jan/2008:11:25:15 -0800] "www.modestolan.com: GET /vb/calendar.php?month=1&year=2006&c=2&do=displaymonth HTTP/1.1" 200 7545 "-" "Mozilla/5.0 (compatible; Googlebot/2.1; +http://www.google.com/bot.html)"
66.249.70.51 - - [06/Jan/2008:11:25:40 -0800] "www.modestolan.com: GET /vb/calendar.php?c=2&week=1138492800&do=displayweek&month=2 HTTP/1.1" 200 7358 "-" "Mozilla/5.0 (compatible; Googlebot/2.1; +http://www.google.com/bot.html)"
66.249.70.51 - - [06/Jan/2008:11:26:05 -0800] "www.modestolan.com: GET /vb/calendar.php?month=6&year=2006&c=2&do=displaymonth HTTP/1.1" 200 7736 "-" "Mozilla/5.0 (compatible; Googlebot/2.1; +http://www.google.com/bot.html)"
66.249.70.51 - - [06/Jan/2008:11:26:26 -0800] "www.modestolan.com: GET /vb/subscription.php HTTP/1.1" 200 6362 "-" "Mozilla/5.0 (compatible; Googlebot/2.1; +http://www.google.com/bot.html)"
66.249.70.51 - - [06/Jan/2008:11:26:30 -0800] "www.modestolan.com: GET /vb/calendar.php?c=2&week=1160870400&do=displayweek&month=10 HTTP/1.1" 200 7100 "-" "Mozilla/5.0 (compatible; Googlebot/2.1; +http://www.google.com/bot.html)"
66.249.70.51 - - [06/Jan/2008:11:26:54 -0800] "www.modestolan.com: GET /vb/calendar.php?c=2&week=1150588800&do=displayweek&month=6 HTTP/1.1" 200 7138 "-" "Mozilla/5.0 (compatible; Googlebot/2.1; +http://www.google.com/bot.html)"
125.110.156.111 - - [06/Jan/2008:11:27:07 -0800] "www.modestolan.com: GET / HTTP/1.1" 200 24084 "http://www.modestolan.com/" "Mozilla/4.0 (compatible; MSIE 6.0; Windows NT 5.1; SV1; Maxthon; .NET CLR 1.1.4322; InfoPath.1; .NET CLR 2.0.50727)"
66.249.70.51 - - [06/Jan/2008:11:27:19 -0800] "www.modestolan.com: GET /vb/calendar.php?c=2&week=1157241600&do=displayweek&month=9 HTTP/1.1" 200 7090 "-" "Mozilla/5.0 (compatible; Googlebot/2.1; +http://www.google.com/bot.html)"
66.249.70.51 - - [06/Jan/2008:11:27:43 -0800] "www.modestolan.com: GET /robots.txt HTTP/1.1" 404 334 "-" "Mozilla/5.0 (compatible; Googlebot/2.1; +http://www.google.com/bot.html)"
66.249.70.51 - - [06/Jan/2008:11:27:44 -0800] "www.modestolan.com: GET /vb/calendar.php?c=2&week=1166313600&do=displayweek&month=12 HTTP/1.1" 200 7151 "-" "Mozilla/5.0 (compatible; Googlebot/2.1; +http://www.google.com/bot.html)"
66.249.70.51 - - [06/Jan/2008:11:28:00 -0800] "www.modestolan.com: GET /vb/calendar.php?month=9&year=2006&c=1&do=displaymonth HTTP/1.1" 200 8239 "-" "Mozilla/5.0 (compatible; Googlebot/2.1; +http://www.google.com/bot.html)"
66.249.70.51 - - [06/Jan/2008:11:28:12 -0800] "www.modestolan.com: GET /vb/calendar.php?month=3&year=2006&c=2&do=displaymonth HTTP/1.1" 200 7793 "-" "Mozilla/5.0 (compatible; Googlebot/2.1; +http://www.google.com/bot.html)"
66.249.70.51 - - [06/Jan/2008:11:28:36 -0800] "www.modestolan.com: GET /vb/calendar.php?c=2&week=1159056000&do=displayweek&month=9 HTTP/1.1" 200 7104 "-" "Mozilla/5.0 (compatible; Googlebot/2.1; +http://www.google.com/bot.html)"
74.6.20.204 - - [06/Jan/2008:11:28:55 -0800] "www.modestolan.com: GET /vb/showthread.php?t=5597&page=2 HTTP/1.0" 200 22712 "-" "Mozilla/5.0 (compatible; Yahoo! Slurp; http://help.yahoo.com/help/us/ysearch/slurp)"
74.6.7.80 - - [06/Jan/2008:11:29:08 -0800] "www.modestolan.com: GET /vb/search.php?do=finduser&userid=516&searchthreadid=5474 HTTP/1.0" 302 0 "-" "Mozilla/5.0 (compatible; Yahoo! Slurp; http://help.yahoo.com/help/us/ysearch/slurp)"
74.6.7.80 - - [06/Jan/2008:11:29:09 -0800] "www.modestolan.com: GET /vb/search.php?searchid=9947 HTTP/1.0" 200 6363 "-" "Mozilla/5.0 (compatible; Yahoo! Slurp; http://help.yahoo.com/help/us/ysearch/slurp)"
74.6.22.102 - - [06/Jan/2008:11:29:56 -0800] "www.modestolan.com: GET /vb/showthread.php?p=50571 HTTP/1.0" 200 10741 "-" "Mozilla/5.0 (compatible; Yahoo! Slurp/3.0; http://help.yahoo.com/help/us/ysearch/slurp)"
74.6.22.102 - - [06/Jan/2008:11:30:27 -0800] "www.modestolan.com: GET /vb/showthread.php?p=50571 HTTP/1.0" 200 10742 "-" "Mozilla/5.0 (compatible; Yahoo! Slurp/3.0; http://help.yahoo.com/help/us/ysearch/slurp)"
76.188.168.218 - - [06/Jan/2008:11:31:13 -0800] "www.modestolan.com: GET /images/buddyicons/shrimping-new.gif HTTP/1.1" 200 702 "http://profile.myspace.com/index.cfm?fuseaction=user.viewprofile&friendid=72561273" "Mozilla/4.0 (compatible; MSIE 7.0; Windows NT 5.1; Mozilla/4.0 (compatible; MSIE 6.0; Windows NT 5.1; SV1) ; .NET CLR 1.0.3705; .NET CLR 1.1.4322; Media Center PC 4.0; .NET CLR 2.0.50727)"
74.6.23.33 - - [06/Jan/2008:11:31:33 -0800] "www.modestolan.com: GET /vb/memberlist.php?ltr=B&pp=0&sort=username&order=asc HTTP/1.0" 200 6953 "-" "Mozilla/5.0 (compatible; Yahoo! Slurp; http://help.yahoo.com/help/us/ysearch/slurp)"
195.7.124.194 - - [06/Jan/2008:11:31:47 -0800] "www.jdacura.com: GET //components/com_zoom/includes/database.php?mosConfig_absolute_path=http://www.musikverein-lohnsburg.at/echo? HTTP/1.1" 404 361 "-" "libwww-perl/5.805"
195.7.124.194 - - [06/Jan/2008:11:31:47 -0800] "www.jdacura.com: GET /modules.php?name=gallery//components/com_zoom/includes/database.php?mosConfig_absolute_path=http://www.musikverein-lohnsburg.at/echo? HTTP/1.1" 200 32 "-" "libwww-perl/5.805"
68.116.82.112 - - [06/Jan/2008:11:32:30 -0800] "webmail.modestolan.com: GET /src/left_main.php HTTP/1.1" 200 9224 "https://webmail.modestolan.com/src/webmail.php" "Mozilla/4.0 (compatible; MSIE 7.0; Windows NT 5.1; .NET CLR 1.1.4322)"
74.6.19.153 - - [06/Jan/2008:11:35:30 -0800] "www.modestolan.com: GET /vb/search.php?searchid=9947 HTTP/1.0" 200 6384 "-" "Mozilla/5.0 (compatible; Yahoo! Slurp; http://help.yahoo.com/help/us/ysearch/slurp)"
74.6.26.42 - - [06/Jan/2008:11:35:35 -0800] "www.modestolan.com: GET /xwred1/ff7/?S=D HTTP/1.0" 200 14624 "-" "Mozilla/5.0 (compatible; Yahoo! Slurp; http://help.yahoo.com/help/us/ysearch/slurp)"
74.6.27.123 - - [06/Jan/2008:11:36:23 -0800] "www.modestolan.com: GET /vb/search.php?do=finduser&userid=2&searchthreadid=5659 HTTP/1.0" 302 0 "-" "Mozilla/5.0 (compatible; Yahoo! Slurp; http://help.yahoo.com/help/us/ysearch/slurp)"
74.6.27.123 - - [06/Jan/2008:11:36:24 -0800] "www.modestolan.com: GET /vb/search.php?searchid=9948 HTTP/1.0" 200 6287 "-" "Mozilla/5.0 (compatible; Yahoo! Slurp; http://help.yahoo.com/help/us/ysearch/slurp)"
74.6.19.107 - - [06/Jan/2008:11:36:25 -0800] "www.modestolan.com: GET /vb/search.php?action=finduser&userid=988 HTTP/1.0" 200 6864 "-" "Mozilla/5.0 (compatible; Yahoo! Slurp; http://help.yahoo.com/help/us/ysearch/slurp)"
74.6.25.13 - - [06/Jan/2008:11:37:24 -0800] "www.modestolan.com: GET /~twentydead/pki/?N=D HTTP/1.0" 200 1357 "-" "Mozilla/5.0 (compatible; Yahoo! Slurp; http://help.yahoo.com/help/us/ysearch/slurp)"
213.246.63.110 - - [06/Jan/2008:11:38:26 -0800] "www.modestolan.com: GET /~hoodlum/blah/06-Gorillaz_-_Feel_Good_Inc-EST.mp3 HTTP/1.1" 200 17130 "-" "-"
195.7.124.194 - - [06/Jan/2008:11:41:57 -0800] "www.jdacura.com: GET /xoopsgallery/init_basic.php?GALLERY_BASEDIR=http://www.musikverein-lohnsburg.at/echo? HTTP/1.1" 404 346 "-" "libwww-perl/5.805"
195.7.124.194 - - [06/Jan/2008:11:41:58 -0800] "www.jdacura.com: GET /modules.php?name=gallery/xoopsgallery/init_basic.php?GALLERY_BASEDIR=http://www.musikverein-lohnsburg.at/echo? HTTP/1.1" 200 32 "-" "libwww-perl/5.805"
68.116.82.112 - - [06/Jan/2008:11:42:35 -0800] "webmail.modestolan.com: GET /src/left_main.php HTTP/1.1" 200 9224 "https://webmail.modestolan.com/src/webmail.php" "Mozilla/4.0 (compatible; MSIE 7.0; Windows NT 5.1; .NET CLR 1.1.4322)"
189.47.143.126 - - [06/Jan/2008:11:47:13 -0800] "www.modestolan.com: GET /tables.css HTTP/1.1" 200 2419 "http://www.modestolan.com/xwred1/mp3/Depeche%20Mode%20-%20Playing%20The%20Angel(Advance%202005)(StefWan-Team)/" "Mozilla/4.0 (compatible; MSIE 7.0; Windows NT 5.1)"
189.47.143.126 - - [06/Jan/2008:11:47:14 -0800] "www.modestolan.com: GET /images/bg_small.jpg HTTP/1.1" 200 1598 "http://www.modestolan.com/xwred1/mp3/Depeche%20Mode%20-%20Playing%20The%20Angel(Advance%202005)(StefWan-Team)/" "Mozilla/4.0 (compatible; MSIE 7.0; Windows NT 5.1)"
189.47.143.126 - - [06/Jan/2008:11:47:14 -0800] "www.modestolan.com: GET /xwred1/mp3/Depeche%20Mode%20-%20Playing%20The%20Angel(Advance%202005)(StefWan-Team)/ HTTP/1.1" 200 17908 "http://www.google.com/ie?q=%22parent+directory%22+mp3+OR+wma+OR+ogg+OR+wav+%22depeche+mode%22+-html+-htm+-download+-links&num=100&hl=pt-BR&btnG=Pesquisar" "Mozilla/4.0 (compatible; MSIE 7.0; Windows NT 5.1)"
189.47.143.126 - - [06/Jan/2008:11:47:16 -0800] "www.modestolan.com: GET /php/menu.php HTTP/1.1" 200 21682 "http://www.modestolan.com/xwred1/mp3/Depeche%20Mode%20-%20Playing%20The%20Angel(Advance%202005)(StefWan-Team)/" "Mozilla/4.0 (compatible; MSIE 7.0; Windows NT 5.1)"
189.47.143.126 - - [06/Jan/2008:11:47:17 -0800] "www.modestolan.com: GET /images/menu/1.gif HTTP/1.1" 200 368 "http://www.modestolan.com/xwred1/mp3/Depeche%20Mode%20-%20Playing%20The%20Angel(Advance%202005)(StefWan-Team)/" "Mozilla/4.0 (compatible; MSIE 7.0; Windows NT 5.1)"
189.47.143.126 - - [06/Jan/2008:11:47:17 -0800] "www.modestolan.com: GET /images/menu/2.gif HTTP/1.1" 200 550 "http://www.modestolan.com/xwred1/mp3/Depeche%20Mode%20-%20Playing%20The%20Angel(Advance%202005)(StefWan-Team)/" "Mozilla/4.0 (compatible; MSIE 7.0; Windows NT 5.1)"
189.47.143.126 - - [06/Jan/2008:11:47:18 -0800] "www.modestolan.com: GET /images/landate.swf HTTP/1.1" 200 2197 "http://www.modestolan.com/xwred1/mp3/Depeche%20Mode%20-%20Playing%20The%20Angel(Advance%202005)(StefWan-Team)/" "Mozilla/4.0 (compatible; MSIE 7.0; Windows NT 5.1)"
189.47.143.126 - - [06/Jan/2008:11:47:18 -0800] "www.modestolan.com: GET /images/menu/4.gif HTTP/1.1" 200 443 "http://www.modestolan.com/xwred1/mp3/Depeche%20Mode%20-%20Playing%20The%20Angel(Advance%202005)(StefWan-Team)/" "Mozilla/4.0 (compatible; MSIE 7.0; Windows NT 5.1)"
189.47.143.126 - - [06/Jan/2008:11:47:19 -0800] "www.modestolan.com: GET /images/menu/3.gif HTTP/1.1" 200 511 "http://www.modestolan.com/xwred1/mp3/Depeche%20Mode%20-%20Playing%20The%20Angel(Advance%202005)(StefWan-Team)/" "Mozilla/4.0 (compatible; MSIE 7.0; Windows NT 5.1)"
189.47.143.126 - - [06/Jan/2008:11:47:19 -0800] "www.modestolan.com: GET /images/menu/8.gif HTTP/1.1" 200 746 "http://www.modestolan.com/xwred1/mp3/Depeche%20Mode%20-%20Playing%20The%20Angel(Advance%202005)(StefWan-Team)/" "Mozilla/4.0 (compatible; MSIE 7.0; Windows NT 5.1)"
189.47.143.126 - - [06/Jan/2008:11:47:19 -0800] "www.modestolan.com: GET /images/menu/5.gif HTTP/1.1" 200 549 "http://www.modestolan.com/xwred1/mp3/Depeche%20Mode%20-%20Playing%20The%20Angel(Advance%202005)(StefWan-Team)/" "Mozilla/4.0 (compatible; MSIE 7.0; Windows NT 5.1)"
189.47.143.126 - - [06/Jan/2008:11:47:19 -0800] "www.modestolan.com: GET /images/menu/6.gif HTTP/1.1" 200 600 "http://www.modestolan.com/xwred1/mp3/Depeche%20Mode%20-%20Playing%20The%20Angel(Advance%202005)(StefWan-Team)/" "Mozilla/4.0 (compatible; MSIE 7.0; Windows NT 5.1)"
189.47.143.126 - - [06/Jan/2008:11:47:20 -0800] "www.modestolan.com: GET /images/menu/7.gif HTTP/1.1" 200 601 "http://www.modestolan.com/xwred1/mp3/Depeche%20Mode%20-%20Playing%20The%20Angel(Advance%202005)(StefWan-Team)/" "Mozilla/4.0 (compatible; MSIE 7.0; Windows NT 5.1)"
189.47.143.126 - - [06/Jan/2008:11:47:20 -0800] "www.modestolan.com: GET /images/transparent.gif HTTP/1.1" 200 43 "http://www.modestolan.com/xwred1/mp3/Depeche%20Mode%20-%20Playing%20The%20Angel(Advance%202005)(StefWan-Team)/" "Mozilla/4.0 (compatible; MSIE 7.0; Windows NT 5.1)"
189.47.143.126 - - [06/Jan/2008:11:47:21 -0800] "www.modestolan.com: GET /images/top_14.gif HTTP/1.1" 200 522 "http://www.modestolan.com/xwred1/mp3/Depeche%20Mode%20-%20Playing%20The%20Angel(Advance%202005)(StefWan-Team)/" "Mozilla/4.0 (compatible; MSIE 7.0; Windows NT 5.1)"
189.47.143.126 - - [06/Jan/2008:11:47:21 -0800] "www.modestolan.com: GET /images/top_12.gif HTTP/1.1" 200 826 "http://www.modestolan.com/xwred1/mp3/Depeche%20Mode%20-%20Playing%20The%20Angel(Advance%202005)(StefWan-Team)/" "Mozilla/4.0 (compatible; MSIE 7.0; Windows NT 5.1)"
75.18.131.29 - - [06/Jan/2008:11:47:21 -0800] "www.modestolan.com: GET /vb HTTP/1.1" 301 363 "-" "Mozilla/4.0 (compatible; MSIE 7.0; Windows NT 5.1; InfoPath.2; .NET CLR 2.0.50727)"
189.47.143.126 - - [06/Jan/2008:11:47:21 -0800] "www.modestolan.com: GET /transparent.gif HTTP/1.1" 200 43 "http://www.modestolan.com/xwred1/mp3/Depeche%20Mode%20-%20Playing%20The%20Angel(Advance%202005)(StefWan-Team)/" "Mozilla/4.0 (compatible; MSIE 7.0; Windows NT 5.1)"
189.47.143.126 - - [06/Jan/2008:11:47:21 -0800] "www.modestolan.com: GET /images/top_02.gif HTTP/1.1" 200 882 "http://www.modestolan.com/xwred1/mp3/Depeche%20Mode%20-%20Playing%20The%20Angel(Advance%202005)(StefWan-Team)/" "Mozilla/4.0 (compatible; MSIE 7.0; Windows NT 5.1)"
75.18.131.29 - - [06/Jan/2008:11:47:22 -0800] "www.modestolan.com: GET /vb/ HTTP/1.1" 200 8562 "-" "Mozilla/4.0 (compatible; MSIE 7.0; Windows NT 5.1; InfoPath.2; .NET CLR 2.0.50727)"
75.18.131.29 - - [06/Jan/2008:11:47:22 -0800] "www.modestolan.com: GET /vb/clientscript/vbulletin_global.js?v=368 HTTP/1.1" 304 - "http://www.modestolan.com/vb/" "Mozilla/4.0 (compatible; MSIE 7.0; Windows NT 5.1; InfoPath.2; .NET CLR 2.0.50727)"
75.18.131.29 - - [06/Jan/2008:11:47:22 -0800] "www.modestolan.com: GET /vb/clientscript/vbulletin_menu.js?v=368 HTTP/1.1" 304 - "http://www.modestolan.com/vb/" "Mozilla/4.0 (compatible; MSIE 7.0; Windows NT 5.1; InfoPath.2; .NET CLR 2.0.50727)"
75.18.131.29 - - [06/Jan/2008:11:47:22 -0800] "www.modestolan.com: GET /tables.css HTTP/1.1" 304 - "http://www.modestolan.com/vb/" "Mozilla/4.0 (compatible; MSIE 7.0; Windows NT 5.1; InfoPath.2; .NET CLR 2.0.50727)"
189.47.143.126 - - [06/Jan/2008:11:47:22 -0800] "www.modestolan.com: GET /images/top_01.gif HTTP/1.1" 200 344 "http://www.modestolan.com/xwred1/mp3/Depeche%20Mode%20-%20Playing%20The%20Angel(Advance%202005)(StefWan-Team)/" "Mozilla/4.0 (compatible; MSIE 7.0; Windows NT 5.1)"
189.47.143.126 - - [06/Jan/2008:11:47:22 -0800] "www.modestolan.com: GET /images/top_03.gif HTTP/1.1" 200 349 "http://www.modestolan.com/xwred1/mp3/Depeche%20Mode%20-%20Playing%20The%20Angel(Advance%202005)(StefWan-Team)/" "Mozilla/4.0 (compatible; MSIE 7.0; Windows NT 5.1)"
75.18.131.29 - - [06/Jan/2008:11:47:22 -0800] "www.modestolan.com: GET /php/menu.php HTTP/1.1" 200 21682 "http://www.modestolan.com/vb/" "Mozilla/4.0 (compatible; MSIE 7.0; Windows NT 5.1; InfoPath.2; .NET CLR 2.0.50727)"
75.18.131.29 - - [06/Jan/2008:11:47:22 -0800] "www.modestolan.com: GET /images/menu/1.gif HTTP/1.1" 304 - "http://www.modestolan.com/vb/" "Mozilla/4.0 (compatible; MSIE 7.0; Windows NT 5.1; InfoPath.2; .NET CLR 2.0.50727)"
75.18.131.29 - - [06/Jan/2008:11:47:22 -0800] "www.modestolan.com: GET /images/menu/2.gif HTTP/1.1" 304 - "http://www.modestolan.com/vb/" "Mozilla/4.0 (compatible; MSIE 7.0; Windows NT 5.1; InfoPath.2; .NET CLR 2.0.50727)"
75.18.131.29 - - [06/Jan/2008:11:47:22 -0800] "www.modestolan.com: GET /images/menu/3.gif HTTP/1.1" 304 - "http://www.modestolan.com/vb/" "Mozilla/4.0 (compatible; MSIE 7.0; Windows NT 5.1; InfoPath.2; .NET CLR 2.0.50727)"
75.18.131.29 - - [06/Jan/2008:11:47:22 -0800] "www.modestolan.com: GET /images/menu/4.gif HTTP/1.1" 304 - "http://www.modestolan.com/vb/" "Mozilla/4.0 (compatible; MSIE 7.0; Windows NT 5.1; InfoPath.2; .NET CLR 2.0.50727)"
75.18.131.29 - - [06/Jan/2008:11:47:22 -0800] "www.modestolan.com: GET /images/menu/8.gif HTTP/1.1" 304 - "http://www.modestolan.com/vb/" "Mozilla/4.0 (compatible; MSIE 7.0; Windows NT 5.1; InfoPath.2; .NET CLR 2.0.50727)"
75.18.131.29 - - [06/Jan/2008:11:47:22 -0800] "www.modestolan.com: GET /images/menu/5.gif HTTP/1.1" 304 - "http://www.modestolan.com/vb/" "Mozilla/4.0 (compatible; MSIE 7.0; Windows NT 5.1; InfoPath.2; .NET CLR 2.0.50727)"
75.18.131.29 - - [06/Jan/2008:11:47:22 -0800] "www.modestolan.com: GET /images/menu/6.gif HTTP/1.1" 304 - "http://www.modestolan.com/vb/" "Mozilla/4.0 (compatible; MSIE 7.0; Windows NT 5.1; InfoPath.2; .NET CLR 2.0.50727)"
75.18.131.29 - - [06/Jan/2008:11:47:22 -0800] "www.modestolan.com: GET /images/menu/7.gif HTTP/1.1" 304 - "http://www.modestolan.com/vb/" "Mozilla/4.0 (compatible; MSIE 7.0; Windows NT 5.1; InfoPath.2; .NET CLR 2.0.50727)"
75.18.131.29 - - [06/Jan/2008:11:47:22 -0800] "www.modestolan.com: GET /images/transparent.gif HTTP/1.1" 304 - "http://www.modestolan.com/vb/" "Mozilla/4.0 (compatible; MSIE 7.0; Windows NT 5.1; InfoPath.2; .NET CLR 2.0.50727)"
75.18.131.29 - - [06/Jan/2008:11:47:22 -0800] "www.modestolan.com: GET /images/top_14.gif HTTP/1.1" 304 - "http://www.modestolan.com/vb/" "Mozilla/4.0 (compatible; MSIE 7.0; Windows NT 5.1; InfoPath.2; .NET CLR 2.0.50727)"
75.18.131.29 - - [06/Jan/2008:11:47:22 -0800] "www.modestolan.com: GET /images/top_12.gif HTTP/1.1" 304 - "http://www.modestolan.com/vb/" "Mozilla/4.0 (compatible; MSIE 7.0; Windows NT 5.1; InfoPath.2; .NET CLR 2.0.50727)"
75.18.131.29 - - [06/Jan/2008:11:47:22 -0800] "www.modestolan.com: GET /transparent.gif HTTP/1.1" 304 - "http://www.modestolan.com/vb/" "Mozilla/4.0 (compatible; MSIE 7.0; Windows NT 5.1; InfoPath.2; .NET CLR 2.0.50727)"
75.18.131.29 - - [06/Jan/2008:11:47:22 -0800] "www.modestolan.com: GET /images/landate.swf HTTP/1.1" 304 - "http://www.modestolan.com/vb/" "Mozilla/4.0 (compatible; MSIE 7.0; Windows NT 5.1; InfoPath.2; .NET CLR 2.0.50727)"
75.18.131.29 - - [06/Jan/2008:11:47:22 -0800] "www.modestolan.com: GET /images/top_02.gif HTTP/1.1" 304 - "http://www.modestolan.com/vb/" "Mozilla/4.0 (compatible; MSIE 7.0; Windows NT 5.1; InfoPath.2; .NET CLR 2.0.50727)"
75.18.131.29 - - [06/Jan/2008:11:47:22 -0800] "www.modestolan.com: GET /images/top_01.gif HTTP/1.1" 304 - "http://www.modestolan.com/vb/" "Mozilla/4.0 (compatible; MSIE 7.0; Windows NT 5.1; InfoPath.2; .NET CLR 2.0.50727)"
75.18.131.29 - - [06/Jan/2008:11:47:22 -0800] "www.modestolan.com: GET /images/top_03.gif HTTP/1.1" 304 - "http://www.modestolan.com/vb/" "Mozilla/4.0 (compatible; MSIE 7.0; Windows NT 5.1; InfoPath.2; .NET CLR 2.0.50727)"
75.18.131.29 - - [06/Jan/2008:11:47:22 -0800] "www.modestolan.com: GET /images/top_04.gif HTTP/1.1" 304 - "http://www.modestolan.com/vb/" "Mozilla/4.0 (compatible; MSIE 7.0; Windows NT 5.1; InfoPath.2; .NET CLR 2.0.50727)"
75.18.131.29 - - [06/Jan/2008:11:47:22 -0800] "www.modestolan.com: GET /images/top_05.gif HTTP/1.1" 304 - "http://www.modestolan.com/vb/" "Mozilla/4.0 (compatible; MSIE 7.0; Windows NT 5.1; InfoPath.2; .NET CLR 2.0.50727)"
75.18.131.29 - - [06/Jan/2008:11:47:22 -0800] "www.modestolan.com: GET /images/top_06.gif HTTP/1.1" 304 - "http://www.modestolan.com/vb/" "Mozilla/4.0 (compatible; MSIE 7.0; Windows NT 5.1; InfoPath.2; .NET CLR 2.0.50727)"
75.18.131.29 - - [06/Jan/2008:11:47:22 -0800] "www.modestolan.com: GET /images/top_07.gif HTTP/1.1" 304 - "http://www.modestolan.com/vb/" "Mozilla/4.0 (compatible; MSIE 7.0; Windows NT 5.1; InfoPath.2; .NET CLR 2.0.50727)"
75.18.131.29 - - [06/Jan/2008:11:47:22 -0800] "www.modestolan.com: GET /images/top_08.gif HTTP/1.1" 304 - "http://www.modestolan.com/vb/" "Mozilla/4.0 (compatible; MSIE 7.0; Windows NT 5.1; InfoPath.2; .NET CLR 2.0.50727)"
75.18.131.29 - - [06/Jan/2008:11:47:23 -0800] "www.modestolan.com: GET /images/top_09.gif HTTP/1.1" 304 - "http://www.modestolan.com/vb/" "Mozilla/4.0 (compatible; MSIE 7.0; Windows NT 5.1; InfoPath.2; .NET CLR 2.0.50727)"
75.18.131.29 - - [06/Jan/2008:11:47:23 -0800] "www.modestolan.com: GET /images/top_13.gif HTTP/1.1" 304 - "http://www.modestolan.com/vb/" "Mozilla/4.0 (compatible; MSIE 7.0; Windows NT 5.1; InfoPath.2; .NET CLR 2.0.50727)"
75.18.131.29 - - [06/Jan/2008:11:47:23 -0800] "www.modestolan.com: GET /images/top_11.gif HTTP/1.1" 304 - "http://www.modestolan.com/vb/" "Mozilla/4.0 (compatible; MSIE 7.0; Windows NT 5.1; InfoPath.2; .NET CLR 2.0.50727)"
75.18.131.29 - - [06/Jan/2008:11:47:23 -0800] "www.modestolan.com: GET /vb/images/misc/navbits_start.gif HTTP/1.1" 304 - "http://www.modestolan.com/vb/" "Mozilla/4.0 (compatible; MSIE 7.0; Windows NT 5.1; InfoPath.2; .NET CLR 2.0.50727)"
75.18.131.29 - - [06/Jan/2008:11:47:23 -0800] "www.modestolan.com: GET /images/top_10.gif HTTP/1.1" 304 - "http://www.modestolan.com/vb/" "Mozilla/4.0 (compatible; MSIE 7.0; Windows NT 5.1; InfoPath.2; .NET CLR 2.0.50727)"
75.18.131.29 - - [06/Jan/2008:11:47:23 -0800] "www.modestolan.com: GET /vb/images/misc/menu_open.gif HTTP/1.1" 304 - "http://www.modestolan.com/vb/" "Mozilla/4.0 (compatible; MSIE 7.0; Windows NT 5.1; InfoPath.2; .NET CLR 2.0.50727)"
75.18.131.29 - - [06/Jan/2008:11:47:23 -0800] "www.modestolan.com: GET /vb/images/buttons/collapse_tcat.gif HTTP/1.1" 304 - "http://www.modestolan.com/vb/" "Mozilla/4.0 (compatible; MSIE 7.0; Windows NT 5.1; InfoPath.2; .NET CLR 2.0.50727)"
75.18.131.29 - - [06/Jan/2008:11:47:23 -0800] "www.modestolan.com: GET /vb/images/statusicon/forum_old.gif HTTP/1.1" 304 - "http://www.modestolan.com/vb/" "Mozilla/4.0 (compatible; MSIE 7.0; Windows NT 5.1; InfoPath.2; .NET CLR 2.0.50727)"
75.18.131.29 - - [06/Jan/2008:11:47:23 -0800] "www.modestolan.com: GET /vb/images/buttons/lastpost.gif HTTP/1.1" 304 - "http://www.modestolan.com/vb/" "Mozilla/4.0 (compatible; MSIE 7.0; Windows NT 5.1; InfoPath.2; .NET CLR 2.0.50727)"
189.47.143.126 - - [06/Jan/2008:11:47:23 -0800] "www.modestolan.com: GET /images/top_04.gif HTTP/1.1" 200 1547 "http://www.modestolan.com/xwred1/mp3/Depeche%20Mode%20-%20Playing%20The%20Angel(Advance%202005)(StefWan-Team)/" "Mozilla/4.0 (compatible; MSIE 7.0; Windows NT 5.1)"
75.18.131.29 - - [06/Jan/2008:11:47:23 -0800] "www.modestolan.com: GET /vb/images/statusicon/forum_new.gif HTTP/1.1" 304 - "http://www.modestolan.com/vb/" "Mozilla/4.0 (compatible; MSIE 7.0; Windows NT 5.1; InfoPath.2; .NET CLR 2.0.50727)"
75.18.131.29 - - [06/Jan/2008:11:47:23 -0800] "www.modestolan.com: GET /vb/clientscript/vbulletin_read_marker.js?v=368 HTTP/1.1" 304 - "http://www.modestolan.com/vb/" "Mozilla/4.0 (compatible; MSIE 7.0; Windows NT 5.1; InfoPath.2; .NET CLR 2.0.50727)"
189.47.143.126 - - [06/Jan/2008:11:47:23 -0800] "www.modestolan.com: GET /images/top_05.gif HTTP/1.1" 200 3111 "http://www.modestolan.com/xwred1/mp3/Depeche%20Mode%20-%20Playing%20The%20Angel(Advance%202005)(StefWan-Team)/" "Mozilla/4.0 (compatible; MSIE 7.0; Windows NT 5.1)"
75.18.131.29 - - [06/Jan/2008:11:47:23 -0800] "www.modestolan.com: GET /vb/images/buttons/collapse_thead.gif HTTP/1.1" 304 - "http://www.modestolan.com/vb/" "Mozilla/4.0 (compatible; MSIE 7.0; Windows NT 5.1; InfoPath.2; .NET CLR 2.0.50727)"
75.18.131.29 - - [06/Jan/2008:11:47:23 -0800] "www.modestolan.com: GET /vb/images/misc/whos_online.gif HTTP/1.1" 304 - "http://www.modestolan.com/vb/" "Mozilla/4.0 (compatible; MSIE 7.0; Windows NT 5.1; InfoPath.2; .NET CLR 2.0.50727)"
75.18.131.29 - - [06/Jan/2008:11:47:23 -0800] "www.modestolan.com: GET /vb/images/misc/stats.gif HTTP/1.1" 304 - "http://www.modestolan.com/vb/" "Mozilla/4.0 (compatible; MSIE 7.0; Windows NT 5.1; InfoPath.2; .NET CLR 2.0.50727)"
189.47.143.126 - - [06/Jan/2008:11:47:23 -0800] "www.modestolan.com: GET /images/top_06.gif HTTP/1.1" 200 1954 "http://www.modestolan.com/xwred1/mp3/Depeche%20Mode%20-%20Playing%20The%20Angel(Advance%202005)(StefWan-Team)/" "Mozilla/4.0 (compatible; MSIE 7.0; Windows NT 5.1)"
75.18.131.29 - - [06/Jan/2008:11:47:23 -0800] "www.modestolan.com: GET /vb/cron.php?&rand=218061 HTTP/1.1" 200 43 "http://www.modestolan.com/vb/" "Mozilla/4.0 (compatible; MSIE 7.0; Windows NT 5.1; InfoPath.2; .NET CLR 2.0.50727)"
189.47.143.126 - - [06/Jan/2008:11:47:24 -0800] "www.modestolan.com: GET /images/top_07.gif HTTP/1.1" 200 2521 "http://www.modestolan.com/xwred1/mp3/Depeche%20Mode%20-%20Playing%20The%20Angel(Advance%202005)(StefWan-Team)/" "Mozilla/4.0 (compatible; MSIE 7.0; Windows NT 5.1)"
189.47.143.126 - - [06/Jan/2008:11:47:24 -0800] "www.modestolan.com: GET /images/top_08.gif HTTP/1.1" 200 1738 "http://www.modestolan.com/xwred1/mp3/Depeche%20Mode%20-%20Playing%20The%20Angel(Advance%202005)(StefWan-Team)/" "Mozilla/4.0 (compatible; MSIE 7.0; Windows NT 5.1)"
189.47.143.126 - - [06/Jan/2008:11:47:24 -0800] "www.modestolan.com: GET /images/top_09.gif HTTP/1.1" 200 1089 "http://www.modestolan.com/xwred1/mp3/Depeche%20Mode%20-%20Playing%20The%20Angel(Advance%202005)(StefWan-Team)/" "Mozilla/4.0 (compatible; MSIE 7.0; Windows NT 5.1)"
189.47.143.126 - - [06/Jan/2008:11:47:24 -0800] "www.modestolan.com: GET /images/top_10.gif HTTP/1.1" 200 1188 "http://www.modestolan.com/xwred1/mp3/Depeche%20Mode%20-%20Playing%20The%20Angel(Advance%202005)(StefWan-Team)/" "Mozilla/4.0 (compatible; MSIE 7.0; Windows NT 5.1)"
