64.12.116.15 - - [06/Jan/2008:19:01:40 -0800] "www.modestolan.com: GET /xwred1/deadlamb.png HTTP/1.1" 200 34203 "http://www.modestolan.com/xwred1/?S=D" "Mozilla/4.0 (compatible; MSIE 7.0; AOL 9.0; Windows NT 6.0; SLCC1; .NET CLR 2.0.50727; Media Center PC 5.0; .NET CLR 3.0.04506)"
64.12.117.6 - - [06/Jan/2008:19:01:48 -0800] "www.modestolan.com: GET /xwred1/?S=D HTTP/1.1" 200 63483 "-" "Mozilla/4.0 (compatible; MSIE 7.0; AOL 9.0; Windows NT 6.0; SLCC1; .NET CLR 2.0.50727; Media Center PC 5.0; .NET CLR 3.0.04506)"
64.12.116.142 - - [06/Jan/2008:19:01:52 -0800] "www.modestolan.com: GET /xwred1/ohreally6da.gif HTTP/1.1" 200 35703 "http://www.modestolan.com/xwred1/?S=D" "Mozilla/4.0 (compatible; MSIE 7.0; AOL 9.0; Windows NT 6.0; SLCC1; .NET CLR 2.0.50727; Media Center PC 5.0; .NET CLR 3.0.04506)"
64.12.117.6 - - [06/Jan/2008:19:02:00 -0800] "www.modestolan.com: GET /xwred1/?S=D HTTP/1.1" 200 63483 "-" "Mozilla/4.0 (compatible; MSIE 7.0; AOL 9.0; Windows NT 6.0; SLCC1; .NET CLR 2.0.50727; Media Center PC 5.0; .NET CLR 3.0.04506)"
64.12.116.210 - - [06/Jan/2008:19:02:03 -0800] "www.modestolan.com: GET /xwred1/what_no_means.jpg HTTP/1.1" 200 34455 "http://www.modestolan.com/xwred1/?S=D" "Mozilla/4.0 (compatible; MSIE 7.0; AOL 9.0; Windows NT 6.0; SLCC1; .NET CLR 2.0.50727; Media Center PC 5.0; .NET CLR 3.0.04506)"
64.12.117.6 - - [06/Jan/2008:19:02:13 -0800] "www.modestolan.com: GET /xwred1/?S=D HTTP/1.1" 200 63483 "-" "Mozilla/4.0 (compatible; MSIE 7.0; AOL 9.0; Windows NT 6.0; SLCC1; .NET CLR 2.0.50727; Media Center PC 5.0; .NET CLR 3.0.04506)"
64.12.117.200 - - [06/Jan/2008:19:02:17 -0800] "www.modestolan.com: GET /xwred1/etherkiller.jpg HTTP/1.1" 200 35744 "http://www.modestolan.com/xwred1/?S=D" "Mozilla/4.0 (compatible; MSIE 7.0; AOL 9.0; Windows NT 6.0; SLCC1; .NET CLR 2.0.50727; Media Center PC 5.0; .NET CLR 3.0.04506)"
64.12.117.6 - - [06/Jan/2008:19:02:23 -0800] "www.modestolan.com: GET /xwred1/?S=D HTTP/1.1" 200 63483 "-" "Mozilla/4.0 (compatible; MSIE 7.0; AOL 9.0; Windows NT 6.0; SLCC1; .NET CLR 2.0.50727; Media Center PC 5.0; .NET CLR 3.0.04506)"
69.129.0.254 - - [06/Jan/2008:19:02:25 -0800] "www.modestolan.com: GET /images/menu/3.gif HTTP/1.1" 200 511 "http://www.modestolan.com/xwred1/?S=D" "Mozilla/4.0 (compatible; MSIE 7.0; AOL 9.0; Windows NT 6.0; SLCC1; .NET CLR 2.0.50727; Media Center PC 5.0; .NET CLR 3.0.04506)"
64.12.116.209 - - [06/Jan/2008:19:02:27 -0800] "www.modestolan.com: GET /xwred1/monocle.gif HTTP/1.1" 200 36929 "http://www.modestolan.com/xwred1/?S=D" "Mozilla/4.0 (compatible; MSIE 7.0; AOL 9.0; Windows NT 6.0; SLCC1; .NET CLR 2.0.50727; Media Center PC 5.0; .NET CLR 3.0.04506)"
67.187.204.254 - - [06/Jan/2008:19:02:29 -0800] "www.modestolan.com: GET /vb/ HTTP/1.1" 200 9023 "-" "Mozilla/5.0 (Windows; U; Windows NT 5.1; en-US; rv:1.8.1.11) Gecko/20071127 Firefox/2.0.0.11"
67.187.204.254 - - [06/Jan/2008:19:02:30 -0800] "www.modestolan.com: GET /php/menu.php HTTP/1.1" 200 21682 "http://www.modestolan.com/vb/" "Mozilla/5.0 (Windows; U; Windows NT 5.1; en-US; rv:1.8.1.11) Gecko/20071127 Firefox/2.0.0.11"
67.187.204.254 - - [06/Jan/2008:19:02:30 -0800] "www.modestolan.com: GET /vb/cron.php?&rand=547770 HTTP/1.1" 200 43 "http://www.modestolan.com/vb/" "Mozilla/5.0 (Windows; U; Windows NT 5.1; en-US; rv:1.8.1.11) Gecko/20071127 Firefox/2.0.0.11"
64.12.117.6 - - [06/Jan/2008:19:02:37 -0800] "www.modestolan.com: GET /xwred1/?S=D HTTP/1.1" 200 63483 "-" "Mozilla/4.0 (compatible; MSIE 7.0; AOL 9.0; Windows NT 6.0; SLCC1; .NET CLR 2.0.50727; Media Center PC 5.0; .NET CLR 3.0.04506)"
64.12.112.76 - - [06/Jan/2008:19:02:37 -0800] "www.modestolan.com: GET /images/menu/3.gif HTTP/1.1" 200 511 "http://www.modestolan.com/xwred1/?S=D" "Mozilla/4.0 (compatible; MSIE 7.0; AOL 9.0; Windows NT 6.0; SLCC1; .NET CLR 2.0.50727; Media Center PC 5.0; .NET CLR 3.0.04506)"
67.187.204.254 - - [06/Jan/2008:19:02:39 -0800] "www.modestolan.com: GET /vb/forumdisplay.php?f=3 HTTP/1.1" 200 23424 "http://www.modestolan.com/vb/" "Mozilla/5.0 (Windows; U; Windows NT 5.1; en-US; rv:1.8.1.11) Gecko/20071127 Firefox/2.0.0.11"
67.187.204.254 - - [06/Jan/2008:19:02:40 -0800] "www.modestolan.com: GET /php/menu.php HTTP/1.1" 200 21682 "http://www.modestolan.com/vb/forumdisplay.php?f=3" "Mozilla/5.0 (Windows; U; Windows NT 5.1; en-US; rv:1.8.1.11) Gecko/20071127 Firefox/2.0.0.11"
67.187.204.254 - - [06/Jan/2008:19:02:41 -0800] "www.modestolan.com: GET /vb/cron.php?&rand=630388 HTTP/1.1" 200 43 "http://www.modestolan.com/vb/forumdisplay.php?f=3" "Mozilla/5.0 (Windows; U; Windows NT 5.1; en-US; rv:1.8.1.11) Gecko/20071127 Firefox/2.0.0.11"
64.12.117.66 - - [06/Jan/2008:19:02:42 -0800] "www.modestolan.com: GET /xwred1/superbowljanet.jpg HTTP/1.1" 200 38101 "http://www.modestolan.com/xwred1/?S=D" "Mozilla/4.0 (compatible; MSIE 7.0; AOL 9.0; Windows NT 6.0; SLCC1; .NET CLR 2.0.50727; Media Center PC 5.0; .NET CLR 3.0.04506)"
67.187.204.254 - - [06/Jan/2008:19:02:45 -0800] "www.modestolan.com: GET /vb/showthread.php?t=5723 HTTP/1.1" 200 22338 "http://www.modestolan.com/vb/forumdisplay.php?f=3" "Mozilla/5.0 (Windows; U; Windows NT 5.1; en-US; rv:1.8.1.11) Gecko/20071127 Firefox/2.0.0.11"
67.187.204.254 - - [06/Jan/2008:19:02:46 -0800] "www.modestolan.com: GET /php/menu.php HTTP/1.1" 200 21682 "http://www.modestolan.com/vb/showthread.php?t=5723" "Mozilla/5.0 (Windows; U; Windows NT 5.1; en-US; rv:1.8.1.11) Gecko/20071127 Firefox/2.0.0.11"
67.187.204.254 - - [06/Jan/2008:19:02:47 -0800] "www.modestolan.com: GET /vb/cron.php?&rand=782759 HTTP/1.1" 200 43 "http://www.modestolan.com/vb/showthread.php?t=5723" "Mozilla/5.0 (Windows; U; Windows NT 5.1; en-US; rv:1.8.1.11) Gecko/20071127 Firefox/2.0.0.11"
64.12.117.6 - - [06/Jan/2008:19:02:47 -0800] "www.modestolan.com: GET /xwred1/?S=D HTTP/1.1" 200 63483 "-" "Mozilla/4.0 (compatible; MSIE 7.0; AOL 9.0; Windows NT 6.0; SLCC1; .NET CLR 2.0.50727; Media Center PC 5.0; .NET CLR 3.0.04506)"
64.12.116.20 - - [06/Jan/2008:19:02:50 -0800] "www.modestolan.com: GET /xwred1/etherape.jpeg HTTP/1.1" 200 38372 "http://www.modestolan.com/xwred1/?S=D" "Mozilla/4.0 (compatible; MSIE 7.0; AOL 9.0; Windows NT 6.0; SLCC1; .NET CLR 2.0.50727; Media Center PC 5.0; .NET CLR 3.0.04506)"
64.12.112.76 - - [06/Jan/2008:19:02:50 -0800] "www.modestolan.com: GET /images/menu/3.gif HTTP/1.1" 200 511 "http://www.modestolan.com/xwred1/?S=D" "Mozilla/4.0 (compatible; MSIE 7.0; AOL 9.0; Windows NT 6.0; SLCC1; .NET CLR 2.0.50727; Media Center PC 5.0; .NET CLR 3.0.04506)"
64.12.117.6 - - [06/Jan/2008:19:03:02 -0800] "www.modestolan.com: GET /xwred1/?S=D HTTP/1.1" 200 63483 "-" "Mozilla/4.0 (compatible; MSIE 7.0; AOL 9.0; Windows NT 6.0; SLCC1; .NET CLR 2.0.50727; Media Center PC 5.0; .NET CLR 3.0.04506)"
64.12.112.76 - - [06/Jan/2008:19:03:02 -0800] "www.modestolan.com: GET /images/menu/3.gif HTTP/1.1" 200 511 "http://www.modestolan.com/xwred1/?S=D" "Mozilla/4.0 (compatible; MSIE 7.0; AOL 9.0; Windows NT 6.0; SLCC1; .NET CLR 2.0.50727; Media Center PC 5.0; .NET CLR 3.0.04506)"
64.12.116.68 - - [06/Jan/2008:19:03:07 -0800] "www.modestolan.com: GET /xwred1/ffx-2040.jpg HTTP/1.1" 200 41444 "http://www.modestolan.com/xwred1/?S=D" "Mozilla/4.0 (compatible; MSIE 7.0; AOL 9.0; Windows NT 6.0; SLCC1; .NET CLR 2.0.50727; Media Center PC 5.0; .NET CLR 3.0.04506)"
64.12.117.6 - - [06/Jan/2008:19:03:12 -0800] "www.modestolan.com: GET /xwred1/?S=D HTTP/1.1" 200 63483 "-" "Mozilla/4.0 (compatible; MSIE 7.0; AOL 9.0; Windows NT 6.0; SLCC1; .NET CLR 2.0.50727; Media Center PC 5.0; .NET CLR 3.0.04506)"
64.12.112.76 - - [06/Jan/2008:19:03:16 -0800] "www.modestolan.com: GET /images/menu/3.gif HTTP/1.1" 200 511 "http://www.modestolan.com/xwred1/?S=D" "Mozilla/4.0 (compatible; MSIE 7.0; AOL 9.0; Windows NT 6.0; SLCC1; .NET CLR 2.0.50727; Media Center PC 5.0; .NET CLR 3.0.04506)"
64.12.117.70 - - [06/Jan/2008:19:03:17 -0800] "www.modestolan.com: GET /xwred1/psakitty.jpg HTTP/1.1" 200 43594 "http://www.modestolan.com/xwred1/?S=D" "Mozilla/4.0 (compatible; MSIE 7.0; AOL 9.0; Windows NT 6.0; SLCC1; .NET CLR 2.0.50727; Media Center PC 5.0; .NET CLR 3.0.04506)"
64.12.112.76 - - [06/Jan/2008:19:03:25 -0800] "www.modestolan.com: GET /images/menu/3.gif HTTP/1.1" 200 511 "http://www.modestolan.com/xwred1/?S=D" "Mozilla/4.0 (compatible; MSIE 7.0; AOL 9.0; Windows NT 6.0; SLCC1; .NET CLR 2.0.50727; Media Center PC 5.0; .NET CLR 3.0.04506)"
64.12.117.6 - - [06/Jan/2008:19:03:28 -0800] "www.modestolan.com: GET /xwred1/?S=D HTTP/1.1" 200 63483 "-" "Mozilla/4.0 (compatible; MSIE 7.0; AOL 9.0; Windows NT 6.0; SLCC1; .NET CLR 2.0.50727; Media Center PC 5.0; .NET CLR 3.0.04506)"
64.12.117.196 - - [06/Jan/2008:19:03:32 -0800] "www.modestolan.com: GET /xwred1/omgmitnick.jpeg HTTP/1.1" 200 44589 "http://www.modestolan.com/xwred1/?S=D" "Mozilla/4.0 (compatible; MSIE 7.0; AOL 9.0; Windows NT 6.0; SLCC1; .NET CLR 2.0.50727; Media Center PC 5.0; .NET CLR 3.0.04506)"
64.12.117.6 - - [06/Jan/2008:19:03:37 -0800] "www.modestolan.com: GET /xwred1/?S=D HTTP/1.1" 200 63483 "-" "Mozilla/4.0 (compatible; MSIE 7.0; AOL 9.0; Windows NT 6.0; SLCC1; .NET CLR 2.0.50727; Media Center PC 5.0; .NET CLR 3.0.04506)"
64.12.112.76 - - [06/Jan/2008:19:03:38 -0800] "www.modestolan.com: GET /images/menu/3.gif HTTP/1.1" 200 511 "http://www.modestolan.com/xwred1/?S=D" "Mozilla/4.0 (compatible; MSIE 7.0; AOL 9.0; Windows NT 6.0; SLCC1; .NET CLR 2.0.50727; Media Center PC 5.0; .NET CLR 3.0.04506)"
64.12.116.131 - - [06/Jan/2008:19:03:41 -0800] "www.modestolan.com: GET /xwred1/bushquote.jpeg HTTP/1.1" 200 47253 "http://www.modestolan.com/xwred1/?S=D" "Mozilla/4.0 (compatible; MSIE 7.0; AOL 9.0; Windows NT 6.0; SLCC1; .NET CLR 2.0.50727; Media Center PC 5.0; .NET CLR 3.0.04506)"
64.12.112.76 - - [06/Jan/2008:19:03:49 -0800] "www.modestolan.com: GET /images/menu/3.gif HTTP/1.1" 200 511 "http://www.modestolan.com/xwred1/?S=D" "Mozilla/4.0 (compatible; MSIE 7.0; AOL 9.0; Windows NT 6.0; SLCC1; .NET CLR 2.0.50727; Media Center PC 5.0; .NET CLR 3.0.04506)"
64.12.117.6 - - [06/Jan/2008:19:03:51 -0800] "www.modestolan.com: GET /xwred1/?S=D HTTP/1.1" 200 63483 "-" "Mozilla/4.0 (compatible; MSIE 7.0; AOL 9.0; Windows NT 6.0; SLCC1; .NET CLR 2.0.50727; Media Center PC 5.0; .NET CLR 3.0.04506)"
64.12.117.140 - - [06/Jan/2008:19:03:54 -0800] "www.modestolan.com: GET /xwred1/jk2mp-small.jpeg HTTP/1.1" 200 48255 "http://www.modestolan.com/xwred1/?S=D" "Mozilla/4.0 (compatible; MSIE 7.0; AOL 9.0; Windows NT 6.0; SLCC1; .NET CLR 2.0.50727; Media Center PC 5.0; .NET CLR 3.0.04506)"
64.12.112.76 - - [06/Jan/2008:19:04:04 -0800] "www.modestolan.com: GET /images/menu/3.gif HTTP/1.1" 200 511 "http://www.modestolan.com/xwred1/?S=D" "Mozilla/4.0 (compatible; MSIE 7.0; AOL 9.0; Windows NT 6.0; SLCC1; .NET CLR 2.0.50727; Media Center PC 5.0; .NET CLR 3.0.04506)"
64.12.117.6 - - [06/Jan/2008:19:04:08 -0800] "www.modestolan.com: GET /xwred1/?S=D HTTP/1.1" 200 63483 "-" "Mozilla/4.0 (compatible; MSIE 7.0; AOL 9.0; Windows NT 6.0; SLCC1; .NET CLR 2.0.50727; Media Center PC 5.0; .NET CLR 3.0.04506)"
64.12.116.132 - - [06/Jan/2008:19:04:11 -0800] "www.modestolan.com: GET /xwred1/power4.jpeg HTTP/1.1" 200 48999 "http://www.modestolan.com/xwred1/?S=D" "Mozilla/4.0 (compatible; MSIE 7.0; AOL 9.0; Windows NT 6.0; SLCC1; .NET CLR 2.0.50727; Media Center PC 5.0; .NET CLR 3.0.04506)"
64.12.112.76 - - [06/Jan/2008:19:04:14 -0800] "www.modestolan.com: GET /images/menu/3.gif HTTP/1.1" 200 511 "http://www.modestolan.com/xwred1/?S=D" "Mozilla/4.0 (compatible; MSIE 7.0; AOL 9.0; Windows NT 6.0; SLCC1; .NET CLR 2.0.50727; Media Center PC 5.0; .NET CLR 3.0.04506)"
64.12.117.6 - - [06/Jan/2008:19:04:19 -0800] "www.modestolan.com: GET /xwred1/?S=D HTTP/1.1" 200 63483 "-" "Mozilla/4.0 (compatible; MSIE 7.0; AOL 9.0; Windows NT 6.0; SLCC1; .NET CLR 2.0.50727; Media Center PC 5.0; .NET CLR 3.0.04506)"
64.12.116.6 - - [06/Jan/2008:19:04:25 -0800] "www.modestolan.com: GET /xwred1/drugs.jpg HTTP/1.1" 200 50436 "http://www.modestolan.com/xwred1/?S=D" "Mozilla/4.0 (compatible; MSIE 7.0; AOL 9.0; Windows NT 6.0; SLCC1; .NET CLR 2.0.50727; Media Center PC 5.0; .NET CLR 3.0.04506)"
64.12.112.76 - - [06/Jan/2008:19:04:30 -0800] "www.modestolan.com: GET /images/menu/3.gif HTTP/1.1" 200 511 "http://www.modestolan.com/xwred1/?S=D" "Mozilla/4.0 (compatible; MSIE 7.0; AOL 9.0; Windows NT 6.0; SLCC1; .NET CLR 2.0.50727; Media Center PC 5.0; .NET CLR 3.0.04506)"
64.12.112.76 - - [06/Jan/2008:19:04:39 -0800] "www.modestolan.com: GET /images/menu/3.gif HTTP/1.1" 200 511 "http://www.modestolan.com/xwred1/?S=D" "Mozilla/4.0 (compatible; MSIE 7.0; AOL 9.0; Windows NT 6.0; SLCC1; .NET CLR 2.0.50727; Media Center PC 5.0; .NET CLR 3.0.04506)"
64.12.112.76 - - [06/Jan/2008:19:04:54 -0800] "www.modestolan.com: GET /images/menu/3.gif HTTP/1.1" 200 511 "http://www.modestolan.com/xwred1/?S=D" "Mozilla/4.0 (compatible; MSIE 7.0; AOL 9.0; Windows NT 6.0; SLCC1; .NET CLR 2.0.50727; Media Center PC 5.0; .NET CLR 3.0.04506)"
64.12.112.76 - - [06/Jan/2008:19:05:11 -0800] "www.modestolan.com: GET /images/menu/3.gif HTTP/1.1" 200 511 "http://www.modestolan.com/xwred1/?S=D" "Mozilla/4.0 (compatible; MSIE 7.0; AOL 9.0; Windows NT 6.0; SLCC1; .NET CLR 2.0.50727; Media Center PC 5.0; .NET CLR 3.0.04506)"
64.12.112.76 - - [06/Jan/2008:19:05:20 -0800] "www.modestolan.com: GET /images/menu/3.gif HTTP/1.1" 200 511 "http://www.modestolan.com/xwred1/?S=D" "Mozilla/4.0 (compatible; MSIE 7.0; AOL 9.0; Windows NT 6.0; SLCC1; .NET CLR 2.0.50727; Media Center PC 5.0; .NET CLR 3.0.04506)"
64.12.117.6 - - [06/Jan/2008:19:05:23 -0800] "www.modestolan.com: GET /xwred1/?S=D HTTP/1.1" 200 63483 "-" "Mozilla/4.0 (compatible; MSIE 7.0; AOL 9.0; Windows NT 6.0; SLCC1; .NET CLR 2.0.50727; Media Center PC 5.0; .NET CLR 3.0.04506)"
64.12.116.80 - - [06/Jan/2008:19:05:28 -0800] "www.modestolan.com: GET /xwred1/kde2_dsn-properties.jpg HTTP/1.1" 200 51259 "http://www.modestolan.com/xwred1/?S=D" "Mozilla/4.0 (compatible; MSIE 7.0; AOL 9.0; Windows NT 6.0; SLCC1; .NET CLR 2.0.50727; Media Center PC 5.0; .NET CLR 3.0.04506)"
64.12.117.6 - - [06/Jan/2008:19:05:36 -0800] "www.modestolan.com: GET /xwred1/?S=D HTTP/1.1" 200 63483 "-" "Mozilla/4.0 (compatible; MSIE 7.0; AOL 9.0; Windows NT 6.0; SLCC1; .NET CLR 2.0.50727; Media Center PC 5.0; .NET CLR 3.0.04506)"
64.12.116.67 - - [06/Jan/2008:19:05:39 -0800] "www.modestolan.com: GET /xwred1/fixer.jpg HTTP/1.1" 200 52853 "http://www.modestolan.com/xwred1/?S=D" "Mozilla/4.0 (compatible; MSIE 7.0; AOL 9.0; Windows NT 6.0; SLCC1; .NET CLR 2.0.50727; Media Center PC 5.0; .NET CLR 3.0.04506)"
64.12.117.6 - - [06/Jan/2008:19:05:52 -0800] "www.modestolan.com: GET /xwred1/?S=D HTTP/1.1" 200 63483 "-" "Mozilla/4.0 (compatible; MSIE 7.0; AOL 9.0; Windows NT 6.0; SLCC1; .NET CLR 2.0.50727; Media Center PC 5.0; .NET CLR 3.0.04506)"
64.12.117.134 - - [06/Jan/2008:19:05:55 -0800] "www.modestolan.com: GET /xwred1/sourceforge.jpeg HTTP/1.1" 200 53028 "http://www.modestolan.com/xwred1/?S=D" "Mozilla/4.0 (compatible; MSIE 7.0; AOL 9.0; Windows NT 6.0; SLCC1; .NET CLR 2.0.50727; Media Center PC 5.0; .NET CLR 3.0.04506)"
64.12.117.6 - - [06/Jan/2008:19:06:09 -0800] "www.modestolan.com: GET /xwred1/?S=D HTTP/1.1" 200 63483 "-" "Mozilla/4.0 (compatible; MSIE 7.0; AOL 9.0; Windows NT 6.0; SLCC1; .NET CLR 2.0.50727; Media Center PC 5.0; .NET CLR 3.0.04506)"
64.12.116.208 - - [06/Jan/2008:19:06:13 -0800] "www.modestolan.com: GET /xwred1/3.7Ghz.JPG HTTP/1.1" 200 53447 "http://www.modestolan.com/xwred1/?S=D" "Mozilla/4.0 (compatible; MSIE 7.0; AOL 9.0; Windows NT 6.0; SLCC1; .NET CLR 2.0.50727; Media Center PC 5.0; .NET CLR 3.0.04506)"
64.12.112.76 - - [06/Jan/2008:19:06:38 -0800] "www.modestolan.com: GET /images/menu/3.gif HTTP/1.1" 200 511 "http://www.modestolan.com/xwred1/?S=D" "Mozilla/4.0 (compatible; MSIE 7.0; AOL 9.0; Windows NT 6.0; SLCC1; .NET CLR 2.0.50727; Media Center PC 5.0; .NET CLR 3.0.04506)"
64.12.117.6 - - [06/Jan/2008:19:06:38 -0800] "www.modestolan.com: GET /xwred1/?S=D HTTP/1.1" 200 63483 "-" "Mozilla/4.0 (compatible; MSIE 7.0; AOL 9.0; Windows NT 6.0; SLCC1; .NET CLR 2.0.50727; Media Center PC 5.0; .NET CLR 3.0.04506)"
64.12.117.143 - - [06/Jan/2008:19:06:43 -0800] "www.modestolan.com: GET /xwred1/gheysoldiers.jpg HTTP/1.1" 200 54923 "http://www.modestolan.com/xwred1/?S=D" "Mozilla/4.0 (compatible; MSIE 7.0; AOL 9.0; Windows NT 6.0; SLCC1; .NET CLR 2.0.50727; Media Center PC 5.0; .NET CLR 3.0.04506)"
64.12.117.6 - - [06/Jan/2008:19:06:52 -0800] "www.modestolan.com: GET /xwred1/?S=D HTTP/1.1" 200 63483 "-" "Mozilla/4.0 (compatible; MSIE 7.0; AOL 9.0; Windows NT 6.0; SLCC1; .NET CLR 2.0.50727; Media Center PC 5.0; .NET CLR 3.0.04506)"
64.12.117.202 - - [06/Jan/2008:19:06:55 -0800] "www.modestolan.com: GET /xwred1/gleam2.jpeg HTTP/1.1" 200 54937 "http://www.modestolan.com/xwred1/?S=D" "Mozilla/4.0 (compatible; MSIE 7.0; AOL 9.0; Windows NT 6.0; SLCC1; .NET CLR 2.0.50727; Media Center PC 5.0; .NET CLR 3.0.04506)"
64.12.112.76 - - [06/Jan/2008:19:06:55 -0800] "www.modestolan.com: GET /images/menu/3.gif HTTP/1.1" 200 511 "http://www.modestolan.com/xwred1/?S=D" "Mozilla/4.0 (compatible; MSIE 7.0; AOL 9.0; Windows NT 6.0; SLCC1; .NET CLR 2.0.50727; Media Center PC 5.0; .NET CLR 3.0.04506)"
64.12.117.6 - - [06/Jan/2008:19:07:01 -0800] "www.modestolan.com: GET /xwred1/?S=D HTTP/1.1" 200 63483 "-" "Mozilla/4.0 (compatible; MSIE 7.0; AOL 9.0; Windows NT 6.0; SLCC1; .NET CLR 2.0.50727; Media Center PC 5.0; .NET CLR 3.0.04506)"
64.12.116.17 - - [06/Jan/2008:19:07:05 -0800] "www.modestolan.com: GET /xwred1/centrino.png HTTP/1.1" 200 55865 "http://www.modestolan.com/xwred1/?S=D" "Mozilla/4.0 (compatible; MSIE 7.0; AOL 9.0; Windows NT 6.0; SLCC1; .NET CLR 2.0.50727; Media Center PC 5.0; .NET CLR 3.0.04506)"
64.12.112.76 - - [06/Jan/2008:19:07:12 -0800] "www.modestolan.com: GET /images/menu/3.gif HTTP/1.1" 200 511 "http://www.modestolan.com/xwred1/?S=D" "Mozilla/4.0 (compatible; MSIE 7.0; AOL 9.0; Windows NT 6.0; SLCC1; .NET CLR 2.0.50727; Media Center PC 5.0; .NET CLR 3.0.04506)"
64.12.117.6 - - [06/Jan/2008:19:07:15 -0800] "www.modestolan.com: GET /xwred1/?S=D HTTP/1.1" 200 63483 "-" "Mozilla/4.0 (compatible; MSIE 7.0; AOL 9.0; Windows NT 6.0; SLCC1; .NET CLR 2.0.50727; Media Center PC 5.0; .NET CLR 3.0.04506)"
64.12.117.72 - - [06/Jan/2008:19:07:20 -0800] "www.modestolan.com: GET /xwred1/watercolor-properties.jpg HTTP/1.1" 200 57546 "http://www.modestolan.com/xwred1/?S=D" "Mozilla/4.0 (compatible; MSIE 7.0; AOL 9.0; Windows NT 6.0; SLCC1; .NET CLR 2.0.50727; Media Center PC 5.0; .NET CLR 3.0.04506)"
64.12.117.6 - - [06/Jan/2008:19:07:27 -0800] "www.modestolan.com: GET /xwred1/?S=D HTTP/1.1" 200 63483 "-" "Mozilla/4.0 (compatible; MSIE 7.0; AOL 9.0; Windows NT 6.0; SLCC1; .NET CLR 2.0.50727; Media Center PC 5.0; .NET CLR 3.0.04506)"
64.12.117.75 - - [06/Jan/2008:19:07:30 -0800] "www.modestolan.com: GET /xwred1/linuxonthewall.jpg HTTP/1.1" 200 58443 "http://www.modestolan.com/xwred1/?S=D" "Mozilla/4.0 (compatible; MSIE 7.0; AOL 9.0; Windows NT 6.0; SLCC1; .NET CLR 2.0.50727; Media Center PC 5.0; .NET CLR 3.0.04506)"
64.12.112.76 - - [06/Jan/2008:19:07:39 -0800] "www.modestolan.com: GET /images/menu/3.gif HTTP/1.1" 200 511 "http://www.modestolan.com/xwred1/?S=D" "Mozilla/4.0 (compatible; MSIE 7.0; AOL 9.0; Windows NT 6.0; SLCC1; .NET CLR 2.0.50727; Media Center PC 5.0; .NET CLR 3.0.04506)"
64.12.117.6 - - [06/Jan/2008:19:07:43 -0800] "www.modestolan.com: GET /xwred1/?S=D HTTP/1.1" 200 63483 "-" "Mozilla/4.0 (compatible; MSIE 7.0; AOL 9.0; Windows NT 6.0; SLCC1; .NET CLR 2.0.50727; Media Center PC 5.0; .NET CLR 3.0.04506)"
69.129.0.254 - - [06/Jan/2008:19:07:48 -0800] "www.modestolan.com: GET /xwred1/time.jpeg HTTP/1.1" 200 17254 "http://www.modestolan.com/xwred1/?S=D" "Mozilla/4.0 (compatible; MSIE 7.0; AOL 9.0; Windows NT 6.0; SLCC1; .NET CLR 2.0.50727; Media Center PC 5.0; .NET CLR 3.0.04506)"
64.12.117.193 - - [06/Jan/2008:19:07:52 -0800] "www.modestolan.com: GET /xwred1/time.jpeg HTTP/1.1" 200 65149 "http://www.modestolan.com/xwred1/?S=D" "Mozilla/4.0 (compatible; MSIE 7.0; AOL 9.0; Windows NT 6.0; SLCC1; .NET CLR 2.0.50727; Media Center PC 5.0; .NET CLR 3.0.04506)"
64.12.112.76 - - [06/Jan/2008:19:07:54 -0800] "www.modestolan.com: GET /images/menu/3.gif HTTP/1.1" 200 511 "http://www.modestolan.com/xwred1/?S=D" "Mozilla/4.0 (compatible; MSIE 7.0; AOL 9.0; Windows NT 6.0; SLCC1; .NET CLR 2.0.50727; Media Center PC 5.0; .NET CLR 3.0.04506)"
64.12.117.6 - - [06/Jan/2008:19:07:59 -0800] "www.modestolan.com: GET /xwred1/?S=D HTTP/1.1" 200 63483 "-" "Mozilla/4.0 (compatible; MSIE 7.0; AOL 9.0; Windows NT 6.0; SLCC1; .NET CLR 2.0.50727; Media Center PC 5.0; .NET CLR 3.0.04506)"
64.12.116.133 - - [06/Jan/2008:19:08:03 -0800] "www.modestolan.com: GET /xwred1/fatbastard-small.jpeg HTTP/1.1" 200 68346 "http://www.modestolan.com/xwred1/?S=D" "Mozilla/4.0 (compatible; MSIE 7.0; AOL 9.0; Windows NT 6.0; SLCC1; .NET CLR 2.0.50727; Media Center PC 5.0; .NET CLR 3.0.04506)"
64.12.112.76 - - [06/Jan/2008:19:08:04 -0800] "www.modestolan.com: GET /images/menu/3.gif HTTP/1.1" 200 511 "http://www.modestolan.com/xwred1/?S=D" "Mozilla/4.0 (compatible; MSIE 7.0; AOL 9.0; Windows NT 6.0; SLCC1; .NET CLR 2.0.50727; Media Center PC 5.0; .NET CLR 3.0.04506)"
64.12.117.6 - - [06/Jan/2008:19:08:15 -0800] "www.modestolan.com: GET /xwred1/?S=D HTTP/1.1" 200 63483 "-" "Mozilla/4.0 (compatible; MSIE 7.0; AOL 9.0; Windows NT 6.0; SLCC1; .NET CLR 2.0.50727; Media Center PC 5.0; .NET CLR 3.0.04506)"
64.12.112.76 - - [06/Jan/2008:19:08:17 -0800] "www.modestolan.com: GET /images/menu/3.gif HTTP/1.1" 200 511 "http://www.modestolan.com/xwred1/?S=D" "Mozilla/4.0 (compatible; MSIE 7.0; AOL 9.0; Windows NT 6.0; SLCC1; .NET CLR 2.0.50727; Media Center PC 5.0; .NET CLR 3.0.04506)"
64.12.116.77 - - [06/Jan/2008:19:08:20 -0800] "www.modestolan.com: GET /xwred1/taliban.jpeg HTTP/1.1" 200 68513 "http://www.modestolan.com/xwred1/?S=D" "Mozilla/4.0 (compatible; MSIE 7.0; AOL 9.0; Windows NT 6.0; SLCC1; .NET CLR 2.0.50727; Media Center PC 5.0; .NET CLR 3.0.04506)"
64.12.112.76 - - [06/Jan/2008:19:08:29 -0800] "www.modestolan.com: GET /images/menu/3.gif HTTP/1.1" 200 511 "http://www.modestolan.com/xwred1/?S=D" "Mozilla/4.0 (compatible; MSIE 7.0; AOL 9.0; Windows NT 6.0; SLCC1; .NET CLR 2.0.50727; Media Center PC 5.0; .NET CLR 3.0.04506)"
64.12.117.6 - - [06/Jan/2008:19:08:36 -0800] "www.modestolan.com: GET /xwred1/?S=D HTTP/1.1" 200 63483 "-" "Mozilla/4.0 (compatible; MSIE 7.0; AOL 9.0; Windows NT 6.0; SLCC1; .NET CLR 2.0.50727; Media Center PC 5.0; .NET CLR 3.0.04506)"
64.12.117.200 - - [06/Jan/2008:19:08:39 -0800] "www.modestolan.com: GET /xwred1/2-headed-turtle.jpeg HTTP/1.1" 200 73879 "http://www.modestolan.com/xwred1/?S=D" "Mozilla/4.0 (compatible; MSIE 7.0; AOL 9.0; Windows NT 6.0; SLCC1; .NET CLR 2.0.50727; Media Center PC 5.0; .NET CLR 3.0.04506)"
64.12.112.76 - - [06/Jan/2008:19:08:44 -0800] "www.modestolan.com: GET /images/menu/3.gif HTTP/1.1" 200 511 "http://www.modestolan.com/xwred1/?S=D" "Mozilla/4.0 (compatible; MSIE 7.0; AOL 9.0; Windows NT 6.0; SLCC1; .NET CLR 2.0.50727; Media Center PC 5.0; .NET CLR 3.0.04506)"
64.12.117.6 - - [06/Jan/2008:19:08:48 -0800] "www.modestolan.com: GET /xwred1/?S=D HTTP/1.1" 200 63483 "-" "Mozilla/4.0 (compatible; MSIE 7.0; AOL 9.0; Windows NT 6.0; SLCC1; .NET CLR 2.0.50727; Media Center PC 5.0; .NET CLR 3.0.04506)"
64.12.117.65 - - [06/Jan/2008:19:08:50 -0800] "www.modestolan.com: GET /xwred1/giraffe_hax.jpg HTTP/1.1" 200 75290 "http://www.modestolan.com/xwred1/?S=D" "Mozilla/4.0 (compatible; MSIE 7.0; AOL 9.0; Windows NT 6.0; SLCC1; .NET CLR 2.0.50727; Media Center PC 5.0; .NET CLR 3.0.04506)"
64.12.117.6 - - [06/Jan/2008:19:09:00 -0800] "www.modestolan.com: GET /xwred1/?S=D HTTP/1.1" 200 63483 "-" "Mozilla/4.0 (compatible; MSIE 7.0; AOL 9.0; Windows NT 6.0; SLCC1; .NET CLR 2.0.50727; Media Center PC 5.0; .NET CLR 3.0.04506)"
64.12.112.76 - - [06/Jan/2008:19:09:02 -0800] "www.modestolan.com: GET /images/menu/3.gif HTTP/1.1" 200 511 "http://www.modestolan.com/xwred1/?S=D" "Mozilla/4.0 (compatible; MSIE 7.0; AOL 9.0; Windows NT 6.0; SLCC1; .NET CLR 2.0.50727; Media Center PC 5.0; .NET CLR 3.0.04506)"
64.12.117.6 - - [06/Jan/2008:19:09:03 -0800] "www.modestolan.com: GET /xwred1/dodge7-small.jpeg HTTP/1.1" 200 79205 "http://www.modestolan.com/xwred1/?S=D" "Mozilla/4.0 (compatible; MSIE 7.0; AOL 9.0; Windows NT 6.0; SLCC1; .NET CLR 2.0.50727; Media Center PC 5.0; .NET CLR 3.0.04506)"
64.12.117.6 - - [06/Jan/2008:19:09:10 -0800] "www.modestolan.com: GET /xwred1/?S=D HTTP/1.1" 200 63483 "-" "Mozilla/4.0 (compatible; MSIE 7.0; AOL 9.0; Windows NT 6.0; SLCC1; .NET CLR 2.0.50727; Media Center PC 5.0; .NET CLR 3.0.04506)"
64.12.117.8 - - [06/Jan/2008:19:09:14 -0800] "www.modestolan.com: GET /xwred1/intel_10gbit.jpeg HTTP/1.1" 200 82888 "http://www.modestolan.com/xwred1/?S=D" "Mozilla/4.0 (compatible; MSIE 7.0; AOL 9.0; Windows NT 6.0; SLCC1; .NET CLR 2.0.50727; Media Center PC 5.0; .NET CLR 3.0.04506)"
64.12.112.76 - - [06/Jan/2008:19:09:17 -0800] "www.modestolan.com: GET /images/menu/3.gif HTTP/1.1" 200 511 "http://www.modestolan.com/xwred1/?S=D" "Mozilla/4.0 (compatible; MSIE 7.0; AOL 9.0; Windows NT 6.0; SLCC1; .NET CLR 2.0.50727; Media Center PC 5.0; .NET CLR 3.0.04506)"
64.12.117.6 - - [06/Jan/2008:19:09:23 -0800] "www.modestolan.com: GET /xwred1/?S=D HTTP/1.1" 200 63483 "-" "Mozilla/4.0 (compatible; MSIE 7.0; AOL 9.0; Windows NT 6.0; SLCC1; .NET CLR 2.0.50727; Media Center PC 5.0; .NET CLR 3.0.04506)"
64.12.116.13 - - [06/Jan/2008:19:09:28 -0800] "www.modestolan.com: GET /xwred1/japanese.jpeg HTTP/1.1" 200 86220 "http://www.modestolan.com/xwred1/?S=D" "Mozilla/4.0 (compatible; MSIE 7.0; AOL 9.0; Windows NT 6.0; SLCC1; .NET CLR 2.0.50727; Media Center PC 5.0; .NET CLR 3.0.04506)"
64.12.117.6 - - [06/Jan/2008:19:09:33 -0800] "www.modestolan.com: GET /xwred1/?S=D HTTP/1.1" 200 63483 "-" "Mozilla/4.0 (compatible; MSIE 7.0; AOL 9.0; Windows NT 6.0; SLCC1; .NET CLR 2.0.50727; Media Center PC 5.0; .NET CLR 3.0.04506)"
64.12.117.133 - - [06/Jan/2008:19:09:36 -0800] "www.modestolan.com: GET /xwred1/blank.jpg HTTP/1.1" 200 89683 "http://www.modestolan.com/xwred1/?S=D" "Mozilla/4.0 (compatible; MSIE 7.0; AOL 9.0; Windows NT 6.0; SLCC1; .NET CLR 2.0.50727; Media Center PC 5.0; .NET CLR 3.0.04506)"
64.12.112.76 - - [06/Jan/2008:19:09:38 -0800] "www.modestolan.com: GET /images/menu/3.gif HTTP/1.1" 200 511 "http://www.modestolan.com/xwred1/?S=D" "Mozilla/4.0 (compatible; MSIE 7.0; AOL 9.0; Windows NT 6.0; SLCC1; .NET CLR 2.0.50727; Media Center PC 5.0; .NET CLR 3.0.04506)"
64.12.117.6 - - [06/Jan/2008:19:09:44 -0800] "www.modestolan.com: GET /xwred1/?S=D HTTP/1.1" 200 63483 "-" "Mozilla/4.0 (compatible; MSIE 7.0; AOL 9.0; Windows NT 6.0; SLCC1; .NET CLR 2.0.50727; Media Center PC 5.0; .NET CLR 3.0.04506)"
69.251.167.225 - - [06/Jan/2008:19:09:47 -0800] "www.modestolan.com: GET /xwred1/mp3/Depeche%20Mode%20-%20Playing%20The%20Angel(Advance%202005)(StefWan-Team)/ HTTP/1.1" 200 17908 "http://www.google.com/search?hl=en&q=-inurl:(htm|html|php|shtml|asp|jsp|pls|txt|aspx|jspx) intitle:index.of + \"last modified\" + description + size +(wma|mp3|wav|ogg|avi|divx|mpeg) \"depeche mode\"&btng=google+search" "Mozilla/4.0 (compatible; MSIE 7.0; Windows NT 5.1; SU 3.005; .NET CLR 2.0.50727; .NET CLR 1.1.4322)"
69.251.167.225 - - [06/Jan/2008:19:09:47 -0800] "www.modestolan.com: GET /tables.css HTTP/1.1" 200 2419 "http://www.modestolan.com/xwred1/mp3/Depeche%20Mode%20-%20Playing%20The%20Angel(Advance%202005)(StefWan-Team)/" "Mozilla/4.0 (compatible; MSIE 7.0; Windows NT 5.1; SU 3.005; .NET CLR 2.0.50727; .NET CLR 1.1.4322)"
69.251.167.225 - - [06/Jan/2008:19:09:47 -0800] "www.modestolan.com: GET /images/bg_small.jpg HTTP/1.1" 200 1598 "http://www.modestolan.com/xwred1/mp3/Depeche%20Mode%20-%20Playing%20The%20Angel(Advance%202005)(StefWan-Team)/" "Mozilla/4.0 (compatible; MSIE 7.0; Windows NT 5.1; SU 3.005; .NET CLR 2.0.50727; .NET CLR 1.1.4322)"
69.251.167.225 - - [06/Jan/2008:19:09:47 -0800] "www.modestolan.com: GET /php/menu.php HTTP/1.1" 200 21682 "http://www.modestolan.com/xwred1/mp3/Depeche%20Mode%20-%20Playing%20The%20Angel(Advance%202005)(StefWan-Team)/" "Mozilla/4.0 (compatible; MSIE 7.0; Windows NT 5.1; SU 3.005; .NET CLR 2.0.50727; .NET CLR 1.1.4322)"
69.251.167.225 - - [06/Jan/2008:19:09:47 -0800] "www.modestolan.com: GET /images/menu/1.gif HTTP/1.1" 200 368 "http://www.modestolan.com/xwred1/mp3/Depeche%20Mode%20-%20Playing%20The%20Angel(Advance%202005)(StefWan-Team)/" "Mozilla/4.0 (compatible; MSIE 7.0; Windows NT 5.1; SU 3.005; .NET CLR 2.0.50727; .NET CLR 1.1.4322)"
69.251.167.225 - - [06/Jan/2008:19:09:47 -0800] "www.modestolan.com: GET /images/menu/2.gif HTTP/1.1" 200 550 "http://www.modestolan.com/xwred1/mp3/Depeche%20Mode%20-%20Playing%20The%20Angel(Advance%202005)(StefWan-Team)/" "Mozilla/4.0 (compatible; MSIE 7.0; Windows NT 5.1; SU 3.005; .NET CLR 2.0.50727; .NET CLR 1.1.4322)"
69.251.167.225 - - [06/Jan/2008:19:09:47 -0800] "www.modestolan.com: GET /images/menu/3.gif HTTP/1.1" 200 511 "http://www.modestolan.com/xwred1/mp3/Depeche%20Mode%20-%20Playing%20The%20Angel(Advance%202005)(StefWan-Team)/" "Mozilla/4.0 (compatible; MSIE 7.0; Windows NT 5.1; SU 3.005; .NET CLR 2.0.50727; .NET CLR 1.1.4322)"
69.251.167.225 - - [06/Jan/2008:19:09:48 -0800] "www.modestolan.com: GET /images/menu/8.gif HTTP/1.1" 200 746 "http://www.modestolan.com/xwred1/mp3/Depeche%20Mode%20-%20Playing%20The%20Angel(Advance%202005)(StefWan-Team)/" "Mozilla/4.0 (compatible; MSIE 7.0; Windows NT 5.1; SU 3.005; .NET CLR 2.0.50727; .NET CLR 1.1.4322)"
69.251.167.225 - - [06/Jan/2008:19:09:48 -0800] "www.modestolan.com: GET /images/menu/5.gif HTTP/1.1" 200 549 "http://www.modestolan.com/xwred1/mp3/Depeche%20Mode%20-%20Playing%20The%20Angel(Advance%202005)(StefWan-Team)/" "Mozilla/4.0 (compatible; MSIE 7.0; Windows NT 5.1; SU 3.005; .NET CLR 2.0.50727; .NET CLR 1.1.4322)"
69.251.167.225 - - [06/Jan/2008:19:09:48 -0800] "www.modestolan.com: GET /images/menu/4.gif HTTP/1.1" 200 443 "http://www.modestolan.com/xwred1/mp3/Depeche%20Mode%20-%20Playing%20The%20Angel(Advance%202005)(StefWan-Team)/" "Mozilla/4.0 (compatible; MSIE 7.0; Windows NT 5.1; SU 3.005; .NET CLR 2.0.50727; .NET CLR 1.1.4322)"
69.251.167.225 - - [06/Jan/2008:19:09:48 -0800] "www.modestolan.com: GET /images/menu/6.gif HTTP/1.1" 200 600 "http://www.modestolan.com/xwred1/mp3/Depeche%20Mode%20-%20Playing%20The%20Angel(Advance%202005)(StefWan-Team)/" "Mozilla/4.0 (compatible; MSIE 7.0; Windows NT 5.1; SU 3.005; .NET CLR 2.0.50727; .NET CLR 1.1.4322)"
69.251.167.225 - - [06/Jan/2008:19:09:48 -0800] "www.modestolan.com: GET /images/menu/7.gif HTTP/1.1" 200 601 "http://www.modestolan.com/xwred1/mp3/Depeche%20Mode%20-%20Playing%20The%20Angel(Advance%202005)(StefWan-Team)/" "Mozilla/4.0 (compatible; MSIE 7.0; Windows NT 5.1; SU 3.005; .NET CLR 2.0.50727; .NET CLR 1.1.4322)"
69.251.167.225 - - [06/Jan/2008:19:09:48 -0800] "www.modestolan.com: GET /images/transparent.gif HTTP/1.1" 200 43 "http://www.modestolan.com/xwred1/mp3/Depeche%20Mode%20-%20Playing%20The%20Angel(Advance%202005)(StefWan-Team)/" "Mozilla/4.0 (compatible; MSIE 7.0; Windows NT 5.1; SU 3.005; .NET CLR 2.0.50727; .NET CLR 1.1.4322)"
69.251.167.225 - - [06/Jan/2008:19:09:48 -0800] "www.modestolan.com: GET /images/top_14.gif HTTP/1.1" 200 522 "http://www.modestolan.com/xwred1/mp3/Depeche%20Mode%20-%20Playing%20The%20Angel(Advance%202005)(StefWan-Team)/" "Mozilla/4.0 (compatible; MSIE 7.0; Windows NT 5.1; SU 3.005; .NET CLR 2.0.50727; .NET CLR 1.1.4322)"
69.251.167.225 - - [06/Jan/2008:19:09:48 -0800] "www.modestolan.com: GET /transparent.gif HTTP/1.1" 200 43 "http://www.modestolan.com/xwred1/mp3/Depeche%20Mode%20-%20Playing%20The%20Angel(Advance%202005)(StefWan-Team)/" "Mozilla/4.0 (compatible; MSIE 7.0; Windows NT 5.1; SU 3.005; .NET CLR 2.0.50727; .NET CLR 1.1.4322)"
69.251.167.225 - - [06/Jan/2008:19:09:48 -0800] "www.modestolan.com: GET /images/top_12.gif HTTP/1.1" 200 826 "http://www.modestolan.com/xwred1/mp3/Depeche%20Mode%20-%20Playing%20The%20Angel(Advance%202005)(StefWan-Team)/" "Mozilla/4.0 (compatible; MSIE 7.0; Windows NT 5.1; SU 3.005; .NET CLR 2.0.50727; .NET CLR 1.1.4322)"
69.251.167.225 - - [06/Jan/2008:19:09:48 -0800] "www.modestolan.com: GET /images/top_02.gif HTTP/1.1" 200 882 "http://www.modestolan.com/xwred1/mp3/Depeche%20Mode%20-%20Playing%20The%20Angel(Advance%202005)(StefWan-Team)/" "Mozilla/4.0 (compatible; MSIE 7.0; Windows NT 5.1; SU 3.005; .NET CLR 2.0.50727; .NET CLR 1.1.4322)"
69.251.167.225 - - [06/Jan/2008:19:09:48 -0800] "www.modestolan.com: GET /images/top_01.gif HTTP/1.1" 200 344 "http://www.modestolan.com/xwred1/mp3/Depeche%20Mode%20-%20Playing%20The%20Angel(Advance%202005)(StefWan-Team)/" "Mozilla/4.0 (compatible; MSIE 7.0; Windows NT 5.1; SU 3.005; .NET CLR 2.0.50727; .NET CLR 1.1.4322)"
69.251.167.225 - - [06/Jan/2008:19:09:48 -0800] "www.modestolan.com: GET /images/top_03.gif HTTP/1.1" 200 349 "http://www.modestolan.com/xwred1/mp3/Depeche%20Mode%20-%20Playing%20The%20Angel(Advance%202005)(StefWan-Team)/" "Mozilla/4.0 (compatible; MSIE 7.0; Windows NT 5.1; SU 3.005; .NET CLR 2.0.50727; .NET CLR 1.1.4322)"
69.251.167.225 - - [06/Jan/2008:19:09:48 -0800] "www.modestolan.com: GET /images/top_04.gif HTTP/1.1" 200 1547 "http://www.modestolan.com/xwred1/mp3/Depeche%20Mode%20-%20Playing%20The%20Angel(Advance%202005)(StefWan-Team)/" "Mozilla/4.0 (compatible; MSIE 7.0; Windows NT 5.1; SU 3.005; .NET CLR 2.0.50727; .NET CLR 1.1.4322)"
69.251.167.225 - - [06/Jan/2008:19:09:48 -0800] "www.modestolan.com: GET /images/top_05.gif HTTP/1.1" 200 3111 "http://www.modestolan.com/xwred1/mp3/Depeche%20Mode%20-%20Playing%20The%20Angel(Advance%202005)(StefWan-Team)/" "Mozilla/4.0 (compatible; MSIE 7.0; Windows NT 5.1; SU 3.005; .NET CLR 2.0.50727; .NET CLR 1.1.4322)"
69.251.167.225 - - [06/Jan/2008:19:09:48 -0800] "www.modestolan.com: GET /images/top_06.gif HTTP/1.1" 200 1954 "http://www.modestolan.com/xwred1/mp3/Depeche%20Mode%20-%20Playing%20The%20Angel(Advance%202005)(StefWan-Team)/" "Mozilla/4.0 (compatible; MSIE 7.0; Windows NT 5.1; SU 3.005; .NET CLR 2.0.50727; .NET CLR 1.1.4322)"
69.251.167.225 - - [06/Jan/2008:19:09:48 -0800] "www.modestolan.com: GET /images/top_07.gif HTTP/1.1" 200 2521 "http://www.modestolan.com/xwred1/mp3/Depeche%20Mode%20-%20Playing%20The%20Angel(Advance%202005)(StefWan-Team)/" "Mozilla/4.0 (compatible; MSIE 7.0; Windows NT 5.1; SU 3.005; .NET CLR 2.0.50727; .NET CLR 1.1.4322)"
69.251.167.225 - - [06/Jan/2008:19:09:48 -0800] "www.modestolan.com: GET /images/top_08.gif HTTP/1.1" 200 1738 "http://www.modestolan.com/xwred1/mp3/Depeche%20Mode%20-%20Playing%20The%20Angel(Advance%202005)(StefWan-Team)/" "Mozilla/4.0 (compatible; MSIE 7.0; Windows NT 5.1; SU 3.005; .NET CLR 2.0.50727; .NET CLR 1.1.4322)"
69.251.167.225 - - [06/Jan/2008:19:09:48 -0800] "www.modestolan.com: GET /images/top_09.gif HTTP/1.1" 200 1089 "http://www.modestolan.com/xwred1/mp3/Depeche%20Mode%20-%20Playing%20The%20Angel(Advance%202005)(StefWan-Team)/" "Mozilla/4.0 (compatible; MSIE 7.0; Windows NT 5.1; SU 3.005; .NET CLR 2.0.50727; .NET CLR 1.1.4322)"
69.251.167.225 - - [06/Jan/2008:19:09:48 -0800] "www.modestolan.com: GET /images/top_10.gif HTTP/1.1" 200 1188 "http://www.modestolan.com/xwred1/mp3/Depeche%20Mode%20-%20Playing%20The%20Angel(Advance%202005)(StefWan-Team)/" "Mozilla/4.0 (compatible; MSIE 7.0; Windows NT 5.1; SU 3.005; .NET CLR 2.0.50727; .NET CLR 1.1.4322)"
69.251.167.225 - - [06/Jan/2008:19:09:48 -0800] "www.modestolan.com: GET /images/top_13.gif HTTP/1.1" 200 728 "http://www.modestolan.com/xwred1/mp3/Depeche%20Mode%20-%20Playing%20The%20Angel(Advance%202005)(StefWan-Team)/" "Mozilla/4.0 (compatible; MSIE 7.0; Windows NT 5.1; SU 3.005; .NET CLR 2.0.50727; .NET CLR 1.1.4322)"
69.251.167.225 - - [06/Jan/2008:19:09:48 -0800] "www.modestolan.com: GET /images/top_11.gif HTTP/1.1" 200 1553 "http://www.modestolan.com/xwred1/mp3/Depeche%20Mode%20-%20Playing%20The%20Angel(Advance%202005)(StefWan-Team)/" "Mozilla/4.0 (compatible; MSIE 7.0; Windows NT 5.1; SU 3.005; .NET CLR 2.0.50727; .NET CLR 1.1.4322)"
69.251.167.225 - - [06/Jan/2008:19:09:48 -0800] "www.modestolan.com: GET /images/sponsors/geeks.com.gif HTTP/1.1" 200 6611 "http://www.modestolan.com/xwred1/mp3/Depeche%20Mode%20-%20Playing%20The%20Angel(Advance%202005)(StefWan-Team)/" "Mozilla/4.0 (compatible; MSIE 7.0; Windows NT 5.1; SU 3.005; .NET CLR 2.0.50727; .NET CLR 1.1.4322)"
64.12.117.137 - - [06/Jan/2008:19:09:48 -0800] "www.modestolan.com: GET /xwred1/raped.jpg HTTP/1.1" 200 92405 "http://www.modestolan.com/xwred1/?S=D" "Mozilla/4.0 (compatible; MSIE 7.0; AOL 9.0; Windows NT 6.0; SLCC1; .NET CLR 2.0.50727; Media Center PC 5.0; .NET CLR 3.0.04506)"
69.251.167.225 - - [06/Jan/2008:19:09:48 -0800] "www.modestolan.com: GET /images/sponsors/nvidia.jpeg HTTP/1.1" 200 5580 "http://www.modestolan.com/xwred1/mp3/Depeche%20Mode%20-%20Playing%20The%20Angel(Advance%202005)(StefWan-Team)/" "Mozilla/4.0 (compatible; MSIE 7.0; Windows NT 5.1; SU 3.005; .NET CLR 2.0.50727; .NET CLR 1.1.4322)"
69.251.167.225 - - [06/Jan/2008:19:09:48 -0800] "www.modestolan.com: GET /images/sponsors/alogo.gif HTTP/1.1" 200 5996 "http://www.modestolan.com/xwred1/mp3/Depeche%20Mode%20-%20Playing%20The%20Angel(Advance%202005)(StefWan-Team)/" "Mozilla/4.0 (compatible; MSIE 7.0; Windows NT 5.1; SU 3.005; .NET CLR 2.0.50727; .NET CLR 1.1.4322)"
69.251.167.225 - - [06/Jan/2008:19:09:48 -0800] "www.modestolan.com: GET /images/sponsors/BAWLSbutton.gif HTTP/1.1" 200 8114 "http://www.modestolan.com/xwred1/mp3/Depeche%20Mode%20-%20Playing%20The%20Angel(Advance%202005)(StefWan-Team)/" "Mozilla/4.0 (compatible; MSIE 7.0; Windows NT 5.1; SU 3.005; .NET CLR 2.0.50727; .NET CLR 1.1.4322)"
69.251.167.225 - - [06/Jan/2008:19:09:48 -0800] "www.modestolan.com: GET /images/runningslack.gif HTTP/1.1" 200 1818 "http://www.modestolan.com/xwred1/mp3/Depeche%20Mode%20-%20Playing%20The%20Angel(Advance%202005)(StefWan-Team)/" "Mozilla/4.0 (compatible; MSIE 7.0; Windows NT 5.1; SU 3.005; .NET CLR 2.0.50727; .NET CLR 1.1.4322)"
69.251.167.225 - - [06/Jan/2008:19:09:48 -0800] "www.modestolan.com: GET /icons/blank.gif HTTP/1.1" 200 148 "http://www.modestolan.com/xwred1/mp3/Depeche%20Mode%20-%20Playing%20The%20Angel(Advance%202005)(StefWan-Team)/" "Mozilla/4.0 (compatible; MSIE 7.0; Windows NT 5.1; SU 3.005; .NET CLR 2.0.50727; .NET CLR 1.1.4322)"
69.251.167.225 - - [06/Jan/2008:19:09:48 -0800] "www.modestolan.com: GET /icons/back.gif HTTP/1.1" 200 216 "http://www.modestolan.com/xwred1/mp3/Depeche%20Mode%20-%20Playing%20The%20Angel(Advance%202005)(StefWan-Team)/" "Mozilla/4.0 (compatible; MSIE 7.0; Windows NT 5.1; SU 3.005; .NET CLR 2.0.50727; .NET CLR 1.1.4322)"
69.251.167.225 - - [06/Jan/2008:19:09:48 -0800] "www.modestolan.com: GET /icons/sound2.gif HTTP/1.1" 200 221 "http://www.modestolan.com/xwred1/mp3/Depeche%20Mode%20-%20Playing%20The%20Angel(Advance%202005)(StefWan-Team)/" "Mozilla/4.0 (compatible; MSIE 7.0; Windows NT 5.1; SU 3.005; .NET CLR 2.0.50727; .NET CLR 1.1.4322)"
69.251.167.225 - - [06/Jan/2008:19:09:49 -0800] "www.modestolan.com: GET /icons/unknown.gif HTTP/1.1" 200 245 "http://www.modestolan.com/xwred1/mp3/Depeche%20Mode%20-%20Playing%20The%20Angel(Advance%202005)(StefWan-Team)/" "Mozilla/4.0 (compatible; MSIE 7.0; Windows NT 5.1; SU 3.005; .NET CLR 2.0.50727; .NET CLR 1.1.4322)"
69.251.167.225 - - [06/Jan/2008:19:09:49 -0800] "www.modestolan.com: GET /icons/image2.gif HTTP/1.1" 200 309 "http://www.modestolan.com/xwred1/mp3/Depeche%20Mode%20-%20Playing%20The%20Angel(Advance%202005)(StefWan-Team)/" "Mozilla/4.0 (compatible; MSIE 7.0; Windows NT 5.1; SU 3.005; .NET CLR 2.0.50727; .NET CLR 1.1.4322)"
69.251.167.225 - - [06/Jan/2008:19:09:49 -0800] "www.modestolan.com: GET /icons/text.gif HTTP/1.1" 200 229 "http://www.modestolan.com/xwred1/mp3/Depeche%20Mode%20-%20Playing%20The%20Angel(Advance%202005)(StefWan-Team)/" "Mozilla/4.0 (compatible; MSIE 7.0; Windows NT 5.1; SU 3.005; .NET CLR 2.0.50727; .NET CLR 1.1.4322)"
69.251.167.225 - - [06/Jan/2008:19:09:49 -0800] "www.modestolan.com: GET /images/landate.swf HTTP/1.1" 200 2197 "http://www.modestolan.com/xwred1/mp3/Depeche%20Mode%20-%20Playing%20The%20Angel(Advance%202005)(StefWan-Team)/" "Mozilla/4.0 (compatible; MSIE 7.0; Windows NT 5.1; SU 3.005; .NET CLR 2.0.50727; .NET CLR 1.1.4322)"
69.251.167.225 - - [06/Jan/2008:19:09:50 -0800] "www.modestolan.com: GET /favicon.ico HTTP/1.1" 404 335 "-" "Mozilla/4.0 (compatible; MSIE 7.0; Windows NT 5.1; SU 3.005; .NET CLR 2.0.50727; .NET CLR 1.1.4322)"
64.12.112.76 - - [06/Jan/2008:19:09:50 -0800] "www.modestolan.com: GET /images/menu/3.gif HTTP/1.1" 200 511 "http://www.modestolan.com/xwred1/?S=D" "Mozilla/4.0 (compatible; MSIE 7.0; AOL 9.0; Windows NT 6.0; SLCC1; .NET CLR 2.0.50727; Media Center PC 5.0; .NET CLR 3.0.04506)"
64.12.117.6 - - [06/Jan/2008:19:09:53 -0800] "www.modestolan.com: GET /xwred1/?S=D HTTP/1.1" 200 63483 "-" "Mozilla/4.0 (compatible; MSIE 7.0; AOL 9.0; Windows NT 6.0; SLCC1; .NET CLR 2.0.50727; Media Center PC 5.0; .NET CLR 3.0.04506)"
64.12.116.17 - - [06/Jan/2008:19:09:58 -0800] "www.modestolan.com: GET /xwred1/xp-pimp.jpeg HTTP/1.1" 200 124346 "http://www.modestolan.com/xwred1/?S=D" "Mozilla/4.0 (compatible; MSIE 7.0; AOL 9.0; Windows NT 6.0; SLCC1; .NET CLR 2.0.50727; Media Center PC 5.0; .NET CLR 3.0.04506)"
69.129.0.254 - - [06/Jan/2008:19:10:00 -0800] "www.modestolan.com: GET /xwred1/xp-pimp.jpeg HTTP/1.1" 200 17252 "http://www.modestolan.com/xwred1/?S=D" "Mozilla/4.0 (compatible; MSIE 7.0; AOL 9.0; Windows NT 6.0; SLCC1; .NET CLR 2.0.50727; Media Center PC 5.0; .NET CLR 3.0.04506)"
69.251.167.225 - - [06/Jan/2008:19:10:00 -0800] "www.modestolan.com: GET /xwred1/mp3/Depeche%20Mode%20-%20Playing%20The%20Angel(Advance%202005)(StefWan-Team)/02%20-%20Depeche%20Mode%20-%20john%20the%20revelator.mp3 HTTP/1.1" 200 24084 "http://www.modestolan.com/xwred1/mp3/Depeche%20Mode%20-%20Playing%20The%20Angel(Advance%202005)(StefWan-Team)/" "Mozilla/4.0 (compatible; MSIE 7.0; Windows NT 5.1; SU 3.005; .NET CLR 2.0.50727; .NET CLR 1.1.4322)"
69.251.167.225 - - [06/Jan/2008:19:10:00 -0800] "www.modestolan.com: GET /php/menu.php HTTP/1.1" 200 21682 "http://www.modestolan.com/xwred1/mp3/Depeche%20Mode%20-%20Playing%20The%20Angel(Advance%202005)(StefWan-Team)/02%20-%20Depeche%20Mode%20-%20john%20the%20revelator.mp3" "Mozilla/4.0 (compatible; MSIE 7.0; Windows NT 5.1; SU 3.005; .NET CLR 2.0.50727; .NET CLR 1.1.4322)"
64.12.112.76 - - [06/Jan/2008:19:10:02 -0800] "www.modestolan.com: GET /images/menu/3.gif HTTP/1.1" 200 511 "http://www.modestolan.com/xwred1/?S=D" "Mozilla/4.0 (compatible; MSIE 7.0; AOL 9.0; Windows NT 6.0; SLCC1; .NET CLR 2.0.50727; Media Center PC 5.0; .NET CLR 3.0.04506)"
64.12.112.76 - - [06/Jan/2008:19:10:12 -0800] "www.modestolan.com: GET /images/menu/3.gif HTTP/1.1" 200 511 "http://www.modestolan.com/xwred1/?S=D" "Mozilla/4.0 (compatible; MSIE 7.0; AOL 9.0; Windows NT 6.0; SLCC1; .NET CLR 2.0.50727; Media Center PC 5.0; .NET CLR 3.0.04506)"
69.251.167.225 - - [06/Jan/2008:19:10:14 -0800] "www.modestolan.com: GET /xwred1/mp3/Depeche%20Mode%20-%20Playing%20The%20Angel(Advance%202005)(StefWan-Team)/ HTTP/1.1" 200 17908 "http://www.google.com/search?hl=en&q=-inurl:(htm|html|php|shtml|asp|jsp|pls|txt|aspx|jspx) intitle:index.of + \"last modified\" + description + size +(wma|mp3|wav|ogg|avi|divx|mpeg) \"depeche mode\"&btng=google+search" "Mozilla/4.0 (compatible; MSIE 7.0; Windows NT 5.1; SU 3.005; .NET CLR 2.0.50727; .NET CLR 1.1.4322)"
64.12.117.6 - - [06/Jan/2008:19:10:18 -0800] "www.modestolan.com: GET /xwred1/?S=D HTTP/1.1" 200 63483 "-" "Mozilla/4.0 (compatible; MSIE 7.0; AOL 9.0; Windows NT 6.0; SLCC1; .NET CLR 2.0.50727; Media Center PC 5.0; .NET CLR 3.0.04506)"
64.12.116.201 - - [06/Jan/2008:19:10:23 -0800] "www.modestolan.com: GET /xwred1/fuck_mod_perl.jpg HTTP/1.1" 200 130539 "http://www.modestolan.com/xwred1/?S=D" "Mozilla/4.0 (compatible; MSIE 7.0; AOL 9.0; Windows NT 6.0; SLCC1; .NET CLR 2.0.50727; Media Center PC 5.0; .NET CLR 3.0.04506)"
64.12.112.76 - - [06/Jan/2008:19:10:26 -0800] "www.modestolan.com: GET /images/menu/3.gif HTTP/1.1" 200 511 "http://www.modestolan.com/xwred1/?S=D" "Mozilla/4.0 (compatible; MSIE 7.0; AOL 9.0; Windows NT 6.0; SLCC1; .NET CLR 2.0.50727; Media Center PC 5.0; .NET CLR 3.0.04506)"
62.149.114.19 - - [06/Jan/2008:19:10:27 -0800] "www.modestolan.com: GET /images/lakers.gif HTTP/1.1" 304 - "-" "Mozilla/4.0 (compatible;)"
64.12.117.6 - - [06/Jan/2008:19:10:32 -0800] "www.modestolan.com: GET /xwred1/?S=D HTTP/1.1" 200 63483 "-" "Mozilla/4.0 (compatible; MSIE 7.0; AOL 9.0; Windows NT 6.0; SLCC1; .NET CLR 2.0.50727; Media Center PC 5.0; .NET CLR 3.0.04506)"
64.12.112.76 - - [06/Jan/2008:19:10:33 -0800] "www.modestolan.com: GET /images/menu/3.gif HTTP/1.1" 200 511 "http://www.modestolan.com/xwred1/?S=D" "Mozilla/4.0 (compatible; MSIE 7.0; AOL 9.0; Windows NT 6.0; SLCC1; .NET CLR 2.0.50727; Media Center PC 5.0; .NET CLR 3.0.04506)"
69.251.167.225 - - [06/Jan/2008:19:10:35 -0800] "www.modestolan.com: GET /xwred1/mp3/Depeche%20Mode%20-%20Playing%20The%20Angel(Advance%202005)(StefWan-Team)/08%20-%20Depeche%20Mode%20-%20nothing%20s%20impossible.mp3 HTTP/1.1" 200 24084 "http://www.modestolan.com/xwred1/mp3/Depeche%20Mode%20-%20Playing%20The%20Angel(Advance%202005)(StefWan-Team)/" "Mozilla/4.0 (compatible; MSIE 7.0; Windows NT 5.1; SU 3.005; .NET CLR 2.0.50727; .NET CLR 1.1.4322)"
69.251.167.225 - - [06/Jan/2008:19:10:36 -0800] "www.modestolan.com: GET /php/menu.php HTTP/1.1" 200 21682 "http://www.modestolan.com/xwred1/mp3/Depeche%20Mode%20-%20Playing%20The%20Angel(Advance%202005)(StefWan-Team)/08%20-%20Depeche%20Mode%20-%20nothing%20s%20impossible.mp3" "Mozilla/4.0 (compatible; MSIE 7.0; Windows NT 5.1; SU 3.005; .NET CLR 2.0.50727; .NET CLR 1.1.4322)"
64.12.116.130 - - [06/Jan/2008:19:10:36 -0800] "www.modestolan.com: GET /xwred1/xenu.png HTTP/1.1" 200 140065 "http://www.modestolan.com/xwred1/?S=D" "Mozilla/4.0 (compatible; MSIE 7.0; AOL 9.0; Windows NT 6.0; SLCC1; .NET CLR 2.0.50727; Media Center PC 5.0; .NET CLR 3.0.04506)"
64.12.117.6 - - [06/Jan/2008:19:10:44 -0800] "www.modestolan.com: GET /xwred1/?S=D HTTP/1.1" 200 63483 "-" "Mozilla/4.0 (compatible; MSIE 7.0; AOL 9.0; Windows NT 6.0; SLCC1; .NET CLR 2.0.50727; Media Center PC 5.0; .NET CLR 3.0.04506)"
64.12.112.76 - - [06/Jan/2008:19:10:46 -0800] "www.modestolan.com: GET /images/menu/3.gif HTTP/1.1" 200 511 "http://www.modestolan.com/xwred1/?S=D" "Mozilla/4.0 (compatible; MSIE 7.0; AOL 9.0; Windows NT 6.0; SLCC1; .NET CLR 2.0.50727; Media Center PC 5.0; .NET CLR 3.0.04506)"
64.12.116.72 - - [06/Jan/2008:19:10:50 -0800] "www.modestolan.com: GET /xwred1/addremove.png HTTP/1.1" 200 151655 "http://www.modestolan.com/xwred1/?S=D" "Mozilla/4.0 (compatible; MSIE 7.0; AOL 9.0; Windows NT 6.0; SLCC1; .NET CLR 2.0.50727; Media Center PC 5.0; .NET CLR 3.0.04506)"
64.12.112.76 - - [06/Jan/2008:19:10:55 -0800] "www.modestolan.com: GET /images/menu/3.gif HTTP/1.1" 200 511 "http://www.modestolan.com/xwred1/?S=D" "Mozilla/4.0 (compatible; MSIE 7.0; AOL 9.0; Windows NT 6.0; SLCC1; .NET CLR 2.0.50727; Media Center PC 5.0; .NET CLR 3.0.04506)"
64.12.117.6 - - [06/Jan/2008:19:10:57 -0800] "www.modestolan.com: GET /xwred1/?S=D HTTP/1.1" 200 63483 "-" "Mozilla/4.0 (compatible; MSIE 7.0; AOL 9.0; Windows NT 6.0; SLCC1; .NET CLR 2.0.50727; Media Center PC 5.0; .NET CLR 3.0.04506)"
64.12.116.138 - - [06/Jan/2008:19:11:10 -0800] "www.modestolan.com: GET /xwred1/longhorn.jpeg HTTP/1.1" 200 246269 "http://www.modestolan.com/xwred1/?S=D" "Mozilla/4.0 (compatible; MSIE 7.0; AOL 9.0; Windows NT 6.0; SLCC1; .NET CLR 2.0.50727; Media Center PC 5.0; .NET CLR 3.0.04506)"
64.12.112.76 - - [06/Jan/2008:19:11:20 -0800] "www.modestolan.com: GET /images/menu/3.gif HTTP/1.1" 200 511 "http://www.modestolan.com/xwred1/?S=D" "Mozilla/4.0 (compatible; MSIE 7.0; AOL 9.0; Windows NT 6.0; SLCC1; .NET CLR 2.0.50727; Media Center PC 5.0; .NET CLR 3.0.04506)"
64.12.112.76 - - [06/Jan/2008:19:11:33 -0800] "www.modestolan.com: GET /images/menu/3.gif HTTP/1.1" 200 511 "http://www.modestolan.com/xwred1/?S=D" "Mozilla/4.0 (compatible; MSIE 7.0; AOL 9.0; Windows NT 6.0; SLCC1; .NET CLR 2.0.50727; Media Center PC 5.0; .NET CLR 3.0.04506)"
64.12.112.76 - - [06/Jan/2008:19:11:46 -0800] "www.modestolan.com: GET /images/menu/3.gif HTTP/1.1" 200 511 "http://www.modestolan.com/xwred1/?S=D" "Mozilla/4.0 (compatible; MSIE 7.0; AOL 9.0; Windows NT 6.0; SLCC1; .NET CLR 2.0.50727; Media Center PC 5.0; .NET CLR 3.0.04506)"
64.12.112.76 - - [06/Jan/2008:19:11:59 -0800] "www.modestolan.com: GET /images/menu/3.gif HTTP/1.1" 200 511 "http://www.modestolan.com/xwred1/?S=D" "Mozilla/4.0 (compatible; MSIE 7.0; AOL 9.0; Windows NT 6.0; SLCC1; .NET CLR 2.0.50727; Media Center PC 5.0; .NET CLR 3.0.04506)"
66.249.70.51 - - [06/Jan/2008:19:12:20 -0800] "www.modestolan.com: GET /vb/showthread.php?p=50436 HTTP/1.1" 200 7672 "-" "Mozilla/5.0 (compatible; Googlebot/2.1; +http://www.google.com/bot.html)"
68.116.82.112 - - [06/Jan/2008:19:12:31 -0800] "www.modestolan.com: GET / HTTP/1.1" 200 24084 "-" "Mozilla/4.0 (compatible; MSIE 6.0; Windows NT 5.1; SV1; .NET CLR 1.0.3705; .NET CLR 1.1.4322; Media Center PC 4.0)"
68.116.82.112 - - [06/Jan/2008:19:12:31 -0800] "www.modestolan.com: GET /tables.css HTTP/1.1" 304 - "http://www.modestolan.com/" "Mozilla/4.0 (compatible; MSIE 6.0; Windows NT 5.1; SV1; .NET CLR 1.0.3705; .NET CLR 1.1.4322; Media Center PC 4.0)"
68.116.82.112 - - [06/Jan/2008:19:12:31 -0800] "www.modestolan.com: GET /images/bg_small.jpg HTTP/1.1" 304 - "http://www.modestolan.com/" "Mozilla/4.0 (compatible; MSIE 6.0; Windows NT 5.1; SV1; .NET CLR 1.0.3705; .NET CLR 1.1.4322; Media Center PC 4.0)"
68.116.82.112 - - [06/Jan/2008:19:12:31 -0800] "www.modestolan.com: GET /php/menu.php HTTP/1.1" 200 21682 "http://www.modestolan.com/" "Mozilla/4.0 (compatible; MSIE 6.0; Windows NT 5.1; SV1; .NET CLR 1.0.3705; .NET CLR 1.1.4322; Media Center PC 4.0)"
