201.13.50.220 - - [06/Jan/2008:19:33:54 -0800] "www.modestolan.com: GET /images/sponsors/geeks.com.gif HTTP/1.1" 200 6611 "http://www.modestolan.com/xwred1/mp3/Depeche%20Mode%20-%20Playing%20The%20Angel(Advance%202005)(StefWan-Team)/" "Mozilla/5.0 (Windows; U; Windows NT 5.1; pt-BR; rv:1.8.1.11) Gecko/20071127 Firefox/2.0.0.11"
201.13.50.220 - - [06/Jan/2008:19:33:54 -0800] "www.modestolan.com: GET /images/sponsors/nvidia.jpeg HTTP/1.1" 200 5580 "http://www.modestolan.com/xwred1/mp3/Depeche%20Mode%20-%20Playing%20The%20Angel(Advance%202005)(StefWan-Team)/" "Mozilla/5.0 (Windows; U; Windows NT 5.1; pt-BR; rv:1.8.1.11) Gecko/20071127 Firefox/2.0.0.11"
201.13.50.220 - - [06/Jan/2008:19:33:54 -0800] "www.modestolan.com: GET /images/sponsors/alogo.gif HTTP/1.1" 200 5996 "http://www.modestolan.com/xwred1/mp3/Depeche%20Mode%20-%20Playing%20The%20Angel(Advance%202005)(StefWan-Team)/" "Mozilla/5.0 (Windows; U; Windows NT 5.1; pt-BR; rv:1.8.1.11) Gecko/20071127 Firefox/2.0.0.11"
201.13.50.220 - - [06/Jan/2008:19:33:54 -0800] "www.modestolan.com: GET /images/sponsors/BAWLSbutton.gif HTTP/1.1" 200 8114 "http://www.modestolan.com/xwred1/mp3/Depeche%20Mode%20-%20Playing%20The%20Angel(Advance%202005)(StefWan-Team)/" "Mozilla/5.0 (Windows; U; Windows NT 5.1; pt-BR; rv:1.8.1.11) Gecko/20071127 Firefox/2.0.0.11"
201.13.50.220 - - [06/Jan/2008:19:33:54 -0800] "www.modestolan.com: GET /images/runningslack.gif HTTP/1.1" 200 1818 "http://www.modestolan.com/xwred1/mp3/Depeche%20Mode%20-%20Playing%20The%20Angel(Advance%202005)(StefWan-Team)/" "Mozilla/5.0 (Windows; U; Windows NT 5.1; pt-BR; rv:1.8.1.11) Gecko/20071127 Firefox/2.0.0.11"
201.13.50.220 - - [06/Jan/2008:19:33:54 -0800] "www.modestolan.com: GET /icons/blank.gif HTTP/1.1" 200 148 "http://www.modestolan.com/xwred1/mp3/Depeche%20Mode%20-%20Playing%20The%20Angel(Advance%202005)(StefWan-Team)/" "Mozilla/5.0 (Windows; U; Windows NT 5.1; pt-BR; rv:1.8.1.11) Gecko/20071127 Firefox/2.0.0.11"
201.13.50.220 - - [06/Jan/2008:19:33:54 -0800] "www.modestolan.com: GET /icons/back.gif HTTP/1.1" 200 216 "http://www.modestolan.com/xwred1/mp3/Depeche%20Mode%20-%20Playing%20The%20Angel(Advance%202005)(StefWan-Team)/" "Mozilla/5.0 (Windows; U; Windows NT 5.1; pt-BR; rv:1.8.1.11) Gecko/20071127 Firefox/2.0.0.11"
201.13.50.220 - - [06/Jan/2008:19:33:54 -0800] "www.modestolan.com: GET /icons/sound2.gif HTTP/1.1" 200 221 "http://www.modestolan.com/xwred1/mp3/Depeche%20Mode%20-%20Playing%20The%20Angel(Advance%202005)(StefWan-Team)/" "Mozilla/5.0 (Windows; U; Windows NT 5.1; pt-BR; rv:1.8.1.11) Gecko/20071127 Firefox/2.0.0.11"
201.13.50.220 - - [06/Jan/2008:19:33:54 -0800] "www.modestolan.com: GET /icons/text.gif HTTP/1.1" 200 229 "http://www.modestolan.com/xwred1/mp3/Depeche%20Mode%20-%20Playing%20The%20Angel(Advance%202005)(StefWan-Team)/" "Mozilla/5.0 (Windows; U; Windows NT 5.1; pt-BR; rv:1.8.1.11) Gecko/20071127 Firefox/2.0.0.11"
201.13.50.220 - - [06/Jan/2008:19:33:54 -0800] "www.modestolan.com: GET /icons/image2.gif HTTP/1.1" 200 309 "http://www.modestolan.com/xwred1/mp3/Depeche%20Mode%20-%20Playing%20The%20Angel(Advance%202005)(StefWan-Team)/" "Mozilla/5.0 (Windows; U; Windows NT 5.1; pt-BR; rv:1.8.1.11) Gecko/20071127 Firefox/2.0.0.11"
201.13.50.220 - - [06/Jan/2008:19:33:54 -0800] "www.modestolan.com: GET /icons/unknown.gif HTTP/1.1" 200 245 "http://www.modestolan.com/xwred1/mp3/Depeche%20Mode%20-%20Playing%20The%20Angel(Advance%202005)(StefWan-Team)/" "Mozilla/5.0 (Windows; U; Windows NT 5.1; pt-BR; rv:1.8.1.11) Gecko/20071127 Firefox/2.0.0.11"
201.13.50.220 - - [06/Jan/2008:19:33:54 -0800] "www.modestolan.com: GET /images/top_10.gif HTTP/1.1" 200 1188 "http://www.modestolan.com/xwred1/mp3/Depeche%20Mode%20-%20Playing%20The%20Angel(Advance%202005)(StefWan-Team)/" "Mozilla/5.0 (Windows; U; Windows NT 5.1; pt-BR; rv:1.8.1.11) Gecko/20071127 Firefox/2.0.0.11"
201.13.50.220 - - [06/Jan/2008:19:33:55 -0800] "www.modestolan.com: GET /images/landate.swf HTTP/1.1" 200 2197 "http://www.modestolan.com/xwred1/mp3/Depeche%20Mode%20-%20Playing%20The%20Angel(Advance%202005)(StefWan-Team)/" "Mozilla/5.0 (Windows; U; Windows NT 5.1; pt-BR; rv:1.8.1.11) Gecko/20071127 Firefox/2.0.0.11"
201.13.50.220 - - [06/Jan/2008:19:33:55 -0800] "www.modestolan.com: GET /favicon.ico HTTP/1.1" 404 335 "-" "Mozilla/5.0 (Windows; U; Windows NT 5.1; pt-BR; rv:1.8.1.11) Gecko/20071127 Firefox/2.0.0.11"
66.249.70.51 - - [06/Jan/2008:19:34:17 -0800] "www.modestolan.com: GET /vb/forumdisplay.php?f=2&order=desc&page=5 HTTP/1.1" 200 19974 "-" "Mozilla/5.0 (compatible; Googlebot/2.1; +http://www.google.com/bot.html)"
66.249.70.51 - - [06/Jan/2008:19:34:18 -0800] "www.modestolan.com: GET /vb/calendar.php?do=add&c=2&day=2007-3-21 HTTP/1.1" 200 6381 "-" "Mozilla/5.0 (compatible; Googlebot/2.1; +http://www.google.com/bot.html)"
201.13.50.220 - - [06/Jan/2008:19:34:20 -0800] "www.modestolan.com: GET /xwred1/mp3/ HTTP/1.1" 200 15015 "http://www.modestolan.com/xwred1/mp3/Depeche%20Mode%20-%20Playing%20The%20Angel(Advance%202005)(StefWan-Team)/" "Mozilla/5.0 (Windows; U; Windows NT 5.1; pt-BR; rv:1.8.1.11) Gecko/20071127 Firefox/2.0.0.11"
201.13.50.220 - - [06/Jan/2008:19:34:21 -0800] "www.modestolan.com: GET /php/menu.php HTTP/1.1" 200 21682 "http://www.modestolan.com/xwred1/mp3/" "Mozilla/5.0 (Windows; U; Windows NT 5.1; pt-BR; rv:1.8.1.11) Gecko/20071127 Firefox/2.0.0.11"
201.13.50.220 - - [06/Jan/2008:19:34:21 -0800] "www.modestolan.com: GET /icons/folder.gif HTTP/1.1" 200 225 "http://www.modestolan.com/xwred1/mp3/" "Mozilla/5.0 (Windows; U; Windows NT 5.1; pt-BR; rv:1.8.1.11) Gecko/20071127 Firefox/2.0.0.11"
201.13.50.220 - - [06/Jan/2008:19:34:30 -0800] "www.modestolan.com: GET /php/menu.php HTTP/1.1" 200 21682 "http://www.modestolan.com/xwred1/" "Mozilla/5.0 (Windows; U; Windows NT 5.1; pt-BR; rv:1.8.1.11) Gecko/20071127 Firefox/2.0.0.11"
201.13.50.220 - - [06/Jan/2008:19:34:31 -0800] "www.modestolan.com: GET /xwred1/ HTTP/1.1" 200 63483 "http://www.modestolan.com/xwred1/mp3/" "Mozilla/5.0 (Windows; U; Windows NT 5.1; pt-BR; rv:1.8.1.11) Gecko/20071127 Firefox/2.0.0.11"
201.13.50.220 - - [06/Jan/2008:19:34:31 -0800] "www.modestolan.com: GET /icons/movie.gif HTTP/1.1" 200 243 "http://www.modestolan.com/xwred1/" "Mozilla/5.0 (Windows; U; Windows NT 5.1; pt-BR; rv:1.8.1.11) Gecko/20071127 Firefox/2.0.0.11"
201.13.50.220 - - [06/Jan/2008:19:34:31 -0800] "www.modestolan.com: GET /icons/script.gif HTTP/1.1" 200 242 "http://www.modestolan.com/xwred1/" "Mozilla/5.0 (Windows; U; Windows NT 5.1; pt-BR; rv:1.8.1.11) Gecko/20071127 Firefox/2.0.0.11"
201.13.50.220 - - [06/Jan/2008:19:34:31 -0800] "www.modestolan.com: GET /icons/layout.gif HTTP/1.1" 200 276 "http://www.modestolan.com/xwred1/" "Mozilla/5.0 (Windows; U; Windows NT 5.1; pt-BR; rv:1.8.1.11) Gecko/20071127 Firefox/2.0.0.11"
201.13.50.220 - - [06/Jan/2008:19:34:31 -0800] "www.modestolan.com: GET /icons/compressed.gif HTTP/1.1" 200 1038 "http://www.modestolan.com/xwred1/" "Mozilla/5.0 (Windows; U; Windows NT 5.1; pt-BR; rv:1.8.1.11) Gecko/20071127 Firefox/2.0.0.11"
201.13.50.220 - - [06/Jan/2008:19:34:31 -0800] "www.modestolan.com: GET /icons/binary.gif HTTP/1.1" 200 246 "http://www.modestolan.com/xwred1/" "Mozilla/5.0 (Windows; U; Windows NT 5.1; pt-BR; rv:1.8.1.11) Gecko/20071127 Firefox/2.0.0.11"
201.13.50.220 - - [06/Jan/2008:19:34:31 -0800] "www.modestolan.com: GET /icons/deb.gif HTTP/1.1" 200 1303 "http://www.modestolan.com/xwred1/" "Mozilla/5.0 (Windows; U; Windows NT 5.1; pt-BR; rv:1.8.1.11) Gecko/20071127 Firefox/2.0.0.11"
201.13.50.220 - - [06/Jan/2008:19:34:31 -0800] "www.modestolan.com: GET /icons/tar.gif HTTP/1.1" 200 219 "http://www.modestolan.com/xwred1/" "Mozilla/5.0 (Windows; U; Windows NT 5.1; pt-BR; rv:1.8.1.11) Gecko/20071127 Firefox/2.0.0.11"
201.13.50.220 - - [06/Jan/2008:19:35:04 -0800] "www.modestolan.com: GET /xwred1/mp3/ HTTP/1.1" 200 15015 "http://www.modestolan.com/xwred1/" "Mozilla/5.0 (Windows; U; Windows NT 5.1; pt-BR; rv:1.8.1.11) Gecko/20071127 Firefox/2.0.0.11"
201.13.50.220 - - [06/Jan/2008:19:35:05 -0800] "www.modestolan.com: GET /php/menu.php HTTP/1.1" 200 21682 "http://www.modestolan.com/xwred1/mp3/" "Mozilla/5.0 (Windows; U; Windows NT 5.1; pt-BR; rv:1.8.1.11) Gecko/20071127 Firefox/2.0.0.11"
66.249.70.51 - - [06/Jan/2008:19:35:13 -0800] "www.modestolan.com: GET /vb/calendar.php?do=add&c=2&day=2007-3-23 HTTP/1.1" 200 6383 "-" "Mozilla/5.0 (compatible; Googlebot/2.1; +http://www.google.com/bot.html)"
67.187.19.209 - - [06/Jan/2008:19:36:04 -0800] "www.modestolan.com: GET /~nine/Nine_Inch_Nails-Live_In_Fresno_CA_03-23-2005-YKK/11-nine_inch_nails-burn-ykk.mp3 HTTP/1.1" 200 24084 "http://www.musicplaylist.us/mc/mp3player.swf?config=http://www.musicplaylist.us/mc/config/config_black_shuffle.xml&mywidth=435&myheight=270&" "Mozilla/4.0 (compatible; MSIE 6.0; Windows NT 5.1; SV1; Ringo; .NET CLR 1.1.4322)"
66.249.70.51 - - [06/Jan/2008:19:36:08 -0800] "www.modestolan.com: GET /vb/calendar.php?do=add&c=2&day=2007-3-14 HTTP/1.1" 200 6382 "-" "Mozilla/5.0 (compatible; Googlebot/2.1; +http://www.google.com/bot.html)"
68.185.69.133 - - [06/Jan/2008:19:37:03 -0800] "www.modestolan.com: GET /jdacura/pics/myspace_banner.gif HTTP/1.1" 200 5970 "http://profile.myspace.com/index.cfm?fuseaction=user.viewprofile&friendid=12647521&MyToken=22b2d9a0-afef-464f-8a3b-429d424588ca" "Mozilla/5.0 (Windows; U; Windows NT 5.1; en-US; rv:1.8.1.11) Gecko/20071127 Firefox/2.0.0.11"
68.185.69.133 - - [06/Jan/2008:19:37:03 -0800] "www.modestolan.com: GET /jdacura/pics/setup.jpg HTTP/1.1" 200 43706 "http://profile.myspace.com/index.cfm?fuseaction=user.viewprofile&friendid=12647521&MyToken=22b2d9a0-afef-464f-8a3b-429d424588ca" "Mozilla/5.0 (Windows; U; Windows NT 5.1; en-US; rv:1.8.1.11) Gecko/20071127 Firefox/2.0.0.11"
66.249.70.51 - - [06/Jan/2008:19:37:03 -0800] "www.modestolan.com: GET /vb/calendar.php?c=2&week=1174176000 HTTP/1.1" 200 7082 "-" "Mozilla/5.0 (compatible; Googlebot/2.1; +http://www.google.com/bot.html)"
68.185.69.133 - - [06/Jan/2008:19:37:03 -0800] "www.modestolan.com: GET /jdacura/pics/myspace-ms.jpg HTTP/1.1" 200 77141 "http://profile.myspace.com/index.cfm?fuseaction=user.viewprofile&friendid=12647521&MyToken=22b2d9a0-afef-464f-8a3b-429d424588ca" "Mozilla/5.0 (Windows; U; Windows NT 5.1; en-US; rv:1.8.1.11) Gecko/20071127 Firefox/2.0.0.11"
68.185.69.133 - - [06/Jan/2008:19:37:06 -0800] "www.modestolan.com: GET /jdacura/pics/tokyoatnight.jpg HTTP/1.1" 200 641339 "http://profile.myspace.com/index.cfm?fuseaction=user.viewprofile&friendid=12647521&MyToken=22b2d9a0-afef-464f-8a3b-429d424588ca" "Mozilla/5.0 (Windows; U; Windows NT 5.1; en-US; rv:1.8.1.11) Gecko/20071127 Firefox/2.0.0.11"
69.225.3.37 - - [06/Jan/2008:19:37:29 -0800] "www.blppp.com: GET /homepage HTTP/1.1" 301 353 "-" "Mozilla/5.0 (Windows; U; Windows NT 5.1; en-US; rv:1.9b2) Gecko/2007121120 Firefox/3.0b2"
69.225.3.37 - - [06/Jan/2008:19:37:30 -0800] "www.blppp.com: GET /homepage/ HTTP/1.1" 200 9537 "-" "Mozilla/5.0 (Windows; U; Windows NT 5.1; en-US; rv:1.9b2) Gecko/2007121120 Firefox/3.0b2"
60.221.232.95 - - [06/Jan/2008:19:37:34 -0800] "www.modestolan.com: GET / HTTP/1.1" 200 24084 "http://www.modestolan.com/" "Mozilla/4.0 (compatible; MSIE 6.0; Windows NT 5.1; SV1; Maxthon; .NET CLR 1.1.4322; InfoPath.1; .NET CLR 2.0.50727)"
74.6.22.26 - - [06/Jan/2008:19:37:54 -0800] "www.modestolan.com: GET /vb/showthread.php?t=5516 HTTP/1.0" 200 8018 "-" "Mozilla/5.0 (compatible; Yahoo! Slurp; http://help.yahoo.com/help/us/ysearch/slurp)"
66.249.70.51 - - [06/Jan/2008:19:37:58 -0800] "www.modestolan.com: GET /vb/calendar.php?do=add&c=2&day=2007-3-17 HTTP/1.1" 200 6383 "-" "Mozilla/5.0 (compatible; Googlebot/2.1; +http://www.google.com/bot.html)"
72.30.179.205 - - [06/Jan/2008:19:38:21 -0800] "www.modestolan.com: GET /vb/archive/index.php/t-5084.html HTTP/1.0" 200 2118 "-" "Mozilla/5.0 (compatible; Yahoo! Slurp; http://help.yahoo.com/help/us/ysearch/slurp)"
202.66.80.6 - - [06/Jan/2008:19:38:31 -0800] "www.modestolan.com: GET /images/picofweek/macross_13.jpg HTTP/1.1" 200 88867 "http://hk.search.yahoo.com/search/images?view=detailed&p=macross&first_curr_index=1&ei=UTF-8&pstart=1&b=17" "Mozilla/4.0 (compatible; MSIE 6.0; Windows NT 5.0)"
69.147.79.136 - - [06/Jan/2008:19:38:47 -0800] "www.modestolan.com: GET /robots.txt HTTP/1.0" 404 322 "-" "Nokia6682/2.0 (3.01.1) SymbianOS/8.0 Series60/2.6 Profile/MIDP-2.0 configuration/CLDC-1.1 UP.Link/6.3.0.0.0 (compatible;YahooSeeker/M1A1-R2D2; http://help.yahoo.com/help/us/ysearch/crawling/crawling-01.html)"
66.249.70.51 - - [06/Jan/2008:19:38:53 -0800] "www.modestolan.com: GET /vb/calendar.php?do=add&c=2&day=2005-10-29 HTTP/1.1" 200 6384 "-" "Mozilla/5.0 (compatible; Googlebot/2.1; +http://www.google.com/bot.html)"
164.58.127.160 - - [06/Jan/2008:19:38:58 -0800] "www.modestolan.com: GET /images/nightwolf-owned.jpeg HTTP/1.0" 200 537178 "http://profile.myspace.com/index.cfm?fuseaction=user.viewprofile&friendid=53863435&MyToken=61d62de5-f5bc-48ec-839a-fa4f67e17227" "Mozilla/4.0 (compatible; MSIE 7.0; Windows NT 5.1; .NET CLR 1.0.3705; .NET CLR 1.1.4322; Media Center PC 4.0; IEMB3; IEMB3)"
66.249.70.51 - - [06/Jan/2008:19:39:29 -0800] "www.modestolan.com: GET /~nine/misc/diver.jpg HTTP/1.1" 200 17256 "-" "Googlebot-Image/1.0"
66.249.70.51 - - [06/Jan/2008:19:39:48 -0800] "www.modestolan.com: GET /vb/calendar.php?do=add&c=2&day=2007-3-11 HTTP/1.1" 200 6382 "-" "Mozilla/5.0 (compatible; Googlebot/2.1; +http://www.google.com/bot.html)"
67.171.142.139 - - [06/Jan/2008:19:40:41 -0800] "www.modestolan.com: GET /xwred1/burning-monk.jpg HTTP/1.1" 304 - "http://profile.myspace.com/index.cfm?fuseaction=user.viewprofile&friendid=29069126&MyToken=d2520743-ce30-4062-a140-8c8b2321c463" "Mozilla/4.0 (compatible; MSIE 7.0; Windows NT 6.0; SLCC1; .NET CLR 2.0.50727; Media Center PC 5.0; .NET CLR 3.0.04506)"
66.249.70.51 - - [06/Jan/2008:19:40:43 -0800] "www.modestolan.com: GET /vb/calendar.php?do=add&c=2&day=2005-10-27 HTTP/1.1" 200 6384 "-" "Mozilla/5.0 (compatible; Googlebot/2.1; +http://www.google.com/bot.html)"
66.249.70.51 - - [06/Jan/2008:19:41:38 -0800] "www.modestolan.com: GET /vb/calendar.php?do=add&c=2&day=2007-3-12 HTTP/1.1" 200 6381 "-" "Mozilla/5.0 (compatible; Googlebot/2.1; +http://www.google.com/bot.html)"
74.6.22.102 - - [06/Jan/2008:19:41:59 -0800] "www.modestolan.com: GET /robots.txt HTTP/1.0" 404 322 "-" "Mozilla/5.0 (compatible; Yahoo! Slurp; http://help.yahoo.com/help/us/ysearch/slurp)"
74.6.22.102 - - [06/Jan/2008:19:42:00 -0800] "www.modestolan.com: GET /register.php?lanid=23 HTTP/1.0" 200 28194 "-" "Mozilla/5.0 (compatible; Yahoo! Slurp; http://help.yahoo.com/help/us/ysearch/slurp)"
66.249.70.51 - - [06/Jan/2008:19:42:32 -0800] "www.modestolan.com: GET /xwred1/ocforums-empty.png HTTP/1.1" 200 1523722 "-" "Googlebot-Image/1.0"
66.249.70.51 - - [06/Jan/2008:19:42:33 -0800] "www.modestolan.com: GET /vb/calendar.php?do=add&c=2&day=2007-3-19 HTTP/1.1" 200 6385 "-" "Mozilla/5.0 (compatible; Googlebot/2.1; +http://www.google.com/bot.html)"
66.249.70.51 - - [06/Jan/2008:19:43:28 -0800] "www.modestolan.com: GET /vb/calendar.php?do=add&c=2&day=2007-3-16 HTTP/1.1" 200 6382 "-" "Mozilla/5.0 (compatible; Googlebot/2.1; +http://www.google.com/bot.html)"
222.183.120.243 - - [06/Jan/2008:19:43:47 -0800] "www.modestolan.com: GET / HTTP/1.1" 200 24084 "http://www.modestolan.com/" "Mozilla/4.0 (compatible; MSIE 6.0; Windows NT 5.1; SV1; Maxthon; .NET CLR 1.1.4322; InfoPath.1; .NET CLR 2.0.50727)"
66.249.70.51 - - [06/Jan/2008:19:44:23 -0800] "www.modestolan.com: GET /vb/calendar.php?do=add&c=2&day=2005-10-25 HTTP/1.1" 200 6381 "-" "Mozilla/5.0 (compatible; Googlebot/2.1; +http://www.google.com/bot.html)"
66.249.70.51 - - [06/Jan/2008:19:45:18 -0800] "www.modestolan.com: GET /vb/calendar.php?do=add&c=2&day=2007-3-9 HTTP/1.1" 200 6383 "-" "Mozilla/5.0 (compatible; Googlebot/2.1; +http://www.google.com/bot.html)"
66.249.70.51 - - [06/Jan/2008:19:46:13 -0800] "www.modestolan.com: GET /vb/calendar.php?do=add&c=2&day=2005-10-23 HTTP/1.1" 200 6383 "-" "Mozilla/5.0 (compatible; Googlebot/2.1; +http://www.google.com/bot.html)"
66.249.70.51 - - [06/Jan/2008:19:47:08 -0800] "www.modestolan.com: GET /vb/calendar.php?c=2&week=1174780800 HTTP/1.1" 200 7082 "-" "Mozilla/5.0 (compatible; Googlebot/2.1; +http://www.google.com/bot.html)"
74.6.20.212 - - [06/Jan/2008:19:47:26 -0800] "www.modestolan.com: GET /vb/member.php?u=622 HTTP/1.0" 200 7038 "-" "Mozilla/5.0 (compatible; Yahoo! Slurp; http://help.yahoo.com/help/us/ysearch/slurp)"
74.6.19.205 - - [06/Jan/2008:19:47:44 -0800] "www.modestolan.com: GET /images/ HTTP/1.0" 200 21374 "-" "Mozilla/5.0 (compatible; Yahoo! Slurp; http://help.yahoo.com/help/us/ysearch/slurp)"
74.6.28.81 - - [06/Jan/2008:19:47:55 -0800] "www.modestolan.com: GET /vb/member.php?u=1250 HTTP/1.0" 200 6263 "-" "Mozilla/5.0 (compatible; Yahoo! Slurp; http://help.yahoo.com/help/us/ysearch/slurp)"
66.249.70.51 - - [06/Jan/2008:19:48:03 -0800] "www.modestolan.com: GET /vb/calendar.php?do=add&c=2&day=2007-3-5 HTTP/1.1" 200 6380 "-" "Mozilla/5.0 (compatible; Googlebot/2.1; +http://www.google.com/bot.html)"
74.6.22.79 - - [06/Jan/2008:19:48:10 -0800] "www.modestolan.com: GET /register.php?lanid=11 HTTP/1.0" 200 28160 "-" "Mozilla/5.0 (compatible; Yahoo! Slurp; http://help.yahoo.com/help/us/ysearch/slurp)"
74.6.27.123 - - [06/Jan/2008:19:48:31 -0800] "www.modestolan.com: GET /vb/search.php?searchid=9734 HTTP/1.0" 200 5764 "-" "Mozilla/5.0 (compatible; Yahoo! Slurp; http://help.yahoo.com/help/us/ysearch/slurp)"
65.55.210.94 - - [06/Jan/2008:19:48:41 -0800] "www.modestolan.com: GET /vb/member.php?s=&action=getinfo&userid=67 HTTP/1.0" 200 22690 "-" "msnbot/1.0 (+http://search.msn.com/msnbot.htm)"
65.55.165.17 - - [06/Jan/2008:19:48:52 -0800] "www.modestolan.com: GET /vb/member.php?s=&action=getinfo&userid=67 HTTP/1.0" 200 25705 "http://search.live.com/results.aspx?q=hoodlum&mrt=en-us&FORM=LIVSOP" "Mozilla/4.0 (compatible; MSIE 7.0; Windows NT 5.2; .NET CLR 1.1.4322)"
65.55.165.17 - - [06/Jan/2008:19:48:52 -0800] "www.modestolan.com: GET /vb/clientscript/vbulletin_global.js?v=368 HTTP/1.0" 200 43897 "http://www.modestolan.com/vb/member.php?s=&action=getinfo&userid=67" "Mozilla/4.0 (compatible; MSIE 7.0; Windows NT 5.2; .NET CLR 1.1.4322)"
65.55.165.17 - - [06/Jan/2008:19:48:53 -0800] "www.modestolan.com: GET /vb/clientscript/vbulletin_menu.js?v=368 HTTP/1.0" 200 17850 "http://www.modestolan.com/vb/member.php?s=&action=getinfo&userid=67" "Mozilla/4.0 (compatible; MSIE 7.0; Windows NT 5.2; .NET CLR 1.1.4322)"
65.55.165.17 - - [06/Jan/2008:19:48:53 -0800] "www.modestolan.com: GET /tables.css HTTP/1.0" 200 2419 "http://www.modestolan.com/vb/member.php?s=&action=getinfo&userid=67" "Mozilla/4.0 (compatible; MSIE 7.0; Windows NT 5.2; .NET CLR 1.1.4322)"
65.55.165.17 - - [06/Jan/2008:19:48:53 -0800] "www.modestolan.com: GET /php/menu.php HTTP/1.0" 200 21601 "http://www.modestolan.com/vb/member.php?s=&action=getinfo&userid=67" "Mozilla/4.0 (compatible; MSIE 7.0; Windows NT 5.2; .NET CLR 1.1.4322)"
65.55.165.17 - - [06/Jan/2008:19:48:53 -0800] "www.modestolan.com: GET /vb/clientscript/vbulletin_md5.js?v=368 HTTP/1.0" 200 9661 "http://www.modestolan.com/vb/member.php?s=&action=getinfo&userid=67" "Mozilla/4.0 (compatible; MSIE 7.0; Windows NT 5.2; .NET CLR 1.1.4322)"
66.249.70.51 - - [06/Jan/2008:19:48:58 -0800] "www.modestolan.com: GET /vb/calendar.php?do=add&c=2&day=2007-3-6 HTTP/1.1" 200 6382 "-" "Mozilla/5.0 (compatible; Googlebot/2.1; +http://www.google.com/bot.html)"
209.191.208.156 - - [06/Jan/2008:19:49:06 -0800] "www.modestolan.com: GET /xwred1/burning-monk.jpg HTTP/1.1" 200 55173 "http://forum.kontraband.com/showthread.php?t=4181&page=2" "Mozilla/4.0 (compatible; MSIE 7.0; Windows NT 6.0; SLCC1; .NET CLR 2.0.50727; Media Center PC 5.0; .NET CLR 3.0.04506)"
74.6.22.79 - - [06/Jan/2008:19:49:15 -0800] "www.modestolan.com: GET /register.php?lanid=1E HTTP/1.0" 200 27615 "-" "Mozilla/5.0 (compatible; Yahoo! Slurp; http://help.yahoo.com/help/us/ysearch/slurp)"
74.6.22.79 - - [06/Jan/2008:19:49:22 -0800] "www.modestolan.com: GET /register.php?lanid=14 HTTP/1.0" 200 27872 "-" "Mozilla/5.0 (compatible; Yahoo! Slurp; http://help.yahoo.com/help/us/ysearch/slurp)"
66.7.198.72 - - [06/Jan/2008:19:49:42 -0800] "www.jdacura.com: GET /init_basic.php?GALLERY_BASEDIR=http://nkdb.org/AsaMall/makeup/id.txt?? HTTP/1.1" 404 333 "-" "libwww-perl/5.808"
66.249.70.51 - - [06/Jan/2008:19:49:52 -0800] "www.modestolan.com: GET /vb/showthread.php?t=5482 HTTP/1.1" 200 7554 "-" "Mozilla/5.0 (compatible; Googlebot/2.1; +http://www.google.com/bot.html)"
66.249.70.51 - - [06/Jan/2008:19:49:54 -0800] "www.modestolan.com: GET /vb/calendar.php?do=add&c=2&day=2007-3-4 HTTP/1.1" 200 6381 "-" "Mozilla/5.0 (compatible; Googlebot/2.1; +http://www.google.com/bot.html)"
66.249.70.51 - - [06/Jan/2008:19:50:48 -0800] "www.modestolan.com: GET /vb/calendar.php?c=2&week=1129420800 HTTP/1.1" 200 7140 "-" "Mozilla/5.0 (compatible; Googlebot/2.1; +http://www.google.com/bot.html)"
65.55.213.97 - - [06/Jan/2008:19:51:06 -0800] "www.modestolan.com: GET /robots.txt HTTP/1.0" 404 322 "-" "msnbot-media/1.0 (+http://search.msn.com/msnbot.htm)"
65.55.213.97 - - [06/Jan/2008:19:51:06 -0800] "www.modestolan.com: GET /~hoodlum/ramdompic/John.mpeg HTTP/1.0" 404 340 "-" "msnbot-media/1.0 (+http://search.msn.com/msnbot.htm)"
66.249.70.51 - - [06/Jan/2008:19:51:43 -0800] "www.modestolan.com: GET /vb/calendar.php?c=2&week=1173571200 HTTP/1.1" 200 7079 "-" "Mozilla/5.0 (compatible; Googlebot/2.1; +http://www.google.com/bot.html)"
66.249.70.51 - - [06/Jan/2008:19:51:58 -0800] "www.modestolan.com: GET /xwred1/fixer.jpg HTTP/1.1" 200 52853 "-" "Googlebot-Image/1.0"
74.6.28.21 - - [06/Jan/2008:19:52:10 -0800] "www.modestolan.com: GET /vb/search.php?do=finduser&userid=652&searchthreadid=5612 HTTP/1.0" 302 0 "-" "Mozilla/5.0 (compatible; Yahoo! Slurp; http://help.yahoo.com/help/us/ysearch/slurp)"
74.6.28.21 - - [06/Jan/2008:19:52:11 -0800] "www.modestolan.com: GET /vb/search.php?searchid=9967 HTTP/1.0" 200 6451 "-" "Mozilla/5.0 (compatible; Yahoo! Slurp; http://help.yahoo.com/help/us/ysearch/slurp)"
66.249.70.51 - - [06/Jan/2008:19:52:37 -0800] "www.modestolan.com: GET /vb/calendar.php?do=add&c=2&day=2007-3-8 HTTP/1.1" 200 6383 "-" "Mozilla/5.0 (compatible; Googlebot/2.1; +http://www.google.com/bot.html)"
66.249.70.51 - - [06/Jan/2008:19:53:32 -0800] "www.modestolan.com: GET /xwred1/glamour/?S=A HTTP/1.1" 200 15985 "-" "Mozilla/5.0 (compatible; Googlebot/2.1; +http://www.google.com/bot.html)"
24.58.235.210 - - [06/Jan/2008:19:54:27 -0800] "www.modestolan.com: GET /xwred1/drugs.jpg HTTP/1.1" 200 50436 "-" "Mozilla/3.0 (compatible; Indy Library)"
66.249.70.51 - - [06/Jan/2008:19:54:27 -0800] "www.modestolan.com: GET /vb/calendar.php?do=add&c=2&day=2007-3-13 HTTP/1.1" 200 6383 "-" "Mozilla/5.0 (compatible; Googlebot/2.1; +http://www.google.com/bot.html)"
68.189.71.209 - - [06/Jan/2008:19:55:22 -0800] "www.modestolan.com: GET /vb/index.php HTTP/1.0" 200 32017 "http://www.modestolan.com/vb/index.php" "Mozilla/5.0 (X11; U; NetBSD i386; en-GB; rv:1.7) Gecko/20040708 Firefox/0.9.1"
66.249.70.51 - - [06/Jan/2008:19:55:22 -0800] "www.modestolan.com: GET /vb/calendar.php?do=add&c=2&day=2007-3-10 HTTP/1.1" 200 6383 "-" "Mozilla/5.0 (compatible; Googlebot/2.1; +http://www.google.com/bot.html)"
68.189.71.209 - - [06/Jan/2008:19:55:23 -0800] "www.modestolan.com: GET /vb/forumdisplay.php?s=82a9fa682e70e5a3ca41e89a5e6226d5&f=1 HTTP/1.0" 200 30160 "http://www.modestolan.com/forumdisplay.php?s=82a9fa682e70e5a3ca41e89a5e6226d5&f=1" "Mozilla/5.0 (X11; U; NetBSD i386; en-GB; rv:1.7) Gecko/20040708 Firefox/0.9.1"
68.189.71.209 - - [06/Jan/2008:19:55:25 -0800] "www.modestolan.com: GET /vb/forumdisplay.php?f=2 HTTP/1.0" 200 109520 "http://www.modestolan.com/forumdisplay.php?f=2" "Mozilla/5.0 (X11; U; NetBSD i386; en-GB; rv:1.7) Gecko/20040708 Firefox/0.9.1"
68.189.71.209 - - [06/Jan/2008:19:55:29 -0800] "www.modestolan.com: GET /vb/newthread.php?do=newthread&f=2 HTTP/1.0" 200 24930 "http://www.modestolan.com/newthread.php?do=newthread&f=2" "Mozilla/5.0 (X11; U; NetBSD i386; en-GB; rv:1.7) Gecko/20040708 Firefox/0.9.1"
68.189.71.209 - - [06/Jan/2008:19:55:31 -0800] "www.modestolan.com: GET /vb/register.php HTTP/1.0" 200 17665 "http://www.modestolan.com/register.php" "Mozilla/5.0 (X11; U; NetBSD i386; en-GB; rv:1.7) Gecko/20040708 Firefox/0.9.1"
68.189.71.209 - - [06/Jan/2008:19:55:32 -0800] "www.modestolan.com: POST /vb/register.php?do=register HTTP/1.0" 200 24411 "http://www.modestolan.com/vb/register.php" "Mozilla/5.0 (X11; U; NetBSD i386; en-GB; rv:1.7) Gecko/20040708 Firefox/0.9.1"
68.189.71.209 - - [06/Jan/2008:19:55:34 -0800] "www.modestolan.com: POST /vb/register.php?do=addmember HTTP/1.0" 200 25120 "http://www.modestolan.com/vb/register.php" "Mozilla/5.0 (X11; U; NetBSD i386; en-GB; rv:1.7) Gecko/20040708 Firefox/0.9.1"
68.189.71.209 - - [06/Jan/2008:19:55:35 -0800] "www.modestolan.com: POST /vb/register.php?do=addmember HTTP/1.0" 200 24965 "http://www.modestolan.com/vb/register.php" "Mozilla/5.0 (X11; U; NetBSD i386; en-GB; rv:1.7) Gecko/20040708 Firefox/0.9.1"
68.189.71.209 - - [06/Jan/2008:19:55:36 -0800] "www.modestolan.com: POST /vb/register.php?do=addmember HTTP/1.0" 200 25103 "http://www.modestolan.com/vb/register.php" "Mozilla/5.0 (X11; U; NetBSD i386; en-GB; rv:1.7) Gecko/20040708 Firefox/0.9.1"
68.189.71.209 - - [06/Jan/2008:19:55:38 -0800] "www.modestolan.com: GET /vb/newthread.php?do=newthread&f=2 HTTP/1.0" 200 24930 "http://www.modestolan.com/newthread.php?do=newthread&f=2" "Mozilla/5.0 (X11; U; NetBSD i386; en-GB; rv:1.7) Gecko/20040708 Firefox/0.9.1"
68.189.71.209 - - [06/Jan/2008:19:55:39 -0800] "www.modestolan.com: GET /vb/forumdisplay.php?f=1 HTTP/1.0" 200 30160 "http://www.modestolan.com/forumdisplay.php?f=1" "Mozilla/5.0 (X11; U; NetBSD i386; en-GB; rv:1.7) Gecko/20040708 Firefox/0.9.1"
66.249.70.51 - - [06/Jan/2008:19:56:18 -0800] "www.modestolan.com: GET /vb/calendar.php?do=add&c=2&day=2007-3-15 HTTP/1.1" 200 6382 "-" "Mozilla/5.0 (compatible; Googlebot/2.1; +http://www.google.com/bot.html)"
66.249.70.51 - - [06/Jan/2008:19:56:21 -0800] "www.modestolan.com: GET /vb/showthread.php?t=4964 HTTP/1.1" 200 13179 "-" "Mozilla/5.0 (compatible; Googlebot/2.1; +http://www.google.com/bot.html)"
74.6.24.232 - - [06/Jan/2008:19:58:00 -0800] "www.modestolan.com: GET /vb/memberlist.php?ltr=E&pp=0&sort=username&order=asc HTTP/1.0" 200 6632 "-" "Mozilla/5.0 (compatible; Yahoo! Slurp; http://help.yahoo.com/help/us/ysearch/slurp)"
66.249.70.51 - - [06/Jan/2008:19:58:04 -0800] "www.modestolan.com: GET /vb/calendar.php?do=add&c=2&day=2005-10-6 HTTP/1.1" 200 6382 "-" "Mozilla/5.0 (compatible; Googlebot/2.1; +http://www.google.com/bot.html)"
66.249.70.51 - - [06/Jan/2008:19:58:06 -0800] "www.modestolan.com: GET /vb/calendar.php?c=2&week=1126396800&do=displayweek&month=9 HTTP/1.1" 200 7102 "-" "Mozilla/5.0 (compatible; Googlebot/2.1; +http://www.google.com/bot.html)"
66.249.70.51 - - [06/Jan/2008:19:58:08 -0800] "www.modestolan.com: GET /vb/calendar.php?do=add&c=2&day=2005-9-30 HTTP/1.1" 200 6384 "-" "Mozilla/5.0 (compatible; Googlebot/2.1; +http://www.google.com/bot.html)"
66.249.70.51 - - [06/Jan/2008:19:58:10 -0800] "www.modestolan.com: GET /vb/calendar.php?do=add&c=2&day=2005-9-25 HTTP/1.1" 200 6382 "-" "Mozilla/5.0 (compatible; Googlebot/2.1; +http://www.google.com/bot.html)"
66.249.70.51 - - [06/Jan/2008:19:58:12 -0800] "www.modestolan.com: GET /vb/calendar.php?do=add&c=2&day=2007-3-25 HTTP/1.1" 200 6381 "-" "Mozilla/5.0 (compatible; Googlebot/2.1; +http://www.google.com/bot.html)"
59.39.207.108 - - [06/Jan/2008:19:58:38 -0800] "www.modestolan.com: GET / HTTP/1.1" 200 24084 "http://www.modestolan.com/" "Mozilla/4.0 (compatible; MSIE 6.0; Windows NT 5.1; SV1; Maxthon; .NET CLR 1.1.4322; InfoPath.1; .NET CLR 2.0.50727)"
66.249.70.51 - - [06/Jan/2008:19:58:39 -0800] "www.modestolan.com: GET /vb/calendar.php?do=add&c=2&day=2007-3-30 HTTP/1.1" 200 6384 "-" "Mozilla/5.0 (compatible; Googlebot/2.1; +http://www.google.com/bot.html)"
66.249.70.51 - - [06/Jan/2008:19:59:23 -0800] "www.modestolan.com: GET /vb/calendar.php?do=add&c=2&day=2007-3-26 HTTP/1.1" 200 6382 "-" "Mozilla/5.0 (compatible; Googlebot/2.1; +http://www.google.com/bot.html)"
74.6.29.34 - - [06/Jan/2008:19:59:57 -0800] "www.modestolan.com: GET /vb/showthread.php?p=50580 HTTP/1.0" 200 11984 "-" "Mozilla/5.0 (compatible; Yahoo! Slurp; http://help.yahoo.com/help/us/ysearch/slurp)"
66.249.70.51 - - [06/Jan/2008:20:00:07 -0800] "www.modestolan.com: GET /vb/calendar.php?do=add&c=2&day=2005-10-22 HTTP/1.1" 200 6383 "-" "Mozilla/5.0 (compatible; Googlebot/2.1; +http://www.google.com/bot.html)"
66.249.70.51 - - [06/Jan/2008:20:00:52 -0800] "www.modestolan.com: GET /vb/calendar.php?do=add&c=2&day=2005-9-27 HTTP/1.1" 200 6384 "-" "Mozilla/5.0 (compatible; Googlebot/2.1; +http://www.google.com/bot.html)"
66.249.70.51 - - [06/Jan/2008:20:01:36 -0800] "www.modestolan.com: GET /vb/calendar.php?do=add&c=2&day=2005-10-15 HTTP/1.1" 200 6383 "-" "Mozilla/5.0 (compatible; Googlebot/2.1; +http://www.google.com/bot.html)"
99.239.72.13 - - [06/Jan/2008:20:01:40 -0800] "www.modestolan.com: GET /tables.css HTTP/1.1" 200 2419 "http://www.modestolan.com/xwred1/mp3/Depeche%20Mode%20-%20Playing%20The%20Angel(Advance%202005)(StefWan-Team)/" "Mozilla/5.0 (Windows; U; Windows NT 5.0; en-US; rv:1.8.1.11) Gecko/20071127 Firefox/2.0.0.11"
99.239.72.13 - - [06/Jan/2008:20:01:40 -0800] "www.modestolan.com: GET /xwred1/mp3/Depeche%20Mode%20-%20Playing%20The%20Angel(Advance%202005)(StefWan-Team)/ HTTP/1.1" 200 17908 "-" "Mozilla/5.0 (Windows; U; Windows NT 5.0; en-US; rv:1.8.1.11) Gecko/20071127 Firefox/2.0.0.11"
99.239.72.13 - - [06/Jan/2008:20:01:40 -0800] "www.modestolan.com: GET /images/bg_small.jpg HTTP/1.1" 200 1598 "http://www.modestolan.com/xwred1/mp3/Depeche%20Mode%20-%20Playing%20The%20Angel(Advance%202005)(StefWan-Team)/" "Mozilla/5.0 (Windows; U; Windows NT 5.0; en-US; rv:1.8.1.11) Gecko/20071127 Firefox/2.0.0.11"
99.239.72.13 - - [06/Jan/2008:20:01:40 -0800] "www.modestolan.com: GET /php/menu.php HTTP/1.1" 200 21682 "http://www.modestolan.com/xwred1/mp3/Depeche%20Mode%20-%20Playing%20The%20Angel(Advance%202005)(StefWan-Team)/" "Mozilla/5.0 (Windows; U; Windows NT 5.0; en-US; rv:1.8.1.11) Gecko/20071127 Firefox/2.0.0.11"
99.239.72.13 - - [06/Jan/2008:20:01:41 -0800] "www.modestolan.com: GET /images/menu/1.gif HTTP/1.1" 200 368 "http://www.modestolan.com/xwred1/mp3/Depeche%20Mode%20-%20Playing%20The%20Angel(Advance%202005)(StefWan-Team)/" "Mozilla/5.0 (Windows; U; Windows NT 5.0; en-US; rv:1.8.1.11) Gecko/20071127 Firefox/2.0.0.11"
99.239.72.13 - - [06/Jan/2008:20:01:41 -0800] "www.modestolan.com: GET /images/menu/2.gif HTTP/1.1" 200 550 "http://www.modestolan.com/xwred1/mp3/Depeche%20Mode%20-%20Playing%20The%20Angel(Advance%202005)(StefWan-Team)/" "Mozilla/5.0 (Windows; U; Windows NT 5.0; en-US; rv:1.8.1.11) Gecko/20071127 Firefox/2.0.0.11"
99.239.72.13 - - [06/Jan/2008:20:01:41 -0800] "www.modestolan.com: GET /images/menu/3.gif HTTP/1.1" 200 511 "http://www.modestolan.com/xwred1/mp3/Depeche%20Mode%20-%20Playing%20The%20Angel(Advance%202005)(StefWan-Team)/" "Mozilla/5.0 (Windows; U; Windows NT 5.0; en-US; rv:1.8.1.11) Gecko/20071127 Firefox/2.0.0.11"
99.239.72.13 - - [06/Jan/2008:20:01:41 -0800] "www.modestolan.com: GET /images/menu/4.gif HTTP/1.1" 200 443 "http://www.modestolan.com/xwred1/mp3/Depeche%20Mode%20-%20Playing%20The%20Angel(Advance%202005)(StefWan-Team)/" "Mozilla/5.0 (Windows; U; Windows NT 5.0; en-US; rv:1.8.1.11) Gecko/20071127 Firefox/2.0.0.11"
99.239.72.13 - - [06/Jan/2008:20:01:41 -0800] "www.modestolan.com: GET /images/menu/8.gif HTTP/1.1" 200 746 "http://www.modestolan.com/xwred1/mp3/Depeche%20Mode%20-%20Playing%20The%20Angel(Advance%202005)(StefWan-Team)/" "Mozilla/5.0 (Windows; U; Windows NT 5.0; en-US; rv:1.8.1.11) Gecko/20071127 Firefox/2.0.0.11"
99.239.72.13 - - [06/Jan/2008:20:01:41 -0800] "www.modestolan.com: GET /images/menu/5.gif HTTP/1.1" 200 549 "http://www.modestolan.com/xwred1/mp3/Depeche%20Mode%20-%20Playing%20The%20Angel(Advance%202005)(StefWan-Team)/" "Mozilla/5.0 (Windows; U; Windows NT 5.0; en-US; rv:1.8.1.11) Gecko/20071127 Firefox/2.0.0.11"
99.239.72.13 - - [06/Jan/2008:20:01:41 -0800] "www.modestolan.com: GET /images/menu/6.gif HTTP/1.1" 200 600 "http://www.modestolan.com/xwred1/mp3/Depeche%20Mode%20-%20Playing%20The%20Angel(Advance%202005)(StefWan-Team)/" "Mozilla/5.0 (Windows; U; Windows NT 5.0; en-US; rv:1.8.1.11) Gecko/20071127 Firefox/2.0.0.11"
99.239.72.13 - - [06/Jan/2008:20:01:41 -0800] "www.modestolan.com: GET /images/menu/7.gif HTTP/1.1" 200 601 "http://www.modestolan.com/xwred1/mp3/Depeche%20Mode%20-%20Playing%20The%20Angel(Advance%202005)(StefWan-Team)/" "Mozilla/5.0 (Windows; U; Windows NT 5.0; en-US; rv:1.8.1.11) Gecko/20071127 Firefox/2.0.0.11"
99.239.72.13 - - [06/Jan/2008:20:01:41 -0800] "www.modestolan.com: GET /images/transparent.gif HTTP/1.1" 200 43 "http://www.modestolan.com/xwred1/mp3/Depeche%20Mode%20-%20Playing%20The%20Angel(Advance%202005)(StefWan-Team)/" "Mozilla/5.0 (Windows; U; Windows NT 5.0; en-US; rv:1.8.1.11) Gecko/20071127 Firefox/2.0.0.11"
99.239.72.13 - - [06/Jan/2008:20:01:42 -0800] "www.modestolan.com: GET /images/top_14.gif HTTP/1.1" 200 522 "http://www.modestolan.com/xwred1/mp3/Depeche%20Mode%20-%20Playing%20The%20Angel(Advance%202005)(StefWan-Team)/" "Mozilla/5.0 (Windows; U; Windows NT 5.0; en-US; rv:1.8.1.11) Gecko/20071127 Firefox/2.0.0.11"
99.239.72.13 - - [06/Jan/2008:20:01:42 -0800] "www.modestolan.com: GET /images/top_12.gif HTTP/1.1" 200 826 "http://www.modestolan.com/xwred1/mp3/Depeche%20Mode%20-%20Playing%20The%20Angel(Advance%202005)(StefWan-Team)/" "Mozilla/5.0 (Windows; U; Windows NT 5.0; en-US; rv:1.8.1.11) Gecko/20071127 Firefox/2.0.0.11"
99.239.72.13 - - [06/Jan/2008:20:01:42 -0800] "www.modestolan.com: GET /transparent.gif HTTP/1.1" 200 43 "http://www.modestolan.com/xwred1/mp3/Depeche%20Mode%20-%20Playing%20The%20Angel(Advance%202005)(StefWan-Team)/" "Mozilla/5.0 (Windows; U; Windows NT 5.0; en-US; rv:1.8.1.11) Gecko/20071127 Firefox/2.0.0.11"
99.239.72.13 - - [06/Jan/2008:20:01:42 -0800] "www.modestolan.com: GET /images/top_02.gif HTTP/1.1" 200 882 "http://www.modestolan.com/xwred1/mp3/Depeche%20Mode%20-%20Playing%20The%20Angel(Advance%202005)(StefWan-Team)/" "Mozilla/5.0 (Windows; U; Windows NT 5.0; en-US; rv:1.8.1.11) Gecko/20071127 Firefox/2.0.0.11"
99.239.72.13 - - [06/Jan/2008:20:01:42 -0800] "www.modestolan.com: GET /images/top_01.gif HTTP/1.1" 200 344 "http://www.modestolan.com/xwred1/mp3/Depeche%20Mode%20-%20Playing%20The%20Angel(Advance%202005)(StefWan-Team)/" "Mozilla/5.0 (Windows; U; Windows NT 5.0; en-US; rv:1.8.1.11) Gecko/20071127 Firefox/2.0.0.11"
99.239.72.13 - - [06/Jan/2008:20:01:42 -0800] "www.modestolan.com: GET /images/top_03.gif HTTP/1.1" 200 349 "http://www.modestolan.com/xwred1/mp3/Depeche%20Mode%20-%20Playing%20The%20Angel(Advance%202005)(StefWan-Team)/" "Mozilla/5.0 (Windows; U; Windows NT 5.0; en-US; rv:1.8.1.11) Gecko/20071127 Firefox/2.0.0.11"
99.239.72.13 - - [06/Jan/2008:20:01:42 -0800] "www.modestolan.com: GET /images/top_04.gif HTTP/1.1" 200 1547 "http://www.modestolan.com/xwred1/mp3/Depeche%20Mode%20-%20Playing%20The%20Angel(Advance%202005)(StefWan-Team)/" "Mozilla/5.0 (Windows; U; Windows NT 5.0; en-US; rv:1.8.1.11) Gecko/20071127 Firefox/2.0.0.11"
99.239.72.13 - - [06/Jan/2008:20:01:42 -0800] "www.modestolan.com: GET /images/top_05.gif HTTP/1.1" 200 3111 "http://www.modestolan.com/xwred1/mp3/Depeche%20Mode%20-%20Playing%20The%20Angel(Advance%202005)(StefWan-Team)/" "Mozilla/5.0 (Windows; U; Windows NT 5.0; en-US; rv:1.8.1.11) Gecko/20071127 Firefox/2.0.0.11"
99.239.72.13 - - [06/Jan/2008:20:01:42 -0800] "www.modestolan.com: GET /images/top_06.gif HTTP/1.1" 200 1954 "http://www.modestolan.com/xwred1/mp3/Depeche%20Mode%20-%20Playing%20The%20Angel(Advance%202005)(StefWan-Team)/" "Mozilla/5.0 (Windows; U; Windows NT 5.0; en-US; rv:1.8.1.11) Gecko/20071127 Firefox/2.0.0.11"
99.239.72.13 - - [06/Jan/2008:20:01:42 -0800] "www.modestolan.com: GET /images/top_07.gif HTTP/1.1" 200 2521 "http://www.modestolan.com/xwred1/mp3/Depeche%20Mode%20-%20Playing%20The%20Angel(Advance%202005)(StefWan-Team)/" "Mozilla/5.0 (Windows; U; Windows NT 5.0; en-US; rv:1.8.1.11) Gecko/20071127 Firefox/2.0.0.11"
99.239.72.13 - - [06/Jan/2008:20:01:42 -0800] "www.modestolan.com: GET /images/top_08.gif HTTP/1.1" 200 1738 "http://www.modestolan.com/xwred1/mp3/Depeche%20Mode%20-%20Playing%20The%20Angel(Advance%202005)(StefWan-Team)/" "Mozilla/5.0 (Windows; U; Windows NT 5.0; en-US; rv:1.8.1.11) Gecko/20071127 Firefox/2.0.0.11"
99.239.72.13 - - [06/Jan/2008:20:01:42 -0800] "www.modestolan.com: GET /images/top_09.gif HTTP/1.1" 200 1089 "http://www.modestolan.com/xwred1/mp3/Depeche%20Mode%20-%20Playing%20The%20Angel(Advance%202005)(StefWan-Team)/" "Mozilla/5.0 (Windows; U; Windows NT 5.0; en-US; rv:1.8.1.11) Gecko/20071127 Firefox/2.0.0.11"
99.239.72.13 - - [06/Jan/2008:20:01:42 -0800] "www.modestolan.com: GET /images/top_13.gif HTTP/1.1" 200 728 "http://www.modestolan.com/xwred1/mp3/Depeche%20Mode%20-%20Playing%20The%20Angel(Advance%202005)(StefWan-Team)/" "Mozilla/5.0 (Windows; U; Windows NT 5.0; en-US; rv:1.8.1.11) Gecko/20071127 Firefox/2.0.0.11"
99.239.72.13 - - [06/Jan/2008:20:01:42 -0800] "www.modestolan.com: GET /images/top_11.gif HTTP/1.1" 200 1553 "http://www.modestolan.com/xwred1/mp3/Depeche%20Mode%20-%20Playing%20The%20Angel(Advance%202005)(StefWan-Team)/" "Mozilla/5.0 (Windows; U; Windows NT 5.0; en-US; rv:1.8.1.11) Gecko/20071127 Firefox/2.0.0.11"
99.239.72.13 - - [06/Jan/2008:20:01:42 -0800] "www.modestolan.com: GET /images/sponsors/geeks.com.gif HTTP/1.1" 200 6611 "http://www.modestolan.com/xwred1/mp3/Depeche%20Mode%20-%20Playing%20The%20Angel(Advance%202005)(StefWan-Team)/" "Mozilla/5.0 (Windows; U; Windows NT 5.0; en-US; rv:1.8.1.11) Gecko/20071127 Firefox/2.0.0.11"
99.239.72.13 - - [06/Jan/2008:20:01:42 -0800] "www.modestolan.com: GET /images/sponsors/nvidia.jpeg HTTP/1.1" 200 5580 "http://www.modestolan.com/xwred1/mp3/Depeche%20Mode%20-%20Playing%20The%20Angel(Advance%202005)(StefWan-Team)/" "Mozilla/5.0 (Windows; U; Windows NT 5.0; en-US; rv:1.8.1.11) Gecko/20071127 Firefox/2.0.0.11"
99.239.72.13 - - [06/Jan/2008:20:01:43 -0800] "www.modestolan.com: GET /images/sponsors/alogo.gif HTTP/1.1" 200 5996 "http://www.modestolan.com/xwred1/mp3/Depeche%20Mode%20-%20Playing%20The%20Angel(Advance%202005)(StefWan-Team)/" "Mozilla/5.0 (Windows; U; Windows NT 5.0; en-US; rv:1.8.1.11) Gecko/20071127 Firefox/2.0.0.11"
99.239.72.13 - - [06/Jan/2008:20:01:43 -0800] "www.modestolan.com: GET /images/sponsors/BAWLSbutton.gif HTTP/1.1" 200 8114 "http://www.modestolan.com/xwred1/mp3/Depeche%20Mode%20-%20Playing%20The%20Angel(Advance%202005)(StefWan-Team)/" "Mozilla/5.0 (Windows; U; Windows NT 5.0; en-US; rv:1.8.1.11) Gecko/20071127 Firefox/2.0.0.11"
99.239.72.13 - - [06/Jan/2008:20:01:43 -0800] "www.modestolan.com: GET /images/runningslack.gif HTTP/1.1" 200 1818 "http://www.modestolan.com/xwred1/mp3/Depeche%20Mode%20-%20Playing%20The%20Angel(Advance%202005)(StefWan-Team)/" "Mozilla/5.0 (Windows; U; Windows NT 5.0; en-US; rv:1.8.1.11) Gecko/20071127 Firefox/2.0.0.11"
99.239.72.13 - - [06/Jan/2008:20:01:43 -0800] "www.modestolan.com: GET /icons/blank.gif HTTP/1.1" 200 148 "http://www.modestolan.com/xwred1/mp3/Depeche%20Mode%20-%20Playing%20The%20Angel(Advance%202005)(StefWan-Team)/" "Mozilla/5.0 (Windows; U; Windows NT 5.0; en-US; rv:1.8.1.11) Gecko/20071127 Firefox/2.0.0.11"
99.239.72.13 - - [06/Jan/2008:20:01:43 -0800] "www.modestolan.com: GET /icons/back.gif HTTP/1.1" 200 216 "http://www.modestolan.com/xwred1/mp3/Depeche%20Mode%20-%20Playing%20The%20Angel(Advance%202005)(StefWan-Team)/" "Mozilla/5.0 (Windows; U; Windows NT 5.0; en-US; rv:1.8.1.11) Gecko/20071127 Firefox/2.0.0.11"
99.239.72.13 - - [06/Jan/2008:20:01:43 -0800] "www.modestolan.com: GET /icons/sound2.gif HTTP/1.1" 200 221 "http://www.modestolan.com/xwred1/mp3/Depeche%20Mode%20-%20Playing%20The%20Angel(Advance%202005)(StefWan-Team)/" "Mozilla/5.0 (Windows; U; Windows NT 5.0; en-US; rv:1.8.1.11) Gecko/20071127 Firefox/2.0.0.11"
99.239.72.13 - - [06/Jan/2008:20:01:43 -0800] "www.modestolan.com: GET /icons/text.gif HTTP/1.1" 200 229 "http://www.modestolan.com/xwred1/mp3/Depeche%20Mode%20-%20Playing%20The%20Angel(Advance%202005)(StefWan-Team)/" "Mozilla/5.0 (Windows; U; Windows NT 5.0; en-US; rv:1.8.1.11) Gecko/20071127 Firefox/2.0.0.11"
99.239.72.13 - - [06/Jan/2008:20:01:43 -0800] "www.modestolan.com: GET /icons/image2.gif HTTP/1.1" 200 309 "http://www.modestolan.com/xwred1/mp3/Depeche%20Mode%20-%20Playing%20The%20Angel(Advance%202005)(StefWan-Team)/" "Mozilla/5.0 (Windows; U; Windows NT 5.0; en-US; rv:1.8.1.11) Gecko/20071127 Firefox/2.0.0.11"
99.239.72.13 - - [06/Jan/2008:20:01:43 -0800] "www.modestolan.com: GET /icons/unknown.gif HTTP/1.1" 200 245 "http://www.modestolan.com/xwred1/mp3/Depeche%20Mode%20-%20Playing%20The%20Angel(Advance%202005)(StefWan-Team)/" "Mozilla/5.0 (Windows; U; Windows NT 5.0; en-US; rv:1.8.1.11) Gecko/20071127 Firefox/2.0.0.11"
99.239.72.13 - - [06/Jan/2008:20:01:43 -0800] "www.modestolan.com: GET /images/top_10.gif HTTP/1.1" 200 1188 "http://www.modestolan.com/xwred1/mp3/Depeche%20Mode%20-%20Playing%20The%20Angel(Advance%202005)(StefWan-Team)/" "Mozilla/5.0 (Windows; U; Windows NT 5.0; en-US; rv:1.8.1.11) Gecko/20071127 Firefox/2.0.0.11"
99.239.72.13 - - [06/Jan/2008:20:01:43 -0800] "www.modestolan.com: GET /images/landate.swf HTTP/1.1" 200 2197 "http://www.modestolan.com/xwred1/mp3/Depeche%20Mode%20-%20Playing%20The%20Angel(Advance%202005)(StefWan-Team)/" "Mozilla/5.0 (Windows; U; Windows NT 5.0; en-US; rv:1.8.1.11) Gecko/20071127 Firefox/2.0.0.11"
99.239.72.13 - - [06/Jan/2008:20:02:05 -0800] "www.modestolan.com: GET /xwred1/mp3/Depeche%20Mode%20-%20Playing%20The%20Angel(Advance%202005)(StefWan-Team)/07%20-%20Depeche%20Mode%20-%20i%20want%20it%20all.mp3 HTTP/1.0" 200 24017 "-" "WinampMPEG/5.50"
66.249.70.51 - - [06/Jan/2008:20:02:20 -0800] "www.modestolan.com: GET /vb/calendar.php?do=add&c=2&day=2005-10-7 HTTP/1.1" 200 6384 "-" "Mozilla/5.0 (compatible; Googlebot/2.1; +http://www.google.com/bot.html)"
74.6.25.119 - - [06/Jan/2008:20:02:29 -0800] "www.modestolan.com: GET /vb/showthread.php?t=5124 HTTP/1.0" 200 10528 "-" "Mozilla/5.0 (compatible; Yahoo! Slurp; http://help.yahoo.com/help/us/ysearch/slurp)"
66.249.70.51 - - [06/Jan/2008:20:03:04 -0800] "www.modestolan.com: GET /vb/calendar.php?do=add&c=2&day=2005-10-9 HTTP/1.1" 200 6383 "-" "Mozilla/5.0 (compatible; Googlebot/2.1; +http://www.google.com/bot.html)"
66.249.70.51 - - [06/Jan/2008:20:03:48 -0800] "www.modestolan.com: GET /vb/calendar.php?do=add&c=2&day=2007-3-29 HTTP/1.1" 200 6384 "-" "Mozilla/5.0 (compatible; Googlebot/2.1; +http://www.google.com/bot.html)"
66.249.70.51 - - [06/Jan/2008:20:04:33 -0800] "www.modestolan.com: GET /vb/calendar.php?c=2&week=1125792000&do=displayweek&month=9 HTTP/1.1" 200 7093 "-" "Mozilla/5.0 (compatible; Googlebot/2.1; +http://www.google.com/bot.html)"
66.249.70.51 - - [06/Jan/2008:20:05:17 -0800] "www.modestolan.com: GET /vb/calendar.php?c=2&week=1127001600 HTTP/1.1" 200 7095 "-" "Mozilla/5.0 (compatible; Googlebot/2.1; +http://www.google.com/bot.html)"
66.249.70.51 - - [06/Jan/2008:20:06:01 -0800] "www.modestolan.com: GET /vb/calendar.php?c=2&week=1127001600&do=displayweek&month=9 HTTP/1.1" 200 7110 "-" "Mozilla/5.0 (compatible; Googlebot/2.1; +http://www.google.com/bot.html)"
66.249.70.51 - - [06/Jan/2008:20:06:45 -0800] "www.modestolan.com: GET /vb/calendar.php?do=add&c=2&day=2005-10-13 HTTP/1.1" 200 6382 "-" "Mozilla/5.0 (compatible; Googlebot/2.1; +http://www.google.com/bot.html)"
74.6.20.205 - - [06/Jan/2008:20:07:19 -0800] "www.modestolan.com: GET /vb/member.php?u=1241 HTTP/1.0" 200 6300 "-" "Mozilla/5.0 (compatible; Yahoo! Slurp; http://help.yahoo.com/help/us/ysearch/slurp)"
66.249.70.51 - - [06/Jan/2008:20:07:29 -0800] "www.modestolan.com: GET /vb/calendar.php?do=add&c=2&day=2005-10-4 HTTP/1.1" 200 6382 "-" "Mozilla/5.0 (compatible; Googlebot/2.1; +http://www.google.com/bot.html)"
66.249.70.51 - - [06/Jan/2008:20:08:14 -0800] "www.modestolan.com: GET /vb/calendar.php?month=9&year=2005&c=2&do=displaymonth HTTP/1.1" 200 7598 "-" "Mozilla/5.0 (compatible; Googlebot/2.1; +http://www.google.com/bot.html)"
66.249.70.51 - - [06/Jan/2008:20:08:55 -0800] "www.modestolan.com: GET /~nine/misc/moonwalk.gif HTTP/1.1" 200 138007 "-" "Googlebot-Image/1.0"
66.249.70.51 - - [06/Jan/2008:20:08:57 -0800] "www.modestolan.com: GET /vb/calendar.php?do=add&c=2&day=2005-10-10 HTTP/1.1" 200 6382 "-" "Mozilla/5.0 (compatible; Googlebot/2.1; +http://www.google.com/bot.html)"
86.149.62.128 - - [06/Jan/2008:20:09:17 -0800] "www.modestolan.com: GET /xwred1/burning-monk.jpg HTTP/1.1" 200 55173 "-" "Mozilla/5.0 (Windows; U; Windows NT 5.0; en-GB; rv:1.8.1.11) Gecko/20071127 Firefox/2.0.0.11"
66.249.70.51 - - [06/Jan/2008:20:09:42 -0800] "www.modestolan.com: GET /vb/calendar.php?do=add&c=2&day=2007-3-28 HTTP/1.1" 200 6383 "-" "Mozilla/5.0 (compatible; Googlebot/2.1; +http://www.google.com/bot.html)"
65.55.210.93 - - [06/Jan/2008:20:10:26 -0800] "www.modestolan.com: GET /robots.txt HTTP/1.0" 404 322 "-" "msnbot/1.0 (+http://search.msn.com/msnbot.htm)"
66.249.70.51 - - [06/Jan/2008:20:10:26 -0800] "www.modestolan.com: GET /vb/calendar.php?c=2&week=1128211200 HTTP/1.1" 200 7145 "-" "Mozilla/5.0 (compatible; Googlebot/2.1; +http://www.google.com/bot.html)"
65.55.210.93 - - [06/Jan/2008:20:10:26 -0800] "www.modestolan.com: GET /~hoodlum/dump/Run%20DMC%20-%20Raising%20Hell/ HTTP/1.0" 404 349 "-" "msnbot/1.0 (+http://search.msn.com/msnbot.htm)"
66.249.70.51 - - [06/Jan/2008:20:11:10 -0800] "www.modestolan.com: GET /vb/calendar.php?do=add&c=2&day=2005-10-3 HTTP/1.1" 200 6381 "-" "Mozilla/5.0 (compatible; Googlebot/2.1; +http://www.google.com/bot.html)"
66.249.70.51 - - [06/Jan/2008:20:11:54 -0800] "www.modestolan.com: GET /vb/calendar.php?c=2&week=1127606400 HTTP/1.1" 200 7467 "-" "Mozilla/5.0 (compatible; Googlebot/2.1; +http://www.google.com/bot.html)"
72.201.166.154 - - [06/Jan/2008:20:12:10 -0800] "www.modestolan.com: GET /~twentydead/screenshot.png HTTP/1.1" 301 386 "http://forums.xkcd.com/viewtopic.php?f=2&t=2083&st=0&sk=t&sd=a&start=120" "Mozilla/5.0 (Windows; U; Windows NT 5.1; en-US; rv:1.8.1.7) Gecko/20070914 Firefox/2.0.0.7"
72.201.166.154 - - [06/Jan/2008:20:12:10 -0800] "www.modestolan.com: GET /~twentydead/Screenshot.png HTTP/1.1" 403 354 "http://forums.xkcd.com/viewtopic.php?f=2&t=2083&st=0&sk=t&sd=a&start=120" "Mozilla/5.0 (Windows; U; Windows NT 5.1; en-US; rv:1.8.1.7) Gecko/20070914 Firefox/2.0.0.7"
66.249.70.51 - - [06/Jan/2008:20:12:38 -0800] "www.modestolan.com: GET /vb/calendar.php?do=add&c=2&day=2007-3-27 HTTP/1.1" 200 6383 "-" "Mozilla/5.0 (compatible; Googlebot/2.1; +http://www.google.com/bot.html)"
74.6.19.199 - - [06/Jan/2008:20:12:41 -0800] "www.modestolan.com: GET /vb/member.php?s=&action=getinfo&userid=818 HTTP/1.0" 200 6775 "-" "Mozilla/5.0 (compatible; Yahoo! Slurp; http://help.yahoo.com/help/us/ysearch/slurp)"
66.249.70.51 - - [06/Jan/2008:20:13:23 -0800] "www.modestolan.com: GET /vb/calendar.php?do=add&c=2&day=2007-3-31 HTTP/1.1" 200 6382 "-" "Mozilla/5.0 (compatible; Googlebot/2.1; +http://www.google.com/bot.html)"
74.6.25.233 - - [06/Jan/2008:20:13:50 -0800] "www.modestolan.com: GET /vb/archive/index.php/f-8.html HTTP/1.0" 200 1054 "-" "Mozilla/5.0 (compatible; Yahoo! Slurp; http://help.yahoo.com/help/us/ysearch/slurp)"
66.249.70.51 - - [06/Jan/2008:20:14:07 -0800] "www.modestolan.com: GET /vb/calendar.php?do=add&c=2&day=2005-9-28 HTTP/1.1" 200 6383 "-" "Mozilla/5.0 (compatible; Googlebot/2.1; +http://www.google.com/bot.html)"
62.54.4.138 - - [06/Jan/2008:20:14:10 -0800] "www.modestolan.com: GET /robots.txt HTTP/1.0" 404 322 "-" "nutch/Nutch-1.0-dev (nutch)"
62.54.4.138 - - [06/Jan/2008:20:14:11 -0800] "www.modestolan.com: GET / HTTP/1.0" 200 24017 "-" "nutch/Nutch-1.0-dev (nutch)"
66.249.70.51 - - [06/Jan/2008:20:14:51 -0800] "www.modestolan.com: GET /vb/calendar.php?do=add&c=2&day=2005-10-14 HTTP/1.1" 200 6382 "-" "Mozilla/5.0 (compatible; Googlebot/2.1; +http://www.google.com/bot.html)"
69.225.60.133 - - [06/Jan/2008:20:15:04 -0800] "jdacura.com: GET /jdacura/homepage HTTP/1.1" 301 361 "-" "Mozilla/5.0 (Windows; U; Windows NT 5.1; en-US; rv:1.8.1.11) Gecko/20071127 Firefox/2.0.0.11"
69.225.60.133 - - [06/Jan/2008:20:15:04 -0800] "jdacura.com: GET /jdacura/homepage/ HTTP/1.1" 200 9519 "-" "Mozilla/5.0 (Windows; U; Windows NT 5.1; en-US; rv:1.8.1.11) Gecko/20071127 Firefox/2.0.0.11"
69.225.60.133 - - [06/Jan/2008:20:15:04 -0800] "jdacura.com: GET /jdacura/homepage/trans.gif HTTP/1.1" 200 43 "http://jdacura.com/jdacura/homepage/" "Mozilla/5.0 (Windows; U; Windows NT 5.1; en-US; rv:1.8.1.11) Gecko/20071127 Firefox/2.0.0.11"
69.225.60.133 - - [06/Jan/2008:20:15:05 -0800] "jdacura.com: GET /jdacura/homepage/bg.jpg HTTP/1.1" 200 32021 "http://jdacura.com/jdacura/homepage/" "Mozilla/5.0 (Windows; U; Windows NT 5.1; en-US; rv:1.8.1.11) Gecko/20071127 Firefox/2.0.0.11"
69.225.60.133 - - [06/Jan/2008:20:15:07 -0800] "jdacura.com: GET /favicon.ico HTTP/1.1" 404 326 "-" "Mozilla/5.0 (Windows; U; Windows NT 5.1; en-US; rv:1.8.1.11) Gecko/20071127 Firefox/2.0.0.11"
66.249.70.51 - - [06/Jan/2008:20:15:35 -0800] "www.modestolan.com: GET /vb/calendar.php?c=2&week=1125187200&do=displayweek&month=9 HTTP/1.1" 200 7410 "-" "Mozilla/5.0 (compatible; Googlebot/2.1; +http://www.google.com/bot.html)"
66.249.70.51 - - [06/Jan/2008:20:16:19 -0800] "www.modestolan.com: GET /vb/calendar.php?do=add&c=2&day=2005-10-8 HTTP/1.1" 200 6382 "-" "Mozilla/5.0 (compatible; Googlebot/2.1; +http://www.google.com/bot.html)"
66.249.70.51 - - [06/Jan/2008:20:17:04 -0800] "www.modestolan.com: GET /vb/calendar.php?do=add&c=2&day=2005-10-12 HTTP/1.1" 200 6383 "-" "Mozilla/5.0 (compatible; Googlebot/2.1; +http://www.google.com/bot.html)"
