74.6.19.171 - - [06/Jan/2008:12:28:29 -0800] "www.modestolan.com: GET /~xwred1/cpp/?D=A HTTP/1.0" 200 14371 "-" "Mozilla/5.0 (compatible; Yahoo! Slurp; http://help.yahoo.com/help/us/ysearch/slurp)"
72.30.179.200 - - [06/Jan/2008:12:30:11 -0800] "www.modestolan.com: GET /vb/misc.php?do=whoposted&t=5203 HTTP/1.0" 200 2940 "-" "Mozilla/5.0 (compatible; Yahoo! Slurp; http://help.yahoo.com/help/us/ysearch/slurp)"
72.30.179.200 - - [06/Jan/2008:12:31:35 -0800] "www.modestolan.com: GET /vb/showthread.php?t=5514 HTTP/1.0" 200 7808 "-" "Mozilla/5.0 (compatible; Yahoo! Slurp; http://help.yahoo.com/help/us/ysearch/slurp)"
68.116.82.112 - - [06/Jan/2008:12:33:00 -0800] "webmail.modestolan.com: GET /src/left_main.php HTTP/1.1" 200 9224 "https://webmail.modestolan.com/src/webmail.php" "Mozilla/4.0 (compatible; MSIE 7.0; Windows NT 5.1; .NET CLR 1.1.4322)"
67.187.209.177 - - [06/Jan/2008:12:33:48 -0800] "www.jdacura.com: GET /jdacura/homepage/ HTTP/1.1" 200 9520 "-" "Mozilla/5.0 (X11; U; Linux i686; en-US; rv:1.8.1.11) Gecko/20071204 Ubuntu/7.10 (gutsy) Firefox/2.0.0.11"
67.187.209.177 - - [06/Jan/2008:12:33:48 -0800] "www.jdacura.com: GET /jdacura/homepage/trans.gif HTTP/1.1" 200 43 "http://www.jdacura.com/jdacura/homepage/" "Mozilla/5.0 (X11; U; Linux i686; en-US; rv:1.8.1.11) Gecko/20071204 Ubuntu/7.10 (gutsy) Firefox/2.0.0.11"
67.187.209.177 - - [06/Jan/2008:12:33:48 -0800] "www.jdacura.com: GET /jdacura/homepage/bg.jpg HTTP/1.1" 200 32021 "http://www.jdacura.com/jdacura/homepage/" "Mozilla/5.0 (X11; U; Linux i686; en-US; rv:1.8.1.11) Gecko/20071204 Ubuntu/7.10 (gutsy) Firefox/2.0.0.11"
67.187.209.177 - - [06/Jan/2008:12:33:49 -0800] "www.jdacura.com: GET /favicon.ico HTTP/1.1" 404 330 "-" "Mozilla/5.0 (X11; U; Linux i686; en-US; rv:1.8.1.11) Gecko/20071204 Ubuntu/7.10 (gutsy) Firefox/2.0.0.11"
66.249.70.51 - - [06/Jan/2008:12:34:24 -0800] "www.modestolan.com: GET /vb/calendar.php?c=1&week=1135468800&do=displayweek&month=12 HTTP/1.1" 200 7236 "-" "Mozilla/5.0 (compatible; Googlebot/2.1; +http://www.google.com/bot.html)"
67.181.57.115 - - [06/Jan/2008:12:34:32 -0800] "www.modestolan.com: GET /tables.css HTTP/1.1" 200 2419 "http://www.modestolan.com/" "Opera/9.25 (Windows NT 5.1; U; en)"
67.181.57.115 - - [06/Jan/2008:12:34:32 -0800] "www.modestolan.com: GET / HTTP/1.1" 200 24084 "-" "Opera/9.25 (Windows NT 5.1; U; en)"
67.181.57.115 - - [06/Jan/2008:12:34:32 -0800] "www.modestolan.com: GET /images/bg_small.jpg HTTP/1.1" 200 1598 "http://www.modestolan.com/" "Opera/9.25 (Windows NT 5.1; U; en)"
67.181.57.115 - - [06/Jan/2008:12:34:32 -0800] "www.modestolan.com: GET /php/menu.php HTTP/1.1" 200 21682 "http://www.modestolan.com/" "Opera/9.25 (Windows NT 5.1; U; en)"
67.181.57.115 - - [06/Jan/2008:12:34:32 -0800] "www.modestolan.com: GET /images/menu/1.gif HTTP/1.1" 200 368 "http://www.modestolan.com/" "Opera/9.25 (Windows NT 5.1; U; en)"
67.181.57.115 - - [06/Jan/2008:12:34:32 -0800] "www.modestolan.com: GET /images/menu/2.gif HTTP/1.1" 200 550 "http://www.modestolan.com/" "Opera/9.25 (Windows NT 5.1; U; en)"
67.181.57.115 - - [06/Jan/2008:12:34:32 -0800] "www.modestolan.com: GET /images/menu/3.gif HTTP/1.1" 200 511 "http://www.modestolan.com/" "Opera/9.25 (Windows NT 5.1; U; en)"
67.181.57.115 - - [06/Jan/2008:12:34:32 -0800] "www.modestolan.com: GET /images/menu/8.gif HTTP/1.1" 200 746 "http://www.modestolan.com/" "Opera/9.25 (Windows NT 5.1; U; en)"
67.181.57.115 - - [06/Jan/2008:12:34:32 -0800] "www.modestolan.com: GET /images/transparent.gif HTTP/1.1" 200 43 "http://www.modestolan.com/" "Opera/9.25 (Windows NT 5.1; U; en)"
67.181.57.115 - - [06/Jan/2008:12:34:32 -0800] "www.modestolan.com: GET /images/menu/5.gif HTTP/1.1" 200 549 "http://www.modestolan.com/" "Opera/9.25 (Windows NT 5.1; U; en)"
67.181.57.115 - - [06/Jan/2008:12:34:32 -0800] "www.modestolan.com: GET /images/landate.swf HTTP/1.1" 200 2197 "http://www.modestolan.com/" "Opera/9.25 (Windows NT 5.1; U; en)"
67.181.57.115 - - [06/Jan/2008:12:34:32 -0800] "www.modestolan.com: GET /images/menu/6.gif HTTP/1.1" 200 600 "http://www.modestolan.com/" "Opera/9.25 (Windows NT 5.1; U; en)"
67.181.57.115 - - [06/Jan/2008:12:34:32 -0800] "www.modestolan.com: GET /images/top_14.gif HTTP/1.1" 200 522 "http://www.modestolan.com/" "Opera/9.25 (Windows NT 5.1; U; en)"
67.181.57.115 - - [06/Jan/2008:12:34:32 -0800] "www.modestolan.com: GET /images/top_02.gif HTTP/1.1" 200 882 "http://www.modestolan.com/" "Opera/9.25 (Windows NT 5.1; U; en)"
67.181.57.115 - - [06/Jan/2008:12:34:32 -0800] "www.modestolan.com: GET /transparent.gif HTTP/1.1" 200 43 "http://www.modestolan.com/" "Opera/9.25 (Windows NT 5.1; U; en)"
67.181.57.115 - - [06/Jan/2008:12:34:32 -0800] "www.modestolan.com: GET /images/top_04.gif HTTP/1.1" 200 1547 "http://www.modestolan.com/" "Opera/9.25 (Windows NT 5.1; U; en)"
67.181.57.115 - - [06/Jan/2008:12:34:32 -0800] "www.modestolan.com: GET /images/top_05.gif HTTP/1.1" 200 3111 "http://www.modestolan.com/" "Opera/9.25 (Windows NT 5.1; U; en)"
67.181.57.115 - - [06/Jan/2008:12:34:32 -0800] "www.modestolan.com: GET /images/top_01.gif HTTP/1.1" 200 344 "http://www.modestolan.com/" "Opera/9.25 (Windows NT 5.1; U; en)"
67.181.57.115 - - [06/Jan/2008:12:34:32 -0800] "www.modestolan.com: GET /images/top_06.gif HTTP/1.1" 200 1954 "http://www.modestolan.com/" "Opera/9.25 (Windows NT 5.1; U; en)"
67.181.57.115 - - [06/Jan/2008:12:34:32 -0800] "www.modestolan.com: GET /images/top_10.gif HTTP/1.1" 200 1188 "http://www.modestolan.com/" "Opera/9.25 (Windows NT 5.1; U; en)"
67.181.57.115 - - [06/Jan/2008:12:34:33 -0800] "www.modestolan.com: GET /images/top_08.gif HTTP/1.1" 200 1738 "http://www.modestolan.com/" "Opera/9.25 (Windows NT 5.1; U; en)"
67.181.57.115 - - [06/Jan/2008:12:34:33 -0800] "www.modestolan.com: GET /images/top_11.gif HTTP/1.1" 200 1553 "http://www.modestolan.com/" "Opera/9.25 (Windows NT 5.1; U; en)"
67.181.57.115 - - [06/Jan/2008:12:34:33 -0800] "www.modestolan.com: GET /images/sponsors/BAWLSbutton.gif HTTP/1.1" 200 8114 "http://www.modestolan.com/" "Opera/9.25 (Windows NT 5.1; U; en)"
67.181.57.115 - - [06/Jan/2008:12:34:33 -0800] "www.modestolan.com: GET /images/top_09.gif HTTP/1.1" 200 1089 "http://www.modestolan.com/" "Opera/9.25 (Windows NT 5.1; U; en)"
67.181.57.115 - - [06/Jan/2008:12:34:33 -0800] "www.modestolan.com: GET /images/sponsors/geeks.com.gif HTTP/1.1" 200 6611 "http://www.modestolan.com/" "Opera/9.25 (Windows NT 5.1; U; en)"
67.181.57.115 - - [06/Jan/2008:12:34:33 -0800] "www.modestolan.com: GET /images/runningslack.gif HTTP/1.1" 200 1818 "http://www.modestolan.com/" "Opera/9.25 (Windows NT 5.1; U; en)"
67.181.57.115 - - [06/Jan/2008:12:34:33 -0800] "www.modestolan.com: GET /images/menu/4.gif HTTP/1.1" 200 443 "http://www.modestolan.com/" "Opera/9.25 (Windows NT 5.1; U; en)"
67.181.57.115 - - [06/Jan/2008:12:34:33 -0800] "www.modestolan.com: GET /images/menu/7.gif HTTP/1.1" 200 601 "http://www.modestolan.com/" "Opera/9.25 (Windows NT 5.1; U; en)"
67.181.57.115 - - [06/Jan/2008:12:34:33 -0800] "www.modestolan.com: GET /images/top_12.gif HTTP/1.1" 200 826 "http://www.modestolan.com/" "Opera/9.25 (Windows NT 5.1; U; en)"
67.181.57.115 - - [06/Jan/2008:12:34:33 -0800] "www.modestolan.com: GET /images/sponsors/nvidia.jpeg HTTP/1.1" 200 5580 "http://www.modestolan.com/" "Opera/9.25 (Windows NT 5.1; U; en)"
67.181.57.115 - - [06/Jan/2008:12:34:33 -0800] "www.modestolan.com: GET /images/top_03.gif HTTP/1.1" 200 349 "http://www.modestolan.com/" "Opera/9.25 (Windows NT 5.1; U; en)"
67.181.57.115 - - [06/Jan/2008:12:34:33 -0800] "www.modestolan.com: GET /images/top_07.gif HTTP/1.1" 200 2521 "http://www.modestolan.com/" "Opera/9.25 (Windows NT 5.1; U; en)"
67.181.57.115 - - [06/Jan/2008:12:34:33 -0800] "www.modestolan.com: GET /images/top_13.gif HTTP/1.1" 200 728 "http://www.modestolan.com/" "Opera/9.25 (Windows NT 5.1; U; en)"
67.181.57.115 - - [06/Jan/2008:12:34:33 -0800] "www.modestolan.com: GET /images/sponsors/alogo.gif HTTP/1.1" 200 5996 "http://www.modestolan.com/" "Opera/9.25 (Windows NT 5.1; U; en)"
67.181.57.115 - - [06/Jan/2008:12:34:33 -0800] "www.modestolan.com: GET /images/top_07.gif HTTP/1.1" 200 2521 "http://www.modestolan.com/" "Opera/9.25 (Windows NT 5.1; U; en)"
67.181.57.115 - - [06/Jan/2008:12:34:33 -0800] "www.modestolan.com: GET /images/top_13.gif HTTP/1.1" 200 728 "http://www.modestolan.com/" "Opera/9.25 (Windows NT 5.1; U; en)"
67.181.57.115 - - [06/Jan/2008:12:34:33 -0800] "www.modestolan.com: GET /favicon.ico HTTP/1.1" 404 335 "http://www.modestolan.com/" "Opera/9.25 (Windows NT 5.1; U; en)"
67.181.57.115 - - [06/Jan/2008:12:34:33 -0800] "www.modestolan.com: GET /images/sponsors/alogo.gif HTTP/1.1" 200 5996 "http://www.modestolan.com/" "Opera/9.25 (Windows NT 5.1; U; en)"
67.181.57.115 - - [06/Jan/2008:12:34:34 -0800] "www.modestolan.com: GET /vb HTTP/1.1" 301 363 "http://www.modestolan.com/" "Opera/9.25 (Windows NT 5.1; U; en)"
67.181.57.115 - - [06/Jan/2008:12:34:35 -0800] "www.modestolan.com: GET /vb/ HTTP/1.1" 200 8047 "http://www.modestolan.com/" "Opera/9.25 (Windows NT 5.1; U; en)"
67.181.57.115 - - [06/Jan/2008:12:34:35 -0800] "www.modestolan.com: GET /vb/clientscript/vbulletin_global.js?v=368 HTTP/1.1" 200 43897 "http://www.modestolan.com/vb/" "Opera/9.25 (Windows NT 5.1; U; en)"
67.181.57.115 - - [06/Jan/2008:12:34:35 -0800] "www.modestolan.com: GET /vb/clientscript/vbulletin_menu.js?v=368 HTTP/1.1" 200 17850 "http://www.modestolan.com/vb/" "Opera/9.25 (Windows NT 5.1; U; en)"
67.181.57.115 - - [06/Jan/2008:12:34:35 -0800] "www.modestolan.com: GET /vb/images/misc/navbits_start.gif HTTP/1.1" 200 123 "http://www.modestolan.com/vb/" "Opera/9.25 (Windows NT 5.1; U; en)"
67.181.57.115 - - [06/Jan/2008:12:34:35 -0800] "www.modestolan.com: GET /vb/clientscript/vbulletin_md5.js?v=368 HTTP/1.1" 200 9661 "http://www.modestolan.com/vb/" "Opera/9.25 (Windows NT 5.1; U; en)"
67.181.57.115 - - [06/Jan/2008:12:34:35 -0800] "www.modestolan.com: GET /vb/images/misc/menu_open.gif HTTP/1.1" 200 279 "http://www.modestolan.com/vb/" "Opera/9.25 (Windows NT 5.1; U; en)"
67.181.57.115 - - [06/Jan/2008:12:34:35 -0800] "www.modestolan.com: GET /vb/images/buttons/collapse_tcat.gif HTTP/1.1" 200 91 "http://www.modestolan.com/vb/" "Opera/9.25 (Windows NT 5.1; U; en)"
67.181.57.115 - - [06/Jan/2008:12:34:35 -0800] "www.modestolan.com: GET /vb/images/statusicon/forum_new.gif HTTP/1.1" 200 425 "http://www.modestolan.com/vb/" "Opera/9.25 (Windows NT 5.1; U; en)"
67.181.57.115 - - [06/Jan/2008:12:34:35 -0800] "www.modestolan.com: GET /vb/clientscript/vbulletin_read_marker.js?v=368 HTTP/1.1" 200 6791 "http://www.modestolan.com/vb/" "Opera/9.25 (Windows NT 5.1; U; en)"
67.181.57.115 - - [06/Jan/2008:12:34:35 -0800] "www.modestolan.com: GET /vb/images/buttons/lastpost.gif HTTP/1.1" 200 121 "http://www.modestolan.com/vb/" "Opera/9.25 (Windows NT 5.1; U; en)"
67.181.57.115 - - [06/Jan/2008:12:34:35 -0800] "www.modestolan.com: GET /vb/images/buttons/collapse_thead.gif HTTP/1.1" 200 91 "http://www.modestolan.com/vb/" "Opera/9.25 (Windows NT 5.1; U; en)"
67.181.57.115 - - [06/Jan/2008:12:34:35 -0800] "www.modestolan.com: GET /vb/images/misc/whos_online.gif HTTP/1.1" 200 1440 "http://www.modestolan.com/vb/" "Opera/9.25 (Windows NT 5.1; U; en)"
67.181.57.115 - - [06/Jan/2008:12:34:35 -0800] "www.modestolan.com: GET /vb/images/misc/stats.gif HTTP/1.1" 200 1461 "http://www.modestolan.com/vb/" "Opera/9.25 (Windows NT 5.1; U; en)"
67.181.57.115 - - [06/Jan/2008:12:34:35 -0800] "www.modestolan.com: GET /vb/images/statusicon/forum_old.gif HTTP/1.1" 200 431 "http://www.modestolan.com/vb/" "Opera/9.25 (Windows NT 5.1; U; en)"
67.187.151.40 - - [06/Jan/2008:12:34:37 -0800] "www.modestolan.com: GET /jdacura/pics/myspace_banner.gif HTTP/1.1" 200 5970 "http://profile.myspace.com/index.cfm?fuseaction=user.viewprofile&friendid=12647521" "Mozilla/5.0 (Windows; U; Windows NT 5.1; en-US; rv:1.8.1.11) Gecko/20071127 Firefox/2.0.0.11"
67.187.151.40 - - [06/Jan/2008:12:34:37 -0800] "www.modestolan.com: GET /jdacura/pics/setup.jpg HTTP/1.1" 200 43706 "http://profile.myspace.com/index.cfm?fuseaction=user.viewprofile&friendid=12647521" "Mozilla/5.0 (Windows; U; Windows NT 5.1; en-US; rv:1.8.1.11) Gecko/20071127 Firefox/2.0.0.11"
67.187.151.40 - - [06/Jan/2008:12:34:37 -0800] "www.modestolan.com: GET /jdacura/pics/myspace-ms.jpg HTTP/1.1" 200 77141 "http://profile.myspace.com/index.cfm?fuseaction=user.viewprofile&friendid=12647521" "Mozilla/5.0 (Windows; U; Windows NT 5.1; en-US; rv:1.8.1.11) Gecko/20071127 Firefox/2.0.0.11"
67.187.151.40 - - [06/Jan/2008:12:34:38 -0800] "www.modestolan.com: GET /jdacura/pics/tokyoatnight.jpg HTTP/1.1" 200 641339 "http://profile.myspace.com/index.cfm?fuseaction=user.viewprofile&friendid=12647521" "Mozilla/5.0 (Windows; U; Windows NT 5.1; en-US; rv:1.8.1.11) Gecko/20071127 Firefox/2.0.0.11"
67.181.57.115 - - [06/Jan/2008:12:34:40 -0800] "www.modestolan.com: GET /vb/forumdisplay.php?f=2 HTTP/1.1" 200 21686 "http://www.modestolan.com/vb/" "Opera/9.25 (Windows NT 5.1; U; en)"
67.181.57.115 - - [06/Jan/2008:12:34:40 -0800] "www.modestolan.com: GET /vb/images/buttons/newthread.gif HTTP/1.1" 200 981 "http://www.modestolan.com/vb/forumdisplay.php?f=2" "Opera/9.25 (Windows NT 5.1; U; en)"
67.181.57.115 - - [06/Jan/2008:12:34:40 -0800] "www.modestolan.com: GET /vb/images/buttons/sortasc.gif HTTP/1.1" 200 120 "http://www.modestolan.com/vb/forumdisplay.php?f=2" "Opera/9.25 (Windows NT 5.1; U; en)"
67.181.57.115 - - [06/Jan/2008:12:34:40 -0800] "www.modestolan.com: GET /vb/images/misc/sticky.gif HTTP/1.1" 200 521 "http://www.modestolan.com/vb/forumdisplay.php?f=2" "Opera/9.25 (Windows NT 5.1; U; en)"
67.181.57.115 - - [06/Jan/2008:12:34:40 -0800] "www.modestolan.com: GET /vb/images/statusicon/thread_hot_new.gif HTTP/1.1" 200 368 "http://www.modestolan.com/vb/forumdisplay.php?f=2" "Opera/9.25 (Windows NT 5.1; U; en)"
67.181.57.115 - - [06/Jan/2008:12:34:40 -0800] "www.modestolan.com: GET /vb/images/statusicon/thread_hot.gif HTTP/1.1" 200 586 "http://www.modestolan.com/vb/forumdisplay.php?f=2" "Opera/9.25 (Windows NT 5.1; U; en)"
67.181.57.115 - - [06/Jan/2008:12:34:40 -0800] "www.modestolan.com: GET /vb/images/statusicon/thread_new.gif HTTP/1.1" 200 366 "http://www.modestolan.com/vb/forumdisplay.php?f=2" "Opera/9.25 (Windows NT 5.1; U; en)"
67.181.57.115 - - [06/Jan/2008:12:34:40 -0800] "www.modestolan.com: GET /vb/images/buttons/firstnew.gif HTTP/1.1" 200 120 "http://www.modestolan.com/vb/forumdisplay.php?f=2" "Opera/9.25 (Windows NT 5.1; U; en)"
67.181.57.115 - - [06/Jan/2008:12:34:40 -0800] "www.modestolan.com: GET /vb/images/misc/paperclip.gif HTTP/1.1" 200 305 "http://www.modestolan.com/vb/forumdisplay.php?f=2" "Opera/9.25 (Windows NT 5.1; U; en)"
67.181.57.115 - - [06/Jan/2008:12:34:40 -0800] "www.modestolan.com: GET /vb/images/icons/icon5.gif HTTP/1.1" 200 355 "http://www.modestolan.com/vb/forumdisplay.php?f=2" "Opera/9.25 (Windows NT 5.1; U; en)"
67.181.57.115 - - [06/Jan/2008:12:34:40 -0800] "www.modestolan.com: GET /vb/images/icons/icon5.gif HTTP/1.1" 200 355 "http://www.modestolan.com/vb/forumdisplay.php?f=2" "Opera/9.25 (Windows NT 5.1; U; en)"
67.181.57.115 - - [06/Jan/2008:12:34:40 -0800] "www.modestolan.com: GET /vb/images/misc/poll_posticon.gif HTTP/1.1" 200 1028 "http://www.modestolan.com/vb/forumdisplay.php?f=2" "Opera/9.25 (Windows NT 5.1; U; en)"
67.181.57.115 - - [06/Jan/2008:12:34:40 -0800] "www.modestolan.com: GET /vb/images/misc/multipage.gif HTTP/1.1" 200 567 "http://www.modestolan.com/vb/forumdisplay.php?f=2" "Opera/9.25 (Windows NT 5.1; U; en)"
67.181.57.115 - - [06/Jan/2008:12:34:40 -0800] "www.modestolan.com: GET /vb/images/misc/multipage.gif HTTP/1.1" 200 567 "http://www.modestolan.com/vb/forumdisplay.php?f=2" "Opera/9.25 (Windows NT 5.1; U; en)"
67.181.57.115 - - [06/Jan/2008:12:34:40 -0800] "www.modestolan.com: GET /vb/images/statusicon/thread.gif HTTP/1.1" 200 576 "http://www.modestolan.com/vb/forumdisplay.php?f=2" "Opera/9.25 (Windows NT 5.1; U; en)"
67.181.57.115 - - [06/Jan/2008:12:34:40 -0800] "www.modestolan.com: GET /vb/cron.php?&rand=504983 HTTP/1.1" 200 43 "http://www.modestolan.com/vb/" "Opera/9.25 (Windows NT 5.1; U; en)"
67.181.57.115 - - [06/Jan/2008:12:34:40 -0800] "www.modestolan.com: GET /vb/images/statusicon/thread_lock.gif HTTP/1.1" 200 363 "http://www.modestolan.com/vb/forumdisplay.php?f=2" "Opera/9.25 (Windows NT 5.1; U; en)"
67.181.57.115 - - [06/Jan/2008:12:34:40 -0800] "www.modestolan.com: GET /vb/cron.php?&rand=318468 HTTP/1.1" 200 43 "http://www.modestolan.com/vb/forumdisplay.php?f=2" "Opera/9.25 (Windows NT 5.1; U; en)"
67.181.57.115 - - [06/Jan/2008:12:34:44 -0800] "www.modestolan.com: GET /vb/showthread.php?t=5727 HTTP/1.1" 200 18435 "http://www.modestolan.com/vb/forumdisplay.php?f=2" "Opera/9.25 (Windows NT 5.1; U; en)"
67.181.57.115 - - [06/Jan/2008:12:34:44 -0800] "www.modestolan.com: GET /vb/clientscript/vbulletin_post_loader.js?v=368 HTTP/1.1" 200 3461 "http://www.modestolan.com/vb/showthread.php?t=5727" "Opera/9.25 (Windows NT 5.1; U; en)"
67.181.57.115 - - [06/Jan/2008:12:34:44 -0800] "www.modestolan.com: GET /vb/images/buttons/reply.gif HTTP/1.1" 200 966 "http://www.modestolan.com/vb/showthread.php?t=5727" "Opera/9.25 (Windows NT 5.1; U; en)"
67.181.57.115 - - [06/Jan/2008:12:34:44 -0800] "www.modestolan.com: GET /vb/images/statusicon/post_new.gif HTTP/1.1" 200 130 "http://www.modestolan.com/vb/showthread.php?t=5727" "Opera/9.25 (Windows NT 5.1; U; en)"
67.181.57.115 - - [06/Jan/2008:12:34:44 -0800] "www.modestolan.com: GET /vb/images/misc/im_icq.gif HTTP/1.1" 200 1089 "http://www.modestolan.com/vb/showthread.php?t=5727" "Opera/9.25 (Windows NT 5.1; U; en)"
67.181.57.115 - - [06/Jan/2008:12:34:44 -0800] "www.modestolan.com: GET /vb/images/misc/im_yahoo.gif HTTP/1.1" 200 1040 "http://www.modestolan.com/vb/showthread.php?t=5727" "Opera/9.25 (Windows NT 5.1; U; en)"
67.181.57.115 - - [06/Jan/2008:12:34:44 -0800] "www.modestolan.com: GET /vb/images/statusicon/user_offline.gif HTTP/1.1" 200 395 "http://www.modestolan.com/vb/showthread.php?t=5727" "Opera/9.25 (Windows NT 5.1; U; en)"
67.181.57.115 - - [06/Jan/2008:12:34:44 -0800] "www.modestolan.com: GET /vb/images/buttons/quote.gif HTTP/1.1" 200 698 "http://www.modestolan.com/vb/showthread.php?t=5727" "Opera/9.25 (Windows NT 5.1; U; en)"
67.181.57.115 - - [06/Jan/2008:12:34:44 -0800] "www.modestolan.com: GET /vb/images/misc/im_aim.gif HTTP/1.1" 200 1013 "http://www.modestolan.com/vb/showthread.php?t=5727" "Opera/9.25 (Windows NT 5.1; U; en)"
67.181.57.115 - - [06/Jan/2008:12:34:44 -0800] "www.modestolan.com: GET /vb/image.php?u=1082&dateline=1146889215 HTTP/1.1" 200 26315 "http://www.modestolan.com/vb/showthread.php?t=5727" "Opera/9.25 (Windows NT 5.1; U; en)"
67.181.57.115 - - [06/Jan/2008:12:34:44 -0800] "www.modestolan.com: GET /vb/images/buttons/viewpost.gif HTTP/1.1" 200 964 "http://www.modestolan.com/vb/showthread.php?t=5727" "Opera/9.25 (Windows NT 5.1; U; en)"
67.181.57.115 - - [06/Jan/2008:12:34:45 -0800] "www.modestolan.com: GET /vb/image.php?u=867&dateline=1191001815 HTTP/1.1" 200 29522 "http://www.modestolan.com/vb/showthread.php?t=5727" "Opera/9.25 (Windows NT 5.1; U; en)"
67.181.57.115 - - [06/Jan/2008:12:34:45 -0800] "www.modestolan.com: GET /vb/image.php?u=2&dateline=1160550436 HTTP/1.1" 200 10778 "http://www.modestolan.com/vb/showthread.php?t=5727" "Opera/9.25 (Windows NT 5.1; U; en)"
67.181.57.115 - - [06/Jan/2008:12:34:45 -0800] "www.modestolan.com: GET /vb/image.php?u=73&dateline=1168053194 HTTP/1.1" 200 32338 "http://www.modestolan.com/vb/showthread.php?t=5727" "Opera/9.25 (Windows NT 5.1; U; en)"
67.181.57.115 - - [06/Jan/2008:12:34:45 -0800] "www.modestolan.com: GET /vb/image.php?u=1082&dateline=1146889215 HTTP/1.1" 200 12192 "http://www.modestolan.com/vb/showthread.php?t=5727" "Opera/9.25 (Windows NT 5.1; U; en)"
67.181.57.115 - - [06/Jan/2008:12:34:46 -0800] "www.modestolan.com: GET /vb/images/smilies/smile.gif HTTP/1.1" 200 375 "http://www.modestolan.com/vb/showthread.php?t=5727" "Opera/9.25 (Windows NT 5.1; U; en)"
67.181.57.115 - - [06/Jan/2008:12:34:46 -0800] "www.modestolan.com: GET /vb/image.php?u=1032&dateline=1186695038 HTTP/1.1" 200 34918 "http://www.modestolan.com/vb/showthread.php?t=5727" "Opera/9.25 (Windows NT 5.1; U; en)"
67.181.57.115 - - [06/Jan/2008:12:34:46 -0800] "www.modestolan.com: GET /vb/cron.php?&rand=441764 HTTP/1.1" 200 43 "http://www.modestolan.com/vb/showthread.php?t=5727" "Opera/9.25 (Windows NT 5.1; U; en)"
67.181.57.115 - - [06/Jan/2008:12:34:46 -0800] "www.modestolan.com: GET /vb/image.php?u=15&dateline=1108162605 HTTP/1.1" 200 13214 "http://www.modestolan.com/vb/showthread.php?t=5727" "Opera/9.25 (Windows NT 5.1; U; en)"
67.181.57.115 - - [06/Jan/2008:12:34:46 -0800] "www.modestolan.com: GET /vb/image.php?u=1032&dateline=1186695038 HTTP/1.1" 200 34918 "http://www.modestolan.com/vb/showthread.php?t=5727" "Opera/9.25 (Windows NT 5.1; U; en)"
67.181.57.115 - - [06/Jan/2008:12:34:46 -0800] "www.modestolan.com: GET /vb/image.php?u=42&dateline=1196366519 HTTP/1.1" 200 5920 "http://www.modestolan.com/vb/showthread.php?t=5727" "Opera/9.25 (Windows NT 5.1; U; en)"
67.181.57.115 - - [06/Jan/2008:12:34:46 -0800] "www.modestolan.com: GET /vb/image.php?u=15&dateline=1108162605 HTTP/1.1" 200 12181 "http://www.modestolan.com/vb/showthread.php?t=5727" "Opera/9.25 (Windows NT 5.1; U; en)"
67.187.151.40 - - [06/Jan/2008:12:34:47 -0800] "radiumradio.com: GET /music/08-playaz_circle_ft._lil_wayne-duffle_bag_boy_(po_clean_edit).mp3 HTTP/1.1" 200 3661676 "-" "Mozilla/5.0 (Windows; U; Windows NT 5.1; en-US; rv:1.8.1.11) Gecko/20071127 Firefox/2.0.0.11"
67.181.57.115 - - [06/Jan/2008:12:34:48 -0800] "www.modestolan.com: GET /vb/showthread.php?t=5727&page=2 HTTP/1.1" 200 11601 "http://www.modestolan.com/vb/showthread.php?t=5727" "Opera/9.25 (Windows NT 5.1; U; en)"
67.181.57.115 - - [06/Jan/2008:12:34:48 -0800] "www.modestolan.com: GET /vb/cron.php?&rand=828563 HTTP/1.1" 200 43 "http://www.modestolan.com/vb/showthread.php?t=5727&page=2" "Opera/9.25 (Windows NT 5.1; U; en)"
67.181.57.115 - - [06/Jan/2008:12:35:22 -0800] "www.modestolan.com: GET /vb/showthread.php?t=5727 HTTP/1.1" 200 18319 "http://www.modestolan.com/vb/showthread.php?t=5727&page=2" "Opera/9.25 (Windows NT 5.1; U; en)"
67.181.57.115 - - [06/Jan/2008:12:35:22 -0800] "www.modestolan.com: GET /vb/images/statusicon/post_old.gif HTTP/1.1" 200 73 "http://www.modestolan.com/vb/showthread.php?t=5727" "Opera/9.25 (Windows NT 5.1; U; en)"
67.181.57.115 - - [06/Jan/2008:12:35:23 -0800] "www.modestolan.com: GET /vb/cron.php?&rand=891004 HTTP/1.1" 200 43 "http://www.modestolan.com/vb/showthread.php?t=5727" "Opera/9.25 (Windows NT 5.1; U; en)"
66.249.70.51 - - [06/Jan/2008:12:35:57 -0800] "www.modestolan.com: GET /images/top_06.gif HTTP/1.1" 200 1954 "-" "Googlebot-Image/1.0"
67.181.57.115 - - [06/Jan/2008:12:36:07 -0800] "www.modestolan.com: GET /vb/showthread.php?t=5727&page=2 HTTP/1.1" 200 11567 "http://www.modestolan.com/vb/showthread.php?t=5727" "Opera/9.25 (Windows NT 5.1; U; en)"
67.181.57.115 - - [06/Jan/2008:12:36:08 -0800] "www.modestolan.com: GET /vb/cron.php?&rand=550667 HTTP/1.1" 200 43 "http://www.modestolan.com/vb/showthread.php?t=5727&page=2" "Opera/9.25 (Windows NT 5.1; U; en)"
65.55.213.109 - - [06/Jan/2008:12:36:09 -0800] "www.modestolan.com: GET /vb/images/statusicon/user_offline.gif HTTP/1.0" 200 395 "-" "msnbot-media/1.0 (+http://search.msn.com/msnbot.htm)"
151.201.19.144 - - [06/Jan/2008:12:36:43 -0800] "www.modestolan.com: GET /~hoodlum/blah/faggot-nemesis.avi HTTP/1.1" 404 356 "-" "Mozilla/4.0 (compatible; MSIE 7.0.6000.16575; NT 6.0;)"
151.201.19.144 - - [06/Jan/2008:12:37:14 -0800] "www.modestolan.com: GET /~hoodlum/blah/faggot-nemesis.avi HTTP/1.1" 404 356 "-" "Mozilla/4.0 (compatible; MSIE 7.0.6000.16575; NT 6.0;)"
66.249.70.51 - - [06/Jan/2008:12:38:02 -0800] "www.modestolan.com: GET /xwred1/xp-pimp.jpeg HTTP/1.1" 200 124346 "-" "Googlebot-Image/1.0"
79.113.27.223 - - [06/Jan/2008:12:39:44 -0800] "www.modestolan.com: GET /vb/avatar.php?userid=1025&dateline=1152525362 HTTP/1.1" 404 337 "http://hdbits.org/details.php?id=5706" "Mozilla/5.0 (Windows; U; Windows NT 5.1; en-GB; rv:1.8.1.11) Gecko/20071127 Firefox/2.0.0.11"
79.113.27.223 - - [06/Jan/2008:12:41:15 -0800] "www.modestolan.com: GET /vb/avatar.php?userid=1025&dateline=1152525362 HTTP/1.1" 404 337 "http://hdbits.org/details.php?id=5706" "Mozilla/5.0 (Windows; U; Windows NT 5.1; en-GB; rv:1.8.1.11) Gecko/20071127 Firefox/2.0.0.11"
74.6.28.202 - - [06/Jan/2008:12:41:29 -0800] "www.modestolan.com: GET /vb/archive/index.php/t-4434.html HTTP/1.0" 200 3674 "-" "Mozilla/5.0 (compatible; Yahoo! Slurp; http://help.yahoo.com/help/us/ysearch/slurp)"
212.122.246.219 - - [06/Jan/2008:12:41:36 -0800] "www.modestolan.com: GET /images/lakers.gif HTTP/1.1" 200 16208 "http://forum.kooora.com/f.aspx?t=7466259" "Mozilla/4.0 (compatible; MSIE 6.0; Windows NT 5.1; .NET CLR 1.1.4322)"
68.116.82.112 - - [06/Jan/2008:12:43:05 -0800] "webmail.modestolan.com: GET /src/left_main.php HTTP/1.1" 200 9224 "https://webmail.modestolan.com/src/webmail.php" "Mozilla/4.0 (compatible; MSIE 7.0; Windows NT 5.1; .NET CLR 1.1.4322)"
122.152.128.49 - - [06/Jan/2008:12:44:00 -0800] "www.modestolan.com: GET /robots.txt HTTP/1.1" 404 334 "-" "Baiduspider+(+http://www.baidu.com/search/spider_jp.html)"
74.6.19.166 - - [06/Jan/2008:12:44:14 -0800] "www.modestolan.com: GET /vb/archive/index.php/ HTTP/1.0" 200 1441 "-" "Mozilla/5.0 (compatible; Yahoo! Slurp; http://help.yahoo.com/help/us/ysearch/slurp)"
219.133.252.2 - - [06/Jan/2008:12:45:31 -0800] "www.modestolan.com: GET / HTTP/1.1" 200 17058 "http://www.modestolan.com/" "Mozilla/4.0 (compatible; MSIE 6.0; Windows NT 5.1; SV1; Maxthon; .NET CLR 1.1.4322; InfoPath.1; .NET CLR 2.0.50727)"
74.6.22.79 - - [06/Jan/2008:12:45:50 -0800] "www.modestolan.com: GET /vb/showthread.php?s=5467809fc1e1ce9f305ed5048808430a&threadid=5597 HTTP/1.0" 200 22560 "-" "Mozilla/5.0 (compatible; Yahoo! Slurp/3.0; http://help.yahoo.com/help/us/ysearch/slurp)"
66.249.70.51 - - [06/Jan/2008:12:46:03 -0800] "www.modestolan.com: GET /~nine/misc/bush.jpeg HTTP/1.1" 200 32278 "-" "Googlebot-Image/1.0"
66.249.70.51 - - [06/Jan/2008:12:46:52 -0800] "www.modestolan.com: GET /xwred1/realplayer10.png HTTP/1.1" 200 9781 "-" "Googlebot-Image/1.0"
74.6.20.106 - - [06/Jan/2008:12:46:55 -0800] "www.modestolan.com: GET /vb/search.php?do=finduser&userid=38&searchthreadid=3874 HTTP/1.0" 302 0 "-" "Mozilla/5.0 (compatible; Yahoo! Slurp; http://help.yahoo.com/help/us/ysearch/slurp)"
74.6.20.106 - - [06/Jan/2008:12:46:56 -0800] "www.modestolan.com: GET /vb/search.php?searchid=9951 HTTP/1.0" 200 6380 "-" "Mozilla/5.0 (compatible; Yahoo! Slurp; http://help.yahoo.com/help/us/ysearch/slurp)"
74.6.26.165 - - [06/Jan/2008:12:46:59 -0800] "www.modestolan.com: GET /vb/showthread.php?t=5479 HTTP/1.0" 200 9189 "-" "Mozilla/5.0 (compatible; Yahoo! Slurp; http://help.yahoo.com/help/us/ysearch/slurp)"
74.6.24.112 - - [06/Jan/2008:12:49:04 -0800] "www.modestolan.com: GET /~nine/Nine_Inch_Nails-Live_In_Fresno_CA_03-23-2005-YKK/?N=D HTTP/1.0" 200 18600 "-" "Mozilla/5.0 (compatible; Yahoo! Slurp; http://help.yahoo.com/help/us/ysearch/slurp)"
66.249.70.51 - - [06/Jan/2008:12:49:25 -0800] "www.modestolan.com: GET /vb/forumdisplay.php?f=pm HTTP/1.1" 302 5 "-" "Mozilla/5.0 (compatible; Googlebot/2.1; +http://www.google.com/bot.html)"
66.249.70.51 - - [06/Jan/2008:12:49:27 -0800] "www.modestolan.com: GET /vb/private.php HTTP/1.1" 200 6361 "-" "Mozilla/5.0 (compatible; Googlebot/2.1; +http://www.google.com/bot.html)"
67.171.142.139 - - [06/Jan/2008:12:52:10 -0800] "www.modestolan.com: GET /xwred1/burning-monk.jpg HTTP/1.1" 200 55173 "http://profile.myspace.com/index.cfm?fuseaction=user.viewprofile&friendid=29069126&MyToken=98c92f10-02d2-4900-853f-2dbd5d2c39eb" "Mozilla/4.0 (compatible; MSIE 7.0; Windows NT 5.1; .NET CLR 2.0.50727; .NET CLR 3.0.04506.30; .NET CLR 1.1.4322; .NET CLR 3.0.04506.648)"
74.6.22.46 - - [06/Jan/2008:12:52:43 -0800] "www.modestolan.com: GET /vb/search.php?do=finduser&userid=652&searchthreadid=5479 HTTP/1.0" 302 0 "-" "Mozilla/5.0 (compatible; Yahoo! Slurp; http://help.yahoo.com/help/us/ysearch/slurp)"
74.6.22.46 - - [06/Jan/2008:12:52:44 -0800] "www.modestolan.com: GET /vb/search.php?searchid=9952 HTTP/1.0" 200 6377 "-" "Mozilla/5.0 (compatible; Yahoo! Slurp; http://help.yahoo.com/help/us/ysearch/slurp)"
68.116.82.112 - - [06/Jan/2008:12:53:12 -0800] "webmail.modestolan.com: GET /src/left_main.php HTTP/1.1" 200 9224 "https://webmail.modestolan.com/src/webmail.php" "Mozilla/4.0 (compatible; MSIE 7.0; Windows NT 5.1; .NET CLR 1.1.4322)"
74.6.22.79 - - [06/Jan/2008:12:53:24 -0800] "www.modestolan.com: GET /~nine/Nine_Inch_Nails-Live_In_Fresno_CA_03-23-2005-YKK/04-nine_inch_nails-march_of_the_pigs-ykk.mp3 HTTP/1.0" 200 24017 "-" "Mozilla/5.0 (compatible; Yahoo! Slurp; http://help.yahoo.com/help/us/ysearch/slurp)"
68.6.234.219 - - [06/Jan/2008:12:54:01 -0800] "www.modestolan.com: GET /~hoodlum/blah HTTP/1.1" 404 337 "http://www.altavista.com/audio/results?itag=ody&maf=mp3&maf=wav&maf=msmedia&maf=realmedia&maf=aiff&maf=other&mad=all&q=feel+good+inc&stq=10" "Mozilla/4.0 (compatible; MSIE 7.0; Windows NT 6.0; SLCC1; .NET CLR 2.0.50727; Media Center PC 5.0; .NET CLR 3.0.04506; MSN Optimized;US)"
79.113.27.223 - - [06/Jan/2008:12:54:26 -0800] "www.modestolan.com: GET /vb/avatar.php?userid=1025&dateline=1152525362 HTTP/1.1" 404 337 "http://hdbits.org/details.php?id=5706" "Mozilla/5.0 (Windows; U; Windows NT 5.1; en-GB; rv:1.8.1.11) Gecko/20071127 Firefox/2.0.0.11"
124.244.251.40 - - [06/Jan/2008:12:54:42 -0800] "www.modestolan.com: GET /xwred1/fat_naruto.jpeg HTTP/1.1" 200 115036 "http://www.catcatforum.com/discuz/thread-706927-1-2.html" "Mozilla/4.0 (compatible; MSIE 6.0; Windows NT 5.1; SV1; Foxy/1; .NET CLR 1.1.4322)"
74.6.24.117 - - [06/Jan/2008:12:55:36 -0800] "www.modestolan.com: GET /vb/showthread.php?t=1734 HTTP/1.0" 200 10222 "-" "Mozilla/5.0 (compatible; Yahoo! Slurp; http://help.yahoo.com/help/us/ysearch/slurp)"
66.249.70.51 - - [06/Jan/2008:12:56:27 -0800] "www.modestolan.com: GET /vb/calendar.php?month=8&year=2006&c=1&do=displaymonth HTTP/1.1" 200 8447 "-" "Mozilla/5.0 (compatible; Googlebot/2.1; +http://www.google.com/bot.html)"
66.249.70.51 - - [06/Jan/2008:12:58:05 -0800] "www.modestolan.com: GET /vb/calendar.php?do=add&c=2&day=2006-8-10 HTTP/1.1" 200 6383 "-" "Mozilla/5.0 (compatible; Googlebot/2.1; +http://www.google.com/bot.html)"
66.249.70.51 - - [06/Jan/2008:12:58:12 -0800] "www.modestolan.com: GET /vb/calendar.php?do=add&c=2&day=2006-5-17 HTTP/1.1" 200 6384 "-" "Mozilla/5.0 (compatible; Googlebot/2.1; +http://www.google.com/bot.html)"
66.249.70.51 - - [06/Jan/2008:12:58:21 -0800] "www.modestolan.com: GET /vb/calendar.php?do=add&c=2&day=2006-4-6 HTTP/1.1" 200 6382 "-" "Mozilla/5.0 (compatible; Googlebot/2.1; +http://www.google.com/bot.html)"
66.249.70.51 - - [06/Jan/2008:12:58:29 -0800] "www.modestolan.com: GET /vb/calendar.php?do=add&c=2&day=2006-3-31 HTTP/1.1" 200 6381 "-" "Mozilla/5.0 (compatible; Googlebot/2.1; +http://www.google.com/bot.html)"
74.6.26.77 - - [06/Jan/2008:12:58:36 -0800] "www.modestolan.com: GET /vb/search.php?do=finduser&userid=277&searchthreadid=5703 HTTP/1.0" 302 0 "-" "Mozilla/5.0 (compatible; Yahoo! Slurp; http://help.yahoo.com/help/us/ysearch/slurp)"
74.6.26.77 - - [06/Jan/2008:12:58:37 -0800] "www.modestolan.com: GET /vb/search.php?searchid=9953 HTTP/1.0" 200 6754 "-" "Mozilla/5.0 (compatible; Yahoo! Slurp; http://help.yahoo.com/help/us/ysearch/slurp)"
66.249.70.51 - - [06/Jan/2008:12:58:38 -0800] "www.modestolan.com: GET /vb/calendar.php?c=2&week=1165104000 HTTP/1.1" 200 7129 "-" "Mozilla/5.0 (compatible; Googlebot/2.1; +http://www.google.com/bot.html)"
66.249.70.51 - - [06/Jan/2008:12:58:46 -0800] "www.modestolan.com: GET /vb/calendar.php?do=add&c=2&day=2005-12-29 HTTP/1.1" 200 6383 "-" "Mozilla/5.0 (compatible; Googlebot/2.1; +http://www.google.com/bot.html)"
66.249.70.51 - - [06/Jan/2008:12:58:54 -0800] "www.modestolan.com: GET /vb/calendar.php?do=add&c=2&day=2006-1-7 HTTP/1.1" 200 6382 "-" "Mozilla/5.0 (compatible; Googlebot/2.1; +http://www.google.com/bot.html)"
66.249.70.51 - - [06/Jan/2008:12:59:03 -0800] "www.modestolan.com: GET /vb/calendar.php?do=add&c=2&day=2006-8-22 HTTP/1.1" 200 6381 "-" "Mozilla/5.0 (compatible; Googlebot/2.1; +http://www.google.com/bot.html)"
66.249.70.51 - - [06/Jan/2008:12:59:11 -0800] "www.modestolan.com: GET /vb/calendar.php?do=add&c=2&day=2006-8-26 HTTP/1.1" 200 6384 "-" "Mozilla/5.0 (compatible; Googlebot/2.1; +http://www.google.com/bot.html)"
66.249.70.51 - - [06/Jan/2008:12:59:20 -0800] "www.modestolan.com: GET /vb/calendar.php?do=add&c=2&day=2006-2-18 HTTP/1.1" 200 6382 "-" "Mozilla/5.0 (compatible; Googlebot/2.1; +http://www.google.com/bot.html)"
66.249.70.51 - - [06/Jan/2008:12:59:28 -0800] "www.modestolan.com: GET /vb/calendar.php?c=2&week=1157846400 HTTP/1.1" 200 7083 "-" "Mozilla/5.0 (compatible; Googlebot/2.1; +http://www.google.com/bot.html)"
66.249.70.51 - - [06/Jan/2008:12:59:37 -0800] "www.modestolan.com: GET /vb/calendar.php?c=2&week=1136678400 HTTP/1.1" 200 7077 "-" "Mozilla/5.0 (compatible; Googlebot/2.1; +http://www.google.com/bot.html)"
66.249.70.51 - - [06/Jan/2008:12:59:45 -0800] "www.modestolan.com: GET /vb/calendar.php?do=add&c=2&day=2006-5-2 HTTP/1.1" 200 6381 "-" "Mozilla/5.0 (compatible; Googlebot/2.1; +http://www.google.com/bot.html)"
74.6.27.37 - - [06/Jan/2008:12:59:48 -0800] "www.modestolan.com: GET /vb/member.php?u=416 HTTP/1.0" 200 6380 "-" "Mozilla/5.0 (compatible; Yahoo! Slurp; http://help.yahoo.com/help/us/ysearch/slurp)"
66.249.70.51 - - [06/Jan/2008:12:59:53 -0800] "www.modestolan.com: GET /vb/calendar.php?do=add&c=2&day=2006-4-1 HTTP/1.1" 200 6382 "-" "Mozilla/5.0 (compatible; Googlebot/2.1; +http://www.google.com/bot.html)"
200.95.157.112 - - [06/Jan/2008:12:59:55 -0800] "www.modestolan.com: GET /tables.css HTTP/1.1" 200 2419 "http://www.modestolan.com/xwred1/mp3/Depeche%20Mode%20-%20Playing%20The%20Angel(Advance%202005)(StefWan-Team)/" "Mozilla/4.0 (compatible; MSIE 6.0; Windows NT 5.1; SV1)"
200.95.157.112 - - [06/Jan/2008:12:59:55 -0800] "www.modestolan.com: GET /xwred1/mp3/Depeche%20Mode%20-%20Playing%20The%20Angel(Advance%202005)(StefWan-Team)/ HTTP/1.1" 200 17908 "http://www.google.com.mx/search?hl=es&rls=GGLG%2CGGLG%3A2006-05%2CGGLG%3Aes&q=%3Fintitle%3Aindex.of%3F+mp3+depeche+mode&btnG=Buscar&meta=" "Mozilla/4.0 (compatible; MSIE 6.0; Windows NT 5.1; SV1)"
200.95.157.112 - - [06/Jan/2008:12:59:56 -0800] "www.modestolan.com: GET /images/bg_small.jpg HTTP/1.1" 304 - "http://www.modestolan.com/xwred1/mp3/Depeche%20Mode%20-%20Playing%20The%20Angel(Advance%202005)(StefWan-Team)/" "Mozilla/4.0 (compatible; MSIE 6.0; Windows NT 5.1; SV1)"
200.95.157.112 - - [06/Jan/2008:12:59:56 -0800] "www.modestolan.com: GET /php/menu.php HTTP/1.1" 200 21682 "http://www.modestolan.com/xwred1/mp3/Depeche%20Mode%20-%20Playing%20The%20Angel(Advance%202005)(StefWan-Team)/" "Mozilla/4.0 (compatible; MSIE 6.0; Windows NT 5.1; SV1)"
200.95.157.112 - - [06/Jan/2008:12:59:57 -0800] "www.modestolan.com: GET /images/menu/1.gif HTTP/1.1" 200 368 "http://www.modestolan.com/xwred1/mp3/Depeche%20Mode%20-%20Playing%20The%20Angel(Advance%202005)(StefWan-Team)/" "Mozilla/4.0 (compatible; MSIE 6.0; Windows NT 5.1; SV1)"
200.95.157.112 - - [06/Jan/2008:12:59:57 -0800] "www.modestolan.com: GET /images/menu/2.gif HTTP/1.1" 200 550 "http://www.modestolan.com/xwred1/mp3/Depeche%20Mode%20-%20Playing%20The%20Angel(Advance%202005)(StefWan-Team)/" "Mozilla/4.0 (compatible; MSIE 6.0; Windows NT 5.1; SV1)"
200.95.157.112 - - [06/Jan/2008:12:59:57 -0800] "www.modestolan.com: GET /images/menu/3.gif HTTP/1.1" 200 511 "http://www.modestolan.com/xwred1/mp3/Depeche%20Mode%20-%20Playing%20The%20Angel(Advance%202005)(StefWan-Team)/" "Mozilla/4.0 (compatible; MSIE 6.0; Windows NT 5.1; SV1)"
200.95.157.112 - - [06/Jan/2008:12:59:57 -0800] "www.modestolan.com: GET /images/menu/4.gif HTTP/1.1" 200 443 "http://www.modestolan.com/xwred1/mp3/Depeche%20Mode%20-%20Playing%20The%20Angel(Advance%202005)(StefWan-Team)/" "Mozilla/4.0 (compatible; MSIE 6.0; Windows NT 5.1; SV1)"
200.95.157.112 - - [06/Jan/2008:12:59:57 -0800] "www.modestolan.com: GET /images/menu/8.gif HTTP/1.1" 304 - "http://www.modestolan.com/xwred1/mp3/Depeche%20Mode%20-%20Playing%20The%20Angel(Advance%202005)(StefWan-Team)/" "Mozilla/4.0 (compatible; MSIE 6.0; Windows NT 5.1; SV1)"
200.95.157.112 - - [06/Jan/2008:12:59:57 -0800] "www.modestolan.com: GET /images/menu/5.gif HTTP/1.1" 304 - "http://www.modestolan.com/xwred1/mp3/Depeche%20Mode%20-%20Playing%20The%20Angel(Advance%202005)(StefWan-Team)/" "Mozilla/4.0 (compatible; MSIE 6.0; Windows NT 5.1; SV1)"
200.95.157.112 - - [06/Jan/2008:12:59:57 -0800] "www.modestolan.com: GET /images/menu/6.gif HTTP/1.1" 304 - "http://www.modestolan.com/xwred1/mp3/Depeche%20Mode%20-%20Playing%20The%20Angel(Advance%202005)(StefWan-Team)/" "Mozilla/4.0 (compatible; MSIE 6.0; Windows NT 5.1; SV1)"
200.95.157.112 - - [06/Jan/2008:12:59:57 -0800] "www.modestolan.com: GET /images/menu/7.gif HTTP/1.1" 304 - "http://www.modestolan.com/xwred1/mp3/Depeche%20Mode%20-%20Playing%20The%20Angel(Advance%202005)(StefWan-Team)/" "Mozilla/4.0 (compatible; MSIE 6.0; Windows NT 5.1; SV1)"
74.171.236.61 - - [06/Jan/2008:12:59:57 -0800] "www.modestolan.com: GET /~nine/Nine_Inch_Nails-Live_In_Fresno_CA_03-23-2005-YKK/11-nine_inch_nails-burn-ykk.mp3 HTTP/1.1" 200 24084 "http://www.profilemusic.org/mc/mp3player.swf" "Mozilla/4.0 (compatible; MSIE 6.0; Windows NT 5.1)"
200.95.157.112 - - [06/Jan/2008:12:59:58 -0800] "www.modestolan.com: GET /images/transparent.gif HTTP/1.1" 200 43 "http://www.modestolan.com/xwred1/mp3/Depeche%20Mode%20-%20Playing%20The%20Angel(Advance%202005)(StefWan-Team)/" "Mozilla/4.0 (compatible; MSIE 6.0; Windows NT 5.1; SV1)"
200.95.157.112 - - [06/Jan/2008:12:59:58 -0800] "www.modestolan.com: GET /images/landate.swf HTTP/1.1" 200 2197 "http://www.modestolan.com/xwred1/mp3/Depeche%20Mode%20-%20Playing%20The%20Angel(Advance%202005)(StefWan-Team)/" "Mozilla/4.0 (compatible; MSIE 6.0; Windows NT 5.1; SV1)"
200.95.157.112 - - [06/Jan/2008:12:59:58 -0800] "www.modestolan.com: GET /images/top_14.gif HTTP/1.1" 200 522 "http://www.modestolan.com/xwred1/mp3/Depeche%20Mode%20-%20Playing%20The%20Angel(Advance%202005)(StefWan-Team)/" "Mozilla/4.0 (compatible; MSIE 6.0; Windows NT 5.1; SV1)"
200.95.157.112 - - [06/Jan/2008:12:59:58 -0800] "www.modestolan.com: GET /transparent.gif HTTP/1.1" 200 43 "http://www.modestolan.com/xwred1/mp3/Depeche%20Mode%20-%20Playing%20The%20Angel(Advance%202005)(StefWan-Team)/" "Mozilla/4.0 (compatible; MSIE 6.0; Windows NT 5.1; SV1)"
200.95.157.112 - - [06/Jan/2008:12:59:58 -0800] "www.modestolan.com: GET /images/top_12.gif HTTP/1.1" 200 826 "http://www.modestolan.com/xwred1/mp3/Depeche%20Mode%20-%20Playing%20The%20Angel(Advance%202005)(StefWan-Team)/" "Mozilla/4.0 (compatible; MSIE 6.0; Windows NT 5.1; SV1)"
200.95.157.112 - - [06/Jan/2008:12:59:58 -0800] "www.modestolan.com: GET /images/top_02.gif HTTP/1.1" 304 - "http://www.modestolan.com/xwred1/mp3/Depeche%20Mode%20-%20Playing%20The%20Angel(Advance%202005)(StefWan-Team)/" "Mozilla/4.0 (compatible; MSIE 6.0; Windows NT 5.1; SV1)"
200.95.157.112 - - [06/Jan/2008:12:59:58 -0800] "www.modestolan.com: GET /images/top_01.gif HTTP/1.1" 200 344 "http://www.modestolan.com/xwred1/mp3/Depeche%20Mode%20-%20Playing%20The%20Angel(Advance%202005)(StefWan-Team)/" "Mozilla/4.0 (compatible; MSIE 6.0; Windows NT 5.1; SV1)"
200.95.157.112 - - [06/Jan/2008:12:59:58 -0800] "www.modestolan.com: GET /images/top_03.gif HTTP/1.1" 200 349 "http://www.modestolan.com/xwred1/mp3/Depeche%20Mode%20-%20Playing%20The%20Angel(Advance%202005)(StefWan-Team)/" "Mozilla/4.0 (compatible; MSIE 6.0; Windows NT 5.1; SV1)"
200.95.157.112 - - [06/Jan/2008:12:59:59 -0800] "www.modestolan.com: GET /images/top_04.gif HTTP/1.1" 304 - "http://www.modestolan.com/xwred1/mp3/Depeche%20Mode%20-%20Playing%20The%20Angel(Advance%202005)(StefWan-Team)/" "Mozilla/4.0 (compatible; MSIE 6.0; Windows NT 5.1; SV1)"
200.95.157.112 - - [06/Jan/2008:12:59:59 -0800] "www.modestolan.com: GET /images/top_05.gif HTTP/1.1" 200 3111 "http://www.modestolan.com/xwred1/mp3/Depeche%20Mode%20-%20Playing%20The%20Angel(Advance%202005)(StefWan-Team)/" "Mozilla/4.0 (compatible; MSIE 6.0; Windows NT 5.1; SV1)"
200.95.157.112 - - [06/Jan/2008:12:59:59 -0800] "www.modestolan.com: GET /images/top_06.gif HTTP/1.1" 200 1954 "http://www.modestolan.com/xwred1/mp3/Depeche%20Mode%20-%20Playing%20The%20Angel(Advance%202005)(StefWan-Team)/" "Mozilla/4.0 (compatible; MSIE 6.0; Windows NT 5.1; SV1)"
200.95.157.112 - - [06/Jan/2008:12:59:59 -0800] "www.modestolan.com: GET /images/top_07.gif HTTP/1.1" 200 2521 "http://www.modestolan.com/xwred1/mp3/Depeche%20Mode%20-%20Playing%20The%20Angel(Advance%202005)(StefWan-Team)/" "Mozilla/4.0 (compatible; MSIE 6.0; Windows NT 5.1; SV1)"
200.95.157.112 - - [06/Jan/2008:12:59:59 -0800] "www.modestolan.com: GET /images/top_08.gif HTTP/1.1" 304 - "http://www.modestolan.com/xwred1/mp3/Depeche%20Mode%20-%20Playing%20The%20Angel(Advance%202005)(StefWan-Team)/" "Mozilla/4.0 (compatible; MSIE 6.0; Windows NT 5.1; SV1)"
200.95.157.112 - - [06/Jan/2008:12:59:59 -0800] "www.modestolan.com: GET /images/top_09.gif HTTP/1.1" 200 1089 "http://www.modestolan.com/xwred1/mp3/Depeche%20Mode%20-%20Playing%20The%20Angel(Advance%202005)(StefWan-Team)/" "Mozilla/4.0 (compatible; MSIE 6.0; Windows NT 5.1; SV1)"
200.95.157.112 - - [06/Jan/2008:12:59:59 -0800] "www.modestolan.com: GET /images/top_10.gif HTTP/1.1" 200 1188 "http://www.modestolan.com/xwred1/mp3/Depeche%20Mode%20-%20Playing%20The%20Angel(Advance%202005)(StefWan-Team)/" "Mozilla/4.0 (compatible; MSIE 6.0; Windows NT 5.1; SV1)"
200.95.157.112 - - [06/Jan/2008:12:59:59 -0800] "www.modestolan.com: GET /images/top_13.gif HTTP/1.1" 200 728 "http://www.modestolan.com/xwred1/mp3/Depeche%20Mode%20-%20Playing%20The%20Angel(Advance%202005)(StefWan-Team)/" "Mozilla/4.0 (compatible; MSIE 6.0; Windows NT 5.1; SV1)"
200.95.157.112 - - [06/Jan/2008:12:59:59 -0800] "www.modestolan.com: GET /images/top_11.gif HTTP/1.1" 200 1553 "http://www.modestolan.com/xwred1/mp3/Depeche%20Mode%20-%20Playing%20The%20Angel(Advance%202005)(StefWan-Team)/" "Mozilla/4.0 (compatible; MSIE 6.0; Windows NT 5.1; SV1)"
200.95.157.112 - - [06/Jan/2008:12:59:59 -0800] "www.modestolan.com: GET /images/sponsors/geeks.com.gif HTTP/1.1" 200 6611 "http://www.modestolan.com/xwred1/mp3/Depeche%20Mode%20-%20Playing%20The%20Angel(Advance%202005)(StefWan-Team)/" "Mozilla/4.0 (compatible; MSIE 6.0; Windows NT 5.1; SV1)"
200.95.157.112 - - [06/Jan/2008:12:59:59 -0800] "www.modestolan.com: GET /images/sponsors/nvidia.jpeg HTTP/1.1" 200 5580 "http://www.modestolan.com/xwred1/mp3/Depeche%20Mode%20-%20Playing%20The%20Angel(Advance%202005)(StefWan-Team)/" "Mozilla/4.0 (compatible; MSIE 6.0; Windows NT 5.1; SV1)"
200.95.157.112 - - [06/Jan/2008:12:59:59 -0800] "www.modestolan.com: GET /images/sponsors/alogo.gif HTTP/1.1" 200 5996 "http://www.modestolan.com/xwred1/mp3/Depeche%20Mode%20-%20Playing%20The%20Angel(Advance%202005)(StefWan-Team)/" "Mozilla/4.0 (compatible; MSIE 6.0; Windows NT 5.1; SV1)"
200.95.157.112 - - [06/Jan/2008:12:59:59 -0800] "www.modestolan.com: GET /images/sponsors/BAWLSbutton.gif HTTP/1.1" 200 8114 "http://www.modestolan.com/xwred1/mp3/Depeche%20Mode%20-%20Playing%20The%20Angel(Advance%202005)(StefWan-Team)/" "Mozilla/4.0 (compatible; MSIE 6.0; Windows NT 5.1; SV1)"
200.95.157.112 - - [06/Jan/2008:12:59:59 -0800] "www.modestolan.com: GET /images/runningslack.gif HTTP/1.1" 200 1818 "http://www.modestolan.com/xwred1/mp3/Depeche%20Mode%20-%20Playing%20The%20Angel(Advance%202005)(StefWan-Team)/" "Mozilla/4.0 (compatible; MSIE 6.0; Windows NT 5.1; SV1)"
200.95.157.112 - - [06/Jan/2008:13:00:00 -0800] "www.modestolan.com: GET /icons/blank.gif HTTP/1.1" 200 148 "http://www.modestolan.com/xwred1/mp3/Depeche%20Mode%20-%20Playing%20The%20Angel(Advance%202005)(StefWan-Team)/" "Mozilla/4.0 (compatible; MSIE 6.0; Windows NT 5.1; SV1)"
200.95.157.112 - - [06/Jan/2008:13:00:00 -0800] "www.modestolan.com: GET /icons/back.gif HTTP/1.1" 200 216 "http://www.modestolan.com/xwred1/mp3/Depeche%20Mode%20-%20Playing%20The%20Angel(Advance%202005)(StefWan-Team)/" "Mozilla/4.0 (compatible; MSIE 6.0; Windows NT 5.1; SV1)"
200.95.157.112 - - [06/Jan/2008:13:00:00 -0800] "www.modestolan.com: GET /icons/sound2.gif HTTP/1.1" 200 221 "http://www.modestolan.com/xwred1/mp3/Depeche%20Mode%20-%20Playing%20The%20Angel(Advance%202005)(StefWan-Team)/" "Mozilla/4.0 (compatible; MSIE 6.0; Windows NT 5.1; SV1)"
200.95.157.112 - - [06/Jan/2008:13:00:00 -0800] "www.modestolan.com: GET /icons/text.gif HTTP/1.1" 200 229 "http://www.modestolan.com/xwred1/mp3/Depeche%20Mode%20-%20Playing%20The%20Angel(Advance%202005)(StefWan-Team)/" "Mozilla/4.0 (compatible; MSIE 6.0; Windows NT 5.1; SV1)"
200.95.157.112 - - [06/Jan/2008:13:00:00 -0800] "www.modestolan.com: GET /icons/image2.gif HTTP/1.1" 304 - "http://www.modestolan.com/xwred1/mp3/Depeche%20Mode%20-%20Playing%20The%20Angel(Advance%202005)(StefWan-Team)/" "Mozilla/4.0 (compatible; MSIE 6.0; Windows NT 5.1; SV1)"
200.95.157.112 - - [06/Jan/2008:13:00:00 -0800] "www.modestolan.com: GET /icons/unknown.gif HTTP/1.1" 200 245 "http://www.modestolan.com/xwred1/mp3/Depeche%20Mode%20-%20Playing%20The%20Angel(Advance%202005)(StefWan-Team)/" "Mozilla/4.0 (compatible; MSIE 6.0; Windows NT 5.1; SV1)"
66.249.70.51 - - [06/Jan/2008:13:00:02 -0800] "www.modestolan.com: GET /vb/calendar.php?do=add&c=2&day=2006-12-2 HTTP/1.1" 200 6381 "-" "Mozilla/5.0 (compatible; Googlebot/2.1; +http://www.google.com/bot.html)"
66.249.70.51 - - [06/Jan/2008:13:00:10 -0800] "www.modestolan.com: GET /vb/calendar.php?do=add&c=2&day=2007-1-3 HTTP/1.1" 200 6380 "-" "Mozilla/5.0 (compatible; Googlebot/2.1; +http://www.google.com/bot.html)"
66.249.70.51 - - [06/Jan/2008:13:00:19 -0800] "www.modestolan.com: GET /vb/calendar.php?do=add&c=2&day=2006-9-20 HTTP/1.1" 200 6382 "-" "Mozilla/5.0 (compatible; Googlebot/2.1; +http://www.google.com/bot.html)"
200.95.157.112 - - [06/Jan/2008:13:00:23 -0800] "www.modestolan.com: GET /xwred1/mp3/Depeche%20Mode%20-%20Playing%20The%20Angel(Advance%202005)(StefWan-Team)/Depeche%20mode.jpg HTTP/1.1" 200 45029 "http://www.modestolan.com/xwred1/mp3/Depeche%20Mode%20-%20Playing%20The%20Angel(Advance%202005)(StefWan-Team)/" "Mozilla/4.0 (compatible; MSIE 6.0; Windows NT 5.1; SV1)"
66.61.18.82 - - [06/Jan/2008:13:00:25 -0800] "www.modestolan.com: GET /~nine/misc/fuckingstopalready.wmv HTTP/1.1" 200 46437 "http://webmail.edinboro.edu/msg=15" "Mozilla/4.0 (compatible; MSIE 6.0; Windows NT 5.1; SV1; InfoPath.1)"
66.249.70.51 - - [06/Jan/2008:13:00:27 -0800] "www.modestolan.com: GET /vb/calendar.php?c=2&week=1163894400 HTTP/1.1" 200 7089 "-" "Mozilla/5.0 (compatible; Googlebot/2.1; +http://www.google.com/bot.html)"
200.95.157.112 - - [06/Jan/2008:13:00:27 -0800] "www.modestolan.com: GET /xwred1/mp3/Depeche%20Mode%20-%20Playing%20The%20Angel(Advance%202005)(StefWan-Team)/ HTTP/1.1" 200 17908 "http://www.google.com.mx/search?hl=es&rls=GGLG%2CGGLG%3A2006-05%2CGGLG%3Aes&q=%3Fintitle%3Aindex.of%3F+mp3+depeche+mode&btnG=Buscar&meta=" "Mozilla/4.0 (compatible; MSIE 6.0; Windows NT 5.1; SV1)"
66.61.18.82 - - [06/Jan/2008:13:00:29 -0800] "www.modestolan.com: GET /%7Enine/misc/fuckingstopalready.wmv HTTP/1.1" 200 18754 "-" "NSPlayer/9.0.0.3250"
66.61.18.82 - - [06/Jan/2008:13:00:30 -0800] "www.modestolan.com: GET /~nine/misc/fuckingstopalready.wmv HTTP/1.1" 206 56601 "-" "NSPlayer/9.0.0.3267 WMFSDK/9.0"
66.249.70.51 - - [06/Jan/2008:13:00:35 -0800] "www.modestolan.com: GET /vb/calendar.php?c=2&week=1156032000 HTTP/1.1" 200 7087 "-" "Mozilla/5.0 (compatible; Googlebot/2.1; +http://www.google.com/bot.html)"
200.95.157.112 - - [06/Jan/2008:13:00:39 -0800] "www.modestolan.com: GET /xwred1/mp3/Depeche%20Mode%20-%20Playing%20The%20Angel(Advance%202005)(StefWan-Team)/01%20-%20Depeche%20Mode%20-%20a%20pain%20that%20i%20m%20used%20to.mp3 HTTP/1.1" 200 24084 "http://www.modestolan.com/xwred1/mp3/Depeche%20Mode%20-%20Playing%20The%20Angel(Advance%202005)(StefWan-Team)/" "Mozilla/4.0 (compatible; MSIE 6.0; Windows NT 5.1; SV1)"
200.95.157.112 - - [06/Jan/2008:13:00:40 -0800] "www.modestolan.com: GET /php/menu.php HTTP/1.1" 200 21682 "http://www.modestolan.com/xwred1/mp3/Depeche%20Mode%20-%20Playing%20The%20Angel(Advance%202005)(StefWan-Team)/01%20-%20Depeche%20Mode%20-%20a%20pain%20that%20i%20m%20used%20to.mp3" "Mozilla/4.0 (compatible; MSIE 6.0; Windows NT 5.1; SV1)"
66.249.70.51 - - [06/Jan/2008:13:00:44 -0800] "www.modestolan.com: GET /vb/calendar.php?c=2&week=1157241600 HTTP/1.1" 200 7070 "-" "Mozilla/5.0 (compatible; Googlebot/2.1; +http://www.google.com/bot.html)"
66.249.70.51 - - [06/Jan/2008:13:00:52 -0800] "www.modestolan.com: GET /vb/calendar.php?do=add&c=2&day=2006-4-7 HTTP/1.1" 200 6382 "-" "Mozilla/5.0 (compatible; Googlebot/2.1; +http://www.google.com/bot.html)"
200.95.157.112 - - [06/Jan/2008:13:00:56 -0800] "www.modestolan.com: GET /xwred1/mp3/Depeche%20Mode%20-%20Playing%20The%20Angel(Advance%202005)(StefWan-Team)/ HTTP/1.1" 200 17908 "http://www.google.com.mx/search?hl=es&rls=GGLG%2CGGLG%3A2006-05%2CGGLG%3Aes&q=%3Fintitle%3Aindex.of%3F+mp3+depeche+mode&btnG=Buscar&meta=" "Mozilla/4.0 (compatible; MSIE 6.0; Windows NT 5.1; SV1)"
200.95.157.112 - - [06/Jan/2008:13:00:59 -0800] "www.modestolan.com: GET /xwred1/mp3/Depeche%20Mode%20-%20Playing%20The%20Angel(Advance%202005)(StefWan-Team)/02%20-%20Depeche%20Mode%20-%20john%20the%20revelator.mp3 HTTP/1.1" 200 24084 "http://www.modestolan.com/xwred1/mp3/Depeche%20Mode%20-%20Playing%20The%20Angel(Advance%202005)(StefWan-Team)/" "Mozilla/4.0 (compatible; MSIE 6.0; Windows NT 5.1; SV1)"
