66.249.70.51 - - [06/Jan/2008:13:11:15 -0800] "www.modestolan.com: GET /vb/calendar.php?do=add&c=2&day=2006-5-15 HTTP/1.1" 200 6382 "-" "Mozilla/5.0 (compatible; Googlebot/2.1; +http://www.google.com/bot.html)"
66.249.70.51 - - [06/Jan/2008:13:11:23 -0800] "www.modestolan.com: GET /vb/calendar.php?do=add&c=2&day=2006-8-12 HTTP/1.1" 200 6382 "-" "Mozilla/5.0 (compatible; Googlebot/2.1; +http://www.google.com/bot.html)"
66.249.70.51 - - [06/Jan/2008:13:11:31 -0800] "www.modestolan.com: GET /vb/calendar.php?do=add&c=2&day=2006-5-13 HTTP/1.1" 200 6381 "-" "Mozilla/5.0 (compatible; Googlebot/2.1; +http://www.google.com/bot.html)"
66.249.70.51 - - [06/Jan/2008:13:11:40 -0800] "www.modestolan.com: GET /vb/calendar.php?do=add&c=2&day=2006-8-23 HTTP/1.1" 200 6382 "-" "Mozilla/5.0 (compatible; Googlebot/2.1; +http://www.google.com/bot.html)"
66.249.70.51 - - [06/Jan/2008:13:11:48 -0800] "www.modestolan.com: GET /vb/calendar.php?do=add&c=2&day=2006-2-17 HTTP/1.1" 200 6383 "-" "Mozilla/5.0 (compatible; Googlebot/2.1; +http://www.google.com/bot.html)"
66.249.70.51 - - [06/Jan/2008:13:11:57 -0800] "www.modestolan.com: GET /vb/calendar.php?do=add&c=2&day=2006-1-11 HTTP/1.1" 200 6381 "-" "Mozilla/5.0 (compatible; Googlebot/2.1; +http://www.google.com/bot.html)"
38.99.44.101 - - [06/Jan/2008:13:11:59 -0800] "www.blppp.com: GET /robots.txt HTTP/1.0" 200 225 "-" "Mozilla/5.0 (Twiceler-0.9 http://www.cuill.com/twiceler/robot.html)"
66.249.70.51 - - [06/Jan/2008:13:12:05 -0800] "www.modestolan.com: GET /vb/calendar.php?do=add&c=2&day=2006-7-24 HTTP/1.1" 200 6381 "-" "Mozilla/5.0 (compatible; Googlebot/2.1; +http://www.google.com/bot.html)"
66.249.70.51 - - [06/Jan/2008:13:12:14 -0800] "www.modestolan.com: GET /vb/calendar.php?c=2&week=1169337600&do=displayweek&month=1 HTTP/1.1" 200 7099 "-" "Mozilla/5.0 (compatible; Googlebot/2.1; +http://www.google.com/bot.html)"
66.249.70.51 - - [06/Jan/2008:13:12:22 -0800] "www.modestolan.com: GET /vb/calendar.php?month=12&year=2005&c=2&do=displaymonth HTTP/1.1" 200 7531 "-" "Mozilla/5.0 (compatible; Googlebot/2.1; +http://www.google.com/bot.html)"
66.249.70.51 - - [06/Jan/2008:13:12:30 -0800] "www.modestolan.com: GET /vb/calendar.php?do=add&c=2&day=2006-3-23 HTTP/1.1" 200 6381 "-" "Mozilla/5.0 (compatible; Googlebot/2.1; +http://www.google.com/bot.html)"
66.249.70.51 - - [06/Jan/2008:13:12:39 -0800] "www.modestolan.com: GET /vb/calendar.php?do=add&c=2&day=2005-12-26 HTTP/1.1" 200 6383 "-" "Mozilla/5.0 (compatible; Googlebot/2.1; +http://www.google.com/bot.html)"
66.249.70.51 - - [06/Jan/2008:13:12:47 -0800] "www.modestolan.com: GET /vb/calendar.php?c=2&week=1152403200 HTTP/1.1" 200 7138 "-" "Mozilla/5.0 (compatible; Googlebot/2.1; +http://www.google.com/bot.html)"
66.249.70.51 - - [06/Jan/2008:13:12:56 -0800] "www.modestolan.com: GET /vb/calendar.php?do=add&c=2&day=2007-1-4 HTTP/1.1" 200 6381 "-" "Mozilla/5.0 (compatible; Googlebot/2.1; +http://www.google.com/bot.html)"
66.249.70.51 - - [06/Jan/2008:13:13:04 -0800] "www.modestolan.com: GET /vb/calendar.php?do=add&c=2&day=2006-1-6 HTTP/1.1" 200 6381 "-" "Mozilla/5.0 (compatible; Googlebot/2.1; +http://www.google.com/bot.html)"
66.249.70.51 - - [06/Jan/2008:13:13:12 -0800] "www.modestolan.com: GET /vb/calendar.php?do=add&c=2&day=2006-3-30 HTTP/1.1" 200 6383 "-" "Mozilla/5.0 (compatible; Googlebot/2.1; +http://www.google.com/bot.html)"
66.249.70.51 - - [06/Jan/2008:13:13:21 -0800] "www.modestolan.com: GET /vb/calendar.php?do=add&c=2&day=2006-7-4 HTTP/1.1" 200 6381 "-" "Mozilla/5.0 (compatible; Googlebot/2.1; +http://www.google.com/bot.html)"
68.116.82.112 - - [06/Jan/2008:13:13:22 -0800] "webmail.modestolan.com: GET /src/left_main.php HTTP/1.1" 200 9223 "https://webmail.modestolan.com/src/webmail.php" "Mozilla/4.0 (compatible; MSIE 7.0; Windows NT 5.1; .NET CLR 1.1.4322)"
66.249.70.51 - - [06/Jan/2008:13:13:29 -0800] "www.modestolan.com: GET /vb/calendar.php?do=add&c=2&day=2006-4-8 HTTP/1.1" 200 6383 "-" "Mozilla/5.0 (compatible; Googlebot/2.1; +http://www.google.com/bot.html)"
66.249.70.51 - - [06/Jan/2008:13:13:38 -0800] "www.modestolan.com: GET /vb/calendar.php?do=add&c=2&day=2006-9-12 HTTP/1.1" 200 6380 "-" "Mozilla/5.0 (compatible; Googlebot/2.1; +http://www.google.com/bot.html)"
66.249.70.51 - - [06/Jan/2008:13:13:46 -0800] "www.modestolan.com: GET /vb/calendar.php?do=add&c=2&day=2006-12-31 HTTP/1.1" 200 6384 "-" "Mozilla/5.0 (compatible; Googlebot/2.1; +http://www.google.com/bot.html)"
66.249.70.51 - - [06/Jan/2008:13:13:54 -0800] "www.modestolan.com: GET /vb/calendar.php?do=add&c=2&day=2006-3-29 HTTP/1.1" 200 6382 "-" "Mozilla/5.0 (compatible; Googlebot/2.1; +http://www.google.com/bot.html)"
66.249.70.51 - - [06/Jan/2008:13:14:03 -0800] "www.modestolan.com: GET /vb/calendar.php?do=add&c=2&day=2006-4-4 HTTP/1.1" 200 6381 "-" "Mozilla/5.0 (compatible; Googlebot/2.1; +http://www.google.com/bot.html)"
89.80.93.133 - - [06/Jan/2008:13:14:10 -0800] "www.modestolan.com: GET /~hoodlum/blah/faggot-nemesis.avi HTTP/1.1" 404 356 "-" "Mozilla/4.0 (compatible; MSIE 6.0.2900.2180; NT 5.1;)"
66.249.70.51 - - [06/Jan/2008:13:14:11 -0800] "www.modestolan.com: GET /vb/calendar.php?do=add&c=2&day=2006-4-3 HTTP/1.1" 200 6380 "-" "Mozilla/5.0 (compatible; Googlebot/2.1; +http://www.google.com/bot.html)"
66.249.70.51 - - [06/Jan/2008:13:14:20 -0800] "www.modestolan.com: GET /vb/calendar.php?do=add&c=2&day=2005-12-27 HTTP/1.1" 200 6384 "-" "Mozilla/5.0 (compatible; Googlebot/2.1; +http://www.google.com/bot.html)"
66.249.70.51 - - [06/Jan/2008:13:14:29 -0800] "www.modestolan.com: GET /vb/showthread.php?p=50565 HTTP/1.1" 200 16203 "-" "Mozilla/5.0 (compatible; Googlebot/2.1; +http://www.google.com/bot.html)"
66.249.70.51 - - [06/Jan/2008:13:14:45 -0800] "www.modestolan.com: GET /vb/calendar.php?c=2&week=1153008000 HTTP/1.1" 200 7145 "-" "Mozilla/5.0 (compatible; Googlebot/2.1; +http://www.google.com/bot.html)"
66.249.70.51 - - [06/Jan/2008:13:14:53 -0800] "www.modestolan.com: GET /vb/calendar.php?c=2&week=1148169600 HTTP/1.1" 200 7086 "-" "Mozilla/5.0 (compatible; Googlebot/2.1; +http://www.google.com/bot.html)"
66.249.70.51 - - [06/Jan/2008:13:15:02 -0800] "www.modestolan.com: GET /vb/calendar.php?c=2&week=1137283200 HTTP/1.1" 200 7082 "-" "Mozilla/5.0 (compatible; Googlebot/2.1; +http://www.google.com/bot.html)"
66.249.70.51 - - [06/Jan/2008:13:15:10 -0800] "www.modestolan.com: GET /vb/calendar.php?c=2&week=1158451200 HTTP/1.1" 200 7087 "-" "Mozilla/5.0 (compatible; Googlebot/2.1; +http://www.google.com/bot.html)"
66.249.70.51 - - [06/Jan/2008:13:15:19 -0800] "www.modestolan.com: GET /vb/calendar.php?c=2&week=1149984000 HTTP/1.1" 200 7113 "-" "Mozilla/5.0 (compatible; Googlebot/2.1; +http://www.google.com/bot.html)"
66.249.70.51 - - [06/Jan/2008:13:15:27 -0800] "www.modestolan.com: GET /vb/calendar.php?c=2&week=1159660800 HTTP/1.1" 200 7076 "-" "Mozilla/5.0 (compatible; Googlebot/2.1; +http://www.google.com/bot.html)"
66.249.70.51 - - [06/Jan/2008:13:15:35 -0800] "www.modestolan.com: GET /vb/calendar.php?c=2&week=1156636800 HTTP/1.1" 200 7369 "-" "Mozilla/5.0 (compatible; Googlebot/2.1; +http://www.google.com/bot.html)"
66.249.70.51 - - [06/Jan/2008:13:15:44 -0800] "www.modestolan.com: GET /vb/calendar.php?c=2&week=1136073600 HTTP/1.1" 200 7072 "-" "Mozilla/5.0 (compatible; Googlebot/2.1; +http://www.google.com/bot.html)"
74.6.20.145 - - [06/Jan/2008:13:15:49 -0800] "www.modestolan.com: GET /vb/misc.php?do=bbcode HTTP/1.0" 200 11328 "-" "Mozilla/5.0 (compatible; Yahoo! Slurp; http://help.yahoo.com/help/us/ysearch/slurp)"
66.249.70.51 - - [06/Jan/2008:13:15:52 -0800] "www.modestolan.com: GET /vb/calendar.php?c=2&week=1135468800 HTTP/1.1" 200 7079 "-" "Mozilla/5.0 (compatible; Googlebot/2.1; +http://www.google.com/bot.html)"
66.249.70.51 - - [06/Jan/2008:13:16:01 -0800] "www.modestolan.com: GET /vb/calendar.php?c=2&week=1145750400 HTTP/1.1" 200 7198 "-" "Mozilla/5.0 (compatible; Googlebot/2.1; +http://www.google.com/bot.html)"
66.249.70.51 - - [06/Jan/2008:13:16:09 -0800] "www.modestolan.com: GET /vb/calendar.php?c=2&week=1140307200 HTTP/1.1" 200 7102 "-" "Mozilla/5.0 (compatible; Googlebot/2.1; +http://www.google.com/bot.html)"
66.249.70.51 - - [06/Jan/2008:13:16:10 -0800] "www.radiumradio.com: GET /robots.txt HTTP/1.1" 404 329 "-" "Mozilla/5.0 (compatible; Googlebot/2.1; +http://www.google.com/bot.html)"
66.249.70.51 - - [06/Jan/2008:13:16:12 -0800] "www.radiumradio.com: GET /funny/abc.php HTTP/1.1" 200 188869 "-" "Mozilla/5.0 (compatible; Googlebot/2.1; +http://www.google.com/bot.html)"
66.249.70.51 - - [06/Jan/2008:13:16:17 -0800] "www.modestolan.com: GET /vb/calendar.php?c=2&week=1151193600 HTTP/1.1" 200 7478 "-" "Mozilla/5.0 (compatible; Googlebot/2.1; +http://www.google.com/bot.html)"
66.249.70.51 - - [06/Jan/2008:13:16:26 -0800] "www.modestolan.com: GET /vb/calendar.php?c=2&week=1143936000 HTTP/1.1" 200 7191 "-" "Mozilla/5.0 (compatible; Googlebot/2.1; +http://www.google.com/bot.html)"
66.249.70.51 - - [06/Jan/2008:13:16:34 -0800] "www.modestolan.com: GET /vb/calendar.php?c=2&week=1147564800 HTTP/1.1" 200 7096 "-" "Mozilla/5.0 (compatible; Googlebot/2.1; +http://www.google.com/bot.html)"
66.249.70.51 - - [06/Jan/2008:13:16:44 -0800] "www.modestolan.com: GET /vb/calendar.php?c=2&week=1154822400 HTTP/1.1" 200 7081 "-" "Mozilla/5.0 (compatible; Googlebot/2.1; +http://www.google.com/bot.html)"
74.6.23.143 - - [06/Jan/2008:13:16:44 -0800] "www.modestolan.com: GET /vb/showthread.php?t=5011 HTTP/1.0" 200 12873 "-" "Mozilla/5.0 (compatible; Yahoo! Slurp; http://help.yahoo.com/help/us/ysearch/slurp)"
66.249.70.51 - - [06/Jan/2008:13:16:51 -0800] "www.modestolan.com: GET /vb/calendar.php?do=add&c=2&day=2006-4-18 HTTP/1.1" 200 6381 "-" "Mozilla/5.0 (compatible; Googlebot/2.1; +http://www.google.com/bot.html)"
66.249.70.51 - - [06/Jan/2008:13:17:00 -0800] "www.modestolan.com: GET /vb/calendar.php?c=2&week=1154217600 HTTP/1.1" 200 7444 "-" "Mozilla/5.0 (compatible; Googlebot/2.1; +http://www.google.com/bot.html)"
66.249.70.51 - - [06/Jan/2008:13:17:08 -0800] "www.modestolan.com: GET /vb/calendar.php?c=2&week=1166918400 HTTP/1.1" 200 7137 "-" "Mozilla/5.0 (compatible; Googlebot/2.1; +http://www.google.com/bot.html)"
66.249.70.51 - - [06/Jan/2008:13:17:16 -0800] "www.modestolan.com: GET /vb/calendar.php?c=2&week=1142121600 HTTP/1.1" 200 7129 "-" "Mozilla/5.0 (compatible; Googlebot/2.1; +http://www.google.com/bot.html)"
66.249.70.51 - - [06/Jan/2008:13:17:25 -0800] "www.modestolan.com: GET /vb/calendar.php?c=2&week=1146960000 HTTP/1.1" 200 7086 "-" "Mozilla/5.0 (compatible; Googlebot/2.1; +http://www.google.com/bot.html)"
66.249.70.51 - - [06/Jan/2008:13:17:33 -0800] "www.modestolan.com: GET /vb/calendar.php?c=2&week=1155427200 HTTP/1.1" 200 7086 "-" "Mozilla/5.0 (compatible; Googlebot/2.1; +http://www.google.com/bot.html)"
66.249.70.51 - - [06/Jan/2008:13:17:41 -0800] "www.modestolan.com: GET /vb/calendar.php?do=add&c=2&day=2006-4-17 HTTP/1.1" 200 6382 "-" "Mozilla/5.0 (compatible; Googlebot/2.1; +http://www.google.com/bot.html)"
66.249.70.51 - - [06/Jan/2008:13:17:50 -0800] "www.modestolan.com: GET /vb/calendar.php?do=add&c=2&day=2006-5-6 HTTP/1.1" 200 6381 "-" "Mozilla/5.0 (compatible; Googlebot/2.1; +http://www.google.com/bot.html)"
66.249.70.51 - - [06/Jan/2008:13:17:58 -0800] "www.modestolan.com: GET /vb/calendar.php?do=add&c=2&day=2006-4-22 HTTP/1.1" 200 6382 "-" "Mozilla/5.0 (compatible; Googlebot/2.1; +http://www.google.com/bot.html)"
66.249.70.51 - - [06/Jan/2008:13:18:07 -0800] "www.modestolan.com: GET /vb/calendar.php?do=add&c=2&day=2006-9-10 HTTP/1.1" 200 6383 "-" "Mozilla/5.0 (compatible; Googlebot/2.1; +http://www.google.com/bot.html)"
66.249.70.51 - - [06/Jan/2008:13:18:15 -0800] "www.modestolan.com: GET /vb/calendar.php?do=add&c=2&day=2006-11-7 HTTP/1.1" 200 6383 "-" "Mozilla/5.0 (compatible; Googlebot/2.1; +http://www.google.com/bot.html)"
66.249.70.51 - - [06/Jan/2008:13:18:24 -0800] "www.modestolan.com: GET /vb/calendar.php?do=add&c=2&day=2005-12-31 HTTP/1.1" 200 6383 "-" "Mozilla/5.0 (compatible; Googlebot/2.1; +http://www.google.com/bot.html)"
66.249.70.51 - - [06/Jan/2008:13:18:30 -0800] "jdacura.com: GET /modules.php?set_albumName=album06&op=modload&name=gallery&file=index&include=slideshow.php HTTP/1.1" 200 37590 "-" "Mozilla/5.0 (compatible; Googlebot/2.1; +http://www.google.com/bot.html)"
66.249.70.51 - - [06/Jan/2008:13:18:32 -0800] "www.modestolan.com: GET /vb/calendar.php?do=add&c=2&day=2006-3-22 HTTP/1.1" 200 6381 "-" "Mozilla/5.0 (compatible; Googlebot/2.1; +http://www.google.com/bot.html)"
66.249.70.51 - - [06/Jan/2008:13:18:40 -0800] "www.modestolan.com: GET /vb/calendar.php?do=add&c=2&day=2006-9-11 HTTP/1.1" 200 6380 "-" "Mozilla/5.0 (compatible; Googlebot/2.1; +http://www.google.com/bot.html)"
74.6.23.119 - - [06/Jan/2008:13:18:42 -0800] "www.modestolan.com: GET /vb/search.php?do=finduser&userid=64&searchthreadid=5631 HTTP/1.0" 302 0 "-" "Mozilla/5.0 (compatible; Yahoo! Slurp; http://help.yahoo.com/help/us/ysearch/slurp)"
74.6.23.119 - - [06/Jan/2008:13:18:43 -0800] "www.modestolan.com: GET /vb/search.php?searchid=9954 HTTP/1.0" 200 6333 "-" "Mozilla/5.0 (compatible; Yahoo! Slurp; http://help.yahoo.com/help/us/ysearch/slurp)"
66.249.70.51 - - [06/Jan/2008:13:18:49 -0800] "www.modestolan.com: GET /vb/calendar.php?c=2&week=1168128000&do=displayweek&month=1 HTTP/1.1" 200 7100 "-" "Mozilla/5.0 (compatible; Googlebot/2.1; +http://www.google.com/bot.html)"
66.249.70.51 - - [06/Jan/2008:13:18:57 -0800] "www.modestolan.com: GET /vb/calendar.php?do=add&c=2&day=2006-11-8 HTTP/1.1" 200 6383 "-" "Mozilla/5.0 (compatible; Googlebot/2.1; +http://www.google.com/bot.html)"
66.249.70.51 - - [06/Jan/2008:13:19:06 -0800] "www.modestolan.com: GET /vb/calendar.php?c=2&do=displayyear&year= HTTP/1.1" 200 9631 "-" "Mozilla/5.0 (compatible; Googlebot/2.1; +http://www.google.com/bot.html)"
66.249.70.51 - - [06/Jan/2008:13:19:14 -0800] "www.modestolan.com: GET /vb/calendar.php?do=add&c=2&day=2006-10-10 HTTP/1.1" 200 6381 "-" "Mozilla/5.0 (compatible; Googlebot/2.1; +http://www.google.com/bot.html)"
66.249.70.51 - - [06/Jan/2008:13:19:22 -0800] "www.modestolan.com: GET /vb/calendar.php?do=add&c=2&day=2006-11-30 HTTP/1.1" 200 6383 "-" "Mozilla/5.0 (compatible; Googlebot/2.1; +http://www.google.com/bot.html)"
66.249.70.51 - - [06/Jan/2008:13:19:31 -0800] "www.modestolan.com: GET /vb/calendar.php?do=add&c=2&day=2006-8-24 HTTP/1.1" 200 6382 "-" "Mozilla/5.0 (compatible; Googlebot/2.1; +http://www.google.com/bot.html)"
66.249.70.51 - - [06/Jan/2008:13:19:39 -0800] "www.modestolan.com: GET /vb/calendar.php?do=add&c=2&day=2006-9-16 HTTP/1.1" 200 6382 "-" "Mozilla/5.0 (compatible; Googlebot/2.1; +http://www.google.com/bot.html)"
66.249.70.51 - - [06/Jan/2008:13:19:48 -0800] "www.modestolan.com: GET /vb/calendar.php?do=add&c=2&day=2006-11-26 HTTP/1.1" 200 6382 "-" "Mozilla/5.0 (compatible; Googlebot/2.1; +http://www.google.com/bot.html)"
66.249.70.51 - - [06/Jan/2008:13:19:56 -0800] "www.modestolan.com: GET /vb/calendar.php?do=add&c=2&day=2006-6-6 HTTP/1.1" 200 6379 "-" "Mozilla/5.0 (compatible; Googlebot/2.1; +http://www.google.com/bot.html)"
66.249.70.51 - - [06/Jan/2008:13:20:04 -0800] "www.modestolan.com: GET /vb/calendar.php?do=add&c=2&day=2006-9-23 HTTP/1.1" 200 6383 "-" "Mozilla/5.0 (compatible; Googlebot/2.1; +http://www.google.com/bot.html)"
66.249.70.51 - - [06/Jan/2008:13:20:13 -0800] "www.modestolan.com: GET /vb/calendar.php?do=add&c=2&day=2006-7-3 HTTP/1.1" 200 6380 "-" "Mozilla/5.0 (compatible; Googlebot/2.1; +http://www.google.com/bot.html)"
66.249.70.51 - - [06/Jan/2008:13:20:21 -0800] "www.modestolan.com: GET /vb/calendar.php?do=add&c=2&day=2006-11-10 HTTP/1.1" 200 6384 "-" "Mozilla/5.0 (compatible; Googlebot/2.1; +http://www.google.com/bot.html)"
66.249.70.51 - - [06/Jan/2008:13:20:30 -0800] "www.modestolan.com: GET /vb/calendar.php?do=add&c=2&day=2006-9-17 HTTP/1.1" 200 6383 "-" "Mozilla/5.0 (compatible; Googlebot/2.1; +http://www.google.com/bot.html)"
66.249.70.51 - - [06/Jan/2008:13:20:38 -0800] "www.modestolan.com: GET /vb/calendar.php?do=add&c=2&day=2006-3-19 HTTP/1.1" 200 6384 "-" "Mozilla/5.0 (compatible; Googlebot/2.1; +http://www.google.com/bot.html)"
66.249.70.51 - - [06/Jan/2008:13:20:46 -0800] "www.modestolan.com: GET /vb/calendar.php?do=add&c=2&day=2006-11-9 HTTP/1.1" 200 6382 "-" "Mozilla/5.0 (compatible; Googlebot/2.1; +http://www.google.com/bot.html)"
66.249.70.51 - - [06/Jan/2008:13:20:55 -0800] "www.modestolan.com: GET /vb/calendar.php?do=add&c=2&day=2005-12-30 HTTP/1.1" 200 6383 "-" "Mozilla/5.0 (compatible; Googlebot/2.1; +http://www.google.com/bot.html)"
66.249.70.51 - - [06/Jan/2008:13:21:03 -0800] "www.modestolan.com: GET /vb/calendar.php?do=add&c=2&day=2006-3-28 HTTP/1.1" 200 6383 "-" "Mozilla/5.0 (compatible; Googlebot/2.1; +http://www.google.com/bot.html)"
66.249.70.51 - - [06/Jan/2008:13:21:12 -0800] "www.modestolan.com: GET /vb/calendar.php?do=add&c=2&day=2006-4-19 HTTP/1.1" 200 6385 "-" "Mozilla/5.0 (compatible; Googlebot/2.1; +http://www.google.com/bot.html)"
66.249.70.51 - - [06/Jan/2008:13:21:20 -0800] "www.modestolan.com: GET /vb/calendar.php?do=add&c=2&day=2005-12-25 HTTP/1.1" 200 6382 "-" "Mozilla/5.0 (compatible; Googlebot/2.1; +http://www.google.com/bot.html)"
66.249.70.51 - - [06/Jan/2008:13:21:29 -0800] "www.modestolan.com: GET /vb/calendar.php?do=add&c=2&day=2006-9-14 HTTP/1.1" 200 6382 "-" "Mozilla/5.0 (compatible; Googlebot/2.1; +http://www.google.com/bot.html)"
66.249.70.51 - - [06/Jan/2008:13:21:37 -0800] "www.modestolan.com: GET /vb/calendar.php?do=add&c=2&day=2006-7-7 HTTP/1.1" 200 6382 "-" "Mozilla/5.0 (compatible; Googlebot/2.1; +http://www.google.com/bot.html)"
66.249.70.51 - - [06/Jan/2008:13:21:45 -0800] "www.modestolan.com: GET /vb/calendar.php?do=add&c=2&day=2006-3-27 HTTP/1.1" 200 6382 "-" "Mozilla/5.0 (compatible; Googlebot/2.1; +http://www.google.com/bot.html)"
66.249.70.51 - - [06/Jan/2008:13:21:54 -0800] "www.modestolan.com: GET /vb/calendar.php?do=add&c=2&day=2006-8-19 HTTP/1.1" 200 6385 "-" "Mozilla/5.0 (compatible; Googlebot/2.1; +http://www.google.com/bot.html)"
66.249.70.51 - - [06/Jan/2008:13:22:02 -0800] "www.modestolan.com: GET /vb/calendar.php?do=add&c=2&day=2006-5-12 HTTP/1.1" 200 6382 "-" "Mozilla/5.0 (compatible; Googlebot/2.1; +http://www.google.com/bot.html)"
74.6.25.72 - - [06/Jan/2008:13:22:04 -0800] "www.modestolan.com: GET /vb/archive/index.php/t-7.html HTTP/1.0" 200 4670 "-" "Mozilla/5.0 (compatible; Yahoo! Slurp; http://help.yahoo.com/help/us/ysearch/slurp)"
66.249.70.51 - - [06/Jan/2008:13:22:11 -0800] "www.modestolan.com: GET /vb/calendar.php?do=add&c=2&day=2006-9-15 HTTP/1.1" 200 6381 "-" "Mozilla/5.0 (compatible; Googlebot/2.1; +http://www.google.com/bot.html)"
66.249.70.51 - - [06/Jan/2008:13:22:19 -0800] "www.modestolan.com: GET /vb/calendar.php?do=add&c=2&day=2006-8-16 HTTP/1.1" 200 6382 "-" "Mozilla/5.0 (compatible; Googlebot/2.1; +http://www.google.com/bot.html)"
74.6.26.72 - - [06/Jan/2008:13:22:24 -0800] "www.modestolan.com: GET /vb/archive/index.php/t-2700.html HTTP/1.0" 200 4519 "-" "Mozilla/5.0 (compatible; Yahoo! Slurp; http://help.yahoo.com/help/us/ysearch/slurp)"
66.249.70.51 - - [06/Jan/2008:13:22:27 -0800] "www.modestolan.com: GET /vb/calendar.php?do=add&c=2&day=2006-3-24 HTTP/1.1" 200 6382 "-" "Mozilla/5.0 (compatible; Googlebot/2.1; +http://www.google.com/bot.html)"
74.6.24.101 - - [06/Jan/2008:13:22:28 -0800] "www.modestolan.com: GET /vb/archive/index.php/t-4071.html HTTP/1.0" 200 10741 "-" "Mozilla/5.0 (compatible; Yahoo! Slurp; http://help.yahoo.com/help/us/ysearch/slurp)"
74.6.25.145 - - [06/Jan/2008:13:22:29 -0800] "www.modestolan.com: GET /vb/register.php HTTP/1.0" 200 5164 "-" "Mozilla/5.0 (compatible; Yahoo! Slurp; http://help.yahoo.com/help/us/ysearch/slurp)"
74.6.23.125 - - [06/Jan/2008:13:22:35 -0800] "www.modestolan.com: GET /vb/archive/index.php/t-3874.html HTTP/1.0" 200 1956 "-" "Mozilla/5.0 (compatible; Yahoo! Slurp; http://help.yahoo.com/help/us/ysearch/slurp)"
66.249.70.51 - - [06/Jan/2008:13:22:36 -0800] "www.modestolan.com: GET /vb/calendar.php?do=add&c=2&day=2006-9-19 HTTP/1.1" 200 6384 "-" "Mozilla/5.0 (compatible; Googlebot/2.1; +http://www.google.com/bot.html)"
74.6.7.125 - - [06/Jan/2008:13:22:39 -0800] "www.modestolan.com: GET /vb/archive/index.php/t-5671.html HTTP/1.0" 200 4264 "-" "Mozilla/5.0 (compatible; Yahoo! Slurp; http://help.yahoo.com/help/us/ysearch/slurp)"
66.249.70.51 - - [06/Jan/2008:13:22:44 -0800] "www.modestolan.com: GET /vb/calendar.php?do=add&c=2&day=2006-5-11 HTTP/1.1" 200 6380 "-" "Mozilla/5.0 (compatible; Googlebot/2.1; +http://www.google.com/bot.html)"
74.6.27.117 - - [06/Jan/2008:13:22:50 -0800] "www.modestolan.com: GET /vb/archive/index.php/t-3964.html HTTP/1.0" 200 2817 "-" "Mozilla/5.0 (compatible; Yahoo! Slurp; http://help.yahoo.com/help/us/ysearch/slurp)"
66.249.70.51 - - [06/Jan/2008:13:22:53 -0800] "www.modestolan.com: GET /vb/calendar.php?do=add&c=2&day=2006-3-25 HTTP/1.1" 200 6380 "-" "Mozilla/5.0 (compatible; Googlebot/2.1; +http://www.google.com/bot.html)"
74.6.22.223 - - [06/Jan/2008:13:23:00 -0800] "www.modestolan.com: GET /vb/archive/index.php/t-5316.html HTTP/1.0" 200 13460 "-" "Mozilla/5.0 (compatible; Yahoo! Slurp; http://help.yahoo.com/help/us/ysearch/slurp)"
66.249.70.51 - - [06/Jan/2008:13:23:01 -0800] "www.modestolan.com: GET /vb/calendar.php?do=add&c=2&day=2006-9-21 HTTP/1.1" 200 6381 "-" "Mozilla/5.0 (compatible; Googlebot/2.1; +http://www.google.com/bot.html)"
66.249.70.51 - - [06/Jan/2008:13:23:09 -0800] "www.modestolan.com: GET /vb/calendar.php?do=add&c=2&day=2006-9-13 HTTP/1.1" 200 6380 "-" "Mozilla/5.0 (compatible; Googlebot/2.1; +http://www.google.com/bot.html)"
66.249.70.51 - - [06/Jan/2008:13:23:18 -0800] "www.modestolan.com: GET /vb/calendar.php?do=add&c=2&day=2006-8-11 HTTP/1.1" 200 6381 "-" "Mozilla/5.0 (compatible; Googlebot/2.1; +http://www.google.com/bot.html)"
66.249.70.51 - - [06/Jan/2008:13:23:26 -0800] "www.modestolan.com: GET /vb/calendar.php?do=add&c=2&day=2007-1-2 HTTP/1.1" 200 6380 "-" "Mozilla/5.0 (compatible; Googlebot/2.1; +http://www.google.com/bot.html)"
68.116.82.112 - - [06/Jan/2008:13:23:27 -0800] "webmail.modestolan.com: GET /src/left_main.php HTTP/1.1" 200 9223 "https://webmail.modestolan.com/src/webmail.php" "Mozilla/4.0 (compatible; MSIE 7.0; Windows NT 5.1; .NET CLR 1.1.4322)"
66.249.70.51 - - [06/Jan/2008:13:23:35 -0800] "www.modestolan.com: GET /vb/calendar.php?do=add&c=2&day=2006-7-23 HTTP/1.1" 200 6382 "-" "Mozilla/5.0 (compatible; Googlebot/2.1; +http://www.google.com/bot.html)"
74.6.24.29 - - [06/Jan/2008:13:23:40 -0800] "www.modestolan.com: GET /vb/archive/index.php/t-4709.html HTTP/1.0" 200 3234 "-" "Mozilla/5.0 (compatible; Yahoo! Slurp; http://help.yahoo.com/help/us/ysearch/slurp)"
66.249.70.51 - - [06/Jan/2008:13:23:43 -0800] "www.modestolan.com: GET /vb/calendar.php?c=2&week=1168732800&do=displayweek&month=1 HTTP/1.1" 200 7108 "-" "Mozilla/5.0 (compatible; Googlebot/2.1; +http://www.google.com/bot.html)"
66.249.70.51 - - [06/Jan/2008:13:23:51 -0800] "www.modestolan.com: GET /vb/calendar.php?do=add&c=2&day=2006-1-2 HTTP/1.1" 200 6380 "-" "Mozilla/5.0 (compatible; Googlebot/2.1; +http://www.google.com/bot.html)"
66.249.70.51 - - [06/Jan/2008:13:24:00 -0800] "www.modestolan.com: GET /vb/calendar.php?do=add&c=2&day=2006-7-5 HTTP/1.1" 200 6381 "-" "Mozilla/5.0 (compatible; Googlebot/2.1; +http://www.google.com/bot.html)"
66.249.70.51 - - [06/Jan/2008:13:24:08 -0800] "www.modestolan.com: GET /vb/calendar.php?do=add&c=2&day=2006-4-16 HTTP/1.1" 200 6381 "-" "Mozilla/5.0 (compatible; Googlebot/2.1; +http://www.google.com/bot.html)"
74.6.24.221 - - [06/Jan/2008:13:24:10 -0800] "www.modestolan.com: GET /vb/archive/index.php/t-4546.html HTTP/1.0" 200 1654 "-" "Mozilla/5.0 (compatible; Yahoo! Slurp; http://help.yahoo.com/help/us/ysearch/slurp)"
74.6.25.16 - - [06/Jan/2008:13:24:16 -0800] "www.modestolan.com: GET /vb/archive/index.php/t-5387.html HTTP/1.0" 200 1767 "-" "Mozilla/5.0 (compatible; Yahoo! Slurp; http://help.yahoo.com/help/us/ysearch/slurp)"
66.249.70.51 - - [06/Jan/2008:13:24:17 -0800] "www.modestolan.com: GET /vb/calendar.php?do=add&c=2&day=2006-5-20 HTTP/1.1" 200 6382 "-" "Mozilla/5.0 (compatible; Googlebot/2.1; +http://www.google.com/bot.html)"
66.249.70.51 - - [06/Jan/2008:13:24:25 -0800] "www.modestolan.com: GET /vb/calendar.php?do=add&c=2&day=2006-10-9 HTTP/1.1" 200 6383 "-" "Mozilla/5.0 (compatible; Googlebot/2.1; +http://www.google.com/bot.html)"
66.249.70.51 - - [06/Jan/2008:13:24:34 -0800] "www.modestolan.com: GET /vb/calendar.php?do=add&c=2&day=2006-5-9 HTTP/1.1" 200 6383 "-" "Mozilla/5.0 (compatible; Googlebot/2.1; +http://www.google.com/bot.html)"
66.249.70.51 - - [06/Jan/2008:13:24:42 -0800] "www.modestolan.com: GET /vb/calendar.php?do=add&c=2&day=2006-11-5 HTTP/1.1" 200 6380 "-" "Mozilla/5.0 (compatible; Googlebot/2.1; +http://www.google.com/bot.html)"
66.249.70.51 - - [06/Jan/2008:13:24:50 -0800] "www.modestolan.com: GET /vb/calendar.php?do=add&c=2&day=2006-1-8 HTTP/1.1" 200 6382 "-" "Mozilla/5.0 (compatible; Googlebot/2.1; +http://www.google.com/bot.html)"
66.249.70.51 - - [06/Jan/2008:13:24:59 -0800] "www.modestolan.com: GET /vb/calendar.php?do=add&c=2&day=2006-1-5 HTTP/1.1" 200 6380 "-" "Mozilla/5.0 (compatible; Googlebot/2.1; +http://www.google.com/bot.html)"
66.249.70.51 - - [06/Jan/2008:13:25:07 -0800] "www.modestolan.com: GET /vb/calendar.php?do=add&c=2&day=2006-1-13 HTTP/1.1" 200 6381 "-" "Mozilla/5.0 (compatible; Googlebot/2.1; +http://www.google.com/bot.html)"
66.249.70.51 - - [06/Jan/2008:13:25:16 -0800] "www.modestolan.com: GET /vb/calendar.php?do=add&c=2&day=2006-5-19 HTTP/1.1" 200 6384 "-" "Mozilla/5.0 (compatible; Googlebot/2.1; +http://www.google.com/bot.html)"
66.249.70.51 - - [06/Jan/2008:13:25:24 -0800] "www.modestolan.com: GET /vb/calendar.php?do=add&c=2&day=2006-3-26 HTTP/1.1" 200 6383 "-" "Mozilla/5.0 (compatible; Googlebot/2.1; +http://www.google.com/bot.html)"
66.249.70.51 - - [06/Jan/2008:13:25:32 -0800] "www.modestolan.com: GET /vb/calendar.php?do=add&c=2&day=2006-4-2 HTTP/1.1" 200 6380 "-" "Mozilla/5.0 (compatible; Googlebot/2.1; +http://www.google.com/bot.html)"
74.6.28.206 - - [06/Jan/2008:13:25:36 -0800] "www.modestolan.com: GET /vb/archive/index.php/t-3653.html HTTP/1.0" 200 1312 "-" "Mozilla/5.0 (compatible; Yahoo! Slurp; http://help.yahoo.com/help/us/ysearch/slurp)"
66.249.70.51 - - [06/Jan/2008:13:25:41 -0800] "www.modestolan.com: GET /vb/calendar.php?do=add&c=2&day=2006-5-1 HTTP/1.1" 200 6381 "-" "Mozilla/5.0 (compatible; Googlebot/2.1; +http://www.google.com/bot.html)"
66.249.70.51 - - [06/Jan/2008:13:25:49 -0800] "www.modestolan.com: GET /vb/calendar.php?do=add&c=2&day=2005-12-28 HTTP/1.1" 200 6384 "-" "Mozilla/5.0 (compatible; Googlebot/2.1; +http://www.google.com/bot.html)"
74.6.25.104 - - [06/Jan/2008:13:25:53 -0800] "www.modestolan.com: GET /vb/archive/index.php/t-3784.html HTTP/1.0" 200 1652 "-" "Mozilla/5.0 (compatible; Yahoo! Slurp; http://help.yahoo.com/help/us/ysearch/slurp)"
66.249.70.51 - - [06/Jan/2008:13:25:58 -0800] "www.modestolan.com: GET /vb/calendar.php?c=2&week=1133654400&do=displayweek&month=12 HTTP/1.1" 200 7090 "-" "Mozilla/5.0 (compatible; Googlebot/2.1; +http://www.google.com/bot.html)"
66.249.70.51 - - [06/Jan/2008:13:26:06 -0800] "www.modestolan.com: GET /vb/calendar.php?do=add&c=2&day=2006-8-6 HTTP/1.1" 200 6381 "-" "Mozilla/5.0 (compatible; Googlebot/2.1; +http://www.google.com/bot.html)"
66.249.70.51 - - [06/Jan/2008:13:26:14 -0800] "www.modestolan.com: GET /vb/calendar.php?do=add&c=2&day=2006-9-22 HTTP/1.1" 200 6381 "-" "Mozilla/5.0 (compatible; Googlebot/2.1; +http://www.google.com/bot.html)"
66.249.70.51 - - [06/Jan/2008:13:26:23 -0800] "www.modestolan.com: GET /vb/calendar.php?do=add&c=2&day=2006-6-10 HTTP/1.1" 200 6383 "-" "Mozilla/5.0 (compatible; Googlebot/2.1; +http://www.google.com/bot.html)"
64.12.186.241 - - [06/Jan/2008:13:27:34 -0800] "www.modestolan.com: GET /~xwred1/mq.swf HTTP/1.1" 200 12880 "http://www.singingfish.com" "asterias/2.0"
74.6.22.79 - - [06/Jan/2008:13:28:14 -0800] "www.modestolan.com: GET /~nine/Nine_Inch_Nails-Live_In_Fresno_CA_03-23-2005-YKK/17-nine_inch_nails-the_hand_that_feeds-ykk.mp3 HTTP/1.0" 200 24017 "-" "Mozilla/5.0 (compatible; Yahoo! Slurp; http://help.yahoo.com/help/us/ysearch/slurp)"
66.249.70.51 - - [06/Jan/2008:13:29:07 -0800] "www.modestolan.com: GET /vb/calendar.php?do=add&c=2&day=2006-8-9 HTTP/1.1" 200 6382 "-" "Mozilla/5.0 (compatible; Googlebot/2.1; +http://www.google.com/bot.html)"
75.125.197.82 - - [06/Jan/2008:13:29:17 -0800] "www.modestolan.com: GET / HTTP/1.1" 200 24084 "-" "Mozilla/5.0 (compatible; Gigamega.bot/1.0; +http://www.gigamega.net/bot.html)"
74.6.22.102 - - [06/Jan/2008:13:30:38 -0800] "www.modestolan.com: GET /vb/member.php?s=&action=getinfo&userid=74 HTTP/1.0" 200 6252 "-" "Mozilla/5.0 (compatible; Yahoo! Slurp/3.0; http://help.yahoo.com/help/us/ysearch/slurp)"
59.42.134.147 - - [06/Jan/2008:13:31:06 -0800] "www.modestolan.com: GET / HTTP/1.1" 200 24084 "http://www.modestolan.com/" "Mozilla/4.0 (compatible; MSIE 6.0; Windows NT 5.1; SV1; Maxthon; .NET CLR 1.1.4322; InfoPath.1; .NET CLR 2.0.50727)"
66.249.70.51 - - [06/Jan/2008:13:31:23 -0800] "www.modestolan.com: GET /vb/calendar.php?do=add&c=2&day=2006-11-11 HTTP/1.1" 200 6381 "-" "Mozilla/5.0 (compatible; Googlebot/2.1; +http://www.google.com/bot.html)"
74.6.19.143 - - [06/Jan/2008:13:31:30 -0800] "www.modestolan.com: GET /robots.txt HTTP/1.0" 404 322 "-" "Mozilla/5.0 (compatible; Yahoo! Slurp; http://help.yahoo.com/help/us/ysearch/slurp)"
74.6.25.43 - - [06/Jan/2008:13:31:31 -0800] "www.modestolan.com: GET /vb/archive/index.php/t-4129.html HTTP/1.0" 200 1754 "-" "Mozilla/5.0 (compatible; Yahoo! Slurp; http://help.yahoo.com/help/us/ysearch/slurp)"
58.251.99.185 - - [06/Jan/2008:13:32:07 -0800] "www.modestolan.com: GET / HTTP/1.1" 200 24084 "http://www.modestolan.com/" "Mozilla/4.0 (compatible; MSIE 6.0; Windows NT 5.1; SV1; Maxthon; .NET CLR 1.1.4322; InfoPath.1; .NET CLR 2.0.50727)"
68.116.82.112 - - [06/Jan/2008:13:33:32 -0800] "webmail.modestolan.com: GET /src/left_main.php HTTP/1.1" 200 9223 "https://webmail.modestolan.com/src/webmail.php" "Mozilla/4.0 (compatible; MSIE 7.0; Windows NT 5.1; .NET CLR 1.1.4322)"
66.249.70.51 - - [06/Jan/2008:13:33:53 -0800] "www.modestolan.com: GET /vb/calendar.php?do=add&c=2&day=2006-4-5 HTTP/1.1" 200 6381 "-" "Mozilla/5.0 (compatible; Googlebot/2.1; +http://www.google.com/bot.html)"
74.6.22.102 - - [06/Jan/2008:13:35:13 -0800] "www.modestolan.com: GET /register.php?lanid=11 HTTP/1.0" 200 28160 "-" "Mozilla/5.0 (compatible; Yahoo! Slurp/3.0; http://help.yahoo.com/help/us/ysearch/slurp)"
66.249.70.51 - - [06/Jan/2008:13:36:23 -0800] "www.modestolan.com: GET /vb/calendar.php?do=add&c=2&day=2006-8-18 HTTP/1.1" 200 6383 "-" "Mozilla/5.0 (compatible; Googlebot/2.1; +http://www.google.com/bot.html)"
68.93.175.89 - - [06/Jan/2008:13:38:16 -0800] "www.modestolan.com: GET /images/nightwolf-owned.jpeg HTTP/1.1" 200 537178 "http://profile.myspace.com/index.cfm?fuseaction=user.viewprofile&friendid=53863435" "Mozilla/4.0 (compatible; MSIE 7.0; Windows NT 5.1; .NET CLR 1.1.4322; .NET CLR 2.0.50727; .NET CLR 3.0.04506.30)"
74.6.25.79 - - [06/Jan/2008:13:38:42 -0800] "www.modestolan.com: GET /robots.txt HTTP/1.0" 404 322 "-" "Mozilla/5.0 (compatible; Yahoo! Slurp; http://help.yahoo.com/help/us/ysearch/slurp)"
74.6.23.106 - - [06/Jan/2008:13:38:43 -0800] "www.modestolan.com: GET /~nine/misc/picard.jpeg HTTP/1.0" 200 13035 "-" "Mozilla/5.0 (compatible; Yahoo! Slurp; http://help.yahoo.com/help/us/ysearch/slurp)"
74.6.23.200 - - [06/Jan/2008:13:38:43 -0800] "www.modestolan.com: GET /xwred1/pimp/pimpsatsea.html HTTP/1.0" 200 24855 "-" "Mozilla/5.0 (compatible; Yahoo! Slurp; http://help.yahoo.com/help/us/ysearch/slurp)"
74.6.23.225 - - [06/Jan/2008:13:38:43 -0800] "www.modestolan.com: GET /vb/search.php?searchid=9458 HTTP/1.0" 200 5764 "-" "Mozilla/5.0 (compatible; Yahoo! Slurp; http://help.yahoo.com/help/us/ysearch/slurp)"
66.249.70.51 - - [06/Jan/2008:13:38:54 -0800] "www.modestolan.com: GET /vb/calendar.php?do=add&c=2&day=2006-7-25 HTTP/1.1" 200 6381 "-" "Mozilla/5.0 (compatible; Googlebot/2.1; +http://www.google.com/bot.html)"
74.6.25.30 - - [06/Jan/2008:13:39:14 -0800] "www.modestolan.com: GET /vb/archive/index.php/t-5576.html HTTP/1.0" 200 1916 "-" "Mozilla/5.0 (compatible; Yahoo! Slurp; http://help.yahoo.com/help/us/ysearch/slurp)"
66.249.70.51 - - [06/Jan/2008:13:40:39 -0800] "www.modestolan.com: GET /vb/showthread.php?t=3988 HTTP/1.1" 200 9276 "-" "Mozilla/5.0 (compatible; Googlebot/2.1; +http://www.google.com/bot.html)"
66.249.70.51 - - [06/Jan/2008:13:41:32 -0800] "www.modestolan.com: GET /vb/calendar.php?do=add&c=2&day=2006-1-12 HTTP/1.1" 200 6382 "-" "Mozilla/5.0 (compatible; Googlebot/2.1; +http://www.google.com/bot.html)"
58.48.50.105 - - [06/Jan/2008:13:43:07 -0800] "www.modestolan.com: GET / HTTP/1.1" 200 24084 "http://www.modestolan.com/" "Mozilla/4.0 (compatible; MSIE 6.0; Windows NT 5.1; SV1; Maxthon; .NET CLR 1.1.4322; InfoPath.1; .NET CLR 2.0.50727)"
74.6.29.16 - - [06/Jan/2008:13:43:26 -0800] "www.modestolan.com: GET /~nine/Nine_Inch_Nails-Live_In_Fresno_CA_03-23-2005-YKK/19-nine_inch_nails-head_like_a_hole-ykk.mp3 HTTP/1.0" 200 24017 "-" "Mozilla/5.0 (compatible; Yahoo! Slurp; http://help.yahoo.com/help/us/ysearch/slurp)"
68.116.82.112 - - [06/Jan/2008:13:43:37 -0800] "webmail.modestolan.com: GET /src/left_main.php HTTP/1.1" 200 9223 "https://webmail.modestolan.com/src/webmail.php" "Mozilla/4.0 (compatible; MSIE 7.0; Windows NT 5.1; .NET CLR 1.1.4322)"
74.6.19.233 - - [06/Jan/2008:13:43:49 -0800] "www.modestolan.com: GET /vb/member.php?u=1030 HTTP/1.0" 200 6838 "-" "Mozilla/5.0 (compatible; Yahoo! Slurp; http://help.yahoo.com/help/us/ysearch/slurp)"
66.249.70.51 - - [06/Jan/2008:13:43:53 -0800] "www.modestolan.com: GET /vb/showthread.php?goto=newpost&t=5614 HTTP/1.1" 302 5 "-" "Mozilla/5.0 (compatible; Googlebot/2.1; +http://www.google.com/bot.html)"
66.249.70.51 - - [06/Jan/2008:13:43:54 -0800] "www.modestolan.com: GET /vb/calendar.php?do=add&c=2&day=2006-7-29 HTTP/1.1" 200 6383 "-" "Mozilla/5.0 (compatible; Googlebot/2.1; +http://www.google.com/bot.html)"
66.249.70.51 - - [06/Jan/2008:13:43:56 -0800] "www.modestolan.com: GET /vb/showthread.php?p=49672 HTTP/1.1" 200 9841 "-" "Mozilla/5.0 (compatible; Googlebot/2.1; +http://www.google.com/bot.html)"
75.172.99.131 - - [06/Jan/2008:13:44:35 -0800] "sanctum.modestolan.com: GET /shaddevava1.gif HTTP/1.1" 404 344 "http://badmoon.coyotecode.net/forums/viewtopic.php?t=4053" "Mozilla/4.0 (compatible; MSIE 6.0; Windows NT 5.1; SV1; .NET CLR 1.1.4322; .NET CLR 2.0.50727; .NET CLR 3.0.04506.30)"
61.49.254.101 - - [06/Jan/2008:13:45:14 -0800] "www.modestolan.com: GET / HTTP/1.1" 200 15714 "http://www.modestolan.com/" "Mozilla/4.0 (compatible; MSIE 6.0; Windows NT 5.1; SV1; Maxthon; .NET CLR 1.1.4322; InfoPath.1; .NET CLR 2.0.50727)"
74.6.22.79 - - [06/Jan/2008:13:46:37 -0800] "www.modestolan.com: GET /~nine/Nine_Inch_Nails-Live_In_Fresno_CA_03-23-2005-YKK/02-nine_inch_nails-love_is_not_enough-ykk.mp3 HTTP/1.0" 200 24017 "-" "Mozilla/5.0 (X11; U; Linux i686 (x86_64); en-US; rv:1.8.1.4) Gecko/20071214 BonEcho/2.0.0.4"
66.249.70.51 - - [06/Jan/2008:13:47:01 -0800] "www.modestolan.com: GET /vb/calendar.php?do=add&c=2&day=2006-7-27 HTTP/1.1" 200 6384 "-" "Mozilla/5.0 (compatible; Googlebot/2.1; +http://www.google.com/bot.html)"
82.99.30.46 - - [06/Jan/2008:13:47:43 -0800] "www.modestolan.com: GET /vb/showthread.php?threadid=5521&nojs=1 HTTP/1.0" 200 116438 "-" "Mozilla/4.0 (compatible; MSIE 6.0; Windows NT 5.1)"
75.172.99.131 - - [06/Jan/2008:13:47:59 -0800] "sanctum.modestolan.com: GET /shaddevava1.gif HTTP/1.1" 404 344 "http://badmoon.coyotecode.net/forums/viewtopic.php?t=2935" "Mozilla/4.0 (compatible; MSIE 6.0; Windows NT 5.1; SV1; .NET CLR 1.1.4322; .NET CLR 2.0.50727; .NET CLR 3.0.04506.30)"
66.249.70.51 - - [06/Jan/2008:13:48:52 -0800] "www.modestolan.com: GET /vb/calendar.php?do=add&c=2&day=2006-5-10 HTTP/1.1" 200 6384 "-" "Mozilla/5.0 (compatible; Googlebot/2.1; +http://www.google.com/bot.html)"
68.116.82.112 - - [06/Jan/2008:13:50:28 -0800] "webmail.modestolan.com: GET /src/right_main.php?PG_SHOWALL=0&sort=0&startMessage=1&mailbox=INBOX HTTP/1.1" 200 17950 "https://webmail.modestolan.com/src/left_main.php" "Mozilla/4.0 (compatible; MSIE 7.0; Windows NT 5.1; .NET CLR 1.1.4322)"
68.116.82.112 - - [06/Jan/2008:13:50:28 -0800] "webmail.modestolan.com: GET /images/sort_none.png HTTP/1.1" 304 - "https://webmail.modestolan.com/src/right_main.php?PG_SHOWALL=0&sort=0&startMessage=1&mailbox=INBOX" "Mozilla/4.0 (compatible; MSIE 7.0; Windows NT 5.1; .NET CLR 1.1.4322)"
68.116.82.112 - - [06/Jan/2008:13:50:28 -0800] "webmail.modestolan.com: GET /images/up_pointer.png HTTP/1.1" 304 - "https://webmail.modestolan.com/src/right_main.php?PG_SHOWALL=0&sort=0&startMessage=1&mailbox=INBOX" "Mozilla/4.0 (compatible; MSIE 7.0; Windows NT 5.1; .NET CLR 1.1.4322)"
65.55.213.109 - - [06/Jan/2008:13:50:41 -0800] "www.modestolan.com: GET /vb/image.php?u=806&dateline=1059777253 HTTP/1.0" 200 15799 "-" "msnbot-media/1.0 (+http://search.msn.com/msnbot.htm)"
68.116.82.112 - - [06/Jan/2008:13:50:44 -0800] "webmail.modestolan.com: POST /src/move_messages.php HTTP/1.1" 302 5 "https://webmail.modestolan.com/src/right_main.php?PG_SHOWALL=0&sort=0&startMessage=1&mailbox=INBOX" "Mozilla/4.0 (compatible; MSIE 7.0; Windows NT 5.1; .NET CLR 1.1.4322)"
68.116.82.112 - - [06/Jan/2008:13:50:45 -0800] "webmail.modestolan.com: GET /src/right_main.php?PG_SHOWALL=0&sort=0&startMessage=1&mailbox=INBOX HTTP/1.1" 200 18295 "https://webmail.modestolan.com/src/right_main.php?PG_SHOWALL=0&sort=0&startMessage=1&mailbox=INBOX" "Mozilla/4.0 (compatible; MSIE 7.0; Windows NT 5.1; .NET CLR 1.1.4322)"
68.116.82.112 - - [06/Jan/2008:13:50:48 -0800] "webmail.modestolan.com: GET /src/read_body.php?mailbox=INBOX&passed_id=5098&startMessage=1 HTTP/1.1" 200 10128 "https://webmail.modestolan.com/src/right_main.php?PG_SHOWALL=0&sort=0&startMessage=1&mailbox=INBOX" "Mozilla/4.0 (compatible; MSIE 7.0; Windows NT 5.1; .NET CLR 1.1.4322)"
66.249.70.51 - - [06/Jan/2008:13:51:21 -0800] "www.modestolan.com: GET /vb/calendar.php?do=add&c=2&day=2006-8-8 HTTP/1.1" 200 6383 "-" "Mozilla/5.0 (compatible; Googlebot/2.1; +http://www.google.com/bot.html)"
74.6.22.102 - - [06/Jan/2008:13:51:25 -0800] "www.modestolan.com: GET /~xwred1/defcon/DC-14-Cache.pdf HTTP/1.0" 200 903936 "-" "Mozilla/5.0 (compatible; Yahoo! Slurp/3.0; http://help.yahoo.com/help/us/ysearch/slurp)"
82.99.30.49 - - [06/Jan/2008:13:52:47 -0800] "www.modestolan.com: GET /vb/showpost.php?s=3e8fd33f1766f15d6f888fe47629b3a6&p=48767&postcount=6 HTTP/1.0" 200 13438 "-" "Mozilla/4.0 (compatible; MSIE 6.0; Windows NT 5.1)"
66.249.70.51 - - [06/Jan/2008:13:53:55 -0800] "www.modestolan.com: GET /vb/calendar.php?do=add&c=2&day=2006-10-8 HTTP/1.1" 200 6383 "-" "Mozilla/5.0 (compatible; Googlebot/2.1; +http://www.google.com/bot.html)"
74.6.24.10 - - [06/Jan/2008:13:55:37 -0800] "www.modestolan.com: GET /vb/member.php?u=1499 HTTP/1.0" 200 6463 "-" "Mozilla/5.0 (compatible; Yahoo! Slurp; http://help.yahoo.com/help/us/ysearch/slurp)"
24.197.4.214 - - [06/Jan/2008:13:55:39 -0800] "www.modestolan.com: GET /~twentydead/water.jpg HTTP/1.1" 304 - "-" "Mozilla/5.0 (Windows; U; Windows NT 6.0; en-US; rv:1.9b2) Gecko/2007121120 Firefox/3.0b2"
24.197.4.214 - - [06/Jan/2008:13:55:42 -0800] "www.modestolan.com: GET /~twentydead/ HTTP/1.1" 200 11490 "-" "Mozilla/5.0 (Windows; U; Windows NT 6.0; en-US; rv:1.9b2) Gecko/2007121120 Firefox/3.0b2"
24.197.4.214 - - [06/Jan/2008:13:55:43 -0800] "www.modestolan.com: GET /icons/blank.gif HTTP/1.1" 200 148 "http://www.modestolan.com/~twentydead/" "Mozilla/5.0 (Windows; U; Windows NT 6.0; en-US; rv:1.9b2) Gecko/2007121120 Firefox/3.0b2"
24.197.4.214 - - [06/Jan/2008:13:55:43 -0800] "www.modestolan.com: GET /icons/back.gif HTTP/1.1" 200 216 "http://www.modestolan.com/~twentydead/" "Mozilla/5.0 (Windows; U; Windows NT 6.0; en-US; rv:1.9b2) Gecko/2007121120 Firefox/3.0b2"
24.197.4.214 - - [06/Jan/2008:13:55:43 -0800] "www.modestolan.com: GET /icons/image2.gif HTTP/1.1" 200 309 "http://www.modestolan.com/~twentydead/" "Mozilla/5.0 (Windows; U; Windows NT 6.0; en-US; rv:1.9b2) Gecko/2007121120 Firefox/3.0b2"
24.197.4.214 - - [06/Jan/2008:13:55:43 -0800] "www.modestolan.com: GET /icons/folder.gif HTTP/1.1" 200 225 "http://www.modestolan.com/~twentydead/" "Mozilla/5.0 (Windows; U; Windows NT 6.0; en-US; rv:1.9b2) Gecko/2007121120 Firefox/3.0b2"
24.197.4.214 - - [06/Jan/2008:13:55:43 -0800] "www.modestolan.com: GET /icons/layout.gif HTTP/1.1" 200 276 "http://www.modestolan.com/~twentydead/" "Mozilla/5.0 (Windows; U; Windows NT 6.0; en-US; rv:1.9b2) Gecko/2007121120 Firefox/3.0b2"
24.197.4.214 - - [06/Jan/2008:13:55:43 -0800] "www.modestolan.com: GET /icons/text.gif HTTP/1.1" 200 229 "http://www.modestolan.com/~twentydead/" "Mozilla/5.0 (Windows; U; Windows NT 6.0; en-US; rv:1.9b2) Gecko/2007121120 Firefox/3.0b2"
24.197.4.214 - - [06/Jan/2008:13:55:43 -0800] "www.modestolan.com: GET /icons/compressed.gif HTTP/1.1" 200 1038 "http://www.modestolan.com/~twentydead/" "Mozilla/5.0 (Windows; U; Windows NT 6.0; en-US; rv:1.9b2) Gecko/2007121120 Firefox/3.0b2"
24.197.4.214 - - [06/Jan/2008:13:55:46 -0800] "www.modestolan.com: GET /favicon.ico HTTP/1.1" 404 335 "-" "Mozilla/5.0 (Windows; U; Windows NT 6.0; en-US; rv:1.9b2) Gecko/2007121120 Firefox/3.0b2"
24.197.4.214 - - [06/Jan/2008:13:56:06 -0800] "www.modestolan.com: GET /~twentydead/District%20B13/ HTTP/1.1" 200 1355 "http://www.modestolan.com/~twentydead/" "Mozilla/5.0 (Windows; U; Windows NT 6.0; en-US; rv:1.9b2) Gecko/2007121120 Firefox/3.0b2"
24.197.4.214 - - [06/Jan/2008:13:56:07 -0800] "www.modestolan.com: GET /icons/movie.gif HTTP/1.1" 200 243 "http://www.modestolan.com/~twentydead/District%20B13/" "Mozilla/5.0 (Windows; U; Windows NT 6.0; en-US; rv:1.9b2) Gecko/2007121120 Firefox/3.0b2"
24.197.4.214 - - [06/Jan/2008:13:56:10 -0800] "www.modestolan.com: GET /~twentydead/?M=A HTTP/1.1" 200 11490 "http://www.modestolan.com/~twentydead/" "Mozilla/5.0 (Windows; U; Windows NT 6.0; en-US; rv:1.9b2) Gecko/2007121120 Firefox/3.0b2"
24.197.4.214 - - [06/Jan/2008:13:56:12 -0800] "www.modestolan.com: GET /~twentydead/?M=D HTTP/1.1" 200 11490 "http://www.modestolan.com/~twentydead/?M=A" "Mozilla/5.0 (Windows; U; Windows NT 6.0; en-US; rv:1.9b2) Gecko/2007121120 Firefox/3.0b2"
24.197.4.214 - - [06/Jan/2008:13:56:14 -0800] "www.modestolan.com: GET /~twentydead/stuff/ HTTP/1.1" 200 1560 "http://www.modestolan.com/~twentydead/?M=D" "Mozilla/5.0 (Windows; U; Windows NT 6.0; en-US; rv:1.9b2) Gecko/2007121120 Firefox/3.0b2"
24.197.4.214 - - [06/Jan/2008:13:56:17 -0800] "www.modestolan.com: GET /~twentydead/stuff/WoWScrnShot_010208_145427.jpg HTTP/1.1" 200 208864 "http://www.modestolan.com/~twentydead/stuff/" "Mozilla/5.0 (Windows; U; Windows NT 6.0; en-US; rv:1.9b2) Gecko/2007121120 Firefox/3.0b2"
24.197.4.214 - - [06/Jan/2008:13:56:34 -0800] "www.modestolan.com: GET /~twentydead/stuff/lol.jpg HTTP/1.1" 200 150928 "http://www.modestolan.com/~twentydead/stuff/" "Mozilla/5.0 (Windows; U; Windows NT 6.0; en-US; rv:1.9b2) Gecko/2007121120 Firefox/3.0b2"
24.197.4.214 - - [06/Jan/2008:13:56:43 -0800] "www.modestolan.com: GET /~twentydead/stuff/party.jpg HTTP/1.1" 200 148270 "http://www.modestolan.com/~twentydead/stuff/" "Mozilla/5.0 (Windows; U; Windows NT 6.0; en-US; rv:1.9b2) Gecko/2007121120 Firefox/3.0b2"
24.197.4.214 - - [06/Jan/2008:13:56:47 -0800] "www.modestolan.com: GET /~twentydead/stuff/WoWScrnShot_122007_121743.jpg HTTP/1.1" 200 140350 "http://www.modestolan.com/~twentydead/stuff/" "Mozilla/5.0 (Windows; U; Windows NT 6.0; en-US; rv:1.9b2) Gecko/2007121120 Firefox/3.0b2"
24.197.4.214 - - [06/Jan/2008:13:56:53 -0800] "www.modestolan.com: GET /~twentydead/vault.jpg HTTP/1.1" 200 304441 "http://www.modestolan.com/~twentydead/?M=D" "Mozilla/5.0 (Windows; U; Windows NT 6.0; en-US; rv:1.9b2) Gecko/2007121120 Firefox/3.0b2"
24.197.4.214 - - [06/Jan/2008:13:56:56 -0800] "www.modestolan.com: GET /~twentydead/elite.JPG HTTP/1.1" 200 74631 "http://www.modestolan.com/~twentydead/?M=D" "Mozilla/5.0 (Windows; U; Windows NT 6.0; en-US; rv:1.9b2) Gecko/2007121120 Firefox/3.0b2"
24.197.4.214 - - [06/Jan/2008:13:57:03 -0800] "www.modestolan.com: GET /~twentydead/hacking.JPG HTTP/1.1" 200 48410 "http://www.modestolan.com/~twentydead/?M=D" "Mozilla/5.0 (Windows; U; Windows NT 6.0; en-US; rv:1.9b2) Gecko/2007121120 Firefox/3.0b2"
24.197.4.214 - - [06/Jan/2008:13:57:11 -0800] "www.modestolan.com: GET /~twentydead/tabard/ HTTP/1.1" 200 1431 "http://www.modestolan.com/~twentydead/?M=D" "Mozilla/5.0 (Windows; U; Windows NT 6.0; en-US; rv:1.9b2) Gecko/2007121120 Firefox/3.0b2"
24.197.4.214 - - [06/Jan/2008:13:57:11 -0800] "www.modestolan.com: GET /icons/unknown.gif HTTP/1.1" 200 245 "http://www.modestolan.com/~twentydead/tabard/" "Mozilla/5.0 (Windows; U; Windows NT 6.0; en-US; rv:1.9b2) Gecko/2007121120 Firefox/3.0b2"
24.197.4.214 - - [06/Jan/2008:13:57:13 -0800] "www.modestolan.com: GET /~twentydead/tabard/WoWScrnShot_122007_004551.jpg HTTP/1.1" 200 344321 "http://www.modestolan.com/~twentydead/tabard/" "Mozilla/5.0 (Windows; U; Windows NT 6.0; en-US; rv:1.9b2) Gecko/2007121120 Firefox/3.0b2"
24.197.4.214 - - [06/Jan/2008:13:57:20 -0800] "www.modestolan.com: GET /~twentydead/tabard/WoWScrnShot_122007_005231.jpg HTTP/1.1" 200 339113 "http://www.modestolan.com/~twentydead/tabard/" "Mozilla/5.0 (Windows; U; Windows NT 6.0; en-US; rv:1.9b2) Gecko/2007121120 Firefox/3.0b2"
24.197.4.214 - - [06/Jan/2008:13:57:27 -0800] "www.modestolan.com: GET /~twentydead/xobx/ HTTP/1.1" 200 1516 "http://www.modestolan.com/~twentydead/?M=D" "Mozilla/5.0 (Windows; U; Windows NT 6.0; en-US; rv:1.9b2) Gecko/2007121120 Firefox/3.0b2"
24.197.4.214 - - [06/Jan/2008:13:57:28 -0800] "www.modestolan.com: GET /~twentydead/xobx/screenshot000.jpg HTTP/1.1" 200 93845 "http://www.modestolan.com/~twentydead/xobx/" "Mozilla/5.0 (Windows; U; Windows NT 6.0; en-US; rv:1.9b2) Gecko/2007121120 Firefox/3.0b2"
24.197.4.214 - - [06/Jan/2008:13:57:36 -0800] "www.modestolan.com: GET /~twentydead/xobx/screenshot001.jpg HTTP/1.1" 200 94967 "http://www.modestolan.com/~twentydead/xobx/" "Mozilla/5.0 (Windows; U; Windows NT 6.0; en-US; rv:1.9b2) Gecko/2007121120 Firefox/3.0b2"
24.197.4.214 - - [06/Jan/2008:13:57:42 -0800] "www.modestolan.com: GET /~twentydead/xobx/screenshot003.jpg HTTP/1.1" 200 69273 "http://www.modestolan.com/~twentydead/xobx/" "Mozilla/5.0 (Windows; U; Windows NT 6.0; en-US; rv:1.9b2) Gecko/2007121120 Firefox/3.0b2"
24.197.4.214 - - [06/Jan/2008:13:57:48 -0800] "www.modestolan.com: GET /~twentydead/xobx/screenshot006.jpg HTTP/1.1" 200 52317 "http://www.modestolan.com/~twentydead/xobx/" "Mozilla/5.0 (Windows; U; Windows NT 6.0; en-US; rv:1.9b2) Gecko/2007121120 Firefox/3.0b2"
24.197.4.214 - - [06/Jan/2008:13:57:57 -0800] "www.modestolan.com: GET /~twentydead/pki/ HTTP/1.1" 200 1369 "http://www.modestolan.com/~twentydead/?M=D" "Mozilla/5.0 (Windows; U; Windows NT 6.0; en-US; rv:1.9b2) Gecko/2007121120 Firefox/3.0b2"
74.6.20.38 - - [06/Jan/2008:13:58:04 -0800] "www.modestolan.com: GET /vb/memberlist.php?ltr=S&pp=0&sort=username&order=asc HTTP/1.0" 200 7697 "-" "Mozilla/5.0 (compatible; Yahoo! Slurp; http://help.yahoo.com/help/us/ysearch/slurp)"
24.197.4.214 - - [06/Jan/2008:13:58:05 -0800] "www.modestolan.com: GET /~twentydead/heatercore.jpg HTTP/1.1" 200 1236067 "http://www.modestolan.com/~twentydead/?M=D" "Mozilla/5.0 (Windows; U; Windows NT 6.0; en-US; rv:1.9b2) Gecko/2007121120 Firefox/3.0b2"
24.197.4.214 - - [06/Jan/2008:13:58:15 -0800] "www.modestolan.com: GET /~twentydead/fun.JPG HTTP/1.1" 200 199225 "http://www.modestolan.com/~twentydead/?M=D" "Mozilla/5.0 (Windows; U; Windows NT 6.0; en-US; rv:1.9b2) Gecko/2007121120 Firefox/3.0b2"
82.99.30.44 - - [06/Jan/2008:13:58:18 -0800] "www.modestolan.com: GET /vb/search.php?s=3e8fd33f1766f15d6f888fe47629b3a6&do=finduser&u=867 HTTP/1.0" 302 0 "-" "Mozilla/4.0 (compatible; MSIE 6.0; Windows NT 5.1)"
24.197.4.214 - - [06/Jan/2008:13:58:32 -0800] "www.modestolan.com: GET /~twentydead/molan.txt HTTP/1.1" 200 719 "http://www.modestolan.com/~twentydead/?M=D" "Mozilla/5.0 (Windows; U; Windows NT 6.0; en-US; rv:1.9b2) Gecko/2007121120 Firefox/3.0b2"
24.197.4.214 - - [06/Jan/2008:13:58:36 -0800] "www.modestolan.com: GET /~twentydead/850fun/ HTTP/1.1" 200 2022 "http://www.modestolan.com/~twentydead/?M=D" "Mozilla/5.0 (Windows; U; Windows NT 6.0; en-US; rv:1.9b2) Gecko/2007121120 Firefox/3.0b2"
24.197.4.214 - - [06/Jan/2008:13:58:42 -0800] "www.modestolan.com: GET /~twentydead/850fun/P1040468.JPG HTTP/1.1" 200 1126505 "http://www.modestolan.com/~twentydead/850fun/" "Mozilla/5.0 (Windows; U; Windows NT 6.0; en-US; rv:1.9b2) Gecko/2007121120 Firefox/3.0b2"
24.197.4.214 - - [06/Jan/2008:13:58:45 -0800] "www.modestolan.com: GET /~twentydead/850fun/P1040469.JPG HTTP/1.1" 200 1122807 "http://www.modestolan.com/~twentydead/850fun/" "Mozilla/5.0 (Windows; U; Windows NT 6.0; en-US; rv:1.9b2) Gecko/2007121120 Firefox/3.0b2"
24.197.4.214 - - [06/Jan/2008:13:58:52 -0800] "www.modestolan.com: GET /~twentydead/850fun/P1040470.JPG HTTP/1.1" 200 1172992 "http://www.modestolan.com/~twentydead/850fun/" "Mozilla/5.0 (Windows; U; Windows NT 6.0; en-US; rv:1.9b2) Gecko/2007121120 Firefox/3.0b2"
24.197.4.214 - - [06/Jan/2008:13:58:56 -0800] "www.modestolan.com: GET /~twentydead/r6fail.JPG HTTP/1.1" 200 132903 "http://www.modestolan.com/~twentydead/?M=D" "Mozilla/5.0 (Windows; U; Windows NT 6.0; en-US; rv:1.9b2) Gecko/2007121120 Firefox/3.0b2"
24.197.4.214 - - [06/Jan/2008:13:59:01 -0800] "www.modestolan.com: GET /~twentydead/dukes.jpg HTTP/1.1" 200 47276 "http://www.modestolan.com/~twentydead/?M=D" "Mozilla/5.0 (Windows; U; Windows NT 6.0; en-US; rv:1.9b2) Gecko/2007121120 Firefox/3.0b2"
