69.225.12.68 - - [13/Jan/2008:08:55:02 -0800] "www.modestolan.com: GET /vb/images/misc/multipage.gif HTTP/1.1" 200 567 "http://www.modestolan.com/vb/forumdisplay.php?f=2" "Mozilla/4.0 (compatible; MSIE 7.0; Windows NT 6.0; SLCC1; .NET CLR 2.0.50727; Media Center PC 5.0; .NET CLR 3.0.04506; .NET CLR 1.1.4322; InfoPath.2)"
69.225.12.68 - - [13/Jan/2008:08:55:02 -0800] "www.modestolan.com: GET /vb/images/misc/subscribed.gif HTTP/1.1" 200 968 "http://www.modestolan.com/vb/forumdisplay.php?f=2" "Mozilla/4.0 (compatible; MSIE 7.0; Windows NT 6.0; SLCC1; .NET CLR 2.0.50727; Media Center PC 5.0; .NET CLR 3.0.04506; .NET CLR 1.1.4322; InfoPath.2)"
69.225.12.68 - - [13/Jan/2008:08:55:02 -0800] "www.modestolan.com: GET /vb/images/misc/paperclip.gif HTTP/1.1" 200 305 "http://www.modestolan.com/vb/forumdisplay.php?f=2" "Mozilla/4.0 (compatible; MSIE 7.0; Windows NT 6.0; SLCC1; .NET CLR 2.0.50727; Media Center PC 5.0; .NET CLR 3.0.04506; .NET CLR 1.1.4322; InfoPath.2)"
69.225.12.68 - - [13/Jan/2008:08:55:02 -0800] "www.modestolan.com: GET /vb/images/statusicon/thread.gif HTTP/1.1" 200 576 "http://www.modestolan.com/vb/forumdisplay.php?f=2" "Mozilla/4.0 (compatible; MSIE 7.0; Windows NT 6.0; SLCC1; .NET CLR 2.0.50727; Media Center PC 5.0; .NET CLR 3.0.04506; .NET CLR 1.1.4322; InfoPath.2)"
69.225.12.68 - - [13/Jan/2008:08:55:02 -0800] "www.modestolan.com: GET /vb/images/icons/icon5.gif HTTP/1.1" 200 355 "http://www.modestolan.com/vb/forumdisplay.php?f=2" "Mozilla/4.0 (compatible; MSIE 7.0; Windows NT 6.0; SLCC1; .NET CLR 2.0.50727; Media Center PC 5.0; .NET CLR 3.0.04506; .NET CLR 1.1.4322; InfoPath.2)"
69.225.12.68 - - [13/Jan/2008:08:55:02 -0800] "www.modestolan.com: GET /vb/cron.php?&rand=305304 HTTP/1.1" 200 43 "http://www.modestolan.com/vb/forumdisplay.php?f=2" "Mozilla/4.0 (compatible; MSIE 7.0; Windows NT 6.0; SLCC1; .NET CLR 2.0.50727; Media Center PC 5.0; .NET CLR 3.0.04506; .NET CLR 1.1.4322; InfoPath.2)"
70.137.20.34 - - [13/Jan/2008:09:05:58 -0800] "www.modestolan.com: GET / HTTP/1.1" 200 0 "-" "Mozilla/4.0 (compatible; MSIE 7.0; Windows NT 5.1; .NET CLR 1.1.4322)"
70.137.20.34 - - [13/Jan/2008:09:05:58 -0800] "www.modestolan.com: GET / HTTP/1.1" 200 15714 "-" "Mozilla/4.0 (compatible; MSIE 7.0; Windows NT 5.1; SV1; .NET CLR 2.0.50727)"
70.137.20.34 - - [13/Jan/2008:09:05:58 -0800] "www.modestolan.com: GET / HTTP/1.1" 200 15714 "-" "Mozilla/4.0 (compatible; MSIE 7.0; Windows NT 5.1; SV1; .NET CLR 2.0.50727)"
70.137.20.34 - - [13/Jan/2008:09:05:58 -0800] "www.modestolan.com: GET / HTTP/1.1" 200 15714 "-" "Mozilla/4.0 (compatible; MSIE 7.0; Windows NT 5.1; SV1; .NET CLR 2.0.50727)"
70.137.20.34 - - [13/Jan/2008:09:05:58 -0800] "www.modestolan.com: GET / HTTP/1.1" 200 15714 "-" "Mozilla/4.0 (compatible; MSIE 7.0; Windows NT 5.1; SV1; .NET CLR 2.0.50727)"
70.137.20.34 - - [13/Jan/2008:09:05:58 -0800] "www.modestolan.com: GET / HTTP/1.1" 200 15714 "-" "Mozilla/4.0 (compatible; MSIE 7.0; Windows NT 5.1; SV1; .NET CLR 2.0.50727)"
70.137.20.34 - - [13/Jan/2008:09:05:58 -0800] "www.modestolan.com: GET / HTTP/1.1" 200 15714 "-" "Mozilla/4.0 (compatible; MSIE 7.0; Windows NT 5.1; SV1; .NET CLR 2.0.50727)"
70.137.20.34 - - [13/Jan/2008:09:05:58 -0800] "www.modestolan.com: GET / HTTP/1.1" 200 15714 "-" "Mozilla/4.0 (compatible; MSIE 7.0; Windows NT 5.1; SV1; .NET CLR 2.0.50727)"
70.137.20.34 - - [13/Jan/2008:09:05:58 -0800] "www.modestolan.com: GET / HTTP/1.1" 200 15714 "-" "Mozilla/4.0 (compatible; MSIE 7.0; Windows NT 5.1; SV1; .NET CLR 2.0.50727)"
74.6.25.82 - - [13/Jan/2008:09:06:03 -0800] "www.modestolan.com: GET /vb/memberlist.php?ltr=R&order=DESC&sort=posts&pp=30 HTTP/1.0" 200 6802 "-" "Mozilla/5.0 (compatible; Yahoo! Slurp; http://help.yahoo.com/help/us/ysearch/slurp)"
74.6.20.112 - - [13/Jan/2008:09:06:03 -0800] "www.modestolan.com: GET /vb/memberlist.php?ltr=X&order=ASC&sort=username&pp=30 HTTP/1.0" 200 6583 "-" "Mozilla/5.0 (compatible; Yahoo! Slurp; http://help.yahoo.com/help/us/ysearch/slurp)"
70.137.20.34 - - [13/Jan/2008:09:06:22 -0800] "www.modestolan.com: GET / HTTP/1.1" 200 24084 "-" "Mozilla/4.0 (compatible; MSIE 7.0; Windows NT 5.1; .NET CLR 1.1.4322)"
70.137.20.34 - - [13/Jan/2008:09:06:27 -0800] "www.modestolan.com: GET /vb HTTP/1.1" 301 363 "-" "Mozilla/4.0 (compatible; MSIE 7.0; Windows NT 5.1; .NET CLR 1.1.4322)"
70.137.20.34 - - [13/Jan/2008:09:06:27 -0800] "www.modestolan.com: GET /vb/ HTTP/1.1" 200 8570 "-" "Mozilla/4.0 (compatible; MSIE 7.0; Windows NT 5.1; .NET CLR 1.1.4322)"
70.137.20.34 - - [13/Jan/2008:09:06:28 -0800] "www.modestolan.com: GET /php/menu.php HTTP/1.1" 200 21682 "http://www.modestolan.com/vb/" "Mozilla/4.0 (compatible; MSIE 7.0; Windows NT 5.1; .NET CLR 1.1.4322)"
70.137.20.34 - - [13/Jan/2008:09:06:29 -0800] "www.modestolan.com: GET /vb/cron.php?&rand=379180 HTTP/1.1" 200 43 "http://www.modestolan.com/vb/" "Mozilla/4.0 (compatible; MSIE 7.0; Windows NT 5.1; .NET CLR 1.1.4322)"
70.137.20.34 - - [13/Jan/2008:09:06:40 -0800] "www.modestolan.com: GET /vb/showthread.php?goto=newpost&t=5672 HTTP/1.1" 302 5 "http://www.modestolan.com/vb/" "Mozilla/4.0 (compatible; MSIE 7.0; Windows NT 5.1; .NET CLR 1.1.4322)"
70.137.20.34 - - [13/Jan/2008:09:06:41 -0800] "www.modestolan.com: GET /vb/showthread.php?p=50641 HTTP/1.1" 200 15909 "http://www.modestolan.com/vb/" "Mozilla/4.0 (compatible; MSIE 7.0; Windows NT 5.1; .NET CLR 1.1.4322)"
70.137.20.34 - - [13/Jan/2008:09:06:41 -0800] "www.modestolan.com: GET /vb/clientscript/vbulletin_post_loader.js?v=368 HTTP/1.1" 304 - "http://www.modestolan.com/vb/showthread.php?p=50641#post50641" "Mozilla/4.0 (compatible; MSIE 7.0; Windows NT 5.1; .NET CLR 1.1.4322)"
70.137.20.34 - - [13/Jan/2008:09:06:41 -0800] "www.modestolan.com: GET /php/menu.php HTTP/1.1" 200 21682 "http://www.modestolan.com/vb/showthread.php?p=50641#post50641" "Mozilla/4.0 (compatible; MSIE 7.0; Windows NT 5.1; .NET CLR 1.1.4322)"
70.137.20.34 - - [13/Jan/2008:09:06:42 -0800] "www.modestolan.com: GET /vb/images/buttons/reply.gif HTTP/1.1" 304 - "http://www.modestolan.com/vb/showthread.php?p=50641#post50641" "Mozilla/4.0 (compatible; MSIE 7.0; Windows NT 5.1; .NET CLR 1.1.4322)"
70.137.20.34 - - [13/Jan/2008:09:06:42 -0800] "www.modestolan.com: GET /vb/images/statusicon/post_old.gif HTTP/1.1" 304 - "http://www.modestolan.com/vb/showthread.php?p=50641#post50641" "Mozilla/4.0 (compatible; MSIE 7.0; Windows NT 5.1; .NET CLR 1.1.4322)"
70.137.20.34 - - [13/Jan/2008:09:06:42 -0800] "www.modestolan.com: GET /vb/images/misc/im_msn.gif HTTP/1.1" 304 - "http://www.modestolan.com/vb/showthread.php?p=50641#post50641" "Mozilla/4.0 (compatible; MSIE 7.0; Windows NT 5.1; .NET CLR 1.1.4322)"
70.137.20.34 - - [13/Jan/2008:09:06:42 -0800] "www.modestolan.com: GET /vb/images/buttons/viewpost.gif HTTP/1.1" 304 - "http://www.modestolan.com/vb/showthread.php?p=50641#post50641" "Mozilla/4.0 (compatible; MSIE 7.0; Windows NT 5.1; .NET CLR 1.1.4322)"
70.137.20.34 - - [13/Jan/2008:09:06:42 -0800] "www.modestolan.com: GET /vb/images/statusicon/user_online.gif HTTP/1.1" 304 - "http://www.modestolan.com/vb/showthread.php?p=50641#post50641" "Mozilla/4.0 (compatible; MSIE 7.0; Windows NT 5.1; .NET CLR 1.1.4322)"
70.137.20.34 - - [13/Jan/2008:09:06:42 -0800] "www.modestolan.com: GET /vb/images/buttons/quote.gif HTTP/1.1" 304 - "http://www.modestolan.com/vb/showthread.php?p=50641#post50641" "Mozilla/4.0 (compatible; MSIE 7.0; Windows NT 5.1; .NET CLR 1.1.4322)"
70.137.20.34 - - [13/Jan/2008:09:06:42 -0800] "www.modestolan.com: GET /vb/images/buttons/quickreply.gif HTTP/1.1" 304 - "http://www.modestolan.com/vb/showthread.php?p=50641#post50641" "Mozilla/4.0 (compatible; MSIE 7.0; Windows NT 5.1; .NET CLR 1.1.4322)"
70.137.20.34 - - [13/Jan/2008:09:06:42 -0800] "www.modestolan.com: GET /vb/clientscript/vbulletin_multi_quote.js?v=368 HTTP/1.1" 304 - "http://www.modestolan.com/vb/showthread.php?p=50641#post50641" "Mozilla/4.0 (compatible; MSIE 7.0; Windows NT 5.1; .NET CLR 1.1.4322)"
70.137.20.34 - - [13/Jan/2008:09:06:42 -0800] "www.modestolan.com: GET /vb/clientscript/vbulletin_textedit.js?v=368 HTTP/1.1" 304 - "http://www.modestolan.com/vb/showthread.php?p=50641#post50641" "Mozilla/4.0 (compatible; MSIE 7.0; Windows NT 5.1; .NET CLR 1.1.4322)"
70.137.20.34 - - [13/Jan/2008:09:06:43 -0800] "www.modestolan.com: GET /vb/clientscript/vbulletin_editor.css HTTP/1.1" 304 - "http://www.modestolan.com/vb/showthread.php?p=50641#post50641" "Mozilla/4.0 (compatible; MSIE 7.0; Windows NT 5.1; .NET CLR 1.1.4322)"
70.137.20.34 - - [13/Jan/2008:09:06:43 -0800] "www.modestolan.com: GET /vb/clientscript/vbulletin_quick_edit.js?v=368 HTTP/1.1" 304 - "http://www.modestolan.com/vb/showthread.php?p=50641#post50641" "Mozilla/4.0 (compatible; MSIE 7.0; Windows NT 5.1; .NET CLR 1.1.4322)"
70.137.20.34 - - [13/Jan/2008:09:06:43 -0800] "www.modestolan.com: GET /vb/clientscript/vbulletin_quick_reply.js?v=368 HTTP/1.1" 304 - "http://www.modestolan.com/vb/showthread.php?p=50641#post50641" "Mozilla/4.0 (compatible; MSIE 7.0; Windows NT 5.1; .NET CLR 1.1.4322)"
70.137.20.34 - - [13/Jan/2008:09:06:43 -0800] "www.modestolan.com: GET /vb/images/misc/progress.gif HTTP/1.1" 304 - "http://www.modestolan.com/vb/showthread.php?p=50641#post50641" "Mozilla/4.0 (compatible; MSIE 7.0; Windows NT 5.1; .NET CLR 1.1.4322)"
70.137.20.34 - - [13/Jan/2008:09:06:43 -0800] "www.modestolan.com: GET /vb/images/buttons/printer.gif HTTP/1.1" 304 - "http://www.modestolan.com/vb/showthread.php?p=50641#post50641" "Mozilla/4.0 (compatible; MSIE 7.0; Windows NT 5.1; .NET CLR 1.1.4322)"
70.137.20.34 - - [13/Jan/2008:09:06:43 -0800] "www.modestolan.com: GET /vb/images/buttons/sendtofriend.gif HTTP/1.1" 304 - "http://www.modestolan.com/vb/showthread.php?p=50641#post50641" "Mozilla/4.0 (compatible; MSIE 7.0; Windows NT 5.1; .NET CLR 1.1.4322)"
70.137.20.34 - - [13/Jan/2008:09:06:43 -0800] "www.modestolan.com: GET /vb/images/buttons/subscribe.gif HTTP/1.1" 304 - "http://www.modestolan.com/vb/showthread.php?p=50641#post50641" "Mozilla/4.0 (compatible; MSIE 7.0; Windows NT 5.1; .NET CLR 1.1.4322)"
70.137.20.34 - - [13/Jan/2008:09:06:43 -0800] "www.modestolan.com: GET /vb/images/buttons/addpoll.gif HTTP/1.1" 304 - "http://www.modestolan.com/vb/showthread.php?p=50641#post50641" "Mozilla/4.0 (compatible; MSIE 7.0; Windows NT 5.1; .NET CLR 1.1.4322)"
70.137.20.34 - - [13/Jan/2008:09:06:43 -0800] "www.modestolan.com: GET /vb/images/buttons/mode_linear.gif HTTP/1.1" 304 - "http://www.modestolan.com/vb/showthread.php?p=50641#post50641" "Mozilla/4.0 (compatible; MSIE 7.0; Windows NT 5.1; .NET CLR 1.1.4322)"
70.137.20.34 - - [13/Jan/2008:09:06:43 -0800] "www.modestolan.com: GET /vb/images/buttons/mode_hybrid.gif HTTP/1.1" 304 - "http://www.modestolan.com/vb/showthread.php?p=50641#post50641" "Mozilla/4.0 (compatible; MSIE 7.0; Windows NT 5.1; .NET CLR 1.1.4322)"
70.137.20.34 - - [13/Jan/2008:09:06:43 -0800] "www.modestolan.com: GET /vb/images/buttons/mode_threaded.gif HTTP/1.1" 304 - "http://www.modestolan.com/vb/showthread.php?p=50641#post50641" "Mozilla/4.0 (compatible; MSIE 7.0; Windows NT 5.1; .NET CLR 1.1.4322)"
70.137.20.34 - - [13/Jan/2008:09:06:43 -0800] "www.modestolan.com: GET /vb/images/rating/rating_5.gif HTTP/1.1" 304 - "http://www.modestolan.com/vb/showthread.php?p=50641#post50641" "Mozilla/4.0 (compatible; MSIE 7.0; Windows NT 5.1; .NET CLR 1.1.4322)"
70.137.20.34 - - [13/Jan/2008:09:06:43 -0800] "www.modestolan.com: GET /vb/images/rating/rating_4.gif HTTP/1.1" 304 - "http://www.modestolan.com/vb/showthread.php?p=50641#post50641" "Mozilla/4.0 (compatible; MSIE 7.0; Windows NT 5.1; .NET CLR 1.1.4322)"
70.137.20.34 - - [13/Jan/2008:09:06:43 -0800] "www.modestolan.com: GET /vb/images/rating/rating_3.gif HTTP/1.1" 304 - "http://www.modestolan.com/vb/showthread.php?p=50641#post50641" "Mozilla/4.0 (compatible; MSIE 7.0; Windows NT 5.1; .NET CLR 1.1.4322)"
70.137.20.34 - - [13/Jan/2008:09:06:44 -0800] "www.modestolan.com: GET /vb/images/rating/rating_2.gif HTTP/1.1" 304 - "http://www.modestolan.com/vb/showthread.php?p=50641#post50641" "Mozilla/4.0 (compatible; MSIE 7.0; Windows NT 5.1; .NET CLR 1.1.4322)"
70.137.20.34 - - [13/Jan/2008:09:06:44 -0800] "www.modestolan.com: GET /vb/images/rating/rating_1.gif HTTP/1.1" 304 - "http://www.modestolan.com/vb/showthread.php?p=50641#post50641" "Mozilla/4.0 (compatible; MSIE 7.0; Windows NT 5.1; .NET CLR 1.1.4322)"
70.137.20.34 - - [13/Jan/2008:09:06:44 -0800] "www.modestolan.com: GET /vb/clientscript/vbulletin_ajax_threadrate.js?v=368 HTTP/1.1" 304 - "http://www.modestolan.com/vb/showthread.php?p=50641#post50641" "Mozilla/4.0 (compatible; MSIE 7.0; Windows NT 5.1; .NET CLR 1.1.4322)"
70.137.20.34 - - [13/Jan/2008:09:06:44 -0800] "www.modestolan.com: GET /vb/cron.php?&rand=866773 HTTP/1.1" 200 43 "http://www.modestolan.com/vb/showthread.php?p=50641#post50641" "Mozilla/4.0 (compatible; MSIE 7.0; Windows NT 5.1; .NET CLR 1.1.4322)"
66.249.70.51 - - [13/Jan/2008:09:06:58 -0800] "www.modestolan.com: GET /vb/calendar.php?c=2&week=970963200&do=displayweek&month=10 HTTP/1.1" 200 7080 "-" "Mozilla/5.0 (compatible; Googlebot/2.1; +http://www.google.com/bot.html)"
66.249.70.51 - - [13/Jan/2008:09:07:03 -0800] "www.modestolan.com: GET /vb/calendar.php?do=add&c=2&day=2000-11-1 HTTP/1.1" 200 6380 "-" "Mozilla/5.0 (compatible; Googlebot/2.1; +http://www.google.com/bot.html)"
124.81.138.49 - - [13/Jan/2008:09:07:07 -0800] "www.modestolan.com: GET /tables.css HTTP/1.1" 200 2419 "http://www.modestolan.com/~nine/Nine_Inch_Nails-Live_In_Fresno_CA_03-23-2005-YKK/" "Mozilla/5.0 (Windows; U; Windows NT 5.1; en-US; rv:1.8.1.11) Gecko/20071231 Firefox/2.0.0.11 Flock/1.0.5"
124.81.138.49 - - [13/Jan/2008:09:07:08 -0800] "www.modestolan.com: GET /~nine/Nine_Inch_Nails-Live_In_Fresno_CA_03-23-2005-YKK/ HTTP/1.1" 200 18666 "http://www.google.com/search?hl=en&client=firefox&rls=FlockInc.%3Aen-US%3Aofficial&q=intitle%3Aindex.of+mp3+Nine+Inch+Nails+2007&btnG=Search" "Mozilla/5.0 (Windows; U; Windows NT 5.1; en-US; rv:1.8.1.11) Gecko/20071231 Firefox/2.0.0.11 Flock/1.0.5"
124.81.138.49 - - [13/Jan/2008:09:07:17 -0800] "www.modestolan.com: GET /images/bg_small.jpg HTTP/1.1" 200 1598 "http://www.modestolan.com/~nine/Nine_Inch_Nails-Live_In_Fresno_CA_03-23-2005-YKK/" "Mozilla/5.0 (Windows; U; Windows NT 5.1; en-US; rv:1.8.1.11) Gecko/20071231 Firefox/2.0.0.11 Flock/1.0.5"
124.81.138.49 - - [13/Jan/2008:09:07:25 -0800] "www.modestolan.com: GET /php/menu.php HTTP/1.1" 200 21682 "http://www.modestolan.com/~nine/Nine_Inch_Nails-Live_In_Fresno_CA_03-23-2005-YKK/" "Mozilla/5.0 (Windows; U; Windows NT 5.1; en-US; rv:1.8.1.11) Gecko/20071231 Firefox/2.0.0.11 Flock/1.0.5"
222.71.0.122 - - [13/Jan/2008:09:07:26 -0800] "www.modestolan.com: GET / HTTP/1.1" 200 24084 "http://www.modestolan.com/" "Mozilla/4.0 (compatible; MSIE 6.0; Windows NT 5.1; SV1; Maxthon; .NET CLR 1.1.4322; InfoPath.1; .NET CLR 2.0.50727)"
77.178.23.23 - - [13/Jan/2008:09:07:27 -0800] "www.modestolan.com: GET /~nine/Nine_Inch_Nails-Live_In_Fresno_CA_03-23-2005-YKK/14-nine_inch_nails-even_deeper-ykk.mp3 HTTP/1.1" 200 17166 "-" "-"
124.81.138.49 - - [13/Jan/2008:09:07:34 -0800] "www.modestolan.com: GET /images/menu/2.gif HTTP/1.1" 200 550 "http://www.modestolan.com/~nine/Nine_Inch_Nails-Live_In_Fresno_CA_03-23-2005-YKK/" "Mozilla/5.0 (Windows; U; Windows NT 5.1; en-US; rv:1.8.1.11) Gecko/20071231 Firefox/2.0.0.11 Flock/1.0.5"
124.81.138.49 - - [13/Jan/2008:09:07:35 -0800] "www.modestolan.com: GET /images/landate.swf HTTP/1.1" 200 2197 "http://www.modestolan.com/~nine/Nine_Inch_Nails-Live_In_Fresno_CA_03-23-2005-YKK/" "Mozilla/5.0 (Windows; U; Windows NT 5.1; en-US; rv:1.8.1.11) Gecko/20071231 Firefox/2.0.0.11 Flock/1.0.5"
69.235.2.226 - - [13/Jan/2008:09:07:39 -0800] "www.modestolan.com: GET / HTTP/1.1" 200 15714 "-" "Mozilla/4.0 (compatible; MSIE 7.0; Windows NT 5.1; SV1; .NET CLR 2.0.50727)"
69.235.2.226 - - [13/Jan/2008:09:07:39 -0800] "www.modestolan.com: GET / HTTP/1.1" 200 15714 "-" "Mozilla/4.0 (compatible; MSIE 7.0; Windows NT 5.1; SV1; .NET CLR 2.0.50727)"
69.235.2.226 - - [13/Jan/2008:09:07:39 -0800] "www.modestolan.com: GET / HTTP/1.1" 200 15714 "-" "Mozilla/4.0 (compatible; MSIE 7.0; Windows NT 5.1; SV1; .NET CLR 2.0.50727)"
69.235.2.226 - - [13/Jan/2008:09:07:39 -0800] "www.modestolan.com: GET / HTTP/1.1" 200 15714 "-" "Mozilla/4.0 (compatible; MSIE 7.0; Windows NT 5.1; SV1; .NET CLR 2.0.50727)"
124.81.138.49 - - [13/Jan/2008:09:07:39 -0800] "www.modestolan.com: GET /images/menu/3.gif HTTP/1.1" 200 511 "http://www.modestolan.com/~nine/Nine_Inch_Nails-Live_In_Fresno_CA_03-23-2005-YKK/" "Mozilla/5.0 (Windows; U; Windows NT 5.1; en-US; rv:1.8.1.11) Gecko/20071231 Firefox/2.0.0.11 Flock/1.0.5"
124.81.138.49 - - [13/Jan/2008:09:07:40 -0800] "www.modestolan.com: GET /images/menu/4.gif HTTP/1.1" 200 443 "http://www.modestolan.com/~nine/Nine_Inch_Nails-Live_In_Fresno_CA_03-23-2005-YKK/" "Mozilla/5.0 (Windows; U; Windows NT 5.1; en-US; rv:1.8.1.11) Gecko/20071231 Firefox/2.0.0.11 Flock/1.0.5"
124.81.138.49 - - [13/Jan/2008:09:07:44 -0800] "www.modestolan.com: GET /images/menu/8.gif HTTP/1.1" 200 746 "http://www.modestolan.com/~nine/Nine_Inch_Nails-Live_In_Fresno_CA_03-23-2005-YKK/" "Mozilla/5.0 (Windows; U; Windows NT 5.1; en-US; rv:1.8.1.11) Gecko/20071231 Firefox/2.0.0.11 Flock/1.0.5"
124.81.138.49 - - [13/Jan/2008:09:07:44 -0800] "www.modestolan.com: GET /images/menu/5.gif HTTP/1.1" 200 549 "http://www.modestolan.com/~nine/Nine_Inch_Nails-Live_In_Fresno_CA_03-23-2005-YKK/" "Mozilla/5.0 (Windows; U; Windows NT 5.1; en-US; rv:1.8.1.11) Gecko/20071231 Firefox/2.0.0.11 Flock/1.0.5"
69.235.2.226 - - [13/Jan/2008:09:07:45 -0800] "www.modestolan.com: GET / HTTP/1.1" 200 15714 "-" "Mozilla/4.0 (compatible; MSIE 7.0; Windows NT 5.1; SV1; .NET CLR 2.0.50727)"
69.235.2.226 - - [13/Jan/2008:09:07:45 -0800] "www.modestolan.com: GET / HTTP/1.1" 200 15714 "-" "Mozilla/4.0 (compatible; MSIE 7.0; Windows NT 5.1; SV1; .NET CLR 2.0.50727)"
69.235.2.226 - - [13/Jan/2008:09:07:45 -0800] "www.modestolan.com: GET / HTTP/1.1" 200 15714 "-" "Mozilla/4.0 (compatible; MSIE 7.0; Windows NT 5.1; SV1; .NET CLR 2.0.50727)"
124.81.138.49 - - [13/Jan/2008:09:07:48 -0800] "www.modestolan.com: GET /images/menu/6.gif HTTP/1.1" 200 600 "http://www.modestolan.com/~nine/Nine_Inch_Nails-Live_In_Fresno_CA_03-23-2005-YKK/" "Mozilla/5.0 (Windows; U; Windows NT 5.1; en-US; rv:1.8.1.11) Gecko/20071231 Firefox/2.0.0.11 Flock/1.0.5"
124.81.138.49 - - [13/Jan/2008:09:07:49 -0800] "www.modestolan.com: GET /images/menu/7.gif HTTP/1.1" 200 601 "http://www.modestolan.com/~nine/Nine_Inch_Nails-Live_In_Fresno_CA_03-23-2005-YKK/" "Mozilla/5.0 (Windows; U; Windows NT 5.1; en-US; rv:1.8.1.11) Gecko/20071231 Firefox/2.0.0.11 Flock/1.0.5"
69.235.2.226 - - [13/Jan/2008:09:07:50 -0800] "www.modestolan.com: GET / HTTP/1.1" 200 15714 "-" "Mozilla/4.0 (compatible; MSIE 7.0; Windows NT 5.1; SV1; .NET CLR 2.0.50727)"
124.81.138.49 - - [13/Jan/2008:09:07:53 -0800] "www.modestolan.com: GET /images/transparent.gif HTTP/1.1" 200 43 "http://www.modestolan.com/~nine/Nine_Inch_Nails-Live_In_Fresno_CA_03-23-2005-YKK/" "Mozilla/5.0 (Windows; U; Windows NT 5.1; en-US; rv:1.8.1.11) Gecko/20071231 Firefox/2.0.0.11 Flock/1.0.5"
124.81.138.49 - - [13/Jan/2008:09:07:53 -0800] "www.modestolan.com: GET /images/top_14.gif HTTP/1.1" 200 522 "http://www.modestolan.com/~nine/Nine_Inch_Nails-Live_In_Fresno_CA_03-23-2005-YKK/" "Mozilla/5.0 (Windows; U; Windows NT 5.1; en-US; rv:1.8.1.11) Gecko/20071231 Firefox/2.0.0.11 Flock/1.0.5"
69.235.2.226 - - [13/Jan/2008:09:07:55 -0800] "www.modestolan.com: GET / HTTP/1.1" 200 15714 "-" "Mozilla/4.0 (compatible; MSIE 7.0; Windows NT 5.1; SV1; .NET CLR 2.0.50727)"
124.81.138.49 - - [13/Jan/2008:09:07:57 -0800] "www.modestolan.com: GET /images/top_12.gif HTTP/1.1" 200 826 "http://www.modestolan.com/~nine/Nine_Inch_Nails-Live_In_Fresno_CA_03-23-2005-YKK/" "Mozilla/5.0 (Windows; U; Windows NT 5.1; en-US; rv:1.8.1.11) Gecko/20071231 Firefox/2.0.0.11 Flock/1.0.5"
124.81.138.49 - - [13/Jan/2008:09:07:57 -0800] "www.modestolan.com: GET /transparent.gif HTTP/1.1" 200 43 "http://www.modestolan.com/~nine/Nine_Inch_Nails-Live_In_Fresno_CA_03-23-2005-YKK/" "Mozilla/5.0 (Windows; U; Windows NT 5.1; en-US; rv:1.8.1.11) Gecko/20071231 Firefox/2.0.0.11 Flock/1.0.5"
124.81.138.49 - - [13/Jan/2008:09:08:00 -0800] "www.modestolan.com: GET /images/top_02.gif HTTP/1.1" 200 882 "http://www.modestolan.com/~nine/Nine_Inch_Nails-Live_In_Fresno_CA_03-23-2005-YKK/" "Mozilla/5.0 (Windows; U; Windows NT 5.1; en-US; rv:1.8.1.11) Gecko/20071231 Firefox/2.0.0.11 Flock/1.0.5"
76.108.56.59 - - [13/Jan/2008:09:08:00 -0800] "www.modestolan.com: GET / HTTP/1.1" 200 15778 "-" "Mozilla/5.0 (Windows; U; Windows NT 5.1; en-US; rv:1.8.1.11) Gecko/20071127 Firefox/2.0.0.11 Creative ZENcast v2.00.14"
124.81.138.49 - - [13/Jan/2008:09:08:00 -0800] "www.modestolan.com: GET /images/top_01.gif HTTP/1.1" 200 344 "http://www.modestolan.com/~nine/Nine_Inch_Nails-Live_In_Fresno_CA_03-23-2005-YKK/" "Mozilla/5.0 (Windows; U; Windows NT 5.1; en-US; rv:1.8.1.11) Gecko/20071231 Firefox/2.0.0.11 Flock/1.0.5"
80.132.192.180 - - [13/Jan/2008:09:08:01 -0800] "www.modestolan.com: GET /xwred1/fat_naruto.jpeg HTTP/1.1" 200 12791 "http://images.google.de/imgres?imgurl=http://www.modestolan.com/xwred1/fat_naruto.jpeg&imgrefurl=http://www.chaozr.proboards31.com/index.cgi%3Fboard%3Dwtf%26action%3Ddisplay%26thread%3D1133741022%26page%3D2&h=619&w=350&sz=113&tbnid=sFylDGk9jBjxdM:&tbnh=136&tbnw=77&hl=de&ei=YDWKR-CwNqee-AKvnPi1Ag&sig2=oXTf8akjbCch5P-RLuS3Zw&um=1&prev=/images%3Fq%3Dnaruto%2Bcool%26start%3D220%26ndsp%3D20%26svnum%3D10%26um%3D1%26hl%3Dde%26rlz%3D1B3GGGL_deDE231DE231%26sa%3DN&frame=small" "Mozilla/5.0 (Windows; U; Windows NT 5.1; de; rv:1.8.1.11) Gecko/20071127 Firefox/2.0.0.11"
80.132.192.180 - - [13/Jan/2008:09:08:01 -0800] "www.modestolan.com: GET /xwred1/fat_naruto.jpeg HTTP/1.1" 200 12791 "http://images.google.de/imgres?imgurl=http://www.modestolan.com/xwred1/fat_naruto.jpeg&imgrefurl=http://www.chaozr.proboards31.com/index.cgi%3Fboard%3Dwtf%26action%3Ddisplay%26thread%3D1133741022%26page%3D2&h=619&w=350&sz=113&tbnid=sFylDGk9jBjxdM:&tbnh=136&tbnw=77&hl=de&ei=YDWKR-CwNqee-AKvnPi1Ag&sig2=oXTf8akjbCch5P-RLuS3Zw&um=1&prev=/images%3Fq%3Dnaruto%2Bcool%26start%3D220%26ndsp%3D20%26svnum%3D10%26um%3D1%26hl%3Dde%26rlz%3D1B3GGGL_deDE231DE231%26sa%3DN&frame=small" "Mozilla/5.0 (Windows; U; Windows NT 5.1; de; rv:1.8.1.11) Gecko/20071127 Firefox/2.0.0.11"
76.108.56.59 - - [13/Jan/2008:09:08:01 -0800] "www.modestolan.com: GET / HTTP/1.1" 200 15778 "-" "Mozilla/5.0 (Windows; U; Windows NT 5.1; en-US; rv:1.8.1.11) Gecko/20071127 Firefox/2.0.0.11 Creative ZENcast v2.00.14"
80.132.192.180 - - [13/Jan/2008:09:08:01 -0800] "www.modestolan.com: GET /xwred1/fat_naruto.jpeg HTTP/1.1" 200 12791 "http://images.google.de/imgres?imgurl=http://www.modestolan.com/xwred1/fat_naruto.jpeg&imgrefurl=http://www.chaozr.proboards31.com/index.cgi%3Fboard%3Dwtf%26action%3Ddisplay%26thread%3D1133741022%26page%3D2&h=619&w=350&sz=113&tbnid=sFylDGk9jBjxdM:&tbnh=136&tbnw=77&hl=de&ei=YDWKR-CwNqee-AKvnPi1Ag&sig2=oXTf8akjbCch5P-RLuS3Zw&um=1&prev=/images%3Fq%3Dnaruto%2Bcool%26start%3D220%26ndsp%3D20%26svnum%3D10%26um%3D1%26hl%3Dde%26rlz%3D1B3GGGL_deDE231DE231%26sa%3DN&frame=small" "Mozilla/5.0 (Windows; U; Windows NT 5.1; de; rv:1.8.1.11) Gecko/20071127 Firefox/2.0.0.11"
80.132.192.180 - - [13/Jan/2008:09:08:01 -0800] "www.modestolan.com: GET /xwred1/fat_naruto.jpeg HTTP/1.1" 200 12791 "http://images.google.de/imgres?imgurl=http://www.modestolan.com/xwred1/fat_naruto.jpeg&imgrefurl=http://www.chaozr.proboards31.com/index.cgi%3Fboard%3Dwtf%26action%3Ddisplay%26thread%3D1133741022%26page%3D2&h=619&w=350&sz=113&tbnid=sFylDGk9jBjxdM:&tbnh=136&tbnw=77&hl=de&ei=YDWKR-CwNqee-AKvnPi1Ag&sig2=oXTf8akjbCch5P-RLuS3Zw&um=1&prev=/images%3Fq%3Dnaruto%2Bcool%26start%3D220%26ndsp%3D20%26svnum%3D10%26um%3D1%26hl%3Dde%26rlz%3D1B3GGGL_deDE231DE231%26sa%3DN&frame=small" "Mozilla/5.0 (Windows; U; Windows NT 5.1; de; rv:1.8.1.11) Gecko/20071127 Firefox/2.0.0.11"
67.190.249.39 - - [13/Jan/2008:09:08:01 -0800] "www.modestolan.com: GET /xwred1/streetfighter.wmv HTTP/1.1" 200 12915 "-" "Mozilla/4.0 (compatible; MSIE 7.0.5730.13; NT 5.1;)"
88.121.117.235 - - [13/Jan/2008:09:08:01 -0800] "www.modestolan.com: GET /xwred1/mp3/Depeche%20Mode%20-%20Playing%20The%20Angel(Advance%202005)(StefWan-Team)/ HTTP/1.1" 200 10880 "http://www.google.fr/search?hl=fr&q=%7B-inurl%3A%28htm%7Chtml%7Cphp%29+intitle%3A%E2%80%9Dindex+of%E2%80%9D+%2B%E2%80%9Dlast+modified%E2%80%9D+%2B%E2%80%9Dparent+directory%E2%80%9D+%2Bdescription+%2Bsize+%2B%28avi%7Cmp3%29+%E2%80%9Cdepeche+mode%E2%80%9D%7D&btnG=Rechercher&meta=" "Mozilla/5.0 (Windows; U; Windows NT 5.1; fr; rv:1.8.1.11) Gecko/20071127 Firefox/2.0.0.11"
124.81.138.49 - - [13/Jan/2008:09:08:02 -0800] "www.modestolan.com: GET /images/top_03.gif HTTP/1.1" 200 349 "http://www.modestolan.com/~nine/Nine_Inch_Nails-Live_In_Fresno_CA_03-23-2005-YKK/" "Mozilla/5.0 (Windows; U; Windows NT 5.1; en-US; rv:1.8.1.11) Gecko/20071231 Firefox/2.0.0.11 Flock/1.0.5"
124.81.138.49 - - [13/Jan/2008:09:08:02 -0800] "www.modestolan.com: GET /images/top_04.gif HTTP/1.1" 200 1547 "http://www.modestolan.com/~nine/Nine_Inch_Nails-Live_In_Fresno_CA_03-23-2005-YKK/" "Mozilla/5.0 (Windows; U; Windows NT 5.1; en-US; rv:1.8.1.11) Gecko/20071231 Firefox/2.0.0.11 Flock/1.0.5"
72.226.209.103 - - [13/Jan/2008:09:08:04 -0800] "www.modestolan.com: GET / HTTP/1.1" 200 15778 "-" "Mozilla/5.0 (Windows; U; Windows NT 5.1; en-US; rv:1.8.1.11) Gecko/20071127 Firefox/2.0.0.11"
124.81.138.49 - - [13/Jan/2008:09:08:05 -0800] "www.modestolan.com: GET /images/top_05.gif HTTP/1.1" 200 3111 "http://www.modestolan.com/~nine/Nine_Inch_Nails-Live_In_Fresno_CA_03-23-2005-YKK/" "Mozilla/5.0 (Windows; U; Windows NT 5.1; en-US; rv:1.8.1.11) Gecko/20071231 Firefox/2.0.0.11 Flock/1.0.5"
124.81.138.49 - - [13/Jan/2008:09:08:05 -0800] "www.modestolan.com: GET /images/top_06.gif HTTP/1.1" 200 1954 "http://www.modestolan.com/~nine/Nine_Inch_Nails-Live_In_Fresno_CA_03-23-2005-YKK/" "Mozilla/5.0 (Windows; U; Windows NT 5.1; en-US; rv:1.8.1.11) Gecko/20071231 Firefox/2.0.0.11 Flock/1.0.5"
222.71.0.122 - - [13/Jan/2008:09:08:05 -0800] "www.modestolan.com: GET / HTTP/1.1" 200 15714 "http://www.modestolan.com/" "Mozilla/4.0 (compatible; MSIE 6.0; Windows NT 5.1; SV1; Maxthon; .NET CLR 1.1.4322; InfoPath.1; .NET CLR 2.0.50727)"
68.116.82.112 - - [13/Jan/2008:09:08:05 -0800] "www.modestolan.com: GET /tables.css HTTP/1.1" 304 - "http://www.modestolan.com" "Mozilla/4.0 (compatible; MSIE 6.0; Windows NT 5.1; SV1; .NET CLR 1.1.4322; .NET CLR 2.0.50727)"
68.116.82.112 - - [13/Jan/2008:09:08:05 -0800] "www.modestolan.com: GET / HTTP/1.1" 200 24084 "-" "Mozilla/4.0 (compatible; MSIE 6.0; Windows NT 5.1; SV1; .NET CLR 1.1.4322; .NET CLR 2.0.50727)"
68.116.82.112 - - [13/Jan/2008:09:08:05 -0800] "www.modestolan.com: GET /images/bg_small.jpg HTTP/1.1" 304 - "http://www.modestolan.com" "Mozilla/4.0 (compatible; MSIE 6.0; Windows NT 5.1; SV1; .NET CLR 1.1.4322; .NET CLR 2.0.50727)"
68.116.82.112 - - [13/Jan/2008:09:08:05 -0800] "www.modestolan.com: GET /php/menu.php HTTP/1.1" 200 21682 "http://www.modestolan.com" "Mozilla/4.0 (compatible; MSIE 6.0; Windows NT 5.1; SV1; .NET CLR 1.1.4322; .NET CLR 2.0.50727)"
68.116.82.112 - - [13/Jan/2008:09:08:06 -0800] "www.modestolan.com: GET /images/menu/1.gif HTTP/1.1" 304 - "http://www.modestolan.com" "Mozilla/4.0 (compatible; MSIE 6.0; Windows NT 5.1; SV1; .NET CLR 1.1.4322; .NET CLR 2.0.50727)"
68.116.82.112 - - [13/Jan/2008:09:08:06 -0800] "www.modestolan.com: GET /images/menu/2.gif HTTP/1.1" 304 - "http://www.modestolan.com" "Mozilla/4.0 (compatible; MSIE 6.0; Windows NT 5.1; SV1; .NET CLR 1.1.4322; .NET CLR 2.0.50727)"
68.116.82.112 - - [13/Jan/2008:09:08:06 -0800] "www.modestolan.com: GET /images/menu/3.gif HTTP/1.1" 304 - "http://www.modestolan.com" "Mozilla/4.0 (compatible; MSIE 6.0; Windows NT 5.1; SV1; .NET CLR 1.1.4322; .NET CLR 2.0.50727)"
68.116.82.112 - - [13/Jan/2008:09:08:06 -0800] "www.modestolan.com: GET /images/menu/4.gif HTTP/1.1" 304 - "http://www.modestolan.com" "Mozilla/4.0 (compatible; MSIE 6.0; Windows NT 5.1; SV1; .NET CLR 1.1.4322; .NET CLR 2.0.50727)"
68.116.82.112 - - [13/Jan/2008:09:08:06 -0800] "www.modestolan.com: GET /images/menu/8.gif HTTP/1.1" 304 - "http://www.modestolan.com" "Mozilla/4.0 (compatible; MSIE 6.0; Windows NT 5.1; SV1; .NET CLR 1.1.4322; .NET CLR 2.0.50727)"
68.116.82.112 - - [13/Jan/2008:09:08:06 -0800] "www.modestolan.com: GET /images/menu/5.gif HTTP/1.1" 304 - "http://www.modestolan.com" "Mozilla/4.0 (compatible; MSIE 6.0; Windows NT 5.1; SV1; .NET CLR 1.1.4322; .NET CLR 2.0.50727)"
68.116.82.112 - - [13/Jan/2008:09:08:06 -0800] "www.modestolan.com: GET /images/menu/6.gif HTTP/1.1" 304 - "http://www.modestolan.com" "Mozilla/4.0 (compatible; MSIE 6.0; Windows NT 5.1; SV1; .NET CLR 1.1.4322; .NET CLR 2.0.50727)"
68.116.82.112 - - [13/Jan/2008:09:08:06 -0800] "www.modestolan.com: GET /images/landate.swf HTTP/1.1" 304 - "http://www.modestolan.com/" "Mozilla/4.0 (compatible; MSIE 6.0; Windows NT 5.1; SV1; .NET CLR 1.1.4322; .NET CLR 2.0.50727)"
68.116.82.112 - - [13/Jan/2008:09:08:06 -0800] "www.modestolan.com: GET /images/menu/7.gif HTTP/1.1" 304 - "http://www.modestolan.com" "Mozilla/4.0 (compatible; MSIE 6.0; Windows NT 5.1; SV1; .NET CLR 1.1.4322; .NET CLR 2.0.50727)"
68.116.82.112 - - [13/Jan/2008:09:08:06 -0800] "www.modestolan.com: GET /images/transparent.gif HTTP/1.1" 304 - "http://www.modestolan.com" "Mozilla/4.0 (compatible; MSIE 6.0; Windows NT 5.1; SV1; .NET CLR 1.1.4322; .NET CLR 2.0.50727)"
68.116.82.112 - - [13/Jan/2008:09:08:06 -0800] "www.modestolan.com: GET /images/top_14.gif HTTP/1.1" 304 - "http://www.modestolan.com" "Mozilla/4.0 (compatible; MSIE 6.0; Windows NT 5.1; SV1; .NET CLR 1.1.4322; .NET CLR 2.0.50727)"
59.35.99.221 - - [13/Jan/2008:09:08:06 -0800] "www.modestolan.com: GET / HTTP/1.1" 200 15618 "http://www.modestolan.com/" "Mozilla/4.0 (compatible; MSIE 6.0; Windows NT 5.1; SV1; Maxthon; .NET CLR 1.1.4322; InfoPath.1; .NET CLR 2.0.50727)"
68.116.82.112 - - [13/Jan/2008:09:08:06 -0800] "www.modestolan.com: GET /images/top_12.gif HTTP/1.1" 304 - "http://www.modestolan.com" "Mozilla/4.0 (compatible; MSIE 6.0; Windows NT 5.1; SV1; .NET CLR 1.1.4322; .NET CLR 2.0.50727)"
68.116.82.112 - - [13/Jan/2008:09:08:06 -0800] "www.modestolan.com: GET /transparent.gif HTTP/1.1" 304 - "http://www.modestolan.com" "Mozilla/4.0 (compatible; MSIE 6.0; Windows NT 5.1; SV1; .NET CLR 1.1.4322; .NET CLR 2.0.50727)"
68.116.82.112 - - [13/Jan/2008:09:08:06 -0800] "www.modestolan.com: GET /images/top_02.gif HTTP/1.1" 304 - "http://www.modestolan.com" "Mozilla/4.0 (compatible; MSIE 6.0; Windows NT 5.1; SV1; .NET CLR 1.1.4322; .NET CLR 2.0.50727)"
68.116.82.112 - - [13/Jan/2008:09:08:06 -0800] "www.modestolan.com: GET /images/top_01.gif HTTP/1.1" 304 - "http://www.modestolan.com" "Mozilla/4.0 (compatible; MSIE 6.0; Windows NT 5.1; SV1; .NET CLR 1.1.4322; .NET CLR 2.0.50727)"
68.116.82.112 - - [13/Jan/2008:09:08:06 -0800] "www.modestolan.com: GET /images/top_03.gif HTTP/1.1" 304 - "http://www.modestolan.com" "Mozilla/4.0 (compatible; MSIE 6.0; Windows NT 5.1; SV1; .NET CLR 1.1.4322; .NET CLR 2.0.50727)"
68.116.82.112 - - [13/Jan/2008:09:08:06 -0800] "www.modestolan.com: GET /images/top_04.gif HTTP/1.1" 304 - "http://www.modestolan.com" "Mozilla/4.0 (compatible; MSIE 6.0; Windows NT 5.1; SV1; .NET CLR 1.1.4322; .NET CLR 2.0.50727)"
68.116.82.112 - - [13/Jan/2008:09:08:06 -0800] "www.modestolan.com: GET /images/top_05.gif HTTP/1.1" 304 - "http://www.modestolan.com" "Mozilla/4.0 (compatible; MSIE 6.0; Windows NT 5.1; SV1; .NET CLR 1.1.4322; .NET CLR 2.0.50727)"
68.116.82.112 - - [13/Jan/2008:09:08:06 -0800] "www.modestolan.com: GET /images/top_06.gif HTTP/1.1" 304 - "http://www.modestolan.com" "Mozilla/4.0 (compatible; MSIE 6.0; Windows NT 5.1; SV1; .NET CLR 1.1.4322; .NET CLR 2.0.50727)"
68.116.82.112 - - [13/Jan/2008:09:08:06 -0800] "www.modestolan.com: GET /images/top_07.gif HTTP/1.1" 304 - "http://www.modestolan.com" "Mozilla/4.0 (compatible; MSIE 6.0; Windows NT 5.1; SV1; .NET CLR 1.1.4322; .NET CLR 2.0.50727)"
68.116.82.112 - - [13/Jan/2008:09:08:06 -0800] "www.modestolan.com: GET /images/top_08.gif HTTP/1.1" 304 - "http://www.modestolan.com" "Mozilla/4.0 (compatible; MSIE 6.0; Windows NT 5.1; SV1; .NET CLR 1.1.4322; .NET CLR 2.0.50727)"
68.116.82.112 - - [13/Jan/2008:09:08:06 -0800] "www.modestolan.com: GET /images/top_09.gif HTTP/1.1" 304 - "http://www.modestolan.com" "Mozilla/4.0 (compatible; MSIE 6.0; Windows NT 5.1; SV1; .NET CLR 1.1.4322; .NET CLR 2.0.50727)"
68.116.82.112 - - [13/Jan/2008:09:08:06 -0800] "www.modestolan.com: GET /images/top_13.gif HTTP/1.1" 304 - "http://www.modestolan.com" "Mozilla/4.0 (compatible; MSIE 6.0; Windows NT 5.1; SV1; .NET CLR 1.1.4322; .NET CLR 2.0.50727)"
68.116.82.112 - - [13/Jan/2008:09:08:06 -0800] "www.modestolan.com: GET /images/top_11.gif HTTP/1.1" 304 - "http://www.modestolan.com" "Mozilla/4.0 (compatible; MSIE 6.0; Windows NT 5.1; SV1; .NET CLR 1.1.4322; .NET CLR 2.0.50727)"
68.116.82.112 - - [13/Jan/2008:09:08:06 -0800] "www.modestolan.com: GET /images/sponsors/geeks.com.gif HTTP/1.1" 304 - "http://www.modestolan.com" "Mozilla/4.0 (compatible; MSIE 6.0; Windows NT 5.1; SV1; .NET CLR 1.1.4322; .NET CLR 2.0.50727)"
68.116.82.112 - - [13/Jan/2008:09:08:06 -0800] "www.modestolan.com: GET /images/sponsors/nvidia.jpeg HTTP/1.1" 304 - "http://www.modestolan.com" "Mozilla/4.0 (compatible; MSIE 6.0; Windows NT 5.1; SV1; .NET CLR 1.1.4322; .NET CLR 2.0.50727)"
68.116.82.112 - - [13/Jan/2008:09:08:06 -0800] "www.modestolan.com: GET /images/sponsors/alogo.gif HTTP/1.1" 304 - "http://www.modestolan.com" "Mozilla/4.0 (compatible; MSIE 6.0; Windows NT 5.1; SV1; .NET CLR 1.1.4322; .NET CLR 2.0.50727)"
68.116.82.112 - - [13/Jan/2008:09:08:06 -0800] "www.modestolan.com: GET /images/sponsors/BAWLSbutton.gif HTTP/1.1" 304 - "http://www.modestolan.com" "Mozilla/4.0 (compatible; MSIE 6.0; Windows NT 5.1; SV1; .NET CLR 1.1.4322; .NET CLR 2.0.50727)"
68.57.67.23 - - [13/Jan/2008:09:08:06 -0800] "www.modestolan.com: GET / HTTP/1.1" 200 15778 "-" "Mozilla/5.0 (Windows; U; Windows NT 5.1; en-US; rv:1.8.1.11) Gecko/20071127 Firefox/2.0.0.11"
68.116.82.112 - - [13/Jan/2008:09:08:06 -0800] "www.modestolan.com: GET /images/runningslack.gif HTTP/1.1" 304 - "http://www.modestolan.com" "Mozilla/4.0 (compatible; MSIE 6.0; Windows NT 5.1; SV1; .NET CLR 1.1.4322; .NET CLR 2.0.50727)"
68.116.82.112 - - [13/Jan/2008:09:08:07 -0800] "www.modestolan.com: GET /images/top_10.gif HTTP/1.1" 304 - "http://www.modestolan.com" "Mozilla/4.0 (compatible; MSIE 6.0; Windows NT 5.1; SV1; .NET CLR 1.1.4322; .NET CLR 2.0.50727)"
151.203.112.100 - - [13/Jan/2008:09:08:07 -0800] "www.modestolan.com: GET / HTTP/1.1" 200 15714 "-" "Mozilla/5.0 (Windows; U; Windows NT 5.1; en-US; rv:1.8.1.11) Gecko/20071127 Firefox/2.0.0.11"
124.81.138.49 - - [13/Jan/2008:09:08:07 -0800] "www.modestolan.com: GET /images/top_07.gif HTTP/1.1" 200 2521 "http://www.modestolan.com/~nine/Nine_Inch_Nails-Live_In_Fresno_CA_03-23-2005-YKK/" "Mozilla/5.0 (Windows; U; Windows NT 5.1; en-US; rv:1.8.1.11) Gecko/20071231 Firefox/2.0.0.11 Flock/1.0.5"
124.81.138.49 - - [13/Jan/2008:09:08:07 -0800] "www.modestolan.com: GET /images/top_08.gif HTTP/1.1" 200 1738 "http://www.modestolan.com/~nine/Nine_Inch_Nails-Live_In_Fresno_CA_03-23-2005-YKK/" "Mozilla/5.0 (Windows; U; Windows NT 5.1; en-US; rv:1.8.1.11) Gecko/20071231 Firefox/2.0.0.11 Flock/1.0.5"
213.134.160.226 - - [13/Jan/2008:09:08:08 -0800] "www.modestolan.com: GET /xwred1/screenshot-xp-watercolor2.jpg HTTP/1.1" 200 12539 "http://images.search.yahoo.com/search/images/view?frame=top&back=http%3A%2F%2Fimages.search.yahoo.com%2Fsearch%2Fimages%3Fp%3Dxp%2Bwallpapers%26toggle%3D1%26cop%3Dmss%26ei%3DUTF-8%26fp_ip%3DPL%26qp_p%3Dxp%26imgsz%3Dwallpaper%26ni%3D20%26fr%3Dyfp-t-501%26b%3D441&w=1024&h=768&imgurl=www.modestolan.com%2Fxwred1%2Fscreenshot-xp-watercolor2.jpg&rurl=http%3A%2F%2Fwww.modestolan.com%2Fxwred1&size=236.5kB&name=screenshot-xp-watercolor2.jpg&p=xp+wallpapers&type=jpeg&no=456&tt=178%2C130&oid=25515fa298a35a22&ei=UTF-8" "Mozilla/4.0 (compatible; MSIE 7.0; Windows NT 5.1; .NET CLR 1.1.4322; .NET CLR 2.0.50727)"
213.134.160.226 - - [13/Jan/2008:09:08:08 -0800] "www.modestolan.com: GET /xwred1/screenshot-xp-watercolor2.jpg HTTP/1.1" 200 12539 "http://images.search.yahoo.com/search/images/view?frame=top&back=http%3A%2F%2Fimages.search.yahoo.com%2Fsearch%2Fimages%3Fp%3Dxp%2Bwallpapers%26toggle%3D1%26cop%3Dmss%26ei%3DUTF-8%26fp_ip%3DPL%26qp_p%3Dxp%26imgsz%3Dwallpaper%26ni%3D20%26fr%3Dyfp-t-501%26b%3D441&w=1024&h=768&imgurl=www.modestolan.com%2Fxwred1%2Fscreenshot-xp-watercolor2.jpg&rurl=http%3A%2F%2Fwww.modestolan.com%2Fxwred1&size=236.5kB&name=screenshot-xp-watercolor2.jpg&p=xp+wallpapers&type=jpeg&no=456&tt=178%2C130&oid=25515fa298a35a22&ei=UTF-8" "Mozilla/4.0 (compatible; MSIE 7.0; Windows NT 5.1; .NET CLR 1.1.4322; .NET CLR 2.0.50727)"
213.134.160.226 - - [13/Jan/2008:09:08:08 -0800] "www.modestolan.com: GET /xwred1/screenshot-xp-watercolor2.jpg HTTP/1.1" 200 12539 "http://images.search.yahoo.com/search/images/view?frame=top&back=http%3A%2F%2Fimages.search.yahoo.com%2Fsearch%2Fimages%3Fp%3Dxp%2Bwallpapers%26toggle%3D1%26cop%3Dmss%26ei%3DUTF-8%26fp_ip%3DPL%26qp_p%3Dxp%26imgsz%3Dwallpaper%26ni%3D20%26fr%3Dyfp-t-501%26b%3D441&w=1024&h=768&imgurl=www.modestolan.com%2Fxwred1%2Fscreenshot-xp-watercolor2.jpg&rurl=http%3A%2F%2Fwww.modestolan.com%2Fxwred1&size=236.5kB&name=screenshot-xp-watercolor2.jpg&p=xp+wallpapers&type=jpeg&no=456&tt=178%2C130&oid=25515fa298a35a22&ei=UTF-8" "Mozilla/4.0 (compatible; MSIE 7.0; Windows NT 5.1; .NET CLR 1.1.4322; .NET CLR 2.0.50727)"
124.81.138.49 - - [13/Jan/2008:09:08:09 -0800] "www.modestolan.com: GET /images/top_09.gif HTTP/1.1" 200 1089 "http://www.modestolan.com/~nine/Nine_Inch_Nails-Live_In_Fresno_CA_03-23-2005-YKK/" "Mozilla/5.0 (Windows; U; Windows NT 5.1; en-US; rv:1.8.1.11) Gecko/20071231 Firefox/2.0.0.11 Flock/1.0.5"
82.131.49.224 - - [13/Jan/2008:09:08:10 -0800] "www.modestolan.com: GET /~nine/Nine_Inch_Nails-Live_In_Fresno_CA_03-23-2005-YKK/ HTTP/1.1" 200 11680 "http://www.google.com/search?hl=en&q=Nine+Inch+Nails%20intitle%3A%22index.of%22+%22parent+directory%22+%22size%22+%22last+modified%22+%22description%22+%5Bsnd%5D+%28mp4%7Cmp3%7Cavi%7Cflac%7Caac%7Cape%7Cogg%29+-inurl%3A%28jsp%7Cphp%7Chtml%7Caspx%7Chtm%7Ccf%7Cshtml%7Clyrics-realm%7Cmp3-collection%29+-site:.info" "Mozilla/5.0 (Windows; U; Windows NT 5.1; en-US; rv:1.9b2) Gecko/2007121120 Firefox/2.0.0.7;MEGAUPLOAD 1.0"
124.81.138.49 - - [13/Jan/2008:09:08:10 -0800] "www.modestolan.com: GET /images/top_13.gif HTTP/1.1" 200 728 "http://www.modestolan.com/~nine/Nine_Inch_Nails-Live_In_Fresno_CA_03-23-2005-YKK/" "Mozilla/5.0 (Windows; U; Windows NT 5.1; en-US; rv:1.8.1.11) Gecko/20071231 Firefox/2.0.0.11 Flock/1.0.5"
124.81.138.49 - - [13/Jan/2008:09:08:11 -0800] "www.modestolan.com: GET /images/top_11.gif HTTP/1.1" 200 1553 "http://www.modestolan.com/~nine/Nine_Inch_Nails-Live_In_Fresno_CA_03-23-2005-YKK/" "Mozilla/5.0 (Windows; U; Windows NT 5.1; en-US; rv:1.8.1.11) Gecko/20071231 Firefox/2.0.0.11 Flock/1.0.5"
124.81.138.49 - - [13/Jan/2008:09:08:11 -0800] "www.modestolan.com: GET /images/sponsors/geeks.com.gif HTTP/1.1" 200 6611 "http://www.modestolan.com/~nine/Nine_Inch_Nails-Live_In_Fresno_CA_03-23-2005-YKK/" "Mozilla/5.0 (Windows; U; Windows NT 5.1; en-US; rv:1.8.1.11) Gecko/20071231 Firefox/2.0.0.11 Flock/1.0.5"
124.81.138.49 - - [13/Jan/2008:09:08:13 -0800] "www.modestolan.com: GET /images/sponsors/nvidia.jpeg HTTP/1.1" 200 5580 "http://www.modestolan.com/~nine/Nine_Inch_Nails-Live_In_Fresno_CA_03-23-2005-YKK/" "Mozilla/5.0 (Windows; U; Windows NT 5.1; en-US; rv:1.8.1.11) Gecko/20071231 Firefox/2.0.0.11 Flock/1.0.5"
68.116.82.112 - - [13/Jan/2008:09:08:15 -0800] "webmail.modestolan.com: GET / HTTP/1.1" 302 5 "-" "Mozilla/4.0 (compatible; MSIE 6.0; Windows NT 5.1; SV1; .NET CLR 1.1.4322; .NET CLR 2.0.50727)"
68.116.82.112 - - [13/Jan/2008:09:08:15 -0800] "webmail.modestolan.com: GET /src/login.php HTTP/1.1" 200 2165 "-" "Mozilla/4.0 (compatible; MSIE 6.0; Windows NT 5.1; SV1; .NET CLR 1.1.4322; .NET CLR 2.0.50727)"
68.116.82.112 - - [13/Jan/2008:09:08:15 -0800] "webmail.modestolan.com: GET /images/sm_logo.png HTTP/1.1" 304 - "https://webmail.modestolan.com/src/login.php" "Mozilla/4.0 (compatible; MSIE 6.0; Windows NT 5.1; SV1; .NET CLR 1.1.4322; .NET CLR 2.0.50727)"
124.81.138.49 - - [13/Jan/2008:09:08:16 -0800] "www.modestolan.com: GET /images/sponsors/alogo.gif HTTP/1.1" 200 5996 "http://www.modestolan.com/~nine/Nine_Inch_Nails-Live_In_Fresno_CA_03-23-2005-YKK/" "Mozilla/5.0 (Windows; U; Windows NT 5.1; en-US; rv:1.8.1.11) Gecko/20071231 Firefox/2.0.0.11 Flock/1.0.5"
124.81.138.49 - - [13/Jan/2008:09:08:18 -0800] "www.modestolan.com: GET /images/sponsors/BAWLSbutton.gif HTTP/1.1" 200 8114 "http://www.modestolan.com/~nine/Nine_Inch_Nails-Live_In_Fresno_CA_03-23-2005-YKK/" "Mozilla/5.0 (Windows; U; Windows NT 5.1; en-US; rv:1.8.1.11) Gecko/20071231 Firefox/2.0.0.11 Flock/1.0.5"
124.81.138.49 - - [13/Jan/2008:09:08:22 -0800] "www.modestolan.com: GET /images/runningslack.gif HTTP/1.1" 200 1818 "http://www.modestolan.com/~nine/Nine_Inch_Nails-Live_In_Fresno_CA_03-23-2005-YKK/" "Mozilla/5.0 (Windows; U; Windows NT 5.1; en-US; rv:1.8.1.11) Gecko/20071231 Firefox/2.0.0.11 Flock/1.0.5"
75.138.27.195 - - [13/Jan/2008:09:08:24 -0800] "www.modestolan.com: GET /xwred1/longhorn.jpeg HTTP/1.1" 200 246269 "http://images.google.com/imgres?imgurl=http://www.modestolan.com/xwred1/longhorn.jpeg&imgrefurl=http://episteme.arstechnica.com/eve/forums/a/tpc/f/96509133/m/7670937654/p/36&h=1024&w=2560&sz=241&tbnid=BpyrddT35maeeM:&tbnh=60&tbnw=150&hl=en&um=1&prev=/images%3Fq%3DLonghorn%2Bpictures%26start%3D21%26imgsz%3Dhuge%26ndsp%3D21%26svnum%3D10%26um%3D1%26hl%3Den%26client%3Dfirefox-a%26rls%3Dorg.mozilla:en-US:official%26sa%3DN&frame=small" "Mozilla/5.0 (Windows; U; Windows NT 6.0; en-US; rv:1.8.1.11) Gecko/20071127 Firefox/2.0.0.11"
124.81.138.49 - - [13/Jan/2008:09:08:25 -0800] "www.modestolan.com: GET /icons/blank.gif HTTP/1.1" 200 148 "http://www.modestolan.com/~nine/Nine_Inch_Nails-Live_In_Fresno_CA_03-23-2005-YKK/" "Mozilla/5.0 (Windows; U; Windows NT 5.1; en-US; rv:1.8.1.11) Gecko/20071231 Firefox/2.0.0.11 Flock/1.0.5"
124.81.138.49 - - [13/Jan/2008:09:08:25 -0800] "www.modestolan.com: GET /icons/back.gif HTTP/1.1" 200 216 "http://www.modestolan.com/~nine/Nine_Inch_Nails-Live_In_Fresno_CA_03-23-2005-YKK/" "Mozilla/5.0 (Windows; U; Windows NT 5.1; en-US; rv:1.8.1.11) Gecko/20071231 Firefox/2.0.0.11 Flock/1.0.5"
68.116.82.112 - - [13/Jan/2008:09:08:26 -0800] "webmail.modestolan.com: GET /favicon.ico HTTP/1.1" 404 340 "-" "Mozilla/4.0 (compatible; MSIE 6.0; Windows NT 5.1; SV1; .NET CLR 1.1.4322; .NET CLR 2.0.50727)"
124.81.138.49 - - [13/Jan/2008:09:08:28 -0800] "www.modestolan.com: GET /icons/sound2.gif HTTP/1.1" 200 221 "http://www.modestolan.com/~nine/Nine_Inch_Nails-Live_In_Fresno_CA_03-23-2005-YKK/" "Mozilla/5.0 (Windows; U; Windows NT 5.1; en-US; rv:1.8.1.11) Gecko/20071231 Firefox/2.0.0.11 Flock/1.0.5"
124.81.138.49 - - [13/Jan/2008:09:08:29 -0800] "www.modestolan.com: GET /icons/unknown.gif HTTP/1.1" 200 245 "http://www.modestolan.com/~nine/Nine_Inch_Nails-Live_In_Fresno_CA_03-23-2005-YKK/" "Mozilla/5.0 (Windows; U; Windows NT 5.1; en-US; rv:1.8.1.11) Gecko/20071231 Firefox/2.0.0.11 Flock/1.0.5"
124.81.138.49 - - [13/Jan/2008:09:08:32 -0800] "www.modestolan.com: GET /images/menu/1.gif HTTP/1.1" 200 368 "http://www.modestolan.com/~nine/Nine_Inch_Nails-Live_In_Fresno_CA_03-23-2005-YKK/" "Mozilla/5.0 (Windows; U; Windows NT 5.1; en-US; rv:1.8.1.11) Gecko/20071231 Firefox/2.0.0.11 Flock/1.0.5"
124.81.138.49 - - [13/Jan/2008:09:08:33 -0800] "www.modestolan.com: GET /images/top_10.gif HTTP/1.1" 200 1188 "http://www.modestolan.com/~nine/Nine_Inch_Nails-Live_In_Fresno_CA_03-23-2005-YKK/" "Mozilla/5.0 (Windows; U; Windows NT 5.1; en-US; rv:1.8.1.11) Gecko/20071231 Firefox/2.0.0.11 Flock/1.0.5"
124.81.138.49 - - [13/Jan/2008:09:08:37 -0800] "www.modestolan.com: GET /favicon.ico HTTP/1.1" 404 335 "-" "Mozilla/5.0 (Windows; U; Windows NT 5.1; en-US; rv:1.8.1.11) Gecko/20071231 Firefox/2.0.0.11 Flock/1.0.5"
68.116.82.112 - - [13/Jan/2008:09:08:37 -0800] "webmail.modestolan.com: POST /src/redirect.php HTTP/1.1" 302 5 "https://webmail.modestolan.com/src/login.php" "Mozilla/4.0 (compatible; MSIE 6.0; Windows NT 5.1; SV1; .NET CLR 1.1.4322; .NET CLR 2.0.50727)"
68.116.82.112 - - [13/Jan/2008:09:08:38 -0800] "webmail.modestolan.com: GET /src/webmail.php HTTP/1.1" 200 347 "https://webmail.modestolan.com/src/login.php" "Mozilla/4.0 (compatible; MSIE 6.0; Windows NT 5.1; SV1; .NET CLR 1.1.4322; .NET CLR 2.0.50727)"
68.116.82.112 - - [13/Jan/2008:09:08:42 -0800] "webmail.modestolan.com: GET /src/right_main.php HTTP/1.1" 200 19936 "https://webmail.modestolan.com/src/webmail.php" "Mozilla/4.0 (compatible; MSIE 6.0; Windows NT 5.1; SV1; .NET CLR 1.1.4322; .NET CLR 2.0.50727)"
68.116.82.112 - - [13/Jan/2008:09:08:42 -0800] "webmail.modestolan.com: GET /images/sort_none.png HTTP/1.1" 304 - "https://webmail.modestolan.com/src/right_main.php" "Mozilla/4.0 (compatible; MSIE 6.0; Windows NT 5.1; SV1; .NET CLR 1.1.4322; .NET CLR 2.0.50727)"
68.116.82.112 - - [13/Jan/2008:09:08:42 -0800] "webmail.modestolan.com: GET /images/up_pointer.png HTTP/1.1" 304 - "https://webmail.modestolan.com/src/right_main.php" "Mozilla/4.0 (compatible; MSIE 6.0; Windows NT 5.1; SV1; .NET CLR 1.1.4322; .NET CLR 2.0.50727)"
68.116.82.112 - - [13/Jan/2008:09:08:42 -0800] "webmail.modestolan.com: GET /src/left_main.php HTTP/1.1" 200 6104 "https://webmail.modestolan.com/src/webmail.php" "Mozilla/4.0 (compatible; MSIE 6.0; Windows NT 5.1; SV1; .NET CLR 1.1.4322; .NET CLR 2.0.50727)"
67.161.14.108 - - [13/Jan/2008:09:08:46 -0800] "www.modestolan.com: -" 408 - "-" "-"
67.161.14.108 - - [13/Jan/2008:09:08:47 -0800] "www.modestolan.com: -" 408 - "-" "-"
67.161.14.108 - - [13/Jan/2008:09:08:47 -0800] "www.modestolan.com: -" 408 - "-" "-"
67.161.14.108 - - [13/Jan/2008:09:08:48 -0800] "www.modestolan.com: -" 408 - "-" "-"
67.161.14.108 - - [13/Jan/2008:09:08:48 -0800] "www.modestolan.com: -" 408 - "-" "-"
74.6.25.171 - - [13/Jan/2008:09:08:53 -0800] "www.modestolan.com: GET /vb/memberlist.php?ltr=H&pp=30&sort=username&order=asc HTTP/1.0" 200 6730 "-" "Mozilla/5.0 (compatible; Yahoo! Slurp; http://help.yahoo.com/help/us/ysearch/slurp)"
68.116.82.112 - - [13/Jan/2008:09:08:55 -0800] "webmail.modestolan.com: POST /src/move_messages.php HTTP/1.1" 302 5 "https://webmail.modestolan.com/src/right_main.php" "Mozilla/4.0 (compatible; MSIE 6.0; Windows NT 5.1; SV1; .NET CLR 1.1.4322; .NET CLR 2.0.50727)"
67.161.14.108 - - [13/Jan/2008:09:08:56 -0800] "www.modestolan.com: -" 408 - "-" "-"
68.116.82.112 - - [13/Jan/2008:09:08:56 -0800] "webmail.modestolan.com: GET /src/right_main.php?mailbox=INBOX&startMessage=1 HTTP/1.1" 200 19765 "https://webmail.modestolan.com/src/right_main.php" "Mozilla/4.0 (compatible; MSIE 6.0; Windows NT 5.1; SV1; .NET CLR 1.1.4322; .NET CLR 2.0.50727)"
67.161.14.108 - - [13/Jan/2008:09:08:57 -0800] "www.modestolan.com: -" 408 - "-" "-"
67.161.14.108 - - [13/Jan/2008:09:08:57 -0800] "www.modestolan.com: -" 408 - "-" "-"
67.161.14.108 - - [13/Jan/2008:09:08:57 -0800] "www.modestolan.com: -" 408 - "-" "-"
67.161.14.108 - - [13/Jan/2008:09:08:57 -0800] "www.modestolan.com: -" 408 - "-" "-"
67.161.14.108 - - [13/Jan/2008:09:08:57 -0800] "www.modestolan.com: -" 408 - "-" "-"
124.81.138.49 - - [13/Jan/2008:09:09:04 -0800] "www.modestolan.com: GET /favicon.ico HTTP/1.1" 404 335 "-" "Mozilla/5.0 (Windows; U; Windows NT 5.1; en-US; rv:1.8.1.11) Gecko/20071231 Firefox/2.0.0.11 Flock/1.0.5"
67.161.14.108 - - [13/Jan/2008:09:09:05 -0800] "www.modestolan.com: -" 408 - "-" "-"
67.161.14.108 - - [13/Jan/2008:09:09:05 -0800] "www.modestolan.com: -" 408 - "-" "-"
67.161.14.108 - - [13/Jan/2008:09:09:05 -0800] "www.modestolan.com: -" 408 - "-" "-"
67.161.14.108 - - [13/Jan/2008:09:09:06 -0800] "www.modestolan.com: -" 408 - "-" "-"
67.161.14.108 - - [13/Jan/2008:09:09:07 -0800] "www.modestolan.com: -" 408 - "-" "-"
68.116.82.112 - - [13/Jan/2008:09:09:07 -0800] "webmail.modestolan.com: POST /src/move_messages.php HTTP/1.1" 302 5 "https://webmail.modestolan.com/src/right_main.php?mailbox=INBOX&startMessage=1" "Mozilla/4.0 (compatible; MSIE 6.0; Windows NT 5.1; SV1; .NET CLR 1.1.4322; .NET CLR 2.0.50727)"
67.161.14.108 - - [13/Jan/2008:09:09:08 -0800] "www.modestolan.com: -" 408 - "-" "-"
67.161.14.108 - - [13/Jan/2008:09:09:08 -0800] "www.modestolan.com: -" 408 - "-" "-"
67.161.14.108 - - [13/Jan/2008:09:09:08 -0800] "www.modestolan.com: -" 408 - "-" "-"
68.116.82.112 - - [13/Jan/2008:09:09:08 -0800] "webmail.modestolan.com: GET /src/right_main.php?mailbox=INBOX&startMessage=1 HTTP/1.1" 200 18996 "https://webmail.modestolan.com/src/right_main.php?mailbox=INBOX&startMessage=1" "Mozilla/4.0 (compatible; MSIE 6.0; Windows NT 5.1; SV1; .NET CLR 1.1.4322; .NET CLR 2.0.50727)"
68.116.82.112 - - [13/Jan/2008:09:09:16 -0800] "webmail.modestolan.com: POST /src/move_messages.php HTTP/1.1" 302 5 "https://webmail.modestolan.com/src/right_main.php?mailbox=INBOX&startMessage=1" "Mozilla/4.0 (compatible; MSIE 6.0; Windows NT 5.1; SV1; .NET CLR 1.1.4322; .NET CLR 2.0.50727)"
68.116.82.112 - - [13/Jan/2008:09:09:17 -0800] "webmail.modestolan.com: GET /src/right_main.php?mailbox=INBOX&startMessage=1 HTTP/1.1" 200 19263 "https://webmail.modestolan.com/src/right_main.php?mailbox=INBOX&startMessage=1" "Mozilla/4.0 (compatible; MSIE 6.0; Windows NT 5.1; SV1; .NET CLR 1.1.4322; .NET CLR 2.0.50727)"
66.249.70.51 - - [13/Jan/2008:09:09:22 -0800] "www.modestolan.com: GET /vb/calendar.php?c=2&week=972172800 HTTP/1.1" 200 7068 "-" "Mozilla/5.0 (compatible; Googlebot/2.1; +http://www.google.com/bot.html)"
