77.91.224.23 - - [13/Jan/2008:13:08:41 -0800] "www.modestolan.com: GET /directions.php HTTP/1.1" 200 14401 "-" "WebAlta Crawler/2.0 (http://www.webalta.net/ru/about_webmaster.html) (Windows; U; Windows NT 5.1; ru-RU)"
77.91.224.23 - - [13/Jan/2008:13:08:43 -0800] "www.modestolan.com: GET /images/molan_map_modesto_virtual.jpg HTTP/1.1" 200 197309 "-" "WebAlta Crawler/2.0 (http://www.webalta.net/ru/about_webmaster.html) (Windows; U; Windows NT 5.1; ru-RU)"
91.64.50.83 - - [13/Jan/2008:13:08:44 -0800] "www.modestolan.com: GET /vb/member.php?s=&action=addlist&userlist=buddy&userid=275 HTTP/1.1" 200 21162 "http://www.modestolan.com/vb/member2.php?s=&action=addlist&userlist=buddy&userid=275" "Mozilla/5.0 (compatible; MJ12bot/v1.2.1; http://www.majestic12.co.uk/bot.php?+)"
205.178.184.153 - - [13/Jan/2008:13:08:47 -0800] "www.modestolan.com: GET /index.php?timestamp=1194952723 HTTP/1.1" 200 24084 "-" "Mozilla/4.0 (compatible; MSIE 6.0; Windows NT 5.2; SV1; .NET CLR 1.1.4322; .NET CLR 2.0.50727)"
91.64.50.83 - - [13/Jan/2008:13:08:47 -0800] "www.modestolan.com: GET /vb/member2.php?s=&action=addlist&userlist=buddy&userid=276 HTTP/1.1" 301 429 "-" "Mozilla/5.0 (compatible; MJ12bot/v1.2.1; http://www.majestic12.co.uk/bot.php?+)"
41.250.46.37 - - [13/Jan/2008:13:08:50 -0800] "www.modestolan.com: GET /tables.css HTTP/1.1" 200 2419 "http://www.modestolan.com/xwred1/" "Mozilla/5.0 (Windows; U; Windows NT 5.1; fr; rv:1.8.1.11) Gecko/20071127 Firefox/2.0.0.11"
41.250.46.37 - - [13/Jan/2008:13:08:50 -0800] "www.modestolan.com: GET /xwred1/ HTTP/1.1" 200 63483 "http://www.google.com/custom?hl=fr&client=coop&cof=FORID:10%3BGL:1%3BAH:left%3BS:http://www.searchhacker.com%3BCX:Searchhacker%2520-%2520search%2520for%2520unprotected%2520files%2520on%2520the%2520internet%3BL:http://www.searchhacker.com/images/searchhackercse.jpg%3BLH:100%3BLBGC:FFFFFF%3BLP:1%3BT:%23333333%3BLC:%23336699%3BVLC:%23006600%3BALC:%23666666%3BGALT:%23666666%3BGFNT:%23336699%3BGIMP:%23666666%3B&ad=w4&adkw=AELymgUuNsTm-ycMTYXY0kCUXyp2sD5hbebQ400XXrI_xZR5mtmTqpOc_MNdCcz2r_TPQxUvPxaAUmEwMjl--BCrJ-pJjchC_E3YcLnYrLpyFNu_B9wndureqF9FrYGZGFcuozCvtAzBl0SMGbTyw1WrVMTEiR_-N0-lCqwR6FbfpYxOvdT26YyhkUJQDRbJEIKmkloZ3-B2&rurl=http://www.searchhacker.com/index%3Fq%3Dexploit%2Bjpeg%2Bhacker%26submit%3DSearch%26cx%3D014863114814409449623%253Ajc-vjhl_c5g%26client%3Dcoop%26cof%3DGALT%253A666666%253BGL%253A1%253BDIV%253AFFFFFF%253BVLC%253A%2523006600%253BAH%253Aleft%253BBGC%253AFFFFFF%253BLBGC%253AFFFFFF%253BALC%253A666666%253BLC%253A336699%253BT%253A333333%253BGFNT%253A336699%253BGIMP%253A666666%253BFORID%253A10%253B%26google_rsg%3D__RaQCk6sPuRQoFdgzkhLpv8koCnQ%3D&q=exploit+jpeg+hacker+more:.doc&cx=014863114814409449623:jc-vjhl_c5g&sa=N&oi=coopctx&resnum=0&ct=col1&cd=3" "Mozilla/5.0 (Windows; U; Windows NT 5.1; fr; rv:1.8.1.11) Gecko/20071127 Firefox/2.0.0.11"
91.64.50.83 - - [13/Jan/2008:13:08:50 -0800] "www.modestolan.com: GET /vb/member.php?s=&action=addlist&userlist=buddy&userid=276 HTTP/1.1" 200 21162 "http://www.modestolan.com/vb/member2.php?s=&action=addlist&userlist=buddy&userid=276" "Mozilla/5.0 (compatible; MJ12bot/v1.2.1; http://www.majestic12.co.uk/bot.php?+)"
41.250.46.37 - - [13/Jan/2008:13:08:51 -0800] "www.modestolan.com: GET /php/menu.php HTTP/1.1" 200 21682 "http://www.modestolan.com/xwred1/" "Mozilla/5.0 (Windows; U; Windows NT 5.1; fr; rv:1.8.1.11) Gecko/20071127 Firefox/2.0.0.11"
91.64.50.83 - - [13/Jan/2008:13:08:53 -0800] "www.modestolan.com: GET /vb/member2.php?s=&action=addlist&userlist=buddy&userid=277 HTTP/1.1" 301 429 "-" "Mozilla/5.0 (compatible; MJ12bot/v1.2.1; http://www.majestic12.co.uk/bot.php?+)"
41.250.46.37 - - [13/Jan/2008:13:08:54 -0800] "www.modestolan.com: GET /images/bg_small.jpg HTTP/1.1" 200 1598 "http://www.modestolan.com/xwred1/" "Mozilla/5.0 (Windows; U; Windows NT 5.1; fr; rv:1.8.1.11) Gecko/20071127 Firefox/2.0.0.11"
205.178.184.152 - - [13/Jan/2008:13:08:56 -0800] "www.modestolan.com: GET /picofweek.php?id=10 HTTP/1.1" 200 13414 "-" "Mozilla/4.0 (compatible; MSIE 6.0; Windows NT 5.2; SV1; .NET CLR 1.1.4322; .NET CLR 2.0.50727)"
205.178.184.152 - - [13/Jan/2008:13:08:56 -0800] "www.modestolan.com: GET /index.php?timestamp=1178837259 HTTP/1.1" 200 24084 "-" "Mozilla/4.0 (compatible; MSIE 6.0; Windows NT 5.2; SV1; .NET CLR 1.1.4322; .NET CLR 2.0.50727)"
91.64.50.83 - - [13/Jan/2008:13:08:57 -0800] "www.modestolan.com: GET /vb/member.php?s=&action=addlist&userlist=buddy&userid=277 HTTP/1.1" 200 25167 "http://www.modestolan.com/vb/member2.php?s=&action=addlist&userlist=buddy&userid=277" "Mozilla/5.0 (compatible; MJ12bot/v1.2.1; http://www.majestic12.co.uk/bot.php?+)"
41.250.46.37 - - [13/Jan/2008:13:08:59 -0800] "www.modestolan.com: GET /images/menu/1.gif HTTP/1.1" 200 368 "http://www.modestolan.com/xwred1/" "Mozilla/5.0 (Windows; U; Windows NT 5.1; fr; rv:1.8.1.11) Gecko/20071127 Firefox/2.0.0.11"
41.250.46.37 - - [13/Jan/2008:13:09:00 -0800] "www.modestolan.com: GET /images/landate.swf HTTP/1.1" 200 2197 "http://www.modestolan.com/xwred1/" "Mozilla/5.0 (Windows; U; Windows NT 5.1; fr; rv:1.8.1.11) Gecko/20071127 Firefox/2.0.0.11"
91.64.50.83 - - [13/Jan/2008:13:09:00 -0800] "www.modestolan.com: GET /vb/member2.php?s=&action=addlist&userlist=buddy&userid=279 HTTP/1.1" 301 429 "-" "Mozilla/5.0 (compatible; MJ12bot/v1.2.1; http://www.majestic12.co.uk/bot.php?+)"
41.250.46.37 - - [13/Jan/2008:13:09:01 -0800] "www.modestolan.com: GET /images/menu/2.gif HTTP/1.1" 200 550 "http://www.modestolan.com/xwred1/" "Mozilla/5.0 (Windows; U; Windows NT 5.1; fr; rv:1.8.1.11) Gecko/20071127 Firefox/2.0.0.11"
205.178.184.153 - - [13/Jan/2008:13:09:01 -0800] "www.modestolan.com: GET /index.php?timestamp=1184437279 HTTP/1.1" 200 24084 "-" "Mozilla/4.0 (compatible; MSIE 6.0; Windows NT 5.2; SV1; .NET CLR 1.1.4322; .NET CLR 2.0.50727)"
91.64.50.83 - - [13/Jan/2008:13:09:06 -0800] "www.modestolan.com: GET /vb/member.php?s=&action=addlist&userlist=buddy&userid=279 HTTP/1.1" 200 23351 "http://www.modestolan.com/vb/member2.php?s=&action=addlist&userlist=buddy&userid=279" "Mozilla/5.0 (compatible; MJ12bot/v1.2.1; http://www.majestic12.co.uk/bot.php?+)"
41.250.46.37 - - [13/Jan/2008:13:09:08 -0800] "www.modestolan.com: GET /images/menu/3.gif HTTP/1.1" 200 511 "http://www.modestolan.com/xwred1/" "Mozilla/5.0 (Windows; U; Windows NT 5.1; fr; rv:1.8.1.11) Gecko/20071127 Firefox/2.0.0.11"
91.64.50.83 - - [13/Jan/2008:13:09:09 -0800] "www.modestolan.com: GET /vb/member2.php?s=&action=addlist&userlist=buddy&userid=281 HTTP/1.1" 301 429 "-" "Mozilla/5.0 (compatible; MJ12bot/v1.2.1; http://www.majestic12.co.uk/bot.php?+)"
41.250.46.37 - - [13/Jan/2008:13:09:11 -0800] "www.modestolan.com: GET /images/menu/4.gif HTTP/1.1" 200 443 "http://www.modestolan.com/xwred1/" "Mozilla/5.0 (Windows; U; Windows NT 5.1; fr; rv:1.8.1.11) Gecko/20071127 Firefox/2.0.0.11"
41.250.46.37 - - [13/Jan/2008:13:09:11 -0800] "www.modestolan.com: GET /images/menu/8.gif HTTP/1.1" 200 746 "http://www.modestolan.com/xwred1/" "Mozilla/5.0 (Windows; U; Windows NT 5.1; fr; rv:1.8.1.11) Gecko/20071127 Firefox/2.0.0.11"
41.250.46.37 - - [13/Jan/2008:13:09:12 -0800] "www.modestolan.com: GET /images/menu/5.gif HTTP/1.1" 200 549 "http://www.modestolan.com/xwred1/" "Mozilla/5.0 (Windows; U; Windows NT 5.1; fr; rv:1.8.1.11) Gecko/20071127 Firefox/2.0.0.11"
91.64.50.83 - - [13/Jan/2008:13:09:12 -0800] "www.modestolan.com: GET /vb/member.php?s=&action=addlist&userlist=buddy&userid=281 HTTP/1.1" 200 21162 "http://www.modestolan.com/vb/member2.php?s=&action=addlist&userlist=buddy&userid=281" "Mozilla/5.0 (compatible; MJ12bot/v1.2.1; http://www.majestic12.co.uk/bot.php?+)"
66.249.70.51 - - [13/Jan/2008:13:09:14 -0800] "www.modestolan.com: GET /vb/calendar.php?do=add&c=2&day=2011-7-8 HTTP/1.1" 200 6381 "-" "Mozilla/5.0 (compatible; Googlebot/2.1; +http://www.google.com/bot.html)"
91.64.50.83 - - [13/Jan/2008:13:09:15 -0800] "www.modestolan.com: GET /vb/member2.php?s=&action=addlist&userlist=buddy&userid=283 HTTP/1.1" 301 429 "-" "Mozilla/5.0 (compatible; MJ12bot/v1.2.1; http://www.majestic12.co.uk/bot.php?+)"
41.250.46.37 - - [13/Jan/2008:13:09:18 -0800] "www.modestolan.com: GET /images/menu/6.gif HTTP/1.1" 200 600 "http://www.modestolan.com/xwred1/" "Mozilla/5.0 (Windows; U; Windows NT 5.1; fr; rv:1.8.1.11) Gecko/20071127 Firefox/2.0.0.11"
91.64.50.83 - - [13/Jan/2008:13:09:19 -0800] "www.modestolan.com: GET /vb/member.php?s=&action=addlist&userlist=buddy&userid=283 HTTP/1.1" 200 21162 "http://www.modestolan.com/vb/member2.php?s=&action=addlist&userlist=buddy&userid=283" "Mozilla/5.0 (compatible; MJ12bot/v1.2.1; http://www.majestic12.co.uk/bot.php?+)"
41.250.46.37 - - [13/Jan/2008:13:09:20 -0800] "www.modestolan.com: GET /images/menu/7.gif HTTP/1.1" 200 601 "http://www.modestolan.com/xwred1/" "Mozilla/5.0 (Windows; U; Windows NT 5.1; fr; rv:1.8.1.11) Gecko/20071127 Firefox/2.0.0.11"
41.250.46.37 - - [13/Jan/2008:13:09:21 -0800] "www.modestolan.com: GET /images/transparent.gif HTTP/1.1" 200 43 "http://www.modestolan.com/xwred1/" "Mozilla/5.0 (Windows; U; Windows NT 5.1; fr; rv:1.8.1.11) Gecko/20071127 Firefox/2.0.0.11"
91.64.50.83 - - [13/Jan/2008:13:09:22 -0800] "www.modestolan.com: GET /vb/member2.php?s=&action=addlist&userlist=buddy&userid=287 HTTP/1.1" 301 429 "-" "Mozilla/5.0 (compatible; MJ12bot/v1.2.1; http://www.majestic12.co.uk/bot.php?+)"
41.250.46.37 - - [13/Jan/2008:13:09:24 -0800] "www.modestolan.com: GET /images/top_14.gif HTTP/1.1" 200 522 "http://www.modestolan.com/xwred1/" "Mozilla/5.0 (Windows; U; Windows NT 5.1; fr; rv:1.8.1.11) Gecko/20071127 Firefox/2.0.0.11"
41.250.46.37 - - [13/Jan/2008:13:09:25 -0800] "www.modestolan.com: GET /images/top_12.gif HTTP/1.1" 200 826 "http://www.modestolan.com/xwred1/" "Mozilla/5.0 (Windows; U; Windows NT 5.1; fr; rv:1.8.1.11) Gecko/20071127 Firefox/2.0.0.11"
41.250.46.37 - - [13/Jan/2008:13:09:25 -0800] "www.modestolan.com: GET /transparent.gif HTTP/1.1" 200 43 "http://www.modestolan.com/xwred1/" "Mozilla/5.0 (Windows; U; Windows NT 5.1; fr; rv:1.8.1.11) Gecko/20071127 Firefox/2.0.0.11"
91.64.50.83 - - [13/Jan/2008:13:09:25 -0800] "www.modestolan.com: GET /vb/member.php?s=&action=addlist&userlist=buddy&userid=287 HTTP/1.1" 200 21162 "http://www.modestolan.com/vb/member2.php?s=&action=addlist&userlist=buddy&userid=287" "Mozilla/5.0 (compatible; MJ12bot/v1.2.1; http://www.majestic12.co.uk/bot.php?+)"
41.250.46.37 - - [13/Jan/2008:13:09:27 -0800] "www.modestolan.com: GET /images/top_02.gif HTTP/1.1" 200 882 "http://www.modestolan.com/xwred1/" "Mozilla/5.0 (Windows; U; Windows NT 5.1; fr; rv:1.8.1.11) Gecko/20071127 Firefox/2.0.0.11"
91.64.50.83 - - [13/Jan/2008:13:09:28 -0800] "www.modestolan.com: GET /vb/member2.php?s=&action=addlist&userlist=buddy&userid=289 HTTP/1.1" 301 429 "-" "Mozilla/5.0 (compatible; MJ12bot/v1.2.1; http://www.majestic12.co.uk/bot.php?+)"
91.64.50.83 - - [13/Jan/2008:13:09:32 -0800] "www.modestolan.com: GET /vb/member.php?s=&action=addlist&userlist=buddy&userid=289 HTTP/1.1" 200 21162 "http://www.modestolan.com/vb/member2.php?s=&action=addlist&userlist=buddy&userid=289" "Mozilla/5.0 (compatible; MJ12bot/v1.2.1; http://www.majestic12.co.uk/bot.php?+)"
205.178.184.154 - - [13/Jan/2008:13:09:32 -0800] "www.modestolan.com: GET /index.php?timestamp=1178642032 HTTP/1.1" 200 24084 "-" "Mozilla/4.0 (compatible; MSIE 6.0; Windows NT 5.2; SV1; .NET CLR 1.1.4322; .NET CLR 2.0.50727)"
41.250.46.37 - - [13/Jan/2008:13:09:33 -0800] "www.modestolan.com: GET /images/top_01.gif HTTP/1.1" 200 344 "http://www.modestolan.com/xwred1/" "Mozilla/5.0 (Windows; U; Windows NT 5.1; fr; rv:1.8.1.11) Gecko/20071127 Firefox/2.0.0.11"
41.250.46.37 - - [13/Jan/2008:13:09:35 -0800] "www.modestolan.com: GET /images/top_04.gif HTTP/1.1" 200 1547 "http://www.modestolan.com/xwred1/" "Mozilla/5.0 (Windows; U; Windows NT 5.1; fr; rv:1.8.1.11) Gecko/20071127 Firefox/2.0.0.11"
41.250.46.37 - - [13/Jan/2008:13:09:35 -0800] "www.modestolan.com: GET /images/top_03.gif HTTP/1.1" 200 349 "http://www.modestolan.com/xwred1/" "Mozilla/5.0 (Windows; U; Windows NT 5.1; fr; rv:1.8.1.11) Gecko/20071127 Firefox/2.0.0.11"
91.64.50.83 - - [13/Jan/2008:13:09:35 -0800] "www.modestolan.com: GET /vb/member2.php?s=&action=addlist&userlist=buddy&userid=291 HTTP/1.1" 301 429 "-" "Mozilla/5.0 (compatible; MJ12bot/v1.2.1; http://www.majestic12.co.uk/bot.php?+)"
91.64.50.83 - - [13/Jan/2008:13:09:39 -0800] "www.modestolan.com: GET /vb/member.php?s=&action=addlist&userlist=buddy&userid=291 HTTP/1.1" 200 21162 "http://www.modestolan.com/vb/member2.php?s=&action=addlist&userlist=buddy&userid=291" "Mozilla/5.0 (compatible; MJ12bot/v1.2.1; http://www.majestic12.co.uk/bot.php?+)"
41.250.46.37 - - [13/Jan/2008:13:09:42 -0800] "www.modestolan.com: GET /images/top_05.gif HTTP/1.1" 200 3111 "http://www.modestolan.com/xwred1/" "Mozilla/5.0 (Windows; U; Windows NT 5.1; fr; rv:1.8.1.11) Gecko/20071127 Firefox/2.0.0.11"
41.250.46.37 - - [13/Jan/2008:13:09:42 -0800] "www.modestolan.com: GET /images/top_06.gif HTTP/1.1" 200 1954 "http://www.modestolan.com/xwred1/" "Mozilla/5.0 (Windows; U; Windows NT 5.1; fr; rv:1.8.1.11) Gecko/20071127 Firefox/2.0.0.11"
41.250.46.37 - - [13/Jan/2008:13:09:42 -0800] "www.modestolan.com: GET /images/top_07.gif HTTP/1.1" 200 2521 "http://www.modestolan.com/xwred1/" "Mozilla/5.0 (Windows; U; Windows NT 5.1; fr; rv:1.8.1.11) Gecko/20071127 Firefox/2.0.0.11"
41.250.46.37 - - [13/Jan/2008:13:09:42 -0800] "www.modestolan.com: GET /images/top_08.gif HTTP/1.1" 200 1738 "http://www.modestolan.com/xwred1/" "Mozilla/5.0 (Windows; U; Windows NT 5.1; fr; rv:1.8.1.11) Gecko/20071127 Firefox/2.0.0.11"
41.250.46.37 - - [13/Jan/2008:13:09:43 -0800] "www.modestolan.com: GET /images/top_09.gif HTTP/1.1" 200 1089 "http://www.modestolan.com/xwred1/" "Mozilla/5.0 (Windows; U; Windows NT 5.1; fr; rv:1.8.1.11) Gecko/20071127 Firefox/2.0.0.11"
91.64.50.83 - - [13/Jan/2008:13:09:43 -0800] "www.modestolan.com: GET /vb/member2.php?s=&action=addlist&userlist=buddy&userid=292 HTTP/1.1" 301 429 "-" "Mozilla/5.0 (compatible; MJ12bot/v1.2.1; http://www.majestic12.co.uk/bot.php?+)"
41.250.46.37 - - [13/Jan/2008:13:09:43 -0800] "www.modestolan.com: GET /images/top_13.gif HTTP/1.1" 200 728 "http://www.modestolan.com/xwred1/" "Mozilla/5.0 (Windows; U; Windows NT 5.1; fr; rv:1.8.1.11) Gecko/20071127 Firefox/2.0.0.11"
41.250.46.37 - - [13/Jan/2008:13:09:44 -0800] "www.modestolan.com: GET /images/top_11.gif HTTP/1.1" 200 1553 "http://www.modestolan.com/xwred1/" "Mozilla/5.0 (Windows; U; Windows NT 5.1; fr; rv:1.8.1.11) Gecko/20071127 Firefox/2.0.0.11"
41.250.46.37 - - [13/Jan/2008:13:09:44 -0800] "www.modestolan.com: GET /images/sponsors/geeks.com.gif HTTP/1.1" 200 6611 "http://www.modestolan.com/xwred1/" "Mozilla/5.0 (Windows; U; Windows NT 5.1; fr; rv:1.8.1.11) Gecko/20071127 Firefox/2.0.0.11"
91.64.50.83 - - [13/Jan/2008:13:09:46 -0800] "www.modestolan.com: GET /vb/member.php?s=&action=addlist&userlist=buddy&userid=292 HTTP/1.1" 200 21162 "http://www.modestolan.com/vb/member2.php?s=&action=addlist&userlist=buddy&userid=292" "Mozilla/5.0 (compatible; MJ12bot/v1.2.1; http://www.majestic12.co.uk/bot.php?+)"
91.64.50.83 - - [13/Jan/2008:13:09:50 -0800] "www.modestolan.com: GET /vb/member2.php?s=&action=addlist&userlist=buddy&userid=293 HTTP/1.1" 301 429 "-" "Mozilla/5.0 (compatible; MJ12bot/v1.2.1; http://www.majestic12.co.uk/bot.php?+)"
41.250.46.37 - - [13/Jan/2008:13:09:51 -0800] "www.modestolan.com: GET /images/sponsors/nvidia.jpeg HTTP/1.1" 200 5580 "http://www.modestolan.com/xwred1/" "Mozilla/5.0 (Windows; U; Windows NT 5.1; fr; rv:1.8.1.11) Gecko/20071127 Firefox/2.0.0.11"
41.250.46.37 - - [13/Jan/2008:13:09:52 -0800] "www.modestolan.com: GET /images/sponsors/alogo.gif HTTP/1.1" 200 5996 "http://www.modestolan.com/xwred1/" "Mozilla/5.0 (Windows; U; Windows NT 5.1; fr; rv:1.8.1.11) Gecko/20071127 Firefox/2.0.0.11"
91.64.50.83 - - [13/Jan/2008:13:09:54 -0800] "www.modestolan.com: GET /vb/member.php?s=&action=addlist&userlist=buddy&userid=293 HTTP/1.1" 200 21162 "http://www.modestolan.com/vb/member2.php?s=&action=addlist&userlist=buddy&userid=293" "Mozilla/5.0 (compatible; MJ12bot/v1.2.1; http://www.majestic12.co.uk/bot.php?+)"
66.249.70.51 - - [13/Jan/2008:13:09:55 -0800] "www.modestolan.com: GET /vb/calendar.php?do=add&c=2&day=2011-7-24 HTTP/1.1" 200 6382 "-" "Mozilla/5.0 (compatible; Googlebot/2.1; +http://www.google.com/bot.html)"
74.6.22.102 - - [13/Jan/2008:13:09:57 -0800] "www.modestolan.com: GET /vb/showthread.php?s=&threadid=4701 HTTP/1.0" 200 29300 "-" "Mozilla/5.0 (compatible; Yahoo! Slurp; http://help.yahoo.com/help/us/ysearch/slurp)"
91.64.50.83 - - [13/Jan/2008:13:09:59 -0800] "www.modestolan.com: GET /vb/member2.php?s=&action=addlist&userlist=buddy&userid=294 HTTP/1.1" 301 429 "-" "Mozilla/5.0 (compatible; MJ12bot/v1.2.1; http://www.majestic12.co.uk/bot.php?+)"
77.91.224.12 - - [13/Jan/2008:13:10:00 -0800] "www.modestolan.com: GET /robots.txt HTTP/1.1" 404 334 "-" "WebAlta Crawler/2.0 (http://www.webalta.net/ru/about_webmaster.html) (Windows; U; Windows NT 5.1; ru-RU)"
77.91.224.12 - - [13/Jan/2008:13:10:01 -0800] "www.modestolan.com: GET /vb/register.php HTTP/1.1" 200 5211 "-" "WebAlta Crawler/2.0 (http://www.webalta.net/ru/about_webmaster.html) (Windows; U; Windows NT 5.1; ru-RU)"
41.250.46.37 - - [13/Jan/2008:13:10:01 -0800] "www.modestolan.com: GET /images/top_10.gif HTTP/1.1" 200 1188 "http://www.modestolan.com/xwred1/" "Mozilla/5.0 (Windows; U; Windows NT 5.1; fr; rv:1.8.1.11) Gecko/20071127 Firefox/2.0.0.11"
41.250.46.37 - - [13/Jan/2008:13:10:01 -0800] "www.modestolan.com: GET /favicon.ico HTTP/1.1" 404 335 "-" "Mozilla/5.0 (Windows; U; Windows NT 5.1; fr; rv:1.8.1.11) Gecko/20071127 Firefox/2.0.0.11"
41.250.46.37 - - [13/Jan/2008:13:10:02 -0800] "www.modestolan.com: GET /xwred1/25461.0.My-ICBIN-SQL.jpg HTTP/1.1" 200 37871 "http://www.modestolan.com/xwred1/" "Mozilla/5.0 (Windows; U; Windows NT 5.1; fr; rv:1.8.1.11) Gecko/20071127 Firefox/2.0.0.11"
91.64.50.83 - - [13/Jan/2008:13:10:02 -0800] "www.modestolan.com: GET /vb/member.php?s=&action=addlist&userlist=buddy&userid=294 HTTP/1.1" 200 21162 "http://www.modestolan.com/vb/member2.php?s=&action=addlist&userlist=buddy&userid=294" "Mozilla/5.0 (compatible; MJ12bot/v1.2.1; http://www.majestic12.co.uk/bot.php?+)"
91.64.50.83 - - [13/Jan/2008:13:10:06 -0800] "www.modestolan.com: GET /vb/member2.php?s=&action=addlist&userlist=buddy&userid=296 HTTP/1.1" 301 429 "-" "Mozilla/5.0 (compatible; MJ12bot/v1.2.1; http://www.majestic12.co.uk/bot.php?+)"
91.64.50.83 - - [13/Jan/2008:13:10:10 -0800] "www.modestolan.com: GET /vb/member.php?s=&action=addlist&userlist=buddy&userid=296 HTTP/1.1" 200 21162 "http://www.modestolan.com/vb/member2.php?s=&action=addlist&userlist=buddy&userid=296" "Mozilla/5.0 (compatible; MJ12bot/v1.2.1; http://www.majestic12.co.uk/bot.php?+)"
91.64.50.83 - - [13/Jan/2008:13:10:13 -0800] "www.modestolan.com: GET /vb/member2.php?s=&action=addlist&userlist=buddy&userid=298 HTTP/1.1" 301 429 "-" "Mozilla/5.0 (compatible; MJ12bot/v1.2.1; http://www.majestic12.co.uk/bot.php?+)"
91.64.50.83 - - [13/Jan/2008:13:10:16 -0800] "www.modestolan.com: GET /vb/member.php?s=&action=addlist&userlist=buddy&userid=298 HTTP/1.1" 200 21162 "http://www.modestolan.com/vb/member2.php?s=&action=addlist&userlist=buddy&userid=298" "Mozilla/5.0 (compatible; MJ12bot/v1.2.1; http://www.majestic12.co.uk/bot.php?+)"
91.64.50.83 - - [13/Jan/2008:13:10:20 -0800] "www.modestolan.com: GET /vb/member2.php?s=&action=addlist&userlist=buddy&userid=299 HTTP/1.1" 301 429 "-" "Mozilla/5.0 (compatible; MJ12bot/v1.2.1; http://www.majestic12.co.uk/bot.php?+)"
91.64.50.83 - - [13/Jan/2008:13:10:25 -0800] "www.modestolan.com: GET /vb/member.php?s=&action=addlist&userlist=buddy&userid=299 HTTP/1.1" 200 21159 "http://www.modestolan.com/vb/member2.php?s=&action=addlist&userlist=buddy&userid=299" "Mozilla/5.0 (compatible; MJ12bot/v1.2.1; http://www.majestic12.co.uk/bot.php?+)"
91.64.50.83 - - [13/Jan/2008:13:10:30 -0800] "www.modestolan.com: GET /vb/member2.php?s=&action=addlist&userlist=buddy&userid=3 HTTP/1.1" 301 427 "-" "Mozilla/5.0 (compatible; MJ12bot/v1.2.1; http://www.majestic12.co.uk/bot.php?+)"
91.64.50.83 - - [13/Jan/2008:13:10:35 -0800] "www.modestolan.com: GET /vb/member.php?s=&action=addlist&userlist=buddy&userid=3 HTTP/1.1" 200 24688 "http://www.modestolan.com/vb/member2.php?s=&action=addlist&userlist=buddy&userid=3" "Mozilla/5.0 (compatible; MJ12bot/v1.2.1; http://www.majestic12.co.uk/bot.php?+)"
66.249.70.51 - - [13/Jan/2008:13:10:36 -0800] "www.modestolan.com: GET /vb/calendar.php?do=add&c=2&day=2011-7-21 HTTP/1.1" 200 6381 "-" "Mozilla/5.0 (compatible; Googlebot/2.1; +http://www.google.com/bot.html)"
91.64.50.83 - - [13/Jan/2008:13:10:39 -0800] "www.modestolan.com: GET /vb/member2.php?s=&action=addlist&userlist=buddy&userid=30 HTTP/1.1" 301 428 "-" "Mozilla/5.0 (compatible; MJ12bot/v1.2.1; http://www.majestic12.co.uk/bot.php?+)"
91.64.50.83 - - [13/Jan/2008:13:10:43 -0800] "www.modestolan.com: GET /vb/member.php?s=&action=addlist&userlist=buddy&userid=30 HTTP/1.1" 200 23105 "http://www.modestolan.com/vb/member2.php?s=&action=addlist&userlist=buddy&userid=30" "Mozilla/5.0 (compatible; MJ12bot/v1.2.1; http://www.majestic12.co.uk/bot.php?+)"
91.64.50.83 - - [13/Jan/2008:13:10:46 -0800] "www.modestolan.com: GET /vb/member2.php?s=&action=addlist&userlist=buddy&userid=300 HTTP/1.1" 301 429 "-" "Mozilla/5.0 (compatible; MJ12bot/v1.2.1; http://www.majestic12.co.uk/bot.php?+)"
91.64.50.83 - - [13/Jan/2008:13:10:49 -0800] "www.modestolan.com: GET /vb/member.php?s=&action=addlist&userlist=buddy&userid=300 HTTP/1.1" 200 21162 "http://www.modestolan.com/vb/member2.php?s=&action=addlist&userlist=buddy&userid=300" "Mozilla/5.0 (compatible; MJ12bot/v1.2.1; http://www.majestic12.co.uk/bot.php?+)"
91.64.50.83 - - [13/Jan/2008:13:10:53 -0800] "www.modestolan.com: GET /vb/member2.php?s=&action=addlist&userlist=buddy&userid=302 HTTP/1.1" 301 429 "-" "Mozilla/5.0 (compatible; MJ12bot/v1.2.1; http://www.majestic12.co.uk/bot.php?+)"
91.64.50.83 - - [13/Jan/2008:13:10:59 -0800] "www.modestolan.com: GET /vb/member.php?s=&action=addlist&userlist=buddy&userid=302 HTTP/1.1" 200 21162 "http://www.modestolan.com/vb/member2.php?s=&action=addlist&userlist=buddy&userid=302" "Mozilla/5.0 (compatible; MJ12bot/v1.2.1; http://www.majestic12.co.uk/bot.php?+)"
91.64.50.83 - - [13/Jan/2008:13:11:02 -0800] "www.modestolan.com: GET /vb/member2.php?s=&action=addlist&userlist=buddy&userid=303 HTTP/1.1" 301 429 "-" "Mozilla/5.0 (compatible; MJ12bot/v1.2.1; http://www.majestic12.co.uk/bot.php?+)"
91.64.50.83 - - [13/Jan/2008:13:11:05 -0800] "www.modestolan.com: GET /vb/member.php?s=&action=addlist&userlist=buddy&userid=303 HTTP/1.1" 200 21162 "http://www.modestolan.com/vb/member2.php?s=&action=addlist&userlist=buddy&userid=303" "Mozilla/5.0 (compatible; MJ12bot/v1.2.1; http://www.majestic12.co.uk/bot.php?+)"
91.64.50.83 - - [13/Jan/2008:13:11:09 -0800] "www.modestolan.com: GET /vb/member2.php?s=&action=addlist&userlist=buddy&userid=304 HTTP/1.1" 301 429 "-" "Mozilla/5.0 (compatible; MJ12bot/v1.2.1; http://www.majestic12.co.uk/bot.php?+)"
41.250.46.37 - - [13/Jan/2008:13:11:09 -0800] "www.modestolan.com: GET /images/sponsors/BAWLSbutton.gif HTTP/1.1" 200 8114 "http://www.modestolan.com/xwred1/" "Mozilla/5.0 (Windows; U; Windows NT 5.1; fr; rv:1.8.1.11) Gecko/20071127 Firefox/2.0.0.11"
41.250.46.37 - - [13/Jan/2008:13:11:09 -0800] "www.modestolan.com: GET /images/runningslack.gif HTTP/1.1" 200 1818 "http://www.modestolan.com/xwred1/" "Mozilla/5.0 (Windows; U; Windows NT 5.1; fr; rv:1.8.1.11) Gecko/20071127 Firefox/2.0.0.11"
91.64.50.83 - - [13/Jan/2008:13:11:12 -0800] "www.modestolan.com: GET /vb/member.php?s=&action=addlist&userlist=buddy&userid=304 HTTP/1.1" 200 21162 "http://www.modestolan.com/vb/member2.php?s=&action=addlist&userlist=buddy&userid=304" "Mozilla/5.0 (compatible; MJ12bot/v1.2.1; http://www.majestic12.co.uk/bot.php?+)"
41.250.46.37 - - [13/Jan/2008:13:11:13 -0800] "www.modestolan.com: GET /icons/blank.gif HTTP/1.1" 200 148 "http://www.modestolan.com/xwred1/" "Mozilla/5.0 (Windows; U; Windows NT 5.1; fr; rv:1.8.1.11) Gecko/20071127 Firefox/2.0.0.11"
41.250.46.37 - - [13/Jan/2008:13:11:14 -0800] "www.modestolan.com: GET /icons/back.gif HTTP/1.1" 200 216 "http://www.modestolan.com/xwred1/" "Mozilla/5.0 (Windows; U; Windows NT 5.1; fr; rv:1.8.1.11) Gecko/20071127 Firefox/2.0.0.11"
91.64.50.83 - - [13/Jan/2008:13:11:14 -0800] "www.modestolan.com: GET /vb/member2.php?s=&action=addlist&userlist=buddy&userid=305 HTTP/1.1" 301 429 "-" "Mozilla/5.0 (compatible; MJ12bot/v1.2.1; http://www.majestic12.co.uk/bot.php?+)"
91.64.50.83 - - [13/Jan/2008:13:11:17 -0800] "www.modestolan.com: GET /vb/member.php?s=&action=addlist&userlist=buddy&userid=305 HTTP/1.1" 200 21162 "http://www.modestolan.com/vb/member2.php?s=&action=addlist&userlist=buddy&userid=305" "Mozilla/5.0 (compatible; MJ12bot/v1.2.1; http://www.majestic12.co.uk/bot.php?+)"
66.249.70.51 - - [13/Jan/2008:13:11:18 -0800] "www.modestolan.com: GET /vb/calendar.php?do=add&c=2&day=2011-7-25 HTTP/1.1" 200 6381 "-" "Mozilla/5.0 (compatible; Googlebot/2.1; +http://www.google.com/bot.html)"
91.64.50.83 - - [13/Jan/2008:13:11:20 -0800] "www.modestolan.com: GET /vb/member2.php?s=&action=addlist&userlist=buddy&userid=309 HTTP/1.1" 301 429 "-" "Mozilla/5.0 (compatible; MJ12bot/v1.2.1; http://www.majestic12.co.uk/bot.php?+)"
91.64.50.83 - - [13/Jan/2008:13:11:22 -0800] "www.modestolan.com: GET /vb/member.php?s=&action=addlist&userlist=buddy&userid=309 HTTP/1.1" 200 21162 "http://www.modestolan.com/vb/member2.php?s=&action=addlist&userlist=buddy&userid=309" "Mozilla/5.0 (compatible; MJ12bot/v1.2.1; http://www.majestic12.co.uk/bot.php?+)"
41.250.46.37 - - [13/Jan/2008:13:11:25 -0800] "www.modestolan.com: GET /icons/movie.gif HTTP/1.1" 200 243 "http://www.modestolan.com/xwred1/" "Mozilla/5.0 (Windows; U; Windows NT 5.1; fr; rv:1.8.1.11) Gecko/20071127 Firefox/2.0.0.11"
41.250.46.37 - - [13/Jan/2008:13:11:26 -0800] "www.modestolan.com: GET /icons/folder.gif HTTP/1.1" 200 225 "http://www.modestolan.com/xwred1/" "Mozilla/5.0 (Windows; U; Windows NT 5.1; fr; rv:1.8.1.11) Gecko/20071127 Firefox/2.0.0.11"
91.64.50.83 - - [13/Jan/2008:13:11:26 -0800] "www.modestolan.com: GET /vb/member2.php?s=&action=addlist&userlist=buddy&userid=31 HTTP/1.1" 301 428 "-" "Mozilla/5.0 (compatible; MJ12bot/v1.2.1; http://www.majestic12.co.uk/bot.php?+)"
41.250.46.37 - - [13/Jan/2008:13:11:28 -0800] "www.modestolan.com: GET /icons/image2.gif HTTP/1.1" 200 309 "http://www.modestolan.com/xwred1/" "Mozilla/5.0 (Windows; U; Windows NT 5.1; fr; rv:1.8.1.11) Gecko/20071127 Firefox/2.0.0.11"
91.64.50.83 - - [13/Jan/2008:13:11:31 -0800] "www.modestolan.com: GET /vb/member.php?s=&action=addlist&userlist=buddy&userid=31 HTTP/1.1" 200 23646 "http://www.modestolan.com/vb/member2.php?s=&action=addlist&userlist=buddy&userid=31" "Mozilla/5.0 (compatible; MJ12bot/v1.2.1; http://www.majestic12.co.uk/bot.php?+)"
91.64.50.83 - - [13/Jan/2008:13:11:36 -0800] "www.modestolan.com: GET /vb/member2.php?s=&action=addlist&userlist=buddy&userid=315 HTTP/1.1" 301 429 "-" "Mozilla/5.0 (compatible; MJ12bot/v1.2.1; http://www.majestic12.co.uk/bot.php?+)"
91.64.50.83 - - [13/Jan/2008:13:11:41 -0800] "www.modestolan.com: GET /vb/member.php?s=&action=addlist&userlist=buddy&userid=315 HTTP/1.1" 200 21162 "http://www.modestolan.com/vb/member2.php?s=&action=addlist&userlist=buddy&userid=315" "Mozilla/5.0 (compatible; MJ12bot/v1.2.1; http://www.majestic12.co.uk/bot.php?+)"
41.250.46.37 - - [13/Jan/2008:13:11:42 -0800] "www.modestolan.com: GET /icons/layout.gif HTTP/1.1" 200 276 "http://www.modestolan.com/xwred1/" "Mozilla/5.0 (Windows; U; Windows NT 5.1; fr; rv:1.8.1.11) Gecko/20071127 Firefox/2.0.0.11"
91.64.50.83 - - [13/Jan/2008:13:11:45 -0800] "www.modestolan.com: GET /vb/member2.php?s=&action=addlist&userlist=buddy&userid=316 HTTP/1.1" 301 429 "-" "Mozilla/5.0 (compatible; MJ12bot/v1.2.1; http://www.majestic12.co.uk/bot.php?+)"
91.64.50.83 - - [13/Jan/2008:13:11:48 -0800] "www.modestolan.com: GET /vb/member.php?s=&action=addlist&userlist=buddy&userid=316 HTTP/1.1" 200 21162 "http://www.modestolan.com/vb/member2.php?s=&action=addlist&userlist=buddy&userid=316" "Mozilla/5.0 (compatible; MJ12bot/v1.2.1; http://www.majestic12.co.uk/bot.php?+)"
91.64.50.83 - - [13/Jan/2008:13:11:55 -0800] "www.modestolan.com: GET /vb/member2.php?s=&action=addlist&userlist=buddy&userid=317 HTTP/1.1" 301 429 "-" "Mozilla/5.0 (compatible; MJ12bot/v1.2.1; http://www.majestic12.co.uk/bot.php?+)"
91.64.50.83 - - [13/Jan/2008:13:11:57 -0800] "www.modestolan.com: GET /vb/member.php?s=&action=addlist&userlist=buddy&userid=317 HTTP/1.1" 200 21162 "http://www.modestolan.com/vb/member2.php?s=&action=addlist&userlist=buddy&userid=317" "Mozilla/5.0 (compatible; MJ12bot/v1.2.1; http://www.majestic12.co.uk/bot.php?+)"
66.249.70.51 - - [13/Jan/2008:13:11:59 -0800] "www.modestolan.com: GET /vb/calendar.php?do=add&c=2&day=2011-7-5 HTTP/1.1" 200 6379 "-" "Mozilla/5.0 (compatible; Googlebot/2.1; +http://www.google.com/bot.html)"
91.64.50.83 - - [13/Jan/2008:13:12:03 -0800] "www.modestolan.com: GET /vb/member2.php?s=&action=addlist&userlist=buddy&userid=318 HTTP/1.1" 301 429 "-" "Mozilla/5.0 (compatible; MJ12bot/v1.2.1; http://www.majestic12.co.uk/bot.php?+)"
74.6.20.159 - - [13/Jan/2008:13:12:05 -0800] "www.modestolan.com: GET /vb/member.php?u=1245 HTTP/1.0" 200 6151 "-" "Mozilla/5.0 (compatible; Yahoo! Slurp; http://help.yahoo.com/help/us/ysearch/slurp)"
69.225.12.68 - - [13/Jan/2008:13:12:05 -0800] "www.modestolan.com: GET /tables.css HTTP/1.1" 304 - "http://www.modestolan.com/" "Mozilla/4.0 (compatible; MSIE 7.0; Windows NT 6.0; SLCC1; .NET CLR 2.0.50727; Media Center PC 5.0; .NET CLR 3.0.04506; .NET CLR 1.1.4322; InfoPath.2)"
69.225.12.68 - - [13/Jan/2008:13:12:05 -0800] "www.modestolan.com: GET / HTTP/1.1" 200 24084 "-" "Mozilla/4.0 (compatible; MSIE 7.0; Windows NT 6.0; SLCC1; .NET CLR 2.0.50727; Media Center PC 5.0; .NET CLR 3.0.04506; .NET CLR 1.1.4322; InfoPath.2)"
69.225.12.68 - - [13/Jan/2008:13:12:05 -0800] "www.modestolan.com: GET /images/bg_small.jpg HTTP/1.1" 304 - "http://www.modestolan.com/" "Mozilla/4.0 (compatible; MSIE 7.0; Windows NT 6.0; SLCC1; .NET CLR 2.0.50727; Media Center PC 5.0; .NET CLR 3.0.04506; .NET CLR 1.1.4322; InfoPath.2)"
69.225.12.68 - - [13/Jan/2008:13:12:05 -0800] "www.modestolan.com: GET /php/menu.php HTTP/1.1" 200 21682 "http://www.modestolan.com/" "Mozilla/4.0 (compatible; MSIE 7.0; Windows NT 6.0; SLCC1; .NET CLR 2.0.50727; Media Center PC 5.0; .NET CLR 3.0.04506; .NET CLR 1.1.4322; InfoPath.2)"
69.225.12.68 - - [13/Jan/2008:13:12:05 -0800] "www.modestolan.com: GET /images/menu/1.gif HTTP/1.1" 304 - "http://www.modestolan.com/" "Mozilla/4.0 (compatible; MSIE 7.0; Windows NT 6.0; SLCC1; .NET CLR 2.0.50727; Media Center PC 5.0; .NET CLR 3.0.04506; .NET CLR 1.1.4322; InfoPath.2)"
69.225.12.68 - - [13/Jan/2008:13:12:05 -0800] "www.modestolan.com: GET /images/menu/2.gif HTTP/1.1" 304 - "http://www.modestolan.com/" "Mozilla/4.0 (compatible; MSIE 7.0; Windows NT 6.0; SLCC1; .NET CLR 2.0.50727; Media Center PC 5.0; .NET CLR 3.0.04506; .NET CLR 1.1.4322; InfoPath.2)"
69.225.12.68 - - [13/Jan/2008:13:12:05 -0800] "www.modestolan.com: GET /images/menu/3.gif HTTP/1.1" 304 - "http://www.modestolan.com/" "Mozilla/4.0 (compatible; MSIE 7.0; Windows NT 6.0; SLCC1; .NET CLR 2.0.50727; Media Center PC 5.0; .NET CLR 3.0.04506; .NET CLR 1.1.4322; InfoPath.2)"
69.225.12.68 - - [13/Jan/2008:13:12:05 -0800] "www.modestolan.com: GET /images/menu/4.gif HTTP/1.1" 304 - "http://www.modestolan.com/" "Mozilla/4.0 (compatible; MSIE 7.0; Windows NT 6.0; SLCC1; .NET CLR 2.0.50727; Media Center PC 5.0; .NET CLR 3.0.04506; .NET CLR 1.1.4322; InfoPath.2)"
69.225.12.68 - - [13/Jan/2008:13:12:05 -0800] "www.modestolan.com: GET /images/menu/8.gif HTTP/1.1" 304 - "http://www.modestolan.com/" "Mozilla/4.0 (compatible; MSIE 7.0; Windows NT 6.0; SLCC1; .NET CLR 2.0.50727; Media Center PC 5.0; .NET CLR 3.0.04506; .NET CLR 1.1.4322; InfoPath.2)"
69.225.12.68 - - [13/Jan/2008:13:12:05 -0800] "www.modestolan.com: GET /images/menu/5.gif HTTP/1.1" 304 - "http://www.modestolan.com/" "Mozilla/4.0 (compatible; MSIE 7.0; Windows NT 6.0; SLCC1; .NET CLR 2.0.50727; Media Center PC 5.0; .NET CLR 3.0.04506; .NET CLR 1.1.4322; InfoPath.2)"
69.225.12.68 - - [13/Jan/2008:13:12:05 -0800] "www.modestolan.com: GET /images/menu/6.gif HTTP/1.1" 304 - "http://www.modestolan.com/" "Mozilla/4.0 (compatible; MSIE 7.0; Windows NT 6.0; SLCC1; .NET CLR 2.0.50727; Media Center PC 5.0; .NET CLR 3.0.04506; .NET CLR 1.1.4322; InfoPath.2)"
69.225.12.68 - - [13/Jan/2008:13:12:05 -0800] "www.modestolan.com: GET /images/menu/7.gif HTTP/1.1" 304 - "http://www.modestolan.com/" "Mozilla/4.0 (compatible; MSIE 7.0; Windows NT 6.0; SLCC1; .NET CLR 2.0.50727; Media Center PC 5.0; .NET CLR 3.0.04506; .NET CLR 1.1.4322; InfoPath.2)"
69.225.12.68 - - [13/Jan/2008:13:12:05 -0800] "www.modestolan.com: GET /images/transparent.gif HTTP/1.1" 304 - "http://www.modestolan.com/" "Mozilla/4.0 (compatible; MSIE 7.0; Windows NT 6.0; SLCC1; .NET CLR 2.0.50727; Media Center PC 5.0; .NET CLR 3.0.04506; .NET CLR 1.1.4322; InfoPath.2)"
69.225.12.68 - - [13/Jan/2008:13:12:05 -0800] "www.modestolan.com: GET /images/top_14.gif HTTP/1.1" 304 - "http://www.modestolan.com/" "Mozilla/4.0 (compatible; MSIE 7.0; Windows NT 6.0; SLCC1; .NET CLR 2.0.50727; Media Center PC 5.0; .NET CLR 3.0.04506; .NET CLR 1.1.4322; InfoPath.2)"
69.225.12.68 - - [13/Jan/2008:13:12:06 -0800] "www.modestolan.com: GET /images/top_12.gif HTTP/1.1" 304 - "http://www.modestolan.com/" "Mozilla/4.0 (compatible; MSIE 7.0; Windows NT 6.0; SLCC1; .NET CLR 2.0.50727; Media Center PC 5.0; .NET CLR 3.0.04506; .NET CLR 1.1.4322; InfoPath.2)"
69.225.12.68 - - [13/Jan/2008:13:12:06 -0800] "www.modestolan.com: GET /images/top_02.gif HTTP/1.1" 304 - "http://www.modestolan.com/" "Mozilla/4.0 (compatible; MSIE 7.0; Windows NT 6.0; SLCC1; .NET CLR 2.0.50727; Media Center PC 5.0; .NET CLR 3.0.04506; .NET CLR 1.1.4322; InfoPath.2)"
69.225.12.68 - - [13/Jan/2008:13:12:06 -0800] "www.modestolan.com: GET /transparent.gif HTTP/1.1" 304 - "http://www.modestolan.com/" "Mozilla/4.0 (compatible; MSIE 7.0; Windows NT 6.0; SLCC1; .NET CLR 2.0.50727; Media Center PC 5.0; .NET CLR 3.0.04506; .NET CLR 1.1.4322; InfoPath.2)"
69.225.12.68 - - [13/Jan/2008:13:12:06 -0800] "www.modestolan.com: GET /images/top_01.gif HTTP/1.1" 304 - "http://www.modestolan.com/" "Mozilla/4.0 (compatible; MSIE 7.0; Windows NT 6.0; SLCC1; .NET CLR 2.0.50727; Media Center PC 5.0; .NET CLR 3.0.04506; .NET CLR 1.1.4322; InfoPath.2)"
69.225.12.68 - - [13/Jan/2008:13:12:06 -0800] "www.modestolan.com: GET /images/top_03.gif HTTP/1.1" 304 - "http://www.modestolan.com/" "Mozilla/4.0 (compatible; MSIE 7.0; Windows NT 6.0; SLCC1; .NET CLR 2.0.50727; Media Center PC 5.0; .NET CLR 3.0.04506; .NET CLR 1.1.4322; InfoPath.2)"
69.225.12.68 - - [13/Jan/2008:13:12:06 -0800] "www.modestolan.com: GET /images/top_04.gif HTTP/1.1" 304 - "http://www.modestolan.com/" "Mozilla/4.0 (compatible; MSIE 7.0; Windows NT 6.0; SLCC1; .NET CLR 2.0.50727; Media Center PC 5.0; .NET CLR 3.0.04506; .NET CLR 1.1.4322; InfoPath.2)"
69.225.12.68 - - [13/Jan/2008:13:12:06 -0800] "www.modestolan.com: GET /images/top_05.gif HTTP/1.1" 304 - "http://www.modestolan.com/" "Mozilla/4.0 (compatible; MSIE 7.0; Windows NT 6.0; SLCC1; .NET CLR 2.0.50727; Media Center PC 5.0; .NET CLR 3.0.04506; .NET CLR 1.1.4322; InfoPath.2)"
69.225.12.68 - - [13/Jan/2008:13:12:06 -0800] "www.modestolan.com: GET /images/top_06.gif HTTP/1.1" 304 - "http://www.modestolan.com/" "Mozilla/4.0 (compatible; MSIE 7.0; Windows NT 6.0; SLCC1; .NET CLR 2.0.50727; Media Center PC 5.0; .NET CLR 3.0.04506; .NET CLR 1.1.4322; InfoPath.2)"
69.225.12.68 - - [13/Jan/2008:13:12:06 -0800] "www.modestolan.com: GET /images/top_07.gif HTTP/1.1" 304 - "http://www.modestolan.com/" "Mozilla/4.0 (compatible; MSIE 7.0; Windows NT 6.0; SLCC1; .NET CLR 2.0.50727; Media Center PC 5.0; .NET CLR 3.0.04506; .NET CLR 1.1.4322; InfoPath.2)"
69.225.12.68 - - [13/Jan/2008:13:12:06 -0800] "www.modestolan.com: GET /images/top_08.gif HTTP/1.1" 304 - "http://www.modestolan.com/" "Mozilla/4.0 (compatible; MSIE 7.0; Windows NT 6.0; SLCC1; .NET CLR 2.0.50727; Media Center PC 5.0; .NET CLR 3.0.04506; .NET CLR 1.1.4322; InfoPath.2)"
69.225.12.68 - - [13/Jan/2008:13:12:06 -0800] "www.modestolan.com: GET /images/top_09.gif HTTP/1.1" 304 - "http://www.modestolan.com/" "Mozilla/4.0 (compatible; MSIE 7.0; Windows NT 6.0; SLCC1; .NET CLR 2.0.50727; Media Center PC 5.0; .NET CLR 3.0.04506; .NET CLR 1.1.4322; InfoPath.2)"
69.225.12.68 - - [13/Jan/2008:13:12:06 -0800] "www.modestolan.com: GET /images/top_13.gif HTTP/1.1" 304 - "http://www.modestolan.com/" "Mozilla/4.0 (compatible; MSIE 7.0; Windows NT 6.0; SLCC1; .NET CLR 2.0.50727; Media Center PC 5.0; .NET CLR 3.0.04506; .NET CLR 1.1.4322; InfoPath.2)"
69.225.12.68 - - [13/Jan/2008:13:12:06 -0800] "www.modestolan.com: GET /images/top_11.gif HTTP/1.1" 304 - "http://www.modestolan.com/" "Mozilla/4.0 (compatible; MSIE 7.0; Windows NT 6.0; SLCC1; .NET CLR 2.0.50727; Media Center PC 5.0; .NET CLR 3.0.04506; .NET CLR 1.1.4322; InfoPath.2)"
69.225.12.68 - - [13/Jan/2008:13:12:06 -0800] "www.modestolan.com: GET /images/sponsors/geeks.com.gif HTTP/1.1" 304 - "http://www.modestolan.com/" "Mozilla/4.0 (compatible; MSIE 7.0; Windows NT 6.0; SLCC1; .NET CLR 2.0.50727; Media Center PC 5.0; .NET CLR 3.0.04506; .NET CLR 1.1.4322; InfoPath.2)"
69.225.12.68 - - [13/Jan/2008:13:12:06 -0800] "www.modestolan.com: GET /images/sponsors/nvidia.jpeg HTTP/1.1" 304 - "http://www.modestolan.com/" "Mozilla/4.0 (compatible; MSIE 7.0; Windows NT 6.0; SLCC1; .NET CLR 2.0.50727; Media Center PC 5.0; .NET CLR 3.0.04506; .NET CLR 1.1.4322; InfoPath.2)"
69.225.12.68 - - [13/Jan/2008:13:12:06 -0800] "www.modestolan.com: GET /images/sponsors/alogo.gif HTTP/1.1" 304 - "http://www.modestolan.com/" "Mozilla/4.0 (compatible; MSIE 7.0; Windows NT 6.0; SLCC1; .NET CLR 2.0.50727; Media Center PC 5.0; .NET CLR 3.0.04506; .NET CLR 1.1.4322; InfoPath.2)"
69.225.12.68 - - [13/Jan/2008:13:12:06 -0800] "www.modestolan.com: GET /images/sponsors/BAWLSbutton.gif HTTP/1.1" 304 - "http://www.modestolan.com/" "Mozilla/4.0 (compatible; MSIE 7.0; Windows NT 6.0; SLCC1; .NET CLR 2.0.50727; Media Center PC 5.0; .NET CLR 3.0.04506; .NET CLR 1.1.4322; InfoPath.2)"
69.225.12.68 - - [13/Jan/2008:13:12:06 -0800] "www.modestolan.com: GET /images/runningslack.gif HTTP/1.1" 304 - "http://www.modestolan.com/" "Mozilla/4.0 (compatible; MSIE 7.0; Windows NT 6.0; SLCC1; .NET CLR 2.0.50727; Media Center PC 5.0; .NET CLR 3.0.04506; .NET CLR 1.1.4322; InfoPath.2)"
69.225.12.68 - - [13/Jan/2008:13:12:06 -0800] "www.modestolan.com: GET /images/landate.swf HTTP/1.1" 304 - "http://www.modestolan.com/" "Mozilla/4.0 (compatible; MSIE 7.0; Windows NT 6.0; SLCC1; .NET CLR 2.0.50727; Media Center PC 5.0; .NET CLR 3.0.04506; .NET CLR 1.1.4322; InfoPath.2)"
69.225.12.68 - - [13/Jan/2008:13:12:06 -0800] "www.modestolan.com: GET /images/top_10.gif HTTP/1.1" 304 - "http://www.modestolan.com/" "Mozilla/4.0 (compatible; MSIE 7.0; Windows NT 6.0; SLCC1; .NET CLR 2.0.50727; Media Center PC 5.0; .NET CLR 3.0.04506; .NET CLR 1.1.4322; InfoPath.2)"
91.64.50.83 - - [13/Jan/2008:13:12:06 -0800] "www.modestolan.com: GET /vb/member.php?s=&action=addlist&userlist=buddy&userid=318 HTTP/1.1" 200 21162 "http://www.modestolan.com/vb/member2.php?s=&action=addlist&userlist=buddy&userid=318" "Mozilla/5.0 (compatible; MJ12bot/v1.2.1; http://www.majestic12.co.uk/bot.php?+)"
91.64.50.83 - - [13/Jan/2008:13:12:10 -0800] "www.modestolan.com: GET /vb/member2.php?s=&action=addlist&userlist=buddy&userid=319 HTTP/1.1" 301 429 "-" "Mozilla/5.0 (compatible; MJ12bot/v1.2.1; http://www.majestic12.co.uk/bot.php?+)"
69.225.12.68 - - [13/Jan/2008:13:12:11 -0800] "www.modestolan.com: GET /vb HTTP/1.1" 301 363 "-" "Mozilla/4.0 (compatible; MSIE 7.0; Windows NT 6.0; SLCC1; .NET CLR 2.0.50727; Media Center PC 5.0; .NET CLR 3.0.04506; .NET CLR 1.1.4322; InfoPath.2)"
69.225.12.68 - - [13/Jan/2008:13:12:12 -0800] "www.modestolan.com: GET /vb/ HTTP/1.1" 200 8602 "-" "Mozilla/4.0 (compatible; MSIE 7.0; Windows NT 6.0; SLCC1; .NET CLR 2.0.50727; Media Center PC 5.0; .NET CLR 3.0.04506; .NET CLR 1.1.4322; InfoPath.2)"
69.225.12.68 - - [13/Jan/2008:13:12:12 -0800] "www.modestolan.com: GET /vb/clientscript/vbulletin_global.js?v=368 HTTP/1.1" 304 - "http://www.modestolan.com/vb/" "Mozilla/4.0 (compatible; MSIE 7.0; Windows NT 6.0; SLCC1; .NET CLR 2.0.50727; Media Center PC 5.0; .NET CLR 3.0.04506; .NET CLR 1.1.4322; InfoPath.2)"
69.225.12.68 - - [13/Jan/2008:13:12:12 -0800] "www.modestolan.com: GET /vb/clientscript/vbulletin_menu.js?v=368 HTTP/1.1" 304 - "http://www.modestolan.com/vb/" "Mozilla/4.0 (compatible; MSIE 7.0; Windows NT 6.0; SLCC1; .NET CLR 2.0.50727; Media Center PC 5.0; .NET CLR 3.0.04506; .NET CLR 1.1.4322; InfoPath.2)"
69.225.12.68 - - [13/Jan/2008:13:12:13 -0800] "www.modestolan.com: GET /php/menu.php HTTP/1.1" 200 21682 "http://www.modestolan.com/vb/" "Mozilla/4.0 (compatible; MSIE 7.0; Windows NT 6.0; SLCC1; .NET CLR 2.0.50727; Media Center PC 5.0; .NET CLR 3.0.04506; .NET CLR 1.1.4322; InfoPath.2)"
69.225.12.68 - - [13/Jan/2008:13:12:13 -0800] "www.modestolan.com: GET /vb/images/misc/navbits_start.gif HTTP/1.1" 304 - "http://www.modestolan.com/vb/" "Mozilla/4.0 (compatible; MSIE 7.0; Windows NT 6.0; SLCC1; .NET CLR 2.0.50727; Media Center PC 5.0; .NET CLR 3.0.04506; .NET CLR 1.1.4322; InfoPath.2)"
69.225.12.68 - - [13/Jan/2008:13:12:13 -0800] "www.modestolan.com: GET /vb/images/misc/menu_open.gif HTTP/1.1" 304 - "http://www.modestolan.com/vb/" "Mozilla/4.0 (compatible; MSIE 7.0; Windows NT 6.0; SLCC1; .NET CLR 2.0.50727; Media Center PC 5.0; .NET CLR 3.0.04506; .NET CLR 1.1.4322; InfoPath.2)"
69.225.12.68 - - [13/Jan/2008:13:12:13 -0800] "www.modestolan.com: GET /vb/images/statusicon/forum_old.gif HTTP/1.1" 304 - "http://www.modestolan.com/vb/" "Mozilla/4.0 (compatible; MSIE 7.0; Windows NT 6.0; SLCC1; .NET CLR 2.0.50727; Media Center PC 5.0; .NET CLR 3.0.04506; .NET CLR 1.1.4322; InfoPath.2)"
69.225.12.68 - - [13/Jan/2008:13:12:13 -0800] "www.modestolan.com: GET /vb/images/buttons/collapse_tcat.gif HTTP/1.1" 304 - "http://www.modestolan.com/vb/" "Mozilla/4.0 (compatible; MSIE 7.0; Windows NT 6.0; SLCC1; .NET CLR 2.0.50727; Media Center PC 5.0; .NET CLR 3.0.04506; .NET CLR 1.1.4322; InfoPath.2)"
69.225.12.68 - - [13/Jan/2008:13:12:13 -0800] "www.modestolan.com: GET /vb/images/buttons/lastpost.gif HTTP/1.1" 304 - "http://www.modestolan.com/vb/" "Mozilla/4.0 (compatible; MSIE 7.0; Windows NT 6.0; SLCC1; .NET CLR 2.0.50727; Media Center PC 5.0; .NET CLR 3.0.04506; .NET CLR 1.1.4322; InfoPath.2)"
69.225.12.68 - - [13/Jan/2008:13:12:13 -0800] "www.modestolan.com: GET /vb/images/statusicon/forum_new.gif HTTP/1.1" 304 - "http://www.modestolan.com/vb/" "Mozilla/4.0 (compatible; MSIE 7.0; Windows NT 6.0; SLCC1; .NET CLR 2.0.50727; Media Center PC 5.0; .NET CLR 3.0.04506; .NET CLR 1.1.4322; InfoPath.2)"
69.225.12.68 - - [13/Jan/2008:13:12:13 -0800] "www.modestolan.com: GET /vb/clientscript/vbulletin_read_marker.js?v=368 HTTP/1.1" 304 - "http://www.modestolan.com/vb/" "Mozilla/4.0 (compatible; MSIE 7.0; Windows NT 6.0; SLCC1; .NET CLR 2.0.50727; Media Center PC 5.0; .NET CLR 3.0.04506; .NET CLR 1.1.4322; InfoPath.2)"
69.225.12.68 - - [13/Jan/2008:13:12:14 -0800] "www.modestolan.com: GET /vb/images/buttons/collapse_thead.gif HTTP/1.1" 304 - "http://www.modestolan.com/vb/" "Mozilla/4.0 (compatible; MSIE 7.0; Windows NT 6.0; SLCC1; .NET CLR 2.0.50727; Media Center PC 5.0; .NET CLR 3.0.04506; .NET CLR 1.1.4322; InfoPath.2)"
69.225.12.68 - - [13/Jan/2008:13:12:14 -0800] "www.modestolan.com: GET /vb/images/misc/whos_online.gif HTTP/1.1" 304 - "http://www.modestolan.com/vb/" "Mozilla/4.0 (compatible; MSIE 7.0; Windows NT 6.0; SLCC1; .NET CLR 2.0.50727; Media Center PC 5.0; .NET CLR 3.0.04506; .NET CLR 1.1.4322; InfoPath.2)"
69.225.12.68 - - [13/Jan/2008:13:12:14 -0800] "www.modestolan.com: GET /vb/images/misc/stats.gif HTTP/1.1" 304 - "http://www.modestolan.com/vb/" "Mozilla/4.0 (compatible; MSIE 7.0; Windows NT 6.0; SLCC1; .NET CLR 2.0.50727; Media Center PC 5.0; .NET CLR 3.0.04506; .NET CLR 1.1.4322; InfoPath.2)"
69.225.12.68 - - [13/Jan/2008:13:12:14 -0800] "www.modestolan.com: GET /vb/cron.php?&rand=283527 HTTP/1.1" 200 43 "http://www.modestolan.com/vb/" "Mozilla/4.0 (compatible; MSIE 7.0; Windows NT 6.0; SLCC1; .NET CLR 2.0.50727; Media Center PC 5.0; .NET CLR 3.0.04506; .NET CLR 1.1.4322; InfoPath.2)"
91.64.50.83 - - [13/Jan/2008:13:12:15 -0800] "www.modestolan.com: GET /vb/member.php?s=&action=addlist&userlist=buddy&userid=319 HTTP/1.1" 200 21162 "http://www.modestolan.com/vb/member2.php?s=&action=addlist&userlist=buddy&userid=319" "Mozilla/5.0 (compatible; MJ12bot/v1.2.1; http://www.majestic12.co.uk/bot.php?+)"
69.225.12.68 - - [13/Jan/2008:13:12:18 -0800] "www.modestolan.com: GET /vb/forumdisplay.php?f=2 HTTP/1.1" 200 21400 "http://www.modestolan.com/vb/" "Mozilla/4.0 (compatible; MSIE 7.0; Windows NT 6.0; SLCC1; .NET CLR 2.0.50727; Media Center PC 5.0; .NET CLR 3.0.04506; .NET CLR 1.1.4322; InfoPath.2)"
91.64.50.83 - - [13/Jan/2008:13:12:18 -0800] "www.modestolan.com: GET /vb/member2.php?s=&action=addlist&userlist=buddy&userid=32 HTTP/1.1" 301 428 "-" "Mozilla/5.0 (compatible; MJ12bot/v1.2.1; http://www.majestic12.co.uk/bot.php?+)"
69.225.12.68 - - [13/Jan/2008:13:12:18 -0800] "www.modestolan.com: GET /php/menu.php HTTP/1.1" 200 21682 "http://www.modestolan.com/vb/forumdisplay.php?f=2" "Mozilla/4.0 (compatible; MSIE 7.0; Windows NT 6.0; SLCC1; .NET CLR 2.0.50727; Media Center PC 5.0; .NET CLR 3.0.04506; .NET CLR 1.1.4322; InfoPath.2)"
69.225.12.68 - - [13/Jan/2008:13:12:19 -0800] "www.modestolan.com: GET /vb/images/buttons/newthread.gif HTTP/1.1" 304 - "http://www.modestolan.com/vb/forumdisplay.php?f=2" "Mozilla/4.0 (compatible; MSIE 7.0; Windows NT 6.0; SLCC1; .NET CLR 2.0.50727; Media Center PC 5.0; .NET CLR 3.0.04506; .NET CLR 1.1.4322; InfoPath.2)"
69.225.12.68 - - [13/Jan/2008:13:12:19 -0800] "www.modestolan.com: GET /vb/images/statusicon/thread_hot.gif HTTP/1.1" 304 - "http://www.modestolan.com/vb/forumdisplay.php?f=2" "Mozilla/4.0 (compatible; MSIE 7.0; Windows NT 6.0; SLCC1; .NET CLR 2.0.50727; Media Center PC 5.0; .NET CLR 3.0.04506; .NET CLR 1.1.4322; InfoPath.2)"
69.225.12.68 - - [13/Jan/2008:13:12:19 -0800] "www.modestolan.com: GET /vb/images/buttons/sortasc.gif HTTP/1.1" 304 - "http://www.modestolan.com/vb/forumdisplay.php?f=2" "Mozilla/4.0 (compatible; MSIE 7.0; Windows NT 6.0; SLCC1; .NET CLR 2.0.50727; Media Center PC 5.0; .NET CLR 3.0.04506; .NET CLR 1.1.4322; InfoPath.2)"
69.225.12.68 - - [13/Jan/2008:13:12:19 -0800] "www.modestolan.com: GET /vb/images/misc/poll_posticon.gif HTTP/1.1" 304 - "http://www.modestolan.com/vb/forumdisplay.php?f=2" "Mozilla/4.0 (compatible; MSIE 7.0; Windows NT 6.0; SLCC1; .NET CLR 2.0.50727; Media Center PC 5.0; .NET CLR 3.0.04506; .NET CLR 1.1.4322; InfoPath.2)"
69.225.12.68 - - [13/Jan/2008:13:12:19 -0800] "www.modestolan.com: GET /vb/images/statusicon/thread_hot_new.gif HTTP/1.1" 304 - "http://www.modestolan.com/vb/forumdisplay.php?f=2" "Mozilla/4.0 (compatible; MSIE 7.0; Windows NT 6.0; SLCC1; .NET CLR 2.0.50727; Media Center PC 5.0; .NET CLR 3.0.04506; .NET CLR 1.1.4322; InfoPath.2)"
69.225.12.68 - - [13/Jan/2008:13:12:19 -0800] "www.modestolan.com: GET /vb/images/misc/sticky.gif HTTP/1.1" 304 - "http://www.modestolan.com/vb/forumdisplay.php?f=2" "Mozilla/4.0 (compatible; MSIE 7.0; Windows NT 6.0; SLCC1; .NET CLR 2.0.50727; Media Center PC 5.0; .NET CLR 3.0.04506; .NET CLR 1.1.4322; InfoPath.2)"
69.225.12.68 - - [13/Jan/2008:13:12:19 -0800] "www.modestolan.com: GET /vb/images/buttons/firstnew.gif HTTP/1.1" 304 - "http://www.modestolan.com/vb/forumdisplay.php?f=2" "Mozilla/4.0 (compatible; MSIE 7.0; Windows NT 6.0; SLCC1; .NET CLR 2.0.50727; Media Center PC 5.0; .NET CLR 3.0.04506; .NET CLR 1.1.4322; InfoPath.2)"
69.225.12.68 - - [13/Jan/2008:13:12:19 -0800] "www.modestolan.com: GET /vb/images/misc/multipage.gif HTTP/1.1" 304 - "http://www.modestolan.com/vb/forumdisplay.php?f=2" "Mozilla/4.0 (compatible; MSIE 7.0; Windows NT 6.0; SLCC1; .NET CLR 2.0.50727; Media Center PC 5.0; .NET CLR 3.0.04506; .NET CLR 1.1.4322; InfoPath.2)"
69.225.12.68 - - [13/Jan/2008:13:12:19 -0800] "www.modestolan.com: GET /vb/images/statusicon/thread_new.gif HTTP/1.1" 304 - "http://www.modestolan.com/vb/forumdisplay.php?f=2" "Mozilla/4.0 (compatible; MSIE 7.0; Windows NT 6.0; SLCC1; .NET CLR 2.0.50727; Media Center PC 5.0; .NET CLR 3.0.04506; .NET CLR 1.1.4322; InfoPath.2)"
69.225.12.68 - - [13/Jan/2008:13:12:19 -0800] "www.modestolan.com: GET /vb/images/misc/subscribed.gif HTTP/1.1" 304 - "http://www.modestolan.com/vb/forumdisplay.php?f=2" "Mozilla/4.0 (compatible; MSIE 7.0; Windows NT 6.0; SLCC1; .NET CLR 2.0.50727; Media Center PC 5.0; .NET CLR 3.0.04506; .NET CLR 1.1.4322; InfoPath.2)"
69.225.12.68 - - [13/Jan/2008:13:12:19 -0800] "www.modestolan.com: GET /vb/images/statusicon/thread.gif HTTP/1.1" 304 - "http://www.modestolan.com/vb/forumdisplay.php?f=2" "Mozilla/4.0 (compatible; MSIE 7.0; Windows NT 6.0; SLCC1; .NET CLR 2.0.50727; Media Center PC 5.0; .NET CLR 3.0.04506; .NET CLR 1.1.4322; InfoPath.2)"
69.225.12.68 - - [13/Jan/2008:13:12:19 -0800] "www.modestolan.com: GET /vb/images/misc/paperclip.gif HTTP/1.1" 304 - "http://www.modestolan.com/vb/forumdisplay.php?f=2" "Mozilla/4.0 (compatible; MSIE 7.0; Windows NT 6.0; SLCC1; .NET CLR 2.0.50727; Media Center PC 5.0; .NET CLR 3.0.04506; .NET CLR 1.1.4322; InfoPath.2)"
69.225.12.68 - - [13/Jan/2008:13:12:19 -0800] "www.modestolan.com: GET /vb/images/icons/icon5.gif HTTP/1.1" 304 - "http://www.modestolan.com/vb/forumdisplay.php?f=2" "Mozilla/4.0 (compatible; MSIE 7.0; Windows NT 6.0; SLCC1; .NET CLR 2.0.50727; Media Center PC 5.0; .NET CLR 3.0.04506; .NET CLR 1.1.4322; InfoPath.2)"
