67.161.14.108 - - [13/Jan/2008:11:16:23 -0800] "www.modestolan.com: GET / HTTP/1.1" 200 0 "-" "Mozilla/4.0 (compatible; MSIE 7.0; Windows NT 5.1; SV1; .NET CLR 2.0.50727)"
67.161.14.108 - - [13/Jan/2008:11:16:24 -0800] "www.modestolan.com: GET / HTTP/1.1" 200 0 "-" "Mozilla/4.0 (compatible; MSIE 7.0; Windows NT 5.1; SV1; .NET CLR 2.0.50727)"
67.161.14.108 - - [13/Jan/2008:11:16:24 -0800] "www.modestolan.com: GET / HTTP/1.1" 200 0 "-" "Mozilla/4.0 (compatible; MSIE 7.0; Windows NT 5.1; SV1; .NET CLR 2.0.50727)"
70.137.20.34 - - [13/Jan/2008:11:16:24 -0800] "www.modestolan.com: GET /php/menu.php HTTP/1.1" 200 0 "http://www.modestolan.com/vb/" "Mozilla/4.0 (compatible; MSIE 7.0; Windows NT 5.1; .NET CLR 1.1.4322)"
67.161.14.108 - - [13/Jan/2008:11:16:24 -0800] "www.modestolan.com: GET / HTTP/1.1" 200 0 "-" "Mozilla/4.0 (compatible; MSIE 7.0; Windows NT 5.1; SV1; .NET CLR 2.0.50727)"
67.161.14.108 - - [13/Jan/2008:11:16:24 -0800] "www.modestolan.com: GET / HTTP/1.1" 200 0 "-" "Mozilla/4.0 (compatible; MSIE 7.0; Windows NT 5.1; SV1; .NET CLR 2.0.50727)"
67.161.14.108 - - [13/Jan/2008:11:16:24 -0800] "www.modestolan.com: GET / HTTP/1.1" 200 0 "-" "Mozilla/4.0 (compatible; MSIE 7.0; Windows NT 5.1; SV1; .NET CLR 2.0.50727)"
67.161.14.108 - - [13/Jan/2008:11:16:24 -0800] "www.modestolan.com: GET / HTTP/1.1" 200 0 "-" "Mozilla/4.0 (compatible; MSIE 7.0; Windows NT 5.1; SV1; .NET CLR 2.0.50727)"
67.161.14.108 - - [13/Jan/2008:11:16:24 -0800] "www.modestolan.com: GET / HTTP/1.1" 200 0 "-" "Mozilla/4.0 (compatible; MSIE 7.0; Windows NT 5.1; SV1; .NET CLR 2.0.50727)"
67.161.14.108 - - [13/Jan/2008:11:16:24 -0800] "www.modestolan.com: GET / HTTP/1.1" 200 0 "-" "Mozilla/4.0 (compatible; MSIE 7.0; Windows NT 5.1; SV1; .NET CLR 2.0.50727)"
67.161.14.108 - - [13/Jan/2008:11:16:24 -0800] "www.modestolan.com: GET / HTTP/1.1" 200 0 "-" "Mozilla/4.0 (compatible; MSIE 7.0; Windows NT 5.1; SV1; .NET CLR 2.0.50727)"
67.161.14.108 - - [13/Jan/2008:11:16:24 -0800] "www.modestolan.com: GET / HTTP/1.1" 200 0 "-" "Mozilla/4.0 (compatible; MSIE 7.0; Windows NT 5.1; SV1; .NET CLR 2.0.50727)"
193.252.149.16 - - [13/Jan/2008:11:16:24 -0800] "www.modestolan.com: GET /robots.txt HTTP/1.1" 404 334 "-" "Mozilla/5.0 (Windows; U; Windows NT 5.1; fr; rv:1.8.1) VoilaBot BETA 1.2 (http://www.voila.com/)"
67.161.14.108 - - [13/Jan/2008:11:16:24 -0800] "www.modestolan.com: GET / HTTP/1.1" 200 0 "-" "Mozilla/4.0 (compatible; MSIE 7.0; Windows NT 5.1; SV1; .NET CLR 2.0.50727)"
67.161.14.108 - - [13/Jan/2008:11:16:24 -0800] "www.modestolan.com: GET / HTTP/1.1" 200 0 "-" "Mozilla/4.0 (compatible; MSIE 7.0; Windows NT 5.1; SV1; .NET CLR 2.0.50727)"
67.161.14.108 - - [13/Jan/2008:11:16:24 -0800] "www.modestolan.com: GET / HTTP/1.1" 200 0 "-" "Mozilla/4.0 (compatible; MSIE 7.0; Windows NT 5.1; SV1; .NET CLR 2.0.50727)"
67.161.14.108 - - [13/Jan/2008:11:16:24 -0800] "www.modestolan.com: GET / HTTP/1.1" 200 0 "-" "Mozilla/4.0 (compatible; MSIE 7.0; Windows NT 5.1; SV1; .NET CLR 2.0.50727)"
67.161.14.108 - - [13/Jan/2008:11:16:24 -0800] "www.modestolan.com: GET / HTTP/1.1" 200 0 "-" "Mozilla/4.0 (compatible; MSIE 7.0; Windows NT 5.1; SV1; .NET CLR 2.0.50727)"
72.28.191.15 - - [13/Jan/2008:11:16:24 -0800] "www.modestolan.com: GET / HTTP/1.1" 200 0 "-" "Mozilla/4.0 (compatible; MSIE 7.0; Windows NT 5.1; SV1; .NET CLR 2.0.50727)"
67.161.14.108 - - [13/Jan/2008:11:16:24 -0800] "www.modestolan.com: GET / HTTP/1.1" 200 0 "-" "Mozilla/4.0 (compatible; MSIE 7.0; Windows NT 5.1; SV1; .NET CLR 2.0.50727)"
67.161.14.108 - - [13/Jan/2008:11:16:24 -0800] "www.modestolan.com: GET / HTTP/1.1" 200 0 "-" "Mozilla/4.0 (compatible; MSIE 7.0; Windows NT 5.1; SV1; .NET CLR 2.0.50727)"
67.161.14.108 - - [13/Jan/2008:11:16:24 -0800] "www.modestolan.com: GET / HTTP/1.1" 200 0 "-" "Mozilla/4.0 (compatible; MSIE 7.0; Windows NT 5.1; SV1; .NET CLR 2.0.50727)"
67.161.14.108 - - [13/Jan/2008:11:16:24 -0800] "www.modestolan.com: GET / HTTP/1.1" 200 0 "-" "Mozilla/4.0 (compatible; MSIE 7.0; Windows NT 5.1; SV1; .NET CLR 2.0.50727)"
67.161.14.108 - - [13/Jan/2008:11:16:24 -0800] "www.modestolan.com: GET / HTTP/1.1" 200 0 "-" "Mozilla/4.0 (compatible; MSIE 7.0; Windows NT 5.1; SV1; .NET CLR 2.0.50727)"
67.161.14.108 - - [13/Jan/2008:11:16:24 -0800] "www.modestolan.com: GET / HTTP/1.1" 200 0 "-" "Mozilla/4.0 (compatible; MSIE 7.0; Windows NT 5.1; SV1; .NET CLR 2.0.50727)"
67.161.14.108 - - [13/Jan/2008:11:16:24 -0800] "www.modestolan.com: GET / HTTP/1.1" 200 0 "-" "Mozilla/4.0 (compatible; MSIE 7.0; Windows NT 5.1; SV1; .NET CLR 2.0.50727)"
70.137.20.34 - - [13/Jan/2008:11:16:25 -0800] "www.modestolan.com: GET /vb/ HTTP/1.1" 200 8376 "-" "Mozilla/4.0 (compatible; MSIE 7.0; Windows NT 5.1; .NET CLR 1.1.4322)"
66.249.70.51 - - [13/Jan/2008:11:16:26 -0800] "www.modestolan.com: GET /vb/calendar.php?do=add&c=2&day=2000-10-12 HTTP/1.1" 200 6378 "-" "Mozilla/5.0 (compatible; Googlebot/2.1; +http://www.google.com/bot.html)"
86.149.190.63 - - [13/Jan/2008:11:16:26 -0800] "www.modestolan.com: GET /%7Ehoodlum/dump?D=D HTTP/1.0" 404 325 "-" "Mozilla/4.0 (compatible; MSIE 6.0; Windows NT 5.1)"
74.6.23.219 - - [13/Jan/2008:11:16:26 -0800] "www.modestolan.com: GET /vb/showthread.php?p=48477 HTTP/1.0" 200 7610 "-" "Mozilla/5.0 (compatible; Yahoo! Slurp; http://help.yahoo.com/help/us/ysearch/slurp)"
86.149.190.63 - - [13/Jan/2008:11:16:26 -0800] "www.modestolan.com: GET /%7Ehoodlum/dump?S=A HTTP/1.0" 404 325 "-" "Mozilla/4.0 (compatible; MSIE 6.0; Windows NT 5.1)"
67.161.14.108 - - [13/Jan/2008:11:16:26 -0800] "www.modestolan.com: GET / HTTP/1.1" 200 15778 "-" "Mozilla/4.0 (compatible; MSIE 7.0; Windows NT 5.1; SV1; .NET CLR 2.0.50727)"
67.161.14.108 - - [13/Jan/2008:11:16:26 -0800] "www.modestolan.com: GET / HTTP/1.1" 200 15778 "-" "Mozilla/4.0 (compatible; MSIE 7.0; Windows NT 5.1; SV1; .NET CLR 2.0.50727)"
72.28.191.15 - - [13/Jan/2008:11:16:26 -0800] "www.modestolan.com: GET / HTTP/1.1" 200 15778 "-" "Mozilla/4.0 (compatible; MSIE 7.0; Windows NT 5.1; SV1; .NET CLR 2.0.50727)"
70.137.20.34 - - [13/Jan/2008:11:16:26 -0800] "www.modestolan.com: GET /vb/clientscript/vbulletin_global.js?v=368 HTTP/1.1" 304 - "http://www.modestolan.com/vb/" "Mozilla/4.0 (compatible; MSIE 7.0; Windows NT 5.1; .NET CLR 1.1.4322)"
67.161.14.108 - - [13/Jan/2008:11:16:26 -0800] "www.modestolan.com: GET / HTTP/1.1" 200 15778 "-" "Mozilla/4.0 (compatible; MSIE 7.0; Windows NT 5.1; SV1; .NET CLR 2.0.50727)"
70.137.20.34 - - [13/Jan/2008:11:16:26 -0800] "www.modestolan.com: GET /vb/clientscript/vbulletin_menu.js?v=368 HTTP/1.1" 304 - "http://www.modestolan.com/vb/" "Mozilla/4.0 (compatible; MSIE 7.0; Windows NT 5.1; .NET CLR 1.1.4322)"
67.161.14.108 - - [13/Jan/2008:11:16:26 -0800] "www.modestolan.com: GET / HTTP/1.1" 200 15778 "-" "Mozilla/4.0 (compatible; MSIE 7.0; Windows NT 5.1; SV1; .NET CLR 2.0.50727)"
67.161.14.108 - - [13/Jan/2008:11:16:26 -0800] "www.modestolan.com: GET / HTTP/1.1" 200 15778 "-" "Mozilla/4.0 (compatible; MSIE 7.0; Windows NT 5.1; SV1; .NET CLR 2.0.50727)"
67.161.14.108 - - [13/Jan/2008:11:16:26 -0800] "www.modestolan.com: GET / HTTP/1.1" 200 0 "-" "Mozilla/4.0 (compatible; MSIE 7.0; Windows NT 5.1; SV1; .NET CLR 2.0.50727)"
67.161.14.108 - - [13/Jan/2008:11:16:26 -0800] "www.modestolan.com: GET / HTTP/1.1" 200 0 "-" "Mozilla/4.0 (compatible; MSIE 7.0; Windows NT 5.1; SV1; .NET CLR 2.0.50727)"
70.137.20.34 - - [13/Jan/2008:11:16:26 -0800] "www.modestolan.com: GET /tables.css HTTP/1.1" 304 - "http://www.modestolan.com/vb/" "Mozilla/4.0 (compatible; MSIE 7.0; Windows NT 5.1; .NET CLR 1.1.4322)"
67.161.14.108 - - [13/Jan/2008:11:16:26 -0800] "www.modestolan.com: GET / HTTP/1.1" 200 0 "-" "Mozilla/4.0 (compatible; MSIE 7.0; Windows NT 5.1; SV1; .NET CLR 2.0.50727)"
67.161.14.108 - - [13/Jan/2008:11:16:26 -0800] "www.modestolan.com: GET / HTTP/1.1" 200 4518 "-" "Mozilla/4.0 (compatible; MSIE 7.0; Windows NT 5.1; SV1; .NET CLR 2.0.50727)"
67.161.14.108 - - [13/Jan/2008:11:16:26 -0800] "www.modestolan.com: GET / HTTP/1.1" 200 4518 "-" "Mozilla/4.0 (compatible; MSIE 7.0; Windows NT 5.1; SV1; .NET CLR 2.0.50727)"
67.161.14.108 - - [13/Jan/2008:11:16:26 -0800] "www.modestolan.com: GET / HTTP/1.1" 200 15778 "-" "Mozilla/4.0 (compatible; MSIE 7.0; Windows NT 5.1; SV1; .NET CLR 2.0.50727)"
70.137.20.34 - - [13/Jan/2008:11:16:26 -0800] "www.modestolan.com: GET /php/menu.php HTTP/1.1" 200 21682 "http://www.modestolan.com/vb/" "Mozilla/4.0 (compatible; MSIE 7.0; Windows NT 5.1; .NET CLR 1.1.4322)"
70.137.20.34 - - [13/Jan/2008:11:16:27 -0800] "www.modestolan.com: GET /images/menu/1.gif HTTP/1.1" 304 - "http://www.modestolan.com/vb/" "Mozilla/4.0 (compatible; MSIE 7.0; Windows NT 5.1; .NET CLR 1.1.4322)"
70.137.20.34 - - [13/Jan/2008:11:16:27 -0800] "www.modestolan.com: GET /images/menu/2.gif HTTP/1.1" 304 - "http://www.modestolan.com/vb/" "Mozilla/4.0 (compatible; MSIE 7.0; Windows NT 5.1; .NET CLR 1.1.4322)"
70.137.20.34 - - [13/Jan/2008:11:16:27 -0800] "www.modestolan.com: GET /images/menu/3.gif HTTP/1.1" 304 - "http://www.modestolan.com/vb/" "Mozilla/4.0 (compatible; MSIE 7.0; Windows NT 5.1; .NET CLR 1.1.4322)"
70.137.20.34 - - [13/Jan/2008:11:16:27 -0800] "www.modestolan.com: GET /images/menu/4.gif HTTP/1.1" 304 - "http://www.modestolan.com/vb/" "Mozilla/4.0 (compatible; MSIE 7.0; Windows NT 5.1; .NET CLR 1.1.4322)"
70.137.20.34 - - [13/Jan/2008:11:16:27 -0800] "www.modestolan.com: GET /images/menu/8.gif HTTP/1.1" 304 - "http://www.modestolan.com/vb/" "Mozilla/4.0 (compatible; MSIE 7.0; Windows NT 5.1; .NET CLR 1.1.4322)"
70.137.20.34 - - [13/Jan/2008:11:16:27 -0800] "www.modestolan.com: GET /images/menu/5.gif HTTP/1.1" 304 - "http://www.modestolan.com/vb/" "Mozilla/4.0 (compatible; MSIE 7.0; Windows NT 5.1; .NET CLR 1.1.4322)"
70.137.20.34 - - [13/Jan/2008:11:16:27 -0800] "www.modestolan.com: GET /images/menu/6.gif HTTP/1.1" 304 - "http://www.modestolan.com/vb/" "Mozilla/4.0 (compatible; MSIE 7.0; Windows NT 5.1; .NET CLR 1.1.4322)"
70.137.20.34 - - [13/Jan/2008:11:16:27 -0800] "www.modestolan.com: GET /images/menu/7.gif HTTP/1.1" 304 - "http://www.modestolan.com/vb/" "Mozilla/4.0 (compatible; MSIE 7.0; Windows NT 5.1; .NET CLR 1.1.4322)"
70.137.20.34 - - [13/Jan/2008:11:16:27 -0800] "www.modestolan.com: GET /images/transparent.gif HTTP/1.1" 304 - "http://www.modestolan.com/vb/" "Mozilla/4.0 (compatible; MSIE 7.0; Windows NT 5.1; .NET CLR 1.1.4322)"
70.137.20.34 - - [13/Jan/2008:11:16:27 -0800] "www.modestolan.com: GET /images/top_14.gif HTTP/1.1" 304 - "http://www.modestolan.com/vb/" "Mozilla/4.0 (compatible; MSIE 7.0; Windows NT 5.1; .NET CLR 1.1.4322)"
70.137.20.34 - - [13/Jan/2008:11:16:27 -0800] "www.modestolan.com: GET /images/top_12.gif HTTP/1.1" 304 - "http://www.modestolan.com/vb/" "Mozilla/4.0 (compatible; MSIE 7.0; Windows NT 5.1; .NET CLR 1.1.4322)"
70.137.20.34 - - [13/Jan/2008:11:16:27 -0800] "www.modestolan.com: GET /transparent.gif HTTP/1.1" 304 - "http://www.modestolan.com/vb/" "Mozilla/4.0 (compatible; MSIE 7.0; Windows NT 5.1; .NET CLR 1.1.4322)"
70.137.20.34 - - [13/Jan/2008:11:16:27 -0800] "www.modestolan.com: GET /images/top_02.gif HTTP/1.1" 304 - "http://www.modestolan.com/vb/" "Mozilla/4.0 (compatible; MSIE 7.0; Windows NT 5.1; .NET CLR 1.1.4322)"
70.137.20.34 - - [13/Jan/2008:11:16:27 -0800] "www.modestolan.com: GET /images/top_01.gif HTTP/1.1" 304 - "http://www.modestolan.com/vb/" "Mozilla/4.0 (compatible; MSIE 7.0; Windows NT 5.1; .NET CLR 1.1.4322)"
70.137.20.34 - - [13/Jan/2008:11:16:27 -0800] "www.modestolan.com: GET /images/top_03.gif HTTP/1.1" 304 - "http://www.modestolan.com/vb/" "Mozilla/4.0 (compatible; MSIE 7.0; Windows NT 5.1; .NET CLR 1.1.4322)"
70.137.20.34 - - [13/Jan/2008:11:16:27 -0800] "www.modestolan.com: GET /images/top_04.gif HTTP/1.1" 304 - "http://www.modestolan.com/vb/" "Mozilla/4.0 (compatible; MSIE 7.0; Windows NT 5.1; .NET CLR 1.1.4322)"
70.137.20.34 - - [13/Jan/2008:11:16:27 -0800] "www.modestolan.com: GET /images/top_05.gif HTTP/1.1" 304 - "http://www.modestolan.com/vb/" "Mozilla/4.0 (compatible; MSIE 7.0; Windows NT 5.1; .NET CLR 1.1.4322)"
70.137.20.34 - - [13/Jan/2008:11:16:27 -0800] "www.modestolan.com: GET /images/top_06.gif HTTP/1.1" 304 - "http://www.modestolan.com/vb/" "Mozilla/4.0 (compatible; MSIE 7.0; Windows NT 5.1; .NET CLR 1.1.4322)"
70.137.20.34 - - [13/Jan/2008:11:16:27 -0800] "www.modestolan.com: GET /images/top_07.gif HTTP/1.1" 304 - "http://www.modestolan.com/vb/" "Mozilla/4.0 (compatible; MSIE 7.0; Windows NT 5.1; .NET CLR 1.1.4322)"
70.137.20.34 - - [13/Jan/2008:11:16:27 -0800] "www.modestolan.com: GET /images/top_08.gif HTTP/1.1" 304 - "http://www.modestolan.com/vb/" "Mozilla/4.0 (compatible; MSIE 7.0; Windows NT 5.1; .NET CLR 1.1.4322)"
70.137.20.34 - - [13/Jan/2008:11:16:28 -0800] "www.modestolan.com: GET /images/top_09.gif HTTP/1.1" 304 - "http://www.modestolan.com/vb/" "Mozilla/4.0 (compatible; MSIE 7.0; Windows NT 5.1; .NET CLR 1.1.4322)"
70.137.20.34 - - [13/Jan/2008:11:16:28 -0800] "www.modestolan.com: GET /images/top_13.gif HTTP/1.1" 304 - "http://www.modestolan.com/vb/" "Mozilla/4.0 (compatible; MSIE 7.0; Windows NT 5.1; .NET CLR 1.1.4322)"
70.137.20.34 - - [13/Jan/2008:11:16:28 -0800] "www.modestolan.com: GET /images/top_11.gif HTTP/1.1" 304 - "http://www.modestolan.com/vb/" "Mozilla/4.0 (compatible; MSIE 7.0; Windows NT 5.1; .NET CLR 1.1.4322)"
70.137.20.34 - - [13/Jan/2008:11:16:28 -0800] "www.modestolan.com: GET /vb/images/misc/navbits_start.gif HTTP/1.1" 304 - "http://www.modestolan.com/vb/" "Mozilla/4.0 (compatible; MSIE 7.0; Windows NT 5.1; .NET CLR 1.1.4322)"
70.137.20.34 - - [13/Jan/2008:11:16:28 -0800] "www.modestolan.com: GET /images/top_10.gif HTTP/1.1" 304 - "http://www.modestolan.com/vb/" "Mozilla/4.0 (compatible; MSIE 7.0; Windows NT 5.1; .NET CLR 1.1.4322)"
70.137.20.34 - - [13/Jan/2008:11:16:28 -0800] "www.modestolan.com: GET /vb/images/misc/menu_open.gif HTTP/1.1" 304 - "http://www.modestolan.com/vb/" "Mozilla/4.0 (compatible; MSIE 7.0; Windows NT 5.1; .NET CLR 1.1.4322)"
70.137.20.34 - - [13/Jan/2008:11:16:28 -0800] "www.modestolan.com: GET /vb/images/buttons/collapse_tcat.gif HTTP/1.1" 304 - "http://www.modestolan.com/vb/" "Mozilla/4.0 (compatible; MSIE 7.0; Windows NT 5.1; .NET CLR 1.1.4322)"
70.137.20.34 - - [13/Jan/2008:11:16:28 -0800] "www.modestolan.com: GET /vb/images/statusicon/forum_old.gif HTTP/1.1" 304 - "http://www.modestolan.com/vb/" "Mozilla/4.0 (compatible; MSIE 7.0; Windows NT 5.1; .NET CLR 1.1.4322)"
70.137.20.34 - - [13/Jan/2008:11:16:28 -0800] "www.modestolan.com: GET /vb/images/buttons/lastpost.gif HTTP/1.1" 304 - "http://www.modestolan.com/vb/" "Mozilla/4.0 (compatible; MSIE 7.0; Windows NT 5.1; .NET CLR 1.1.4322)"
70.137.20.34 - - [13/Jan/2008:11:16:28 -0800] "www.modestolan.com: GET /vb/images/statusicon/forum_new.gif HTTP/1.1" 304 - "http://www.modestolan.com/vb/" "Mozilla/4.0 (compatible; MSIE 7.0; Windows NT 5.1; .NET CLR 1.1.4322)"
70.137.20.34 - - [13/Jan/2008:11:16:28 -0800] "www.modestolan.com: GET /vb/clientscript/vbulletin_read_marker.js?v=368 HTTP/1.1" 304 - "http://www.modestolan.com/vb/" "Mozilla/4.0 (compatible; MSIE 7.0; Windows NT 5.1; .NET CLR 1.1.4322)"
70.137.20.34 - - [13/Jan/2008:11:16:28 -0800] "www.modestolan.com: GET /vb/images/buttons/collapse_thead.gif HTTP/1.1" 304 - "http://www.modestolan.com/vb/" "Mozilla/4.0 (compatible; MSIE 7.0; Windows NT 5.1; .NET CLR 1.1.4322)"
70.137.20.34 - - [13/Jan/2008:11:16:28 -0800] "www.modestolan.com: GET /vb/images/misc/whos_online.gif HTTP/1.1" 304 - "http://www.modestolan.com/vb/" "Mozilla/4.0 (compatible; MSIE 7.0; Windows NT 5.1; .NET CLR 1.1.4322)"
70.137.20.34 - - [13/Jan/2008:11:16:28 -0800] "www.modestolan.com: GET /vb/images/misc/stats.gif HTTP/1.1" 304 - "http://www.modestolan.com/vb/" "Mozilla/4.0 (compatible; MSIE 7.0; Windows NT 5.1; .NET CLR 1.1.4322)"
70.137.20.34 - - [13/Jan/2008:11:16:29 -0800] "www.modestolan.com: GET /vb/cron.php?&rand=881902 HTTP/1.1" 200 43 "http://www.modestolan.com/vb/" "Mozilla/4.0 (compatible; MSIE 7.0; Windows NT 5.1; .NET CLR 1.1.4322)"
74.6.27.110 - - [13/Jan/2008:11:16:53 -0800] "www.modestolan.com: GET /vb/member.php?s=&action=getinfo&userid=13 HTTP/1.0" 200 6562 "-" "Mozilla/5.0 (compatible; Yahoo! Slurp; http://help.yahoo.com/help/us/ysearch/slurp)"
70.137.20.34 - - [13/Jan/2008:11:16:54 -0800] "www.modestolan.com: GET / HTTP/1.1" 200 24084 "-" "Mozilla/4.0 (compatible; MSIE 7.0; Windows NT 5.1; .NET CLR 1.1.4322)"
70.137.20.34 - - [13/Jan/2008:11:16:58 -0800] "www.modestolan.com: GET / HTTP/1.1" 200 24084 "-" "Mozilla/4.0 (compatible; MSIE 7.0; Windows NT 5.1; .NET CLR 1.1.4322)"
70.137.20.34 - - [13/Jan/2008:11:16:58 -0800] "www.modestolan.com: GET /tables.css HTTP/1.1" 304 - "http://www.modestolan.com/" "Mozilla/4.0 (compatible; MSIE 7.0; Windows NT 5.1; .NET CLR 1.1.4322)"
70.137.20.34 - - [13/Jan/2008:11:16:59 -0800] "www.modestolan.com: GET /images/bg_small.jpg HTTP/1.1" 304 - "http://www.modestolan.com/" "Mozilla/4.0 (compatible; MSIE 7.0; Windows NT 5.1; .NET CLR 1.1.4322)"
70.137.20.34 - - [13/Jan/2008:11:16:59 -0800] "www.modestolan.com: GET /php/menu.php HTTP/1.1" 200 21682 "http://www.modestolan.com/" "Mozilla/4.0 (compatible; MSIE 7.0; Windows NT 5.1; .NET CLR 1.1.4322)"
70.137.20.34 - - [13/Jan/2008:11:16:59 -0800] "www.modestolan.com: GET /images/menu/1.gif HTTP/1.1" 304 - "http://www.modestolan.com/" "Mozilla/4.0 (compatible; MSIE 7.0; Windows NT 5.1; .NET CLR 1.1.4322)"
70.137.20.34 - - [13/Jan/2008:11:16:59 -0800] "www.modestolan.com: GET /images/menu/2.gif HTTP/1.1" 304 - "http://www.modestolan.com/" "Mozilla/4.0 (compatible; MSIE 7.0; Windows NT 5.1; .NET CLR 1.1.4322)"
70.137.20.34 - - [13/Jan/2008:11:16:59 -0800] "www.modestolan.com: GET /images/menu/3.gif HTTP/1.1" 304 - "http://www.modestolan.com/" "Mozilla/4.0 (compatible; MSIE 7.0; Windows NT 5.1; .NET CLR 1.1.4322)"
70.137.20.34 - - [13/Jan/2008:11:16:59 -0800] "www.modestolan.com: GET /images/menu/4.gif HTTP/1.1" 304 - "http://www.modestolan.com/" "Mozilla/4.0 (compatible; MSIE 7.0; Windows NT 5.1; .NET CLR 1.1.4322)"
70.137.20.34 - - [13/Jan/2008:11:16:59 -0800] "www.modestolan.com: GET /images/menu/8.gif HTTP/1.1" 304 - "http://www.modestolan.com/" "Mozilla/4.0 (compatible; MSIE 7.0; Windows NT 5.1; .NET CLR 1.1.4322)"
70.137.20.34 - - [13/Jan/2008:11:16:59 -0800] "www.modestolan.com: GET /images/menu/5.gif HTTP/1.1" 304 - "http://www.modestolan.com/" "Mozilla/4.0 (compatible; MSIE 7.0; Windows NT 5.1; .NET CLR 1.1.4322)"
70.137.20.34 - - [13/Jan/2008:11:16:59 -0800] "www.modestolan.com: GET /images/menu/6.gif HTTP/1.1" 304 - "http://www.modestolan.com/" "Mozilla/4.0 (compatible; MSIE 7.0; Windows NT 5.1; .NET CLR 1.1.4322)"
70.137.20.34 - - [13/Jan/2008:11:16:59 -0800] "www.modestolan.com: GET /images/menu/7.gif HTTP/1.1" 304 - "http://www.modestolan.com/" "Mozilla/4.0 (compatible; MSIE 7.0; Windows NT 5.1; .NET CLR 1.1.4322)"
70.137.20.34 - - [13/Jan/2008:11:16:59 -0800] "www.modestolan.com: GET /images/transparent.gif HTTP/1.1" 304 - "http://www.modestolan.com/" "Mozilla/4.0 (compatible; MSIE 7.0; Windows NT 5.1; .NET CLR 1.1.4322)"
70.137.20.34 - - [13/Jan/2008:11:16:59 -0800] "www.modestolan.com: GET /images/top_14.gif HTTP/1.1" 304 - "http://www.modestolan.com/" "Mozilla/4.0 (compatible; MSIE 7.0; Windows NT 5.1; .NET CLR 1.1.4322)"
70.137.20.34 - - [13/Jan/2008:11:16:59 -0800] "www.modestolan.com: GET /images/top_12.gif HTTP/1.1" 304 - "http://www.modestolan.com/" "Mozilla/4.0 (compatible; MSIE 7.0; Windows NT 5.1; .NET CLR 1.1.4322)"
70.137.20.34 - - [13/Jan/2008:11:16:59 -0800] "www.modestolan.com: GET /transparent.gif HTTP/1.1" 304 - "http://www.modestolan.com/" "Mozilla/4.0 (compatible; MSIE 7.0; Windows NT 5.1; .NET CLR 1.1.4322)"
70.137.20.34 - - [13/Jan/2008:11:16:59 -0800] "www.modestolan.com: GET /images/top_02.gif HTTP/1.1" 304 - "http://www.modestolan.com/" "Mozilla/4.0 (compatible; MSIE 7.0; Windows NT 5.1; .NET CLR 1.1.4322)"
70.137.20.34 - - [13/Jan/2008:11:16:59 -0800] "www.modestolan.com: GET /images/top_01.gif HTTP/1.1" 304 - "http://www.modestolan.com/" "Mozilla/4.0 (compatible; MSIE 7.0; Windows NT 5.1; .NET CLR 1.1.4322)"
70.137.20.34 - - [13/Jan/2008:11:16:59 -0800] "www.modestolan.com: GET /images/top_03.gif HTTP/1.1" 304 - "http://www.modestolan.com/" "Mozilla/4.0 (compatible; MSIE 7.0; Windows NT 5.1; .NET CLR 1.1.4322)"
70.137.20.34 - - [13/Jan/2008:11:17:00 -0800] "www.modestolan.com: GET /images/top_04.gif HTTP/1.1" 304 - "http://www.modestolan.com/" "Mozilla/4.0 (compatible; MSIE 7.0; Windows NT 5.1; .NET CLR 1.1.4322)"
70.137.20.34 - - [13/Jan/2008:11:17:00 -0800] "www.modestolan.com: GET /images/top_05.gif HTTP/1.1" 304 - "http://www.modestolan.com/" "Mozilla/4.0 (compatible; MSIE 7.0; Windows NT 5.1; .NET CLR 1.1.4322)"
70.137.20.34 - - [13/Jan/2008:11:17:00 -0800] "www.modestolan.com: GET /images/top_06.gif HTTP/1.1" 304 - "http://www.modestolan.com/" "Mozilla/4.0 (compatible; MSIE 7.0; Windows NT 5.1; .NET CLR 1.1.4322)"
70.137.20.34 - - [13/Jan/2008:11:17:00 -0800] "www.modestolan.com: GET /images/top_07.gif HTTP/1.1" 304 - "http://www.modestolan.com/" "Mozilla/4.0 (compatible; MSIE 7.0; Windows NT 5.1; .NET CLR 1.1.4322)"
70.137.20.34 - - [13/Jan/2008:11:17:00 -0800] "www.modestolan.com: GET /images/top_08.gif HTTP/1.1" 304 - "http://www.modestolan.com/" "Mozilla/4.0 (compatible; MSIE 7.0; Windows NT 5.1; .NET CLR 1.1.4322)"
70.137.20.34 - - [13/Jan/2008:11:17:00 -0800] "www.modestolan.com: GET /images/top_09.gif HTTP/1.1" 304 - "http://www.modestolan.com/" "Mozilla/4.0 (compatible; MSIE 7.0; Windows NT 5.1; .NET CLR 1.1.4322)"
70.137.20.34 - - [13/Jan/2008:11:17:00 -0800] "www.modestolan.com: GET /images/top_13.gif HTTP/1.1" 304 - "http://www.modestolan.com/" "Mozilla/4.0 (compatible; MSIE 7.0; Windows NT 5.1; .NET CLR 1.1.4322)"
70.137.20.34 - - [13/Jan/2008:11:17:00 -0800] "www.modestolan.com: GET /images/top_11.gif HTTP/1.1" 304 - "http://www.modestolan.com/" "Mozilla/4.0 (compatible; MSIE 7.0; Windows NT 5.1; .NET CLR 1.1.4322)"
70.137.20.34 - - [13/Jan/2008:11:17:00 -0800] "www.modestolan.com: GET /images/sponsors/geeks.com.gif HTTP/1.1" 304 - "http://www.modestolan.com/" "Mozilla/4.0 (compatible; MSIE 7.0; Windows NT 5.1; .NET CLR 1.1.4322)"
70.137.20.34 - - [13/Jan/2008:11:17:00 -0800] "www.modestolan.com: GET /images/sponsors/nvidia.jpeg HTTP/1.1" 304 - "http://www.modestolan.com/" "Mozilla/4.0 (compatible; MSIE 7.0; Windows NT 5.1; .NET CLR 1.1.4322)"
70.137.20.34 - - [13/Jan/2008:11:17:00 -0800] "www.modestolan.com: GET /images/sponsors/BAWLSbutton.gif HTTP/1.1" 304 - "http://www.modestolan.com/" "Mozilla/4.0 (compatible; MSIE 7.0; Windows NT 5.1; .NET CLR 1.1.4322)"
70.137.20.34 - - [13/Jan/2008:11:17:00 -0800] "www.modestolan.com: GET /images/sponsors/alogo.gif HTTP/1.1" 304 - "http://www.modestolan.com/" "Mozilla/4.0 (compatible; MSIE 7.0; Windows NT 5.1; .NET CLR 1.1.4322)"
70.137.20.34 - - [13/Jan/2008:11:17:00 -0800] "www.modestolan.com: GET /images/runningslack.gif HTTP/1.1" 304 - "http://www.modestolan.com/" "Mozilla/4.0 (compatible; MSIE 7.0; Windows NT 5.1; .NET CLR 1.1.4322)"
70.137.20.34 - - [13/Jan/2008:11:17:00 -0800] "www.modestolan.com: GET /images/top_10.gif HTTP/1.1" 304 - "http://www.modestolan.com/" "Mozilla/4.0 (compatible; MSIE 7.0; Windows NT 5.1; .NET CLR 1.1.4322)"
70.137.20.34 - - [13/Jan/2008:11:17:03 -0800] "www.modestolan.com: GET /vb HTTP/1.1" 301 363 "-" "Mozilla/4.0 (compatible; MSIE 7.0; Windows NT 5.1; .NET CLR 1.1.4322)"
70.137.20.34 - - [13/Jan/2008:11:17:03 -0800] "www.modestolan.com: GET /vb/ HTTP/1.1" 200 8579 "-" "Mozilla/4.0 (compatible; MSIE 7.0; Windows NT 5.1; .NET CLR 1.1.4322)"
70.137.20.34 - - [13/Jan/2008:11:17:04 -0800] "www.modestolan.com: GET /php/menu.php HTTP/1.1" 200 21682 "http://www.modestolan.com/vb/" "Mozilla/4.0 (compatible; MSIE 7.0; Windows NT 5.1; .NET CLR 1.1.4322)"
70.137.20.34 - - [13/Jan/2008:11:17:05 -0800] "www.modestolan.com: GET /vb/cron.php?&rand=469876 HTTP/1.1" 200 43 "http://www.modestolan.com/vb/" "Mozilla/4.0 (compatible; MSIE 7.0; Windows NT 5.1; .NET CLR 1.1.4322)"
66.249.70.51 - - [13/Jan/2008:11:17:16 -0800] "www.modestolan.com: GET /vb/calendar.php?do=add&c=2&day=2000-10-25 HTTP/1.1" 200 6380 "-" "Mozilla/5.0 (compatible; Googlebot/2.1; +http://www.google.com/bot.html)"
66.249.70.51 - - [13/Jan/2008:11:17:17 -0800] "www.modestolan.com: GET /vb/calendar.php?do=add&c=2&day=2000-10-22 HTTP/1.1" 200 6381 "-" "Mozilla/5.0 (compatible; Googlebot/2.1; +http://www.google.com/bot.html)"
66.249.70.51 - - [13/Jan/2008:11:18:15 -0800] "www.modestolan.com: GET /vb/calendar.php?c=2&week=971568000 HTTP/1.1" 200 7074 "-" "Mozilla/5.0 (compatible; Googlebot/2.1; +http://www.google.com/bot.html)"
74.6.20.227 - - [13/Jan/2008:11:18:20 -0800] "www.modestolan.com: GET /vb/showthread.php?p=47054 HTTP/1.0" 200 9097 "-" "Mozilla/5.0 (compatible; Yahoo! Slurp; http://help.yahoo.com/help/us/ysearch/slurp)"
77.91.224.23 - - [13/Jan/2008:11:18:51 -0800] "www.modestolan.com: GET /robots.txt HTTP/1.1" 404 334 "-" "WebAlta Crawler/2.0 (http://www.webalta.net/ru/about_webmaster.html) (Windows; U; Windows NT 5.1; ru-RU)"
77.91.224.23 - - [13/Jan/2008:11:18:52 -0800] "www.modestolan.com: GET / HTTP/1.1" 200 24084 "-" "WebAlta Crawler/2.0 (http://www.webalta.net/ru/about_webmaster.html) (Windows; U; Windows NT 5.1; ru-RU)"
77.91.224.23 - - [13/Jan/2008:11:18:52 -0800] "www.modestolan.com: GET /images/top_05.gif HTTP/1.1" 200 3111 "-" "WebAlta Crawler/2.0 (http://www.webalta.net/ru/about_webmaster.html) (Windows; U; Windows NT 5.1; ru-RU)"
77.91.224.23 - - [13/Jan/2008:11:18:53 -0800] "www.modestolan.com: GET /images/top_07.gif HTTP/1.1" 200 2521 "-" "WebAlta Crawler/2.0 (http://www.webalta.net/ru/about_webmaster.html) (Windows; U; Windows NT 5.1; ru-RU)"
77.91.224.23 - - [13/Jan/2008:11:18:53 -0800] "www.modestolan.com: GET /images/top_08.gif HTTP/1.1" 200 1738 "-" "WebAlta Crawler/2.0 (http://www.webalta.net/ru/about_webmaster.html) (Windows; U; Windows NT 5.1; ru-RU)"
66.249.70.51 - - [13/Jan/2008:11:19:04 -0800] "www.modestolan.com: GET /vb/calendar.php?do=add&c=2&day=2000-10-13 HTTP/1.1" 200 6380 "-" "Mozilla/5.0 (compatible; Googlebot/2.1; +http://www.google.com/bot.html)"
69.235.2.226 - - [13/Jan/2008:11:19:21 -0800] "www.modestolan.com: GET / HTTP/1.1" 200 15714 "-" "Mozilla/4.0 (compatible; MSIE 7.0; Windows NT 5.1; SV1; .NET CLR 2.0.50727)"
69.235.2.226 - - [13/Jan/2008:11:19:21 -0800] "www.modestolan.com: GET / HTTP/1.1" 200 15714 "-" "Mozilla/4.0 (compatible; MSIE 7.0; Windows NT 5.1; SV1; .NET CLR 2.0.50727)"
69.235.2.226 - - [13/Jan/2008:11:19:21 -0800] "www.modestolan.com: GET / HTTP/1.1" 200 15714 "-" "Mozilla/4.0 (compatible; MSIE 7.0; Windows NT 5.1; SV1; .NET CLR 2.0.50727)"
69.235.2.226 - - [13/Jan/2008:11:19:22 -0800] "www.modestolan.com: GET / HTTP/1.1" 200 15714 "-" "Mozilla/4.0 (compatible; MSIE 7.0; Windows NT 5.1; SV1; .NET CLR 2.0.50727)"
69.235.2.226 - - [13/Jan/2008:11:19:22 -0800] "www.modestolan.com: GET / HTTP/1.1" 200 15714 "-" "Mozilla/4.0 (compatible; MSIE 7.0; Windows NT 5.1; SV1; .NET CLR 2.0.50727)"
69.235.2.226 - - [13/Jan/2008:11:19:22 -0800] "www.modestolan.com: GET / HTTP/1.1" 200 15714 "-" "Mozilla/4.0 (compatible; MSIE 7.0; Windows NT 5.1; SV1; .NET CLR 2.0.50727)"
69.235.2.226 - - [13/Jan/2008:11:19:22 -0800] "www.modestolan.com: GET / HTTP/1.1" 200 15714 "-" "Mozilla/4.0 (compatible; MSIE 7.0; Windows NT 5.1; SV1; .NET CLR 2.0.50727)"
69.235.2.226 - - [13/Jan/2008:11:19:22 -0800] "www.modestolan.com: GET / HTTP/1.1" 200 15714 "-" "Mozilla/4.0 (compatible; MSIE 7.0; Windows NT 5.1; SV1; .NET CLR 2.0.50727)"
69.235.2.226 - - [13/Jan/2008:11:19:22 -0800] "www.modestolan.com: GET / HTTP/1.1" 200 15714 "-" "Mozilla/4.0 (compatible; MSIE 7.0; Windows NT 5.1; SV1; .NET CLR 2.0.50727)"
69.235.2.226 - - [13/Jan/2008:11:19:22 -0800] "www.modestolan.com: GET / HTTP/1.1" 200 15714 "-" "Mozilla/4.0 (compatible; MSIE 7.0; Windows NT 5.1; SV1; .NET CLR 2.0.50727)"
69.235.2.226 - - [13/Jan/2008:11:19:22 -0800] "www.modestolan.com: GET / HTTP/1.1" 200 15714 "-" "Mozilla/4.0 (compatible; MSIE 7.0; Windows NT 5.1; SV1; .NET CLR 2.0.50727)"
69.235.2.226 - - [13/Jan/2008:11:19:22 -0800] "www.modestolan.com: GET / HTTP/1.1" 200 15714 "-" "Mozilla/4.0 (compatible; MSIE 7.0; Windows NT 5.1; SV1; .NET CLR 2.0.50727)"
69.235.2.226 - - [13/Jan/2008:11:19:22 -0800] "www.modestolan.com: GET / HTTP/1.1" 200 15714 "-" "Mozilla/4.0 (compatible; MSIE 7.0; Windows NT 5.1; SV1; .NET CLR 2.0.50727)"
69.235.2.226 - - [13/Jan/2008:11:19:22 -0800] "www.modestolan.com: GET / HTTP/1.1" 200 15714 "-" "Mozilla/4.0 (compatible; MSIE 7.0; Windows NT 5.1; SV1; .NET CLR 2.0.50727)"
69.235.2.226 - - [13/Jan/2008:11:19:22 -0800] "www.modestolan.com: GET / HTTP/1.1" 200 15714 "-" "Mozilla/4.0 (compatible; MSIE 7.0; Windows NT 5.1; SV1; .NET CLR 2.0.50727)"
69.235.2.226 - - [13/Jan/2008:11:19:22 -0800] "www.modestolan.com: GET / HTTP/1.1" 200 15714 "-" "Mozilla/4.0 (compatible; MSIE 7.0; Windows NT 5.1; SV1; .NET CLR 2.0.50727)"
69.235.2.226 - - [13/Jan/2008:11:19:22 -0800] "www.modestolan.com: GET / HTTP/1.1" 200 15714 "-" "Mozilla/4.0 (compatible; MSIE 7.0; Windows NT 5.1; SV1; .NET CLR 2.0.50727)"
69.235.2.226 - - [13/Jan/2008:11:19:22 -0800] "www.modestolan.com: GET / HTTP/1.1" 200 15714 "-" "Mozilla/4.0 (compatible; MSIE 7.0; Windows NT 5.1; SV1; .NET CLR 2.0.50727)"
69.235.2.226 - - [13/Jan/2008:11:19:22 -0800] "www.modestolan.com: GET / HTTP/1.1" 200 15714 "-" "Mozilla/4.0 (compatible; MSIE 7.0; Windows NT 5.1; SV1; .NET CLR 2.0.50727)"
69.235.2.226 - - [13/Jan/2008:11:19:22 -0800] "www.modestolan.com: GET / HTTP/1.1" 200 15714 "-" "Mozilla/4.0 (compatible; MSIE 7.0; Windows NT 5.1; SV1; .NET CLR 2.0.50727)"
69.235.2.226 - - [13/Jan/2008:11:19:24 -0800] "www.modestolan.com: GET / HTTP/1.1" 200 15714 "-" "Mozilla/4.0 (compatible; MSIE 7.0; Windows NT 5.1; SV1; .NET CLR 2.0.50727)"
69.235.2.226 - - [13/Jan/2008:11:19:24 -0800] "www.modestolan.com: GET / HTTP/1.1" 200 15714 "-" "Mozilla/4.0 (compatible; MSIE 7.0; Windows NT 5.1; SV1; .NET CLR 2.0.50727)"
69.235.2.226 - - [13/Jan/2008:11:19:24 -0800] "www.modestolan.com: GET / HTTP/1.1" 200 15714 "-" "Mozilla/4.0 (compatible; MSIE 7.0; Windows NT 5.1; SV1; .NET CLR 2.0.50727)"
69.235.2.226 - - [13/Jan/2008:11:19:33 -0800] "www.modestolan.com: GET / HTTP/1.1" 200 15714 "-" "Mozilla/4.0 (compatible; MSIE 7.0; Windows NT 5.1; SV1; .NET CLR 2.0.50727)"
69.235.2.226 - - [13/Jan/2008:11:19:33 -0800] "www.modestolan.com: GET / HTTP/1.1" 200 15714 "-" "Mozilla/4.0 (compatible; MSIE 7.0; Windows NT 5.1; SV1; .NET CLR 2.0.50727)"
69.235.2.226 - - [13/Jan/2008:11:19:33 -0800] "www.modestolan.com: GET / HTTP/1.1" 200 15714 "-" "Mozilla/4.0 (compatible; MSIE 7.0; Windows NT 5.1; SV1; .NET CLR 2.0.50727)"
69.235.2.226 - - [13/Jan/2008:11:19:33 -0800] "www.modestolan.com: GET / HTTP/1.1" 200 15714 "-" "Mozilla/4.0 (compatible; MSIE 7.0; Windows NT 5.1; SV1; .NET CLR 2.0.50727)"
74.6.25.124 - - [13/Jan/2008:11:19:33 -0800] "www.modestolan.com: GET /blackknight/?N=D HTTP/1.0" 200 14623 "-" "Mozilla/5.0 (compatible; Yahoo! Slurp; http://help.yahoo.com/help/us/ysearch/slurp)"
69.235.2.226 - - [13/Jan/2008:11:19:33 -0800] "www.modestolan.com: GET / HTTP/1.1" 200 15714 "-" "Mozilla/4.0 (compatible; MSIE 7.0; Windows NT 5.1; SV1; .NET CLR 2.0.50727)"
69.235.2.226 - - [13/Jan/2008:11:19:33 -0800] "www.modestolan.com: GET / HTTP/1.1" 200 15714 "-" "Mozilla/4.0 (compatible; MSIE 7.0; Windows NT 5.1; SV1; .NET CLR 2.0.50727)"
69.235.2.226 - - [13/Jan/2008:11:19:33 -0800] "www.modestolan.com: GET / HTTP/1.1" 200 15714 "-" "Mozilla/4.0 (compatible; MSIE 7.0; Windows NT 5.1; SV1; .NET CLR 2.0.50727)"
69.235.2.226 - - [13/Jan/2008:11:19:33 -0800] "www.modestolan.com: GET / HTTP/1.1" 200 15714 "-" "Mozilla/4.0 (compatible; MSIE 7.0; Windows NT 5.1; SV1; .NET CLR 2.0.50727)"
69.235.2.226 - - [13/Jan/2008:11:19:34 -0800] "www.modestolan.com: GET / HTTP/1.1" 200 15714 "-" "Mozilla/4.0 (compatible; MSIE 7.0; Windows NT 5.1; SV1; .NET CLR 2.0.50727)"
69.235.2.226 - - [13/Jan/2008:11:19:34 -0800] "www.modestolan.com: GET / HTTP/1.1" 200 15714 "-" "Mozilla/4.0 (compatible; MSIE 7.0; Windows NT 5.1; SV1; .NET CLR 2.0.50727)"
66.249.70.51 - - [13/Jan/2008:11:19:47 -0800] "www.modestolan.com: GET /vb/calendar.php?do=add&c=2&day=2000-10-12 HTTP/1.1" 200 6380 "-" "Mozilla/5.0 (compatible; Googlebot/2.1; +http://www.google.com/bot.html)"
66.249.70.51 - - [13/Jan/2008:11:20:23 -0800] "www.modestolan.com: GET /vb/calendar.php?c=2&week=970358400 HTTP/1.1" 200 7068 "-" "Mozilla/5.0 (compatible; Googlebot/2.1; +http://www.google.com/bot.html)"
69.235.2.226 - - [13/Jan/2008:11:20:36 -0800] "www.modestolan.com: -" 408 - "-" "-"
69.235.2.226 - - [13/Jan/2008:11:20:36 -0800] "www.modestolan.com: -" 408 - "-" "-"
69.235.2.226 - - [13/Jan/2008:11:20:36 -0800] "www.modestolan.com: -" 408 - "-" "-"
69.235.2.226 - - [13/Jan/2008:11:20:36 -0800] "www.modestolan.com: -" 408 - "-" "-"
69.235.2.226 - - [13/Jan/2008:11:20:36 -0800] "www.modestolan.com: -" 408 - "-" "-"
69.235.2.226 - - [13/Jan/2008:11:20:36 -0800] "www.modestolan.com: -" 408 - "-" "-"
69.235.2.226 - - [13/Jan/2008:11:20:37 -0800] "www.modestolan.com: -" 408 - "-" "-"
69.235.2.226 - - [13/Jan/2008:11:20:41 -0800] "www.modestolan.com: -" 408 - "-" "-"
69.235.2.226 - - [13/Jan/2008:11:20:43 -0800] "www.modestolan.com: -" 408 - "-" "-"
69.235.2.226 - - [13/Jan/2008:11:20:43 -0800] "www.modestolan.com: -" 408 - "-" "-"
69.235.2.226 - - [13/Jan/2008:11:20:45 -0800] "www.modestolan.com: -" 408 - "-" "-"
69.235.2.226 - - [13/Jan/2008:11:20:46 -0800] "www.modestolan.com: GET / HTTP/1.1" 200 15714 "-" "Mozilla/4.0 (compatible; MSIE 7.0; Windows NT 5.1; SV1; .NET CLR 2.0.50727)"
66.249.70.51 - - [13/Jan/2008:11:20:54 -0800] "www.modestolan.com: GET /vb/calendar.php?do=add&c=2&day=2000-10-24 HTTP/1.1" 200 6381 "-" "Mozilla/5.0 (compatible; Googlebot/2.1; +http://www.google.com/bot.html)"
69.235.2.226 - - [13/Jan/2008:11:20:57 -0800] "www.modestolan.com: -" 408 - "-" "-"
74.6.22.102 - - [13/Jan/2008:11:20:57 -0800] "www.modestolan.com: GET /vb/showthread.php?p=50640 HTTP/1.0" 200 12828 "-" "Mozilla/5.0 (compatible; Yahoo! Slurp; http://help.yahoo.com/help/us/ysearch/slurp)"
69.235.2.226 - - [13/Jan/2008:11:21:16 -0800] "www.modestolan.com: -" 408 - "-" "-"
69.235.2.226 - - [13/Jan/2008:11:21:16 -0800] "www.modestolan.com: -" 408 - "-" "-"
66.249.70.51 - - [13/Jan/2008:11:21:20 -0800] "www.modestolan.com: GET /vb/calendar.php?do=add&c=2&day=2000-10-11 HTTP/1.1" 200 6378 "-" "Mozilla/5.0 (compatible; Googlebot/2.1; +http://www.google.com/bot.html)"
74.6.22.82 - - [13/Jan/2008:11:21:44 -0800] "www.modestolan.com: GET /vb/ HTTP/1.0" 200 7182 "-" "Mozilla/5.0 (compatible; Yahoo! Slurp/3.0; http://help.yahoo.com/help/us/ysearch/slurp)"
66.249.70.51 - - [13/Jan/2008:11:22:24 -0800] "www.modestolan.com: GET /vb/calendar.php?do=add&c=2&day=2000-10-9 HTTP/1.1" 200 6380 "-" "Mozilla/5.0 (compatible; Googlebot/2.1; +http://www.google.com/bot.html)"
69.235.2.226 - - [13/Jan/2008:11:23:16 -0800] "www.modestolan.com: -" 408 - "-" "-"
69.235.2.226 - - [13/Jan/2008:11:23:17 -0800] "www.modestolan.com: -" 408 - "-" "-"
77.130.177.70 - - [13/Jan/2008:11:23:41 -0800] "www.modestolan.com: GET /tables.css HTTP/1.1" 200 2419 "http://www.modestolan.com/xwred1/mp3/Depeche%20Mode%20-%20Playing%20The%20Angel(Advance%202005)(StefWan-Team)/" "Mozilla/4.0 (compatible; MSIE 6.0; Windows NT 5.1; SV1; tmweb; .NET CLR 1.1.4322)"
77.130.177.70 - - [13/Jan/2008:11:23:41 -0800] "www.modestolan.com: GET /xwred1/mp3/Depeche%20Mode%20-%20Playing%20The%20Angel(Advance%202005)(StefWan-Team)/ HTTP/1.1" 200 17908 "-" "Mozilla/4.0 (compatible; MSIE 6.0; Windows NT 5.1; SV1; tmweb; .NET CLR 1.1.4322)"
77.130.177.70 - - [13/Jan/2008:11:23:42 -0800] "www.modestolan.com: GET /images/bg_small.jpg HTTP/1.1" 200 1598 "http://www.modestolan.com/xwred1/mp3/Depeche%20Mode%20-%20Playing%20The%20Angel(Advance%202005)(StefWan-Team)/" "Mozilla/4.0 (compatible; MSIE 6.0; Windows NT 5.1; SV1; tmweb; .NET CLR 1.1.4322)"
77.130.177.70 - - [13/Jan/2008:11:23:42 -0800] "www.modestolan.com: GET /images/top_12.gif HTTP/1.1" 200 826 "http://www.modestolan.com/xwred1/mp3/Depeche%20Mode%20-%20Playing%20The%20Angel(Advance%202005)(StefWan-Team)/" "Mozilla/4.0 (compatible; MSIE 6.0; Windows NT 5.1; SV1; tmweb; .NET CLR 1.1.4322)"
77.130.177.70 - - [13/Jan/2008:11:23:42 -0800] "www.modestolan.com: GET /php/menu.php HTTP/1.1" 200 12500 "http://www.modestolan.com/xwred1/mp3/Depeche%20Mode%20-%20Playing%20The%20Angel(Advance%202005)(StefWan-Team)/" "Mozilla/4.0 (compatible; MSIE 6.0; Windows NT 5.1; SV1; tmweb; .NET CLR 1.1.4322)"
66.249.70.51 - - [13/Jan/2008:11:23:44 -0800] "www.modestolan.com: GET /vb/calendar.php?do=add&c=2&day=2000-10-23 HTTP/1.1" 200 6382 "-" "Mozilla/5.0 (compatible; Googlebot/2.1; +http://www.google.com/bot.html)"
217.7.196.133 - - [13/Jan/2008:11:23:52 -0800] "www.modestolan.com: GET /xwred1/mp3/Depeche%20Mode%20-%20Playing%20The%20Angel(Advance%202005)(StefWan-Team)/ HTTP/1.1" 200 17908 "-" "Mozilla/4.0 (compatible; MSIE 7.0; Windows NT 6.0; tmweb; SLCC1; .NET CLR 2.0.50727; Media Center PC 5.0; .NET CLR 3.0.04506)"
74.6.20.100 - - [13/Jan/2008:11:24:07 -0800] "www.modestolan.com: GET /vb/misc.php?do=whoposted&t=5419 HTTP/1.0" 200 2886 "-" "Mozilla/5.0 (compatible; Yahoo! Slurp; http://help.yahoo.com/help/us/ysearch/slurp)"
69.235.2.226 - - [13/Jan/2008:11:24:29 -0800] "www.modestolan.com: -" 408 - "-" "-"
74.6.23.14 - - [13/Jan/2008:11:24:29 -0800] "www.modestolan.com: GET /vb/member.php?u=1024 HTTP/1.0" 200 6468 "-" "Mozilla/5.0 (compatible; Yahoo! Slurp; http://help.yahoo.com/help/us/ysearch/slurp)"
74.6.26.114 - - [13/Jan/2008:11:24:36 -0800] "www.modestolan.com: GET /vb/memberlist.php?ltr=A&pp=30&sort=username&order=desc HTTP/1.0" 200 6992 "-" "Mozilla/5.0 (compatible; Yahoo! Slurp; http://help.yahoo.com/help/us/ysearch/slurp)"
72.30.179.226 - - [13/Jan/2008:11:24:41 -0800] "www.modestolan.com: GET /vb/search.php?searchid=10251 HTTP/1.0" 200 5763 "-" "Mozilla/5.0 (compatible; Yahoo! Slurp; http://help.yahoo.com/help/us/ysearch/slurp)"
77.130.177.70 - - [13/Jan/2008:11:24:43 -0800] "www.modestolan.com: GET /xwred1/mp3/Depeche%20Mode%20-%20Playing%20The%20Angel(Advance%202005)(StefWan-Team)/ HTTP/1.1" 200 17908 "-" "Mozilla/4.0 (compatible; MSIE 6.0; Windows NT 5.1; SV1; tmweb; .NET CLR 1.1.4322)"
77.130.177.70 - - [13/Jan/2008:11:24:43 -0800] "www.modestolan.com: GET /images/transparent.gif HTTP/1.1" 200 43 "http://www.modestolan.com/xwred1/mp3/Depeche%20Mode%20-%20Playing%20The%20Angel(Advance%202005)(StefWan-Team)/" "Mozilla/4.0 (compatible; MSIE 6.0; Windows NT 5.1; SV1; tmweb; .NET CLR 1.1.4322)"
77.130.177.70 - - [13/Jan/2008:11:24:43 -0800] "www.modestolan.com: GET /images/top_12.gif HTTP/1.1" 200 826 "http://www.modestolan.com/xwred1/mp3/Depeche%20Mode%20-%20Playing%20The%20Angel(Advance%202005)(StefWan-Team)/" "Mozilla/4.0 (compatible; MSIE 6.0; Windows NT 5.1; SV1; tmweb; .NET CLR 1.1.4322)"
77.130.177.70 - - [13/Jan/2008:11:24:43 -0800] "www.modestolan.com: GET /images/top_14.gif HTTP/1.1" 200 522 "http://www.modestolan.com/xwred1/mp3/Depeche%20Mode%20-%20Playing%20The%20Angel(Advance%202005)(StefWan-Team)/" "Mozilla/4.0 (compatible; MSIE 6.0; Windows NT 5.1; SV1; tmweb; .NET CLR 1.1.4322)"
77.130.177.70 - - [13/Jan/2008:11:24:43 -0800] "www.modestolan.com: GET /php/menu.php HTTP/1.1" 200 21682 "http://www.modestolan.com/xwred1/mp3/Depeche%20Mode%20-%20Playing%20The%20Angel(Advance%202005)(StefWan-Team)/" "Mozilla/4.0 (compatible; MSIE 6.0; Windows NT 5.1; SV1; tmweb; .NET CLR 1.1.4322)"
66.249.70.51 - - [13/Jan/2008:11:25:03 -0800] "www.modestolan.com: GET /vb/calendar.php?do=add&c=2&day=2000-10-28 HTTP/1.1" 200 6382 "-" "Mozilla/5.0 (compatible; Googlebot/2.1; +http://www.google.com/bot.html)"
69.235.2.226 - - [13/Jan/2008:11:26:10 -0800] "www.modestolan.com: GET / HTTP/1.1" 200 15714 "-" "Mozilla/4.0 (compatible; MSIE 7.0; Windows NT 5.1; SV1; .NET CLR 2.0.50727)"
69.235.2.226 - - [13/Jan/2008:11:26:15 -0800] "www.modestolan.com: GET / HTTP/1.1" 200 15714 "-" "Mozilla/4.0 (compatible; MSIE 7.0; Windows NT 5.1; SV1; .NET CLR 2.0.50727)"
69.235.2.226 - - [13/Jan/2008:11:26:15 -0800] "www.modestolan.com: GET / HTTP/1.1" 200 15714 "-" "Mozilla/4.0 (compatible; MSIE 7.0; Windows NT 5.1; SV1; .NET CLR 2.0.50727)"
69.235.2.226 - - [13/Jan/2008:11:26:15 -0800] "www.modestolan.com: GET / HTTP/1.1" 200 15714 "-" "Mozilla/4.0 (compatible; MSIE 7.0; Windows NT 5.1; SV1; .NET CLR 2.0.50727)"
66.249.70.51 - - [13/Jan/2008:11:26:23 -0800] "www.modestolan.com: GET /vb/calendar.php?do=add&c=2&day=2000-10-8 HTTP/1.1" 200 6382 "-" "Mozilla/5.0 (compatible; Googlebot/2.1; +http://www.google.com/bot.html)"
66.249.70.51 - - [13/Jan/2008:11:27:42 -0800] "www.modestolan.com: GET /vb/calendar.php?do=add&c=2&day=2000-10-14 HTTP/1.1" 200 6380 "-" "Mozilla/5.0 (compatible; Googlebot/2.1; +http://www.google.com/bot.html)"
74.6.22.102 - - [13/Jan/2008:11:28:28 -0800] "www.modestolan.com: GET /vb/showthread.php?goto=newpost&t=5614 HTTP/1.0" 302 0 "-" "Mozilla/5.0 (compatible; Yahoo! Slurp/3.0; http://help.yahoo.com/help/us/ysearch/slurp)"
74.6.22.102 - - [13/Jan/2008:11:28:31 -0800] "www.modestolan.com: GET /vb/showthread.php?p=49672 HTTP/1.0" 200 9844 "-" "Mozilla/5.0 (compatible; Yahoo! Slurp/3.0; http://help.yahoo.com/help/us/ysearch/slurp)"
66.249.70.51 - - [13/Jan/2008:11:29:02 -0800] "www.modestolan.com: GET /vb/calendar.php?do=add&c=2&day=2000-10-10 HTTP/1.1" 200 6379 "-" "Mozilla/5.0 (compatible; Googlebot/2.1; +http://www.google.com/bot.html)"
66.31.152.20 - - [13/Jan/2008:11:29:43 -0800] "www.radiumradio.com: GET /funny/abc.php HTTP/1.1" 200 12962 "-" "Mozilla/5.0 (Windows; U; Windows NT 5.1; en-US; rv:1.8.1.11) Gecko/20071127 Firefox/2.0.0.11"
64.92.0.193 - - [13/Jan/2008:11:29:45 -0800] "www.modestolan.com: GET / HTTP/1.1" 200 15778 "-" "Mozilla/5.0 (Windows; U; Windows NT 5.1; en-US; rv:1.8.1.11) Gecko/20071127 Firefox/2.0.0.11"
69.235.2.226 - - [13/Jan/2008:11:29:45 -0800] "www.modestolan.com: GET / HTTP/1.1" 200 15714 "-" "Mozilla/4.0 (compatible; MSIE 7.0; Windows NT 5.1; SV1; .NET CLR 2.0.50727)"
69.235.2.226 - - [13/Jan/2008:11:29:45 -0800] "www.modestolan.com: GET / HTTP/1.1" 200 15714 "-" "Mozilla/4.0 (compatible; MSIE 7.0; Windows NT 5.1; SV1; .NET CLR 2.0.50727)"
69.235.2.226 - - [13/Jan/2008:11:29:45 -0800] "www.modestolan.com: GET / HTTP/1.1" 200 15714 "-" "Mozilla/4.0 (compatible; MSIE 7.0; Windows NT 5.1; SV1; .NET CLR 2.0.50727)"
69.235.2.226 - - [13/Jan/2008:11:29:45 -0800] "www.modestolan.com: GET / HTTP/1.1" 200 15714 "-" "Mozilla/4.0 (compatible; MSIE 7.0; Windows NT 5.1; SV1; .NET CLR 2.0.50727)"
69.235.2.226 - - [13/Jan/2008:11:29:45 -0800] "www.modestolan.com: GET / HTTP/1.1" 200 15714 "-" "Mozilla/4.0 (compatible; MSIE 7.0; Windows NT 5.1; SV1; .NET CLR 2.0.50727)"
123.188.11.132 - - [13/Jan/2008:11:29:46 -0800] "www.modestolan.com: GET / HTTP/1.1" 200 15714 "http://www.modestolan.com/" "Mozilla/4.0 (compatible; MSIE 6.0; Windows NT 5.1; SV1; Maxthon; .NET CLR 1.1.4322; InfoPath.1; .NET CLR 2.0.50727)"
84.134.170.213 - - [13/Jan/2008:11:29:46 -0800] "www.modestolan.com: GET /~nine/Nine_Inch_Nails-Live_In_Fresno_CA_03-23-2005-YKK/15-nine_inch_nails-hurt-ykk.mp3 HTTP/1.1" 200 15714 "-" "-"
69.235.2.226 - - [13/Jan/2008:11:29:46 -0800] "www.modestolan.com: GET / HTTP/1.1" 200 15714 "-" "Mozilla/4.0 (compatible; MSIE 7.0; Windows NT 5.1; SV1; .NET CLR 2.0.50727)"
84.134.170.213 - - [13/Jan/2008:11:29:47 -0800] "www.modestolan.com: GET /~nine/Nine_Inch_Nails-Live_In_Fresno_CA_03-23-2005-YKK/15-nine_inch_nails-hurt-ykk.mp3 HTTP/1.1" 200 15714 "-" "-"
69.235.2.226 - - [13/Jan/2008:11:29:48 -0800] "www.modestolan.com: -" 408 - "-" "-"
69.235.2.226 - - [13/Jan/2008:11:29:58 -0800] "www.modestolan.com: -" 408 - "-" "-"
66.249.70.51 - - [13/Jan/2008:11:30:22 -0800] "www.modestolan.com: GET /vb/calendar.php?do=add&c=2&day=2000-10-27 HTTP/1.1" 200 6381 "-" "Mozilla/5.0 (compatible; Googlebot/2.1; +http://www.google.com/bot.html)"
74.6.19.141 - - [13/Jan/2008:11:30:34 -0800] "www.modestolan.com: GET /vb/search.php?do=finduser&userid=2&searchthreadid=5419 HTTP/1.0" 302 0 "-" "Mozilla/5.0 (compatible; Yahoo! Slurp; http://help.yahoo.com/help/us/ysearch/slurp)"
74.6.19.141 - - [13/Jan/2008:11:30:34 -0800] "www.modestolan.com: GET /vb/search.php?searchid=10284 HTTP/1.0" 200 6265 "-" "Mozilla/5.0 (compatible; Yahoo! Slurp; http://help.yahoo.com/help/us/ysearch/slurp)"
74.6.26.38 - - [13/Jan/2008:11:30:52 -0800] "www.modestolan.com: GET /vb/member.php?u=928 HTTP/1.0" 200 6200 "-" "Mozilla/5.0 (compatible; Yahoo! Slurp; http://help.yahoo.com/help/us/ysearch/slurp)"
74.6.28.39 - - [13/Jan/2008:11:34:18 -0800] "www.modestolan.com: GET /vb/member.php?u=1365 HTTP/1.0" 200 6160 "-" "Mozilla/5.0 (compatible; Yahoo! Slurp; http://help.yahoo.com/help/us/ysearch/slurp)"
58.31.198.34 - - [13/Jan/2008:11:34:36 -0800] "www.modestolan.com: GET / HTTP/1.1" 200 24084 "http://www.modestolan.com/" "Mozilla/4.0 (compatible; MSIE 6.0; Windows NT 5.1; SV1; Maxthon; .NET CLR 1.1.4322; InfoPath.1; .NET CLR 2.0.50727)"
74.6.22.82 - - [13/Jan/2008:11:34:39 -0800] "www.modestolan.com: GET /vb/showthread.php?p=50644 HTTP/1.0" 200 12794 "-" "Mozilla/5.0 (compatible; Yahoo! Slurp/3.0; http://help.yahoo.com/help/us/ysearch/slurp)"
74.6.20.100 - - [13/Jan/2008:11:34:46 -0800] "www.modestolan.com: GET /vb/showthread.php?p=46719 HTTP/1.0" 200 8548 "-" "Mozilla/5.0 (compatible; Yahoo! Slurp; http://help.yahoo.com/help/us/ysearch/slurp)"
74.6.29.19 - - [13/Jan/2008:11:34:58 -0800] "www.modestolan.com: GET /vb/search.php?searchid=10284 HTTP/1.0" 200 6285 "-" "Mozilla/5.0 (compatible; Yahoo! Slurp; http://help.yahoo.com/help/us/ysearch/slurp)"
69.110.106.6 - - [13/Jan/2008:11:36:22 -0800] "www.modestolan.com: GET /php/menu.php HTTP/1.1" 200 12656 "http://www.modestolan.com/vb/forumdisplay.php?f=2" "Mozilla/5.0 (X11; U; Linux i686; en-US; rv:1.8.1.11) Gecko/20071204 Ubuntu/7.10 (gutsy) Firefox/2.0.0.11"
86.94.127.157 - - [13/Jan/2008:11:38:35 -0800] "www.modestolan.com: GET /vb/avatar.php?userid=924&dateline=1101103211.jpeg HTTP/1.1" 404 337 "http://www.gamespot.com/news/6141519.html" "Mozilla/4.0 (compatible; MSIE 6.0; Windows NT 5.1; SV1; SIMBAR={88054E3C-1FEB-47AE-A383-8289DDC5D73D}; .NET CLR 2.0.50727; InfoPath.2; Dealio Toolbar 3.1.1)"
74.6.25.13 - - [13/Jan/2008:11:39:26 -0800] "www.modestolan.com: GET /~twentydead/pki/?N=D HTTP/1.0" 200 1357 "-" "Mozilla/5.0 (compatible; Yahoo! Slurp; http://help.yahoo.com/help/us/ysearch/slurp)"
84.30.27.180 - - [13/Jan/2008:11:40:56 -0800] "www.modestolan.com: GET /articles/jdacura/case/doing/done2.jpg HTTP/1.1" 200 108730 "http://www.ocforums.com/showthread.php?t=29083" "Mozilla/5.0 (Windows; U; Windows NT 5.1; nl; rv:1.8.1.11) Gecko/20071127 Firefox/2.0.0.11"
84.30.27.180 - - [13/Jan/2008:11:41:01 -0800] "www.modestolan.com: GET /articles/jdacura/case/doing/done3.jpg HTTP/1.1" 200 113747 "http://www.ocforums.com/showthread.php?t=29083" "Mozilla/5.0 (Windows; U; Windows NT 5.1; nl; rv:1.8.1.11) Gecko/20071127 Firefox/2.0.0.11"
84.30.27.180 - - [13/Jan/2008:11:41:06 -0800] "www.modestolan.com: GET /articles/jdacura/case/doing/done1.jpg HTTP/1.1" 200 120787 "http://www.ocforums.com/showthread.php?t=29083" "Mozilla/5.0 (Windows; U; Windows NT 5.1; nl; rv:1.8.1.11) Gecko/20071127 Firefox/2.0.0.11"
68.123.0.3 - - [13/Jan/2008:11:41:06 -0800] "www.modestolan.com: GET /jdacura/pics/myspace_banner.gif HTTP/1.1" 200 5970 "http://profile.myspace.com/index.cfm?fuseaction=user.viewprofile&friendid=12647521" "Mozilla/5.0 (Macintosh; U; Intel Mac OS X; en-us) AppleWebKit/523.10.6 (KHTML, like Gecko) Version/3.0.4 Safari/523.10.6"
68.123.0.3 - - [13/Jan/2008:11:41:06 -0800] "www.modestolan.com: GET /jdacura/pics/setup.jpg HTTP/1.1" 200 43706 "http://profile.myspace.com/index.cfm?fuseaction=user.viewprofile&friendid=12647521" "Mozilla/5.0 (Macintosh; U; Intel Mac OS X; en-us) AppleWebKit/523.10.6 (KHTML, like Gecko) Version/3.0.4 Safari/523.10.6"
68.123.0.3 - - [13/Jan/2008:11:41:06 -0800] "www.modestolan.com: GET /jdacura/pics/myspace-ms.jpg HTTP/1.1" 200 77141 "http://profile.myspace.com/index.cfm?fuseaction=user.viewprofile&friendid=12647521" "Mozilla/5.0 (Macintosh; U; Intel Mac OS X; en-us) AppleWebKit/523.10.6 (KHTML, like Gecko) Version/3.0.4 Safari/523.10.6"
68.123.0.3 - - [13/Jan/2008:11:41:07 -0800] "www.modestolan.com: GET /jdacura/pics/tokyoatnight.jpg HTTP/1.1" 200 641339 "http://profile.myspace.com/index.cfm?fuseaction=user.viewprofile&friendid=12647521" "Mozilla/5.0 (Macintosh; U; Intel Mac OS X; en-us) AppleWebKit/523.10.6 (KHTML, like Gecko) Version/3.0.4 Safari/523.10.6"
84.30.27.180 - - [13/Jan/2008:11:41:10 -0800] "www.modestolan.com: GET /articles/jdacura/case/doing/done6.jpg HTTP/1.1" 200 121242 "http://www.ocforums.com/showthread.php?t=29083" "Mozilla/5.0 (Windows; U; Windows NT 5.1; nl; rv:1.8.1.11) Gecko/20071127 Firefox/2.0.0.11"
68.123.0.3 - - [13/Jan/2008:11:41:17 -0800] "radiumradio.com: GET /music/08-playaz_circle_ft._lil_wayne-duffle_bag_boy_(po_clean_edit).mp3 HTTP/1.1" 200 5951623 "http://profile.myspace.com/index.cfm?fuseaction=user.viewprofile&friendid=12647521" "Mozilla/5.0 (Macintosh; U; Intel Mac OS X; en-us) AppleWebKit/523.10.6 (KHTML, like Gecko) Version/3.0.4 Safari/523.10.6"
79.181.116.183 - - [13/Jan/2008:11:41:36 -0800] "www.modestolan.com: GET /tables.css HTTP/1.1" 200 2419 "http://www.modestolan.com/xwred1/mp3/Depeche%20Mode%20-%20Playing%20The%20Angel(Advance%202005)(StefWan-Team)/" "Mozilla/4.0 (compatible; MSIE 6.0; Windows NT 5.1; SV1; .NET CLR 1.1.4322)"
