74.6.22.102 - - [13/Jan/2008:06:26:47 -0800] "www.modestolan.com: GET /~nine/Nine_Inch_Nails-Live_In_Fresno_CA_03-23-2005-YKK/03-nine_inch_nails-you_know_what_you_are-ykk.mp3 HTTP/1.0" 200 24017 "-" "Mozilla/5.0 (compatible; Yahoo! Slurp; http://help.yahoo.com/help/us/ysearch/slurp)"
74.6.22.102 - - [13/Jan/2008:06:27:23 -0800] "www.modestolan.com: GET /~nine/Nine_Inch_Nails-Live_In_Fresno_CA_03-23-2005-YKK/02-nine_inch_nails-love_is_not_enough-ykk.mp3 HTTP/1.0" 200 24017 "-" "Mozilla/5.0 (compatible; Yahoo! Slurp; http://help.yahoo.com/help/us/ysearch/slurp)"
74.6.22.82 - - [13/Jan/2008:06:27:39 -0800] "www.modestolan.com: GET /register.php?lanid=1F HTTP/1.0" 200 28104 "-" "Mozilla/5.0 (compatible; Yahoo! Slurp/3.0; http://help.yahoo.com/help/us/ysearch/slurp)"
66.249.70.51 - - [13/Jan/2008:06:27:50 -0800] "www.modestolan.com: GET /vb/calendar.php?do=add&c=2&day=2000-12-25 HTTP/1.1" 200 6380 "-" "Mozilla/5.0 (compatible; Googlebot/2.1; +http://www.google.com/bot.html)"
74.6.22.82 - - [13/Jan/2008:06:28:02 -0800] "www.modestolan.com: GET /~nine/Nine_Inch_Nails-Live_In_Fresno_CA_03-23-2005-YKK/11-nine_inch_nails-burn-ykk.mp3 HTTP/1.0" 200 24017 "-" "Mozilla/5.0 (compatible; Yahoo! Slurp; http://help.yahoo.com/help/us/ysearch/slurp)"
74.6.28.29 - - [13/Jan/2008:06:28:02 -0800] "www.modestolan.com: GET /vb/calendar.php?do=add&c=1&day=2006-12-1 HTTP/1.0" 200 6382 "-" "Mozilla/5.0 (compatible; Yahoo! Slurp; http://help.yahoo.com/help/us/ysearch/slurp)"
59.56.168.232 - - [13/Jan/2008:06:29:08 -0800] "www.modestolan.com: GET / HTTP/1.1" 200 24084 "http://www.modestolan.com/" "Mozilla/4.0 (compatible; MSIE 6.0; Windows NT 5.1; SV1; Maxthon; .NET CLR 1.1.4322; InfoPath.1; .NET CLR 2.0.50727)"
218.86.120.30 - - [13/Jan/2008:06:29:20 -0800] "www.modestolan.com: GET / HTTP/1.1" 200 24084 "http://www.modestolan.com/" "Mozilla/4.0 (compatible; MSIE 6.0; Windows NT 5.1; SV1; Maxthon; .NET CLR 1.1.4322; InfoPath.1; .NET CLR 2.0.50727)"
66.249.70.51 - - [13/Jan/2008:06:29:23 -0800] "www.modestolan.com: GET /vb/calendar.php?c=2&week=972777600&do=displayweek&month=11 HTTP/1.1" 200 7373 "-" "Mozilla/5.0 (compatible; Googlebot/2.1; +http://www.google.com/bot.html)"
74.6.22.82 - - [13/Jan/2008:06:30:01 -0800] "www.modestolan.com: GET /~nine/Nine_Inch_Nails-Live_In_Fresno_CA_03-23-2005-YKK/01-nine_inch_nails-intro-ykk.mp3 HTTP/1.0" 200 24017 "-" "Mozilla/5.0 (compatible; Yahoo! Slurp; http://help.yahoo.com/help/us/ysearch/slurp)"
74.6.25.206 - - [13/Jan/2008:06:30:28 -0800] "www.modestolan.com: GET /vb/search.php?do=finduser&userid=73&searchthreadid=5706 HTTP/1.0" 302 0 "-" "Mozilla/5.0 (compatible; Yahoo! Slurp; http://help.yahoo.com/help/us/ysearch/slurp)"
74.6.19.148 - - [13/Jan/2008:06:30:28 -0800] "www.modestolan.com: GET /vb/calendar.php?do=add&c=1&day=2006-5-15 HTTP/1.0" 200 6382 "-" "Mozilla/5.0 (compatible; Yahoo! Slurp; http://help.yahoo.com/help/us/ysearch/slurp)"
74.6.25.206 - - [13/Jan/2008:06:30:29 -0800] "www.modestolan.com: GET /vb/search.php?searchid=10278 HTTP/1.0" 200 6299 "-" "Mozilla/5.0 (compatible; Yahoo! Slurp; http://help.yahoo.com/help/us/ysearch/slurp)"
61.94.125.39 - - [13/Jan/2008:06:32:18 -0800] "www.modestolan.com: GET /xwred1/mp3/Depeche%20Mode%20-%20Playing%20The%20Angel(Advance%202005)(StefWan-Team)/ HTTP/1.1" 200 17908 "http://www.google.co.id/search?q=%3Fintitle%3Aindex+of%3F+jpg+%22depeche+mode%22&ie=utf-8&oe=utf-8&rls=org.mozilla:en-US:official&client=firefox-a" "Mozilla/5.0 (Windows; U; Windows NT 5.1; en-US; rv:1.8.1) Gecko/20061010 Firefox/2.0"
61.94.125.39 - - [13/Jan/2008:06:32:18 -0800] "www.modestolan.com: GET /tables.css HTTP/1.1" 200 2419 "http://www.modestolan.com/xwred1/mp3/Depeche%20Mode%20-%20Playing%20The%20Angel(Advance%202005)(StefWan-Team)/" "Mozilla/5.0 (Windows; U; Windows NT 5.1; en-US; rv:1.8.1) Gecko/20061010 Firefox/2.0"
61.94.125.39 - - [13/Jan/2008:06:32:21 -0800] "www.modestolan.com: GET /images/bg_small.jpg HTTP/1.1" 200 1598 "http://www.modestolan.com/xwred1/mp3/Depeche%20Mode%20-%20Playing%20The%20Angel(Advance%202005)(StefWan-Team)/" "Mozilla/5.0 (Windows; U; Windows NT 5.1; en-US; rv:1.8.1) Gecko/20061010 Firefox/2.0"
61.94.125.39 - - [13/Jan/2008:06:32:23 -0800] "www.modestolan.com: GET /favicon.ico HTTP/1.1" 404 335 "-" "-"
61.94.125.39 - - [13/Jan/2008:06:32:24 -0800] "www.modestolan.com: GET /php/menu.php HTTP/1.1" 200 21682 "http://www.modestolan.com/xwred1/mp3/Depeche%20Mode%20-%20Playing%20The%20Angel(Advance%202005)(StefWan-Team)/" "Mozilla/5.0 (Windows; U; Windows NT 5.1; en-US; rv:1.8.1) Gecko/20061010 Firefox/2.0"
61.94.125.39 - - [13/Jan/2008:06:32:31 -0800] "www.modestolan.com: GET /images/menu/1.gif HTTP/1.1" 200 368 "http://www.modestolan.com/xwred1/mp3/Depeche%20Mode%20-%20Playing%20The%20Angel(Advance%202005)(StefWan-Team)/" "Mozilla/5.0 (Windows; U; Windows NT 5.1; en-US; rv:1.8.1) Gecko/20061010 Firefox/2.0"
61.94.125.39 - - [13/Jan/2008:06:32:31 -0800] "www.modestolan.com: GET /images/menu/2.gif HTTP/1.1" 200 550 "http://www.modestolan.com/xwred1/mp3/Depeche%20Mode%20-%20Playing%20The%20Angel(Advance%202005)(StefWan-Team)/" "Mozilla/5.0 (Windows; U; Windows NT 5.1; en-US; rv:1.8.1) Gecko/20061010 Firefox/2.0"
61.94.125.39 - - [13/Jan/2008:06:32:32 -0800] "www.modestolan.com: GET /images/menu/3.gif HTTP/1.1" 200 511 "http://www.modestolan.com/xwred1/mp3/Depeche%20Mode%20-%20Playing%20The%20Angel(Advance%202005)(StefWan-Team)/" "Mozilla/5.0 (Windows; U; Windows NT 5.1; en-US; rv:1.8.1) Gecko/20061010 Firefox/2.0"
61.94.125.39 - - [13/Jan/2008:06:32:32 -0800] "www.modestolan.com: GET /images/menu/4.gif HTTP/1.1" 200 443 "http://www.modestolan.com/xwred1/mp3/Depeche%20Mode%20-%20Playing%20The%20Angel(Advance%202005)(StefWan-Team)/" "Mozilla/5.0 (Windows; U; Windows NT 5.1; en-US; rv:1.8.1) Gecko/20061010 Firefox/2.0"
61.94.125.39 - - [13/Jan/2008:06:32:35 -0800] "www.modestolan.com: GET /images/landate.swf HTTP/1.1" 200 2197 "http://www.modestolan.com/xwred1/mp3/Depeche%20Mode%20-%20Playing%20The%20Angel(Advance%202005)(StefWan-Team)/" "Mozilla/5.0 (Windows; U; Windows NT 5.1; en-US; rv:1.8.1) Gecko/20061010 Firefox/2.0"
61.94.125.39 - - [13/Jan/2008:06:32:35 -0800] "www.modestolan.com: GET /images/menu/8.gif HTTP/1.1" 200 746 "http://www.modestolan.com/xwred1/mp3/Depeche%20Mode%20-%20Playing%20The%20Angel(Advance%202005)(StefWan-Team)/" "Mozilla/5.0 (Windows; U; Windows NT 5.1; en-US; rv:1.8.1) Gecko/20061010 Firefox/2.0"
61.94.125.39 - - [13/Jan/2008:06:32:37 -0800] "www.modestolan.com: GET /images/menu/5.gif HTTP/1.1" 200 549 "http://www.modestolan.com/xwred1/mp3/Depeche%20Mode%20-%20Playing%20The%20Angel(Advance%202005)(StefWan-Team)/" "Mozilla/5.0 (Windows; U; Windows NT 5.1; en-US; rv:1.8.1) Gecko/20061010 Firefox/2.0"
61.94.125.39 - - [13/Jan/2008:06:32:37 -0800] "www.modestolan.com: GET /images/menu/6.gif HTTP/1.1" 200 600 "http://www.modestolan.com/xwred1/mp3/Depeche%20Mode%20-%20Playing%20The%20Angel(Advance%202005)(StefWan-Team)/" "Mozilla/5.0 (Windows; U; Windows NT 5.1; en-US; rv:1.8.1) Gecko/20061010 Firefox/2.0"
74.6.24.134 - - [13/Jan/2008:06:32:41 -0800] "www.modestolan.com: GET /vb/memberlist.php?ltr=R&pp=30&sort=username&order=asc HTTP/1.0" 200 6784 "-" "Mozilla/5.0 (compatible; Yahoo! Slurp; http://help.yahoo.com/help/us/ysearch/slurp)"
61.94.125.39 - - [13/Jan/2008:06:32:42 -0800] "www.modestolan.com: GET /images/menu/7.gif HTTP/1.1" 200 601 "http://www.modestolan.com/xwred1/mp3/Depeche%20Mode%20-%20Playing%20The%20Angel(Advance%202005)(StefWan-Team)/" "Mozilla/5.0 (Windows; U; Windows NT 5.1; en-US; rv:1.8.1) Gecko/20061010 Firefox/2.0"
61.94.125.39 - - [13/Jan/2008:06:32:42 -0800] "www.modestolan.com: GET /images/transparent.gif HTTP/1.1" 200 43 "http://www.modestolan.com/xwred1/mp3/Depeche%20Mode%20-%20Playing%20The%20Angel(Advance%202005)(StefWan-Team)/" "Mozilla/5.0 (Windows; U; Windows NT 5.1; en-US; rv:1.8.1) Gecko/20061010 Firefox/2.0"
61.94.125.39 - - [13/Jan/2008:06:32:48 -0800] "www.modestolan.com: GET /images/top_14.gif HTTP/1.1" 200 522 "http://www.modestolan.com/xwred1/mp3/Depeche%20Mode%20-%20Playing%20The%20Angel(Advance%202005)(StefWan-Team)/" "Mozilla/5.0 (Windows; U; Windows NT 5.1; en-US; rv:1.8.1) Gecko/20061010 Firefox/2.0"
61.94.125.39 - - [13/Jan/2008:06:32:48 -0800] "www.modestolan.com: GET /images/top_12.gif HTTP/1.1" 200 826 "http://www.modestolan.com/xwred1/mp3/Depeche%20Mode%20-%20Playing%20The%20Angel(Advance%202005)(StefWan-Team)/" "Mozilla/5.0 (Windows; U; Windows NT 5.1; en-US; rv:1.8.1) Gecko/20061010 Firefox/2.0"
61.94.125.39 - - [13/Jan/2008:06:32:53 -0800] "www.modestolan.com: GET /transparent.gif HTTP/1.1" 200 43 "http://www.modestolan.com/xwred1/mp3/Depeche%20Mode%20-%20Playing%20The%20Angel(Advance%202005)(StefWan-Team)/" "Mozilla/5.0 (Windows; U; Windows NT 5.1; en-US; rv:1.8.1) Gecko/20061010 Firefox/2.0"
61.94.125.39 - - [13/Jan/2008:06:32:53 -0800] "www.modestolan.com: GET /images/top_02.gif HTTP/1.1" 200 882 "http://www.modestolan.com/xwred1/mp3/Depeche%20Mode%20-%20Playing%20The%20Angel(Advance%202005)(StefWan-Team)/" "Mozilla/5.0 (Windows; U; Windows NT 5.1; en-US; rv:1.8.1) Gecko/20061010 Firefox/2.0"
61.94.125.39 - - [13/Jan/2008:06:32:56 -0800] "www.modestolan.com: GET /images/top_01.gif HTTP/1.1" 200 344 "http://www.modestolan.com/xwred1/mp3/Depeche%20Mode%20-%20Playing%20The%20Angel(Advance%202005)(StefWan-Team)/" "Mozilla/5.0 (Windows; U; Windows NT 5.1; en-US; rv:1.8.1) Gecko/20061010 Firefox/2.0"
61.94.125.39 - - [13/Jan/2008:06:32:57 -0800] "www.modestolan.com: GET /images/top_03.gif HTTP/1.1" 200 349 "http://www.modestolan.com/xwred1/mp3/Depeche%20Mode%20-%20Playing%20The%20Angel(Advance%202005)(StefWan-Team)/" "Mozilla/5.0 (Windows; U; Windows NT 5.1; en-US; rv:1.8.1) Gecko/20061010 Firefox/2.0"
61.94.125.39 - - [13/Jan/2008:06:32:58 -0800] "www.modestolan.com: GET /images/top_04.gif HTTP/1.1" 200 1547 "http://www.modestolan.com/xwred1/mp3/Depeche%20Mode%20-%20Playing%20The%20Angel(Advance%202005)(StefWan-Team)/" "Mozilla/5.0 (Windows; U; Windows NT 5.1; en-US; rv:1.8.1) Gecko/20061010 Firefox/2.0"
61.94.125.39 - - [13/Jan/2008:06:32:59 -0800] "www.modestolan.com: GET /images/top_05.gif HTTP/1.1" 200 3111 "http://www.modestolan.com/xwred1/mp3/Depeche%20Mode%20-%20Playing%20The%20Angel(Advance%202005)(StefWan-Team)/" "Mozilla/5.0 (Windows; U; Windows NT 5.1; en-US; rv:1.8.1) Gecko/20061010 Firefox/2.0"
61.94.125.39 - - [13/Jan/2008:06:33:02 -0800] "www.modestolan.com: GET /images/top_06.gif HTTP/1.1" 200 1954 "http://www.modestolan.com/xwred1/mp3/Depeche%20Mode%20-%20Playing%20The%20Angel(Advance%202005)(StefWan-Team)/" "Mozilla/5.0 (Windows; U; Windows NT 5.1; en-US; rv:1.8.1) Gecko/20061010 Firefox/2.0"
61.94.125.39 - - [13/Jan/2008:06:33:03 -0800] "www.modestolan.com: GET /images/top_07.gif HTTP/1.1" 200 2521 "http://www.modestolan.com/xwred1/mp3/Depeche%20Mode%20-%20Playing%20The%20Angel(Advance%202005)(StefWan-Team)/" "Mozilla/5.0 (Windows; U; Windows NT 5.1; en-US; rv:1.8.1) Gecko/20061010 Firefox/2.0"
61.94.125.39 - - [13/Jan/2008:06:33:08 -0800] "www.modestolan.com: GET /images/top_08.gif HTTP/1.1" 200 1738 "http://www.modestolan.com/xwred1/mp3/Depeche%20Mode%20-%20Playing%20The%20Angel(Advance%202005)(StefWan-Team)/" "Mozilla/5.0 (Windows; U; Windows NT 5.1; en-US; rv:1.8.1) Gecko/20061010 Firefox/2.0"
85.125.247.140 - - [13/Jan/2008:06:33:09 -0800] "www.modestolan.com: GET /tables.css HTTP/1.1" 200 2419 "http://www.modestolan.com/xwred1/mp3/Depeche%20Mode%20-%20Playing%20The%20Angel(Advance%202005)(StefWan-Team)/" "Mozilla/4.0 (compatible; MSIE 6.0; Windows NT 5.1; SV1)"
85.125.247.140 - - [13/Jan/2008:06:33:09 -0800] "www.modestolan.com: GET /images/bg_small.jpg HTTP/1.1" 200 1598 "http://www.modestolan.com/xwred1/mp3/Depeche%20Mode%20-%20Playing%20The%20Angel(Advance%202005)(StefWan-Team)/" "Mozilla/4.0 (compatible; MSIE 6.0; Windows NT 5.1; SV1)"
85.125.247.140 - - [13/Jan/2008:06:33:10 -0800] "www.modestolan.com: GET /favicon.ico HTTP/1.1" 404 335 "-" "Mozilla/4.0 (compatible; MSIE 6.0; Windows NT 5.1; SV1)"
85.125.247.140 - - [13/Jan/2008:06:33:10 -0800] "www.modestolan.com: GET /xwred1/mp3/Depeche%20Mode%20-%20Playing%20The%20Angel(Advance%202005)(StefWan-Team)/ HTTP/1.1" 200 17908 "http://www.google.com/search?q=-inurl:(htm|html|php) intitle:index of +last modified +parent directory +description +size +(wma|mp3) emanuela|mili|moy|angel|moy" "Mozilla/4.0 (compatible; MSIE 6.0; Windows NT 5.1; SV1)"
85.125.247.140 - - [13/Jan/2008:06:33:10 -0800] "www.modestolan.com: GET /php/menu.php HTTP/1.1" 200 21682 "http://www.modestolan.com/xwred1/mp3/Depeche%20Mode%20-%20Playing%20The%20Angel(Advance%202005)(StefWan-Team)/" "Mozilla/4.0 (compatible; MSIE 6.0; Windows NT 5.1; SV1)"
85.125.247.140 - - [13/Jan/2008:06:33:11 -0800] "www.modestolan.com: GET /images/menu/2.gif HTTP/1.1" 200 550 "http://www.modestolan.com/xwred1/mp3/Depeche%20Mode%20-%20Playing%20The%20Angel(Advance%202005)(StefWan-Team)/" "Mozilla/4.0 (compatible; MSIE 6.0; Windows NT 5.1; SV1)"
85.125.247.140 - - [13/Jan/2008:06:33:11 -0800] "www.modestolan.com: GET /images/menu/1.gif HTTP/1.1" 200 368 "http://www.modestolan.com/xwred1/mp3/Depeche%20Mode%20-%20Playing%20The%20Angel(Advance%202005)(StefWan-Team)/" "Mozilla/4.0 (compatible; MSIE 6.0; Windows NT 5.1; SV1)"
85.125.247.140 - - [13/Jan/2008:06:33:11 -0800] "www.modestolan.com: GET /images/menu/3.gif HTTP/1.1" 200 511 "http://www.modestolan.com/xwred1/mp3/Depeche%20Mode%20-%20Playing%20The%20Angel(Advance%202005)(StefWan-Team)/" "Mozilla/4.0 (compatible; MSIE 6.0; Windows NT 5.1; SV1)"
85.125.247.140 - - [13/Jan/2008:06:33:11 -0800] "www.modestolan.com: GET /images/menu/5.gif HTTP/1.1" 200 549 "http://www.modestolan.com/xwred1/mp3/Depeche%20Mode%20-%20Playing%20The%20Angel(Advance%202005)(StefWan-Team)/" "Mozilla/4.0 (compatible; MSIE 6.0; Windows NT 5.1; SV1)"
85.125.247.140 - - [13/Jan/2008:06:33:11 -0800] "www.modestolan.com: GET /images/menu/4.gif HTTP/1.1" 200 443 "http://www.modestolan.com/xwred1/mp3/Depeche%20Mode%20-%20Playing%20The%20Angel(Advance%202005)(StefWan-Team)/" "Mozilla/4.0 (compatible; MSIE 6.0; Windows NT 5.1; SV1)"
85.125.247.140 - - [13/Jan/2008:06:33:11 -0800] "www.modestolan.com: GET /images/landate.swf HTTP/1.1" 200 2197 "http://www.modestolan.com/xwred1/mp3/Depeche%20Mode%20-%20Playing%20The%20Angel(Advance%202005)(StefWan-Team)/" "Mozilla/4.0 (compatible; MSIE 6.0; Windows NT 5.1; SV1)"
85.125.247.140 - - [13/Jan/2008:06:33:11 -0800] "www.modestolan.com: GET /images/top_12.gif HTTP/1.1" 200 826 "http://www.modestolan.com/xwred1/mp3/Depeche%20Mode%20-%20Playing%20The%20Angel(Advance%202005)(StefWan-Team)/" "Mozilla/4.0 (compatible; MSIE 6.0; Windows NT 5.1; SV1)"
85.125.247.140 - - [13/Jan/2008:06:33:11 -0800] "www.modestolan.com: GET /transparent.gif HTTP/1.1" 200 43 "http://www.modestolan.com/xwred1/mp3/Depeche%20Mode%20-%20Playing%20The%20Angel(Advance%202005)(StefWan-Team)/" "Mozilla/4.0 (compatible; MSIE 6.0; Windows NT 5.1; SV1)"
85.125.247.140 - - [13/Jan/2008:06:33:11 -0800] "www.modestolan.com: GET /images/top_02.gif HTTP/1.1" 200 882 "http://www.modestolan.com/xwred1/mp3/Depeche%20Mode%20-%20Playing%20The%20Angel(Advance%202005)(StefWan-Team)/" "Mozilla/4.0 (compatible; MSIE 6.0; Windows NT 5.1; SV1)"
85.125.247.140 - - [13/Jan/2008:06:33:11 -0800] "www.modestolan.com: GET /images/menu/8.gif HTTP/1.1" 200 746 "http://www.modestolan.com/xwred1/mp3/Depeche%20Mode%20-%20Playing%20The%20Angel(Advance%202005)(StefWan-Team)/" "Mozilla/4.0 (compatible; MSIE 6.0; Windows NT 5.1; SV1)"
85.125.247.140 - - [13/Jan/2008:06:33:11 -0800] "www.modestolan.com: GET /images/menu/6.gif HTTP/1.1" 200 600 "http://www.modestolan.com/xwred1/mp3/Depeche%20Mode%20-%20Playing%20The%20Angel(Advance%202005)(StefWan-Team)/" "Mozilla/4.0 (compatible; MSIE 6.0; Windows NT 5.1; SV1)"
85.125.247.140 - - [13/Jan/2008:06:33:11 -0800] "www.modestolan.com: GET /images/menu/7.gif HTTP/1.1" 200 601 "http://www.modestolan.com/xwred1/mp3/Depeche%20Mode%20-%20Playing%20The%20Angel(Advance%202005)(StefWan-Team)/" "Mozilla/4.0 (compatible; MSIE 6.0; Windows NT 5.1; SV1)"
85.125.247.140 - - [13/Jan/2008:06:33:11 -0800] "www.modestolan.com: GET /images/top_01.gif HTTP/1.1" 200 344 "http://www.modestolan.com/xwred1/mp3/Depeche%20Mode%20-%20Playing%20The%20Angel(Advance%202005)(StefWan-Team)/" "Mozilla/4.0 (compatible; MSIE 6.0; Windows NT 5.1; SV1)"
85.125.247.140 - - [13/Jan/2008:06:33:11 -0800] "www.modestolan.com: GET /images/top_03.gif HTTP/1.1" 200 349 "http://www.modestolan.com/xwred1/mp3/Depeche%20Mode%20-%20Playing%20The%20Angel(Advance%202005)(StefWan-Team)/" "Mozilla/4.0 (compatible; MSIE 6.0; Windows NT 5.1; SV1)"
85.125.247.140 - - [13/Jan/2008:06:33:11 -0800] "www.modestolan.com: GET /images/top_04.gif HTTP/1.1" 200 1547 "http://www.modestolan.com/xwred1/mp3/Depeche%20Mode%20-%20Playing%20The%20Angel(Advance%202005)(StefWan-Team)/" "Mozilla/4.0 (compatible; MSIE 6.0; Windows NT 5.1; SV1)"
85.125.247.140 - - [13/Jan/2008:06:33:11 -0800] "www.modestolan.com: GET /images/top_05.gif HTTP/1.1" 200 3111 "http://www.modestolan.com/xwred1/mp3/Depeche%20Mode%20-%20Playing%20The%20Angel(Advance%202005)(StefWan-Team)/" "Mozilla/4.0 (compatible; MSIE 6.0; Windows NT 5.1; SV1)"
85.125.247.140 - - [13/Jan/2008:06:33:11 -0800] "www.modestolan.com: GET /images/top_06.gif HTTP/1.1" 200 1954 "http://www.modestolan.com/xwred1/mp3/Depeche%20Mode%20-%20Playing%20The%20Angel(Advance%202005)(StefWan-Team)/" "Mozilla/4.0 (compatible; MSIE 6.0; Windows NT 5.1; SV1)"
85.125.247.140 - - [13/Jan/2008:06:33:11 -0800] "www.modestolan.com: GET /images/top_09.gif HTTP/1.1" 200 1089 "http://www.modestolan.com/xwred1/mp3/Depeche%20Mode%20-%20Playing%20The%20Angel(Advance%202005)(StefWan-Team)/" "Mozilla/4.0 (compatible; MSIE 6.0; Windows NT 5.1; SV1)"
85.125.247.140 - - [13/Jan/2008:06:33:11 -0800] "www.modestolan.com: GET /images/top_08.gif HTTP/1.1" 200 1738 "http://www.modestolan.com/xwred1/mp3/Depeche%20Mode%20-%20Playing%20The%20Angel(Advance%202005)(StefWan-Team)/" "Mozilla/4.0 (compatible; MSIE 6.0; Windows NT 5.1; SV1)"
85.125.247.140 - - [13/Jan/2008:06:33:11 -0800] "www.modestolan.com: GET /images/top_07.gif HTTP/1.1" 200 2521 "http://www.modestolan.com/xwred1/mp3/Depeche%20Mode%20-%20Playing%20The%20Angel(Advance%202005)(StefWan-Team)/" "Mozilla/4.0 (compatible; MSIE 6.0; Windows NT 5.1; SV1)"
85.125.247.140 - - [13/Jan/2008:06:33:11 -0800] "www.modestolan.com: GET /images/transparent.gif HTTP/1.1" 200 43 "http://www.modestolan.com/xwred1/mp3/Depeche%20Mode%20-%20Playing%20The%20Angel(Advance%202005)(StefWan-Team)/" "Mozilla/4.0 (compatible; MSIE 6.0; Windows NT 5.1; SV1)"
85.125.247.140 - - [13/Jan/2008:06:33:11 -0800] "www.modestolan.com: GET /images/top_14.gif HTTP/1.1" 200 522 "http://www.modestolan.com/xwred1/mp3/Depeche%20Mode%20-%20Playing%20The%20Angel(Advance%202005)(StefWan-Team)/" "Mozilla/4.0 (compatible; MSIE 6.0; Windows NT 5.1; SV1)"
61.94.125.39 - - [13/Jan/2008:06:33:13 -0800] "www.modestolan.com: GET /images/top_09.gif HTTP/1.1" 200 1089 "http://www.modestolan.com/xwred1/mp3/Depeche%20Mode%20-%20Playing%20The%20Angel(Advance%202005)(StefWan-Team)/" "Mozilla/5.0 (Windows; U; Windows NT 5.1; en-US; rv:1.8.1) Gecko/20061010 Firefox/2.0"
61.94.125.39 - - [13/Jan/2008:06:33:17 -0800] "www.modestolan.com: GET /images/top_13.gif HTTP/1.1" 200 728 "http://www.modestolan.com/xwred1/mp3/Depeche%20Mode%20-%20Playing%20The%20Angel(Advance%202005)(StefWan-Team)/" "Mozilla/5.0 (Windows; U; Windows NT 5.1; en-US; rv:1.8.1) Gecko/20061010 Firefox/2.0"
61.94.125.39 - - [13/Jan/2008:06:33:21 -0800] "www.modestolan.com: GET /images/top_11.gif HTTP/1.1" 200 1553 "http://www.modestolan.com/xwred1/mp3/Depeche%20Mode%20-%20Playing%20The%20Angel(Advance%202005)(StefWan-Team)/" "Mozilla/5.0 (Windows; U; Windows NT 5.1; en-US; rv:1.8.1) Gecko/20061010 Firefox/2.0"
66.249.70.51 - - [13/Jan/2008:06:33:40 -0800] "www.modestolan.com: GET /vb/misc.php?do=whoposted&t=5680 HTTP/1.1" 200 2803 "-" "Mozilla/5.0 (compatible; Googlebot/2.1; +http://www.google.com/bot.html)"
69.249.193.248 - - [13/Jan/2008:06:34:34 -0800] "www.modestolan.com: GET /articles/jdacura/case/doing/done3.jpg HTTP/1.1" 200 18703 "http://www.ocforums.com/showthread.php?t=29083" "Mozilla/4.0 (compatible; MSIE 6.0; Windows NT 5.1; SV1; .NET CLR 1.1.4322)"
69.249.193.248 - - [13/Jan/2008:06:34:34 -0800] "www.modestolan.com: GET /articles/jdacura/case/doing/done1.jpg HTTP/1.1" 200 18703 "http://www.ocforums.com/showthread.php?t=29083" "Mozilla/4.0 (compatible; MSIE 6.0; Windows NT 5.1; SV1; .NET CLR 1.1.4322)"
69.249.193.248 - - [13/Jan/2008:06:34:40 -0800] "www.modestolan.com: GET /articles/jdacura/case/doing/done3.jpg HTTP/1.1" 206 31788 "http://www.ocforums.com/showthread.php?t=29083" "Mozilla/4.0 (compatible; MSIE 6.0; Windows NT 5.1; SV1; .NET CLR 1.1.4322)"
69.249.193.248 - - [13/Jan/2008:06:34:40 -0800] "www.modestolan.com: GET /articles/jdacura/case/doing/done6.jpg HTTP/1.1" 200 31843 "http://www.ocforums.com/showthread.php?t=29083" "Mozilla/4.0 (compatible; MSIE 6.0; Windows NT 5.1; SV1; .NET CLR 1.1.4322)"
66.249.70.51 - - [13/Jan/2008:06:34:57 -0800] "blppp.com: GET /modules.php?name=Web_Links&l_op=NewLinksDate&selectdate=1194820279 HTTP/1.1" 200 5977 "-" "Mozilla/5.0 (compatible; Googlebot/2.1; +http://www.google.com/bot.html)"
122.2.86.157 - - [13/Jan/2008:06:35:35 -0800] "www.modestolan.com: GET /~hoodlum/dump HTTP/1.1" 404 337 "http://www.altavista.com/audio/results?itag=ody&q=Clubbed+To+Death&maf=mp3&mad=all" "Mozilla/4.0 (compatible; MSIE 7.0; Windows NT 5.1; Mozilla/4.0 (compatible; MSIE 6.0; Windows NT 5.1; SV1) ; MEGAUPLOAD 2.0; InfoPath.2)"
165.21.154.92 - - [13/Jan/2008:06:37:37 -0800] "www.modestolan.com: GET /images/picofweek HTTP/1.0" 301 365 "http://images.search.yahoo.com/search/images/view?back=http%3A%2F%2Fimages.search.yahoo.com%2Fsearch%2Fimages%3Fei%3DUTF-8%26p%3Dmacross%2520wallpaper%26fr2%3Dtab-web%26fr%3Dmoz2&w=1024&h=768&imgurl=www.modestolan.com%2Fimages%2Fpicofweek%2Fmacross_13.jpg&rurl=http%3A%2F%2Fwww.modestolan.com%2Fimages%2Fpicofweek&size=86.8kB&name=macross_13.jpg&p=macross+wallpaper&type=jpeg&no=11&tt=7,341&oid=e0fcb7905402c23e&ei=UTF-8" "Mozilla/5.0 (Windows; U; Windows NT 6.0; en-US; rv:1.9b2) Gecko/2007121120 Firefox/3.0b2"
165.21.154.102 - - [13/Jan/2008:06:37:38 -0800] "www.modestolan.com: GET /images/picofweek/ HTTP/1.0" 200 16046 "http://images.search.yahoo.com/search/images/view?back=http%3A%2F%2Fimages.search.yahoo.com%2Fsearch%2Fimages%3Fei%3DUTF-8%26p%3Dmacross%2520wallpaper%26fr2%3Dtab-web%26fr%3Dmoz2&w=1024&h=768&imgurl=www.modestolan.com%2Fimages%2Fpicofweek%2Fmacross_13.jpg&rurl=http%3A%2F%2Fwww.modestolan.com%2Fimages%2Fpicofweek&size=86.8kB&name=macross_13.jpg&p=macross+wallpaper&type=jpeg&no=11&tt=7,341&oid=e0fcb7905402c23e&ei=UTF-8" "Mozilla/5.0 (Windows; U; Windows NT 6.0; en-US; rv:1.9b2) Gecko/2007121120 Firefox/3.0b2"
165.21.154.98 - - [13/Jan/2008:06:37:38 -0800] "www.modestolan.com: GET /images/picofweek/macross_13.jpg HTTP/1.0" 200 88867 "http://images.search.yahoo.com/search/images/view?frame=top&back=http%3A%2F%2Fimages.search.yahoo.com%2Fsearch%2Fimages%3Fei%3DUTF-8%26p%3Dmacross%2520wallpaper%26fr2%3Dtab-web%26fr%3Dmoz2&w=1024&h=768&imgurl=www.modestolan.com%2Fimages%2Fpicofweek%2Fmacross_13.jpg&rurl=http%3A%2F%2Fwww.modestolan.com%2Fimages%2Fpicofweek&size=86.8kB&name=macross_13.jpg&p=macross+wallpaper&type=jpeg&no=11&tt=7%2C341&oid=e0fcb7905402c23e&ei=UTF-8" "Mozilla/5.0 (Windows; U; Windows NT 6.0; en-US; rv:1.9b2) Gecko/2007121120 Firefox/3.0b2"
165.21.154.99 - - [13/Jan/2008:06:37:39 -0800] "www.modestolan.com: GET /tables.css HTTP/1.0" 200 2419 "http://www.modestolan.com/images/picofweek/" "Mozilla/5.0 (Windows; U; Windows NT 6.0; en-US; rv:1.9b2) Gecko/2007121120 Firefox/3.0b2"
165.21.154.98 - - [13/Jan/2008:06:37:39 -0800] "www.modestolan.com: GET /images/bg_small.jpg HTTP/1.0" 200 1598 "http://www.modestolan.com/images/picofweek/" "Mozilla/5.0 (Windows; U; Windows NT 6.0; en-US; rv:1.9b2) Gecko/2007121120 Firefox/3.0b2"
165.21.154.99 - - [13/Jan/2008:06:37:39 -0800] "www.modestolan.com: GET /images/transparent.gif HTTP/1.0" 200 43 "http://www.modestolan.com/images/picofweek/" "Mozilla/5.0 (Windows; U; Windows NT 6.0; en-US; rv:1.9b2) Gecko/2007121120 Firefox/3.0b2"
165.21.154.99 - - [13/Jan/2008:06:37:39 -0800] "www.modestolan.com: GET /images/landate.swf HTTP/1.0" 200 2197 "http://www.modestolan.com/images/picofweek/" "Mozilla/5.0 (Windows; U; Windows NT 6.0; en-US; rv:1.9b2) Gecko/2007121120 Firefox/3.0b2"
165.21.154.13 - - [13/Jan/2008:06:37:39 -0800] "www.modestolan.com: GET /images/top_14.gif HTTP/1.0" 200 522 "http://www.modestolan.com/images/picofweek/" "Mozilla/5.0 (Windows; U; Windows NT 6.0; en-US; rv:1.9b2) Gecko/2007121120 Firefox/3.0b2"
165.21.154.70 - - [13/Jan/2008:06:37:43 -0800] "www.modestolan.com: GET /images/top_12.gif HTTP/1.0" 200 826 "http://www.modestolan.com/images/picofweek/" "Mozilla/5.0 (Windows; U; Windows NT 6.0; en-US; rv:1.9b2) Gecko/2007121120 Firefox/3.0b2"
165.21.154.94 - - [13/Jan/2008:06:37:43 -0800] "www.modestolan.com: GET /images/top_02.gif HTTP/1.0" 200 882 "http://www.modestolan.com/images/picofweek/" "Mozilla/5.0 (Windows; U; Windows NT 6.0; en-US; rv:1.9b2) Gecko/2007121120 Firefox/3.0b2"
165.21.155.113 - - [13/Jan/2008:06:37:43 -0800] "www.modestolan.com: GET /transparent.gif HTTP/1.0" 200 43 "http://www.modestolan.com/images/picofweek/" "Mozilla/5.0 (Windows; U; Windows NT 6.0; en-US; rv:1.9b2) Gecko/2007121120 Firefox/3.0b2"
165.21.154.98 - - [13/Jan/2008:06:37:47 -0800] "www.modestolan.com: GET /images/picofweek/ HTTP/1.0" 200 16046 "http://images.search.yahoo.com/search/images/view?back=http%3A%2F%2Fimages.search.yahoo.com%2Fsearch%2Fimages%3Fei%3DUTF-8%26p%3Dmacross%2520wallpaper%26fr2%3Dtab-web%26fr%3Dmoz2&w=1024&h=768&imgurl=www.modestolan.com%2Fimages%2Fpicofweek%2Fmacross_13.jpg&rurl=http%3A%2F%2Fwww.modestolan.com%2Fimages%2Fpicofweek&size=86.8kB&name=macross_13.jpg&p=macross+wallpaper&type=jpeg&no=11&tt=7,341&oid=e0fcb7905402c23e&ei=UTF-8" "Mozilla/5.0 (Windows; U; Windows NT 6.0; en-US; rv:1.9b2) Gecko/2007121120 Firefox/3.0b2"
165.21.154.92 - - [13/Jan/2008:06:37:48 -0800] "www.modestolan.com: GET /php/menu.php HTTP/1.0" 200 14384 "http://www.modestolan.com/images/picofweek/" "Mozilla/5.0 (Windows; U; Windows NT 6.0; en-US; rv:1.9b2) Gecko/2007121120 Firefox/3.0b2"
74.6.22.82 - - [13/Jan/2008:06:38:33 -0800] "www.modestolan.com: GET /register.php?lanid=18 HTTP/1.0" 200 29022 "-" "Mozilla/5.0 (compatible; Yahoo! Slurp/3.0; http://help.yahoo.com/help/us/ysearch/slurp)"
212.227.119.184 - - [13/Jan/2008:06:39:56 -0800] "www.blppp.com: GET /backend.php HTTP/1.1" 200 5052 "-" "-"
83.13.74.50 - - [13/Jan/2008:06:42:52 -0800] "www.radiumradio.com: GET /funny/abc.php HTTP/1.0" 200 188255 "http://search.yahoo.com/search;_ylt=A0oGkkOrH4pH0FIBr6FXNyoA?p=the+biggest+peehole+penetrations+gloryhole&y=Search&fr=yfp-t-501&ei=UTF-8&fp_ip=PL&rd=r1&meta=vc%3Dpl" "Mozilla/5.0 (Windows; U; Windows NT 5.1; pl; rv:1.8.1.11) Gecko/20071127 Firefox/2.0.0.11"
83.13.74.50 - - [13/Jan/2008:06:42:54 -0800] "www.radiumradio.com: GET /favicon.ico HTTP/1.0" 404 318 "-" "Mozilla/5.0 (Windows; U; Windows NT 5.1; pl; rv:1.8.1.11) Gecko/20071127 Firefox/2.0.0.11"
66.249.70.51 - - [13/Jan/2008:06:42:59 -0800] "www.modestolan.com: GET /vb/showthread.php?t=5630 HTTP/1.1" 200 8069 "-" "Mozilla/5.0 (compatible; Googlebot/2.1; +http://www.google.com/bot.html)"
58.75.214.146 - - [13/Jan/2008:06:44:09 -0800] "www.modestolan.com: GET /xwred1/fat_naruto.jpeg HTTP/1.1" 200 115036 "http://blog.daum.net/_hdn/blank_article.html" "Mozilla/4.0 (compatible; MSIE 6.0; Windows NT 5.1; SV1; .NET CLR 1.1.4322)"
63.123.238.8 - - [13/Jan/2008:06:45:43 -0800] "www.modestolan.com: GET /robots.txt HTTP/1.1" 404 334 "-" "Mozilla/2.0 (compatible; Ask Jeeves/Teoma)"
63.123.238.8 - - [13/Jan/2008:06:45:44 -0800] "www.modestolan.com: GET / HTTP/1.1" 200 24084 "-" "Mozilla/2.0 (compatible; Ask Jeeves/Teoma)"
74.6.22.102 - - [13/Jan/2008:06:46:34 -0800] "www.modestolan.com: GET /~nine/Nine_Inch_Nails-Live_In_Fresno_CA_03-23-2005-YKK/?N=D HTTP/1.0" 200 18600 "-" "Mozilla/5.0 (compatible; Yahoo! Slurp/3.0; http://help.yahoo.com/help/us/ysearch/slurp)"
74.6.22.102 - - [13/Jan/2008:06:46:36 -0800] "www.modestolan.com: GET /tables.css HTTP/1.0" 304 - "http://www.modestolan.com/~nine/Nine_Inch_Nails-Live_In_Fresno_CA_03-23-2005-YKK/?N=D" "Mozilla/5.0 (compatible; Yahoo! Slurp/3.0; http://help.yahoo.com/help/us/ysearch/slurp)"
74.6.25.151 - - [13/Jan/2008:06:47:34 -0800] "www.modestolan.com: GET /robots.txt HTTP/1.0" 404 322 "-" "Mozilla/5.0 (compatible; Yahoo! Slurp; http://help.yahoo.com/help/us/ysearch/slurp)"
74.6.20.211 - - [13/Jan/2008:06:47:35 -0800] "www.modestolan.com: GET /vb/memberlist.php?ltr=I&order=ASC&sort=username&pp=30 HTTP/1.0" 200 6686 "-" "Mozilla/5.0 (compatible; Yahoo! Slurp; http://help.yahoo.com/help/us/ysearch/slurp)"
74.6.22.102 - - [13/Jan/2008:06:48:42 -0800] "www.modestolan.com: GET /vb/register.php HTTP/1.0" 200 5162 "-" "Mozilla/5.0 (compatible; Yahoo! Slurp; http://help.yahoo.com/help/us/ysearch/slurp)"
74.6.20.119 - - [13/Jan/2008:06:50:05 -0800] "www.modestolan.com: GET /vb/showthread.php?p=50631 HTTP/1.0" 200 11557 "-" "Mozilla/5.0 (compatible; Yahoo! Slurp; http://help.yahoo.com/help/us/ysearch/slurp)"
74.6.20.13 - - [13/Jan/2008:06:51:20 -0800] "www.modestolan.com: GET /vb/showthread.php?p=48847 HTTP/1.0" 200 11562 "-" "Mozilla/5.0 (compatible; Yahoo! Slurp; http://help.yahoo.com/help/us/ysearch/slurp)"
66.249.70.51 - - [13/Jan/2008:06:52:34 -0800] "www.modestolan.com: GET /vb/showthread.php?t=4225 HTTP/1.1" 200 16477 "-" "Mozilla/5.0 (compatible; Googlebot/2.1; +http://www.google.com/bot.html)"
74.6.22.102 - - [13/Jan/2008:06:54:03 -0800] "www.modestolan.com: GET /vb/showthread.php?p=50585 HTTP/1.0" 200 10113 "-" "Mozilla/5.0 (compatible; Yahoo! Slurp/3.0; http://help.yahoo.com/help/us/ysearch/slurp)"
200.96.166.77 - - [13/Jan/2008:06:54:21 -0800] "www.modestolan.com: GET /tables.css HTTP/1.1" 200 2419 "http://www.modestolan.com/xwred1/mp3/Depeche%20Mode%20-%20Playing%20The%20Angel(Advance%202005)(StefWan-Team)/" "Mozilla/5.0 (Windows; U; Windows NT 5.1; pt-BR; rv:1.8.1.11) Gecko/20071127 Firefox/2.0.0.11"
200.96.166.77 - - [13/Jan/2008:06:54:21 -0800] "www.modestolan.com: GET /xwred1/mp3/Depeche%20Mode%20-%20Playing%20The%20Angel(Advance%202005)(StefWan-Team)/ HTTP/1.1" 200 17908 "http://www.google.com.br/search?hl=pt-BR&client=firefox-a&rls=org.mozilla%3Apt-BR%3Aofficial&q=intitle%3Aindex.of+%22mp3%22+%2B+%22mode%22+-htm+-html+-php+-asp+%22Last+Modified%22&btnG=Pesquisar&meta=" "Mozilla/5.0 (Windows; U; Windows NT 5.1; pt-BR; rv:1.8.1.11) Gecko/20071127 Firefox/2.0.0.11"
200.96.166.77 - - [13/Jan/2008:06:54:21 -0800] "www.modestolan.com: GET /images/bg_small.jpg HTTP/1.1" 200 1598 "http://www.modestolan.com/xwred1/mp3/Depeche%20Mode%20-%20Playing%20The%20Angel(Advance%202005)(StefWan-Team)/" "Mozilla/5.0 (Windows; U; Windows NT 5.1; pt-BR; rv:1.8.1.11) Gecko/20071127 Firefox/2.0.0.11"
200.96.166.77 - - [13/Jan/2008:06:54:22 -0800] "www.modestolan.com: GET /php/menu.php HTTP/1.1" 200 21682 "http://www.modestolan.com/xwred1/mp3/Depeche%20Mode%20-%20Playing%20The%20Angel(Advance%202005)(StefWan-Team)/" "Mozilla/5.0 (Windows; U; Windows NT 5.1; pt-BR; rv:1.8.1.11) Gecko/20071127 Firefox/2.0.0.11"
200.96.166.77 - - [13/Jan/2008:06:54:22 -0800] "www.modestolan.com: GET /images/menu/2.gif HTTP/1.1" 200 550 "http://www.modestolan.com/xwred1/mp3/Depeche%20Mode%20-%20Playing%20The%20Angel(Advance%202005)(StefWan-Team)/" "Mozilla/5.0 (Windows; U; Windows NT 5.1; pt-BR; rv:1.8.1.11) Gecko/20071127 Firefox/2.0.0.11"
200.96.166.77 - - [13/Jan/2008:06:54:22 -0800] "www.modestolan.com: GET /images/menu/1.gif HTTP/1.1" 200 368 "http://www.modestolan.com/xwred1/mp3/Depeche%20Mode%20-%20Playing%20The%20Angel(Advance%202005)(StefWan-Team)/" "Mozilla/5.0 (Windows; U; Windows NT 5.1; pt-BR; rv:1.8.1.11) Gecko/20071127 Firefox/2.0.0.11"
200.96.166.77 - - [13/Jan/2008:06:54:23 -0800] "www.modestolan.com: GET /images/landate.swf HTTP/1.1" 200 2197 "http://www.modestolan.com/xwred1/mp3/Depeche%20Mode%20-%20Playing%20The%20Angel(Advance%202005)(StefWan-Team)/" "Mozilla/5.0 (Windows; U; Windows NT 5.1; pt-BR; rv:1.8.1.11) Gecko/20071127 Firefox/2.0.0.11"
200.96.166.77 - - [13/Jan/2008:06:54:23 -0800] "www.modestolan.com: GET /images/menu/3.gif HTTP/1.1" 200 511 "http://www.modestolan.com/xwred1/mp3/Depeche%20Mode%20-%20Playing%20The%20Angel(Advance%202005)(StefWan-Team)/" "Mozilla/5.0 (Windows; U; Windows NT 5.1; pt-BR; rv:1.8.1.11) Gecko/20071127 Firefox/2.0.0.11"
200.96.166.77 - - [13/Jan/2008:06:54:23 -0800] "www.modestolan.com: GET /images/top_14.gif HTTP/1.1" 200 522 "http://www.modestolan.com/xwred1/mp3/Depeche%20Mode%20-%20Playing%20The%20Angel(Advance%202005)(StefWan-Team)/" "Mozilla/5.0 (Windows; U; Windows NT 5.1; pt-BR; rv:1.8.1.11) Gecko/20071127 Firefox/2.0.0.11"
200.96.166.77 - - [13/Jan/2008:06:54:23 -0800] "www.modestolan.com: GET /images/top_12.gif HTTP/1.1" 200 826 "http://www.modestolan.com/xwred1/mp3/Depeche%20Mode%20-%20Playing%20The%20Angel(Advance%202005)(StefWan-Team)/" "Mozilla/5.0 (Windows; U; Windows NT 5.1; pt-BR; rv:1.8.1.11) Gecko/20071127 Firefox/2.0.0.11"
200.96.166.77 - - [13/Jan/2008:06:54:23 -0800] "www.modestolan.com: GET /transparent.gif HTTP/1.1" 200 43 "http://www.modestolan.com/xwred1/mp3/Depeche%20Mode%20-%20Playing%20The%20Angel(Advance%202005)(StefWan-Team)/" "Mozilla/5.0 (Windows; U; Windows NT 5.1; pt-BR; rv:1.8.1.11) Gecko/20071127 Firefox/2.0.0.11"
200.96.166.77 - - [13/Jan/2008:06:54:23 -0800] "www.modestolan.com: GET /images/top_02.gif HTTP/1.1" 200 882 "http://www.modestolan.com/xwred1/mp3/Depeche%20Mode%20-%20Playing%20The%20Angel(Advance%202005)(StefWan-Team)/" "Mozilla/5.0 (Windows; U; Windows NT 5.1; pt-BR; rv:1.8.1.11) Gecko/20071127 Firefox/2.0.0.11"
200.96.166.77 - - [13/Jan/2008:06:54:23 -0800] "www.modestolan.com: GET /images/top_01.gif HTTP/1.1" 200 344 "http://www.modestolan.com/xwred1/mp3/Depeche%20Mode%20-%20Playing%20The%20Angel(Advance%202005)(StefWan-Team)/" "Mozilla/5.0 (Windows; U; Windows NT 5.1; pt-BR; rv:1.8.1.11) Gecko/20071127 Firefox/2.0.0.11"
200.96.166.77 - - [13/Jan/2008:06:54:23 -0800] "www.modestolan.com: GET /images/top_03.gif HTTP/1.1" 200 349 "http://www.modestolan.com/xwred1/mp3/Depeche%20Mode%20-%20Playing%20The%20Angel(Advance%202005)(StefWan-Team)/" "Mozilla/5.0 (Windows; U; Windows NT 5.1; pt-BR; rv:1.8.1.11) Gecko/20071127 Firefox/2.0.0.11"
200.96.166.77 - - [13/Jan/2008:06:54:23 -0800] "www.modestolan.com: GET /images/top_04.gif HTTP/1.1" 200 1547 "http://www.modestolan.com/xwred1/mp3/Depeche%20Mode%20-%20Playing%20The%20Angel(Advance%202005)(StefWan-Team)/" "Mozilla/5.0 (Windows; U; Windows NT 5.1; pt-BR; rv:1.8.1.11) Gecko/20071127 Firefox/2.0.0.11"
200.96.166.77 - - [13/Jan/2008:06:54:23 -0800] "www.modestolan.com: GET /images/top_05.gif HTTP/1.1" 200 3111 "http://www.modestolan.com/xwred1/mp3/Depeche%20Mode%20-%20Playing%20The%20Angel(Advance%202005)(StefWan-Team)/" "Mozilla/5.0 (Windows; U; Windows NT 5.1; pt-BR; rv:1.8.1.11) Gecko/20071127 Firefox/2.0.0.11"
200.96.166.77 - - [13/Jan/2008:06:54:23 -0800] "www.modestolan.com: GET /images/menu/4.gif HTTP/1.1" 200 443 "http://www.modestolan.com/xwred1/mp3/Depeche%20Mode%20-%20Playing%20The%20Angel(Advance%202005)(StefWan-Team)/" "Mozilla/5.0 (Windows; U; Windows NT 5.1; pt-BR; rv:1.8.1.11) Gecko/20071127 Firefox/2.0.0.11"
200.96.166.77 - - [13/Jan/2008:06:54:23 -0800] "www.modestolan.com: GET /images/menu/8.gif HTTP/1.1" 200 746 "http://www.modestolan.com/xwred1/mp3/Depeche%20Mode%20-%20Playing%20The%20Angel(Advance%202005)(StefWan-Team)/" "Mozilla/5.0 (Windows; U; Windows NT 5.1; pt-BR; rv:1.8.1.11) Gecko/20071127 Firefox/2.0.0.11"
200.96.166.77 - - [13/Jan/2008:06:54:23 -0800] "www.modestolan.com: GET /images/menu/5.gif HTTP/1.1" 200 549 "http://www.modestolan.com/xwred1/mp3/Depeche%20Mode%20-%20Playing%20The%20Angel(Advance%202005)(StefWan-Team)/" "Mozilla/5.0 (Windows; U; Windows NT 5.1; pt-BR; rv:1.8.1.11) Gecko/20071127 Firefox/2.0.0.11"
200.96.166.77 - - [13/Jan/2008:06:54:23 -0800] "www.modestolan.com: GET /images/menu/6.gif HTTP/1.1" 200 600 "http://www.modestolan.com/xwred1/mp3/Depeche%20Mode%20-%20Playing%20The%20Angel(Advance%202005)(StefWan-Team)/" "Mozilla/5.0 (Windows; U; Windows NT 5.1; pt-BR; rv:1.8.1.11) Gecko/20071127 Firefox/2.0.0.11"
200.96.166.77 - - [13/Jan/2008:06:54:23 -0800] "www.modestolan.com: GET /images/menu/7.gif HTTP/1.1" 200 601 "http://www.modestolan.com/xwred1/mp3/Depeche%20Mode%20-%20Playing%20The%20Angel(Advance%202005)(StefWan-Team)/" "Mozilla/5.0 (Windows; U; Windows NT 5.1; pt-BR; rv:1.8.1.11) Gecko/20071127 Firefox/2.0.0.11"
200.96.166.77 - - [13/Jan/2008:06:54:23 -0800] "www.modestolan.com: GET /images/transparent.gif HTTP/1.1" 200 43 "http://www.modestolan.com/xwred1/mp3/Depeche%20Mode%20-%20Playing%20The%20Angel(Advance%202005)(StefWan-Team)/" "Mozilla/5.0 (Windows; U; Windows NT 5.1; pt-BR; rv:1.8.1.11) Gecko/20071127 Firefox/2.0.0.11"
200.96.166.77 - - [13/Jan/2008:06:54:23 -0800] "www.modestolan.com: GET /images/top_06.gif HTTP/1.1" 200 1954 "http://www.modestolan.com/xwred1/mp3/Depeche%20Mode%20-%20Playing%20The%20Angel(Advance%202005)(StefWan-Team)/" "Mozilla/5.0 (Windows; U; Windows NT 5.1; pt-BR; rv:1.8.1.11) Gecko/20071127 Firefox/2.0.0.11"
200.96.166.77 - - [13/Jan/2008:06:54:23 -0800] "www.modestolan.com: GET /images/top_07.gif HTTP/1.1" 200 2521 "http://www.modestolan.com/xwred1/mp3/Depeche%20Mode%20-%20Playing%20The%20Angel(Advance%202005)(StefWan-Team)/" "Mozilla/5.0 (Windows; U; Windows NT 5.1; pt-BR; rv:1.8.1.11) Gecko/20071127 Firefox/2.0.0.11"
200.96.166.77 - - [13/Jan/2008:06:54:23 -0800] "www.modestolan.com: GET /images/top_08.gif HTTP/1.1" 200 1738 "http://www.modestolan.com/xwred1/mp3/Depeche%20Mode%20-%20Playing%20The%20Angel(Advance%202005)(StefWan-Team)/" "Mozilla/5.0 (Windows; U; Windows NT 5.1; pt-BR; rv:1.8.1.11) Gecko/20071127 Firefox/2.0.0.11"
200.96.166.77 - - [13/Jan/2008:06:54:23 -0800] "www.modestolan.com: GET /images/top_11.gif HTTP/1.1" 200 1553 "http://www.modestolan.com/xwred1/mp3/Depeche%20Mode%20-%20Playing%20The%20Angel(Advance%202005)(StefWan-Team)/" "Mozilla/5.0 (Windows; U; Windows NT 5.1; pt-BR; rv:1.8.1.11) Gecko/20071127 Firefox/2.0.0.11"
200.96.166.77 - - [13/Jan/2008:06:54:23 -0800] "www.modestolan.com: GET /images/sponsors/geeks.com.gif HTTP/1.1" 200 6611 "http://www.modestolan.com/xwred1/mp3/Depeche%20Mode%20-%20Playing%20The%20Angel(Advance%202005)(StefWan-Team)/" "Mozilla/5.0 (Windows; U; Windows NT 5.1; pt-BR; rv:1.8.1.11) Gecko/20071127 Firefox/2.0.0.11"
200.96.166.77 - - [13/Jan/2008:06:54:23 -0800] "www.modestolan.com: GET /images/sponsors/nvidia.jpeg HTTP/1.1" 200 5580 "http://www.modestolan.com/xwred1/mp3/Depeche%20Mode%20-%20Playing%20The%20Angel(Advance%202005)(StefWan-Team)/" "Mozilla/5.0 (Windows; U; Windows NT 5.1; pt-BR; rv:1.8.1.11) Gecko/20071127 Firefox/2.0.0.11"
200.96.166.77 - - [13/Jan/2008:06:54:23 -0800] "www.modestolan.com: GET /images/sponsors/alogo.gif HTTP/1.1" 200 5996 "http://www.modestolan.com/xwred1/mp3/Depeche%20Mode%20-%20Playing%20The%20Angel(Advance%202005)(StefWan-Team)/" "Mozilla/5.0 (Windows; U; Windows NT 5.1; pt-BR; rv:1.8.1.11) Gecko/20071127 Firefox/2.0.0.11"
200.96.166.77 - - [13/Jan/2008:06:54:24 -0800] "www.modestolan.com: GET /images/top_09.gif HTTP/1.1" 200 1089 "http://www.modestolan.com/xwred1/mp3/Depeche%20Mode%20-%20Playing%20The%20Angel(Advance%202005)(StefWan-Team)/" "Mozilla/5.0 (Windows; U; Windows NT 5.1; pt-BR; rv:1.8.1.11) Gecko/20071127 Firefox/2.0.0.11"
200.96.166.77 - - [13/Jan/2008:06:54:24 -0800] "www.modestolan.com: GET /images/top_13.gif HTTP/1.1" 200 728 "http://www.modestolan.com/xwred1/mp3/Depeche%20Mode%20-%20Playing%20The%20Angel(Advance%202005)(StefWan-Team)/" "Mozilla/5.0 (Windows; U; Windows NT 5.1; pt-BR; rv:1.8.1.11) Gecko/20071127 Firefox/2.0.0.11"
200.96.166.77 - - [13/Jan/2008:06:54:24 -0800] "www.modestolan.com: GET /icons/sound2.gif HTTP/1.1" 200 221 "http://www.modestolan.com/xwred1/mp3/Depeche%20Mode%20-%20Playing%20The%20Angel(Advance%202005)(StefWan-Team)/" "Mozilla/5.0 (Windows; U; Windows NT 5.1; pt-BR; rv:1.8.1.11) Gecko/20071127 Firefox/2.0.0.11"
200.96.166.77 - - [13/Jan/2008:06:54:24 -0800] "www.modestolan.com: GET /icons/text.gif HTTP/1.1" 200 229 "http://www.modestolan.com/xwred1/mp3/Depeche%20Mode%20-%20Playing%20The%20Angel(Advance%202005)(StefWan-Team)/" "Mozilla/5.0 (Windows; U; Windows NT 5.1; pt-BR; rv:1.8.1.11) Gecko/20071127 Firefox/2.0.0.11"
200.96.166.77 - - [13/Jan/2008:06:54:24 -0800] "www.modestolan.com: GET /icons/image2.gif HTTP/1.1" 200 309 "http://www.modestolan.com/xwred1/mp3/Depeche%20Mode%20-%20Playing%20The%20Angel(Advance%202005)(StefWan-Team)/" "Mozilla/5.0 (Windows; U; Windows NT 5.1; pt-BR; rv:1.8.1.11) Gecko/20071127 Firefox/2.0.0.11"
200.96.166.77 - - [13/Jan/2008:06:54:24 -0800] "www.modestolan.com: GET /images/sponsors/BAWLSbutton.gif HTTP/1.1" 200 8114 "http://www.modestolan.com/xwred1/mp3/Depeche%20Mode%20-%20Playing%20The%20Angel(Advance%202005)(StefWan-Team)/" "Mozilla/5.0 (Windows; U; Windows NT 5.1; pt-BR; rv:1.8.1.11) Gecko/20071127 Firefox/2.0.0.11"
200.96.166.77 - - [13/Jan/2008:06:54:24 -0800] "www.modestolan.com: GET /images/runningslack.gif HTTP/1.1" 200 1818 "http://www.modestolan.com/xwred1/mp3/Depeche%20Mode%20-%20Playing%20The%20Angel(Advance%202005)(StefWan-Team)/" "Mozilla/5.0 (Windows; U; Windows NT 5.1; pt-BR; rv:1.8.1.11) Gecko/20071127 Firefox/2.0.0.11"
200.96.166.77 - - [13/Jan/2008:06:54:24 -0800] "www.modestolan.com: GET /icons/blank.gif HTTP/1.1" 200 148 "http://www.modestolan.com/xwred1/mp3/Depeche%20Mode%20-%20Playing%20The%20Angel(Advance%202005)(StefWan-Team)/" "Mozilla/5.0 (Windows; U; Windows NT 5.1; pt-BR; rv:1.8.1.11) Gecko/20071127 Firefox/2.0.0.11"
200.96.166.77 - - [13/Jan/2008:06:54:24 -0800] "www.modestolan.com: GET /icons/back.gif HTTP/1.1" 200 216 "http://www.modestolan.com/xwred1/mp3/Depeche%20Mode%20-%20Playing%20The%20Angel(Advance%202005)(StefWan-Team)/" "Mozilla/5.0 (Windows; U; Windows NT 5.1; pt-BR; rv:1.8.1.11) Gecko/20071127 Firefox/2.0.0.11"
200.96.166.77 - - [13/Jan/2008:06:54:24 -0800] "www.modestolan.com: GET /icons/unknown.gif HTTP/1.1" 200 245 "http://www.modestolan.com/xwred1/mp3/Depeche%20Mode%20-%20Playing%20The%20Angel(Advance%202005)(StefWan-Team)/" "Mozilla/5.0 (Windows; U; Windows NT 5.1; pt-BR; rv:1.8.1.11) Gecko/20071127 Firefox/2.0.0.11"
200.96.166.77 - - [13/Jan/2008:06:54:24 -0800] "www.modestolan.com: GET /images/top_10.gif HTTP/1.1" 200 1188 "http://www.modestolan.com/xwred1/mp3/Depeche%20Mode%20-%20Playing%20The%20Angel(Advance%202005)(StefWan-Team)/" "Mozilla/5.0 (Windows; U; Windows NT 5.1; pt-BR; rv:1.8.1.11) Gecko/20071127 Firefox/2.0.0.11"
200.96.166.77 - - [13/Jan/2008:06:54:25 -0800] "www.modestolan.com: GET /favicon.ico HTTP/1.1" 404 335 "-" "Mozilla/5.0 (Windows; U; Windows NT 5.1; pt-BR; rv:1.8.1.11) Gecko/20071127 Firefox/2.0.0.11"
200.96.166.77 - - [13/Jan/2008:06:55:01 -0800] "www.modestolan.com: GET /xwred1/mp3/Depeche%20Mode%20-%20Playing%20The%20Angel(Advance%202005)(StefWan-Team)/01%20-%20Depeche%20Mode%20-%20a%20pain%20that%20i%20m%20used%20to.mp3 HTTP/1.1" 200 24084 "http://www.modestolan.com/xwred1/mp3/Depeche%20Mode%20-%20Playing%20The%20Angel(Advance%202005)(StefWan-Team)/" "Mozilla/5.0 (Windows; U; Windows NT 5.1; pt-BR; rv:1.8.1.11) Gecko/20071127 Firefox/2.0.0.11"
200.96.166.77 - - [13/Jan/2008:06:55:01 -0800] "www.modestolan.com: GET /php/menu.php HTTP/1.1" 200 21682 "http://www.modestolan.com/xwred1/mp3/Depeche%20Mode%20-%20Playing%20The%20Angel(Advance%202005)(StefWan-Team)/01%20-%20Depeche%20Mode%20-%20a%20pain%20that%20i%20m%20used%20to.mp3" "Mozilla/5.0 (Windows; U; Windows NT 5.1; pt-BR; rv:1.8.1.11) Gecko/20071127 Firefox/2.0.0.11"
84.143.109.8 - - [13/Jan/2008:06:57:43 -0800] "www.modestolan.com: GET /xwred1/nmap.wmv HTTP/1.1" 200 17196 "-" "Mozilla/4.0 (compatible; MSIE 6.0.2900.2180; NT 5.1;)"
74.6.20.172 - - [13/Jan/2008:06:58:43 -0800] "www.modestolan.com: GET /vb/showthread.php?p=43278 HTTP/1.0" 200 10964 "-" "Mozilla/5.0 (compatible; Yahoo! Slurp; http://help.yahoo.com/help/us/ysearch/slurp)"
74.6.28.160 - - [13/Jan/2008:07:00:35 -0800] "www.modestolan.com: GET /vb/showthread.php?p=50524 HTTP/1.0" 200 12946 "-" "Mozilla/5.0 (compatible; Yahoo! Slurp; http://help.yahoo.com/help/us/ysearch/slurp)"
65.55.208.123 - - [13/Jan/2008:07:01:09 -0800] "www.jdacura.com: GET /robots.txt HTTP/1.0" 200 225 "-" "msnbot/1.0 (+http://search.msn.com/msnbot.htm)"
65.55.208.123 - - [13/Jan/2008:07:01:09 -0800] "www.jdacura.com: GET /modules.php?name=Web_Links&l_op=NewLinks HTTP/1.0" 200 13152 "-" "msnbot/1.0 (+http://search.msn.com/msnbot.htm)"
66.249.70.51 - - [13/Jan/2008:07:01:43 -0800] "www.modestolan.com: GET /vb/showthread.php?t=4584 HTTP/1.1" 200 12135 "-" "Mozilla/5.0 (compatible; Googlebot/2.1; +http://www.google.com/bot.html)"
66.249.70.51 - - [13/Jan/2008:07:01:44 -0800] "www.modestolan.com: GET /vb/calendar.php?c=2&week=975196800 HTTP/1.1" 200 7434 "-" "Mozilla/5.0 (compatible; Googlebot/2.1; +http://www.google.com/bot.html)"
66.249.70.51 - - [13/Jan/2008:07:01:45 -0800] "www.modestolan.com: GET /vb/calendar.php?do=add&c=2&day=2011-5-29 HTTP/1.1" 200 6382 "-" "Mozilla/5.0 (compatible; Googlebot/2.1; +http://www.google.com/bot.html)"
66.249.70.51 - - [13/Jan/2008:07:01:47 -0800] "jdacura.com: GET /modules.php?name=Surveys HTTP/1.1" 200 8886 "-" "Mozilla/5.0 (compatible; Googlebot/2.1; +http://www.google.com/bot.html)"
203.168.193.2 - - [13/Jan/2008:07:01:49 -0800] "www.modestolan.com: GET /xwred1/fat_naruto.jpeg HTTP/1.1" 200 115036 "http://www2.catcatforum.com/discuz/thread-706927-1-2.html" "Mozilla/4.0 (compatible; MSIE 7.0; Windows NT 5.1; Foxy/1; Foxy/1)"
66.249.70.51 - - [13/Jan/2008:07:02:11 -0800] "www.modestolan.com: GET /vb/calendar.php?do=add&c=2&day=2000-12-20 HTTP/1.1" 200 6382 "-" "Mozilla/5.0 (compatible; Googlebot/2.1; +http://www.google.com/bot.html)"
66.249.70.51 - - [13/Jan/2008:07:02:44 -0800] "www.modestolan.com: GET /vb/calendar.php?do=add&c=2&day=2011-6-4 HTTP/1.1" 200 6380 "-" "Mozilla/5.0 (compatible; Googlebot/2.1; +http://www.google.com/bot.html)"
66.249.70.51 - - [13/Jan/2008:07:03:19 -0800] "www.modestolan.com: GET /vb/calendar.php?month=6&year=2011&c=2&do=displaymonth HTTP/1.1" 200 7675 "-" "Mozilla/5.0 (compatible; Googlebot/2.1; +http://www.google.com/bot.html)"
74.6.25.139 - - [13/Jan/2008:07:03:30 -0800] "www.modestolan.com: GET /vb/showthread.php?p=49672 HTTP/1.0" 200 9842 "-" "Mozilla/5.0 (compatible; Yahoo! Slurp; http://help.yahoo.com/help/us/ysearch/slurp)"
66.249.70.51 - - [13/Jan/2008:07:03:52 -0800] "www.modestolan.com: GET /vb/calendar.php?do=add&c=2&day=2000-12-23 HTTP/1.1" 200 6382 "-" "Mozilla/5.0 (compatible; Googlebot/2.1; +http://www.google.com/bot.html)"
66.249.70.51 - - [13/Jan/2008:07:04:27 -0800] "www.modestolan.com: GET /vb/calendar.php?do=add&c=2&day=2011-5-13 HTTP/1.1" 200 6382 "-" "Mozilla/5.0 (compatible; Googlebot/2.1; +http://www.google.com/bot.html)"
66.249.70.51 - - [13/Jan/2008:07:05:01 -0800] "www.modestolan.com: GET /vb/calendar.php?do=add&c=2&day=2000-12-8 HTTP/1.1" 200 6382 "-" "Mozilla/5.0 (compatible; Googlebot/2.1; +http://www.google.com/bot.html)"
66.249.70.51 - - [13/Jan/2008:07:05:35 -0800] "www.modestolan.com: GET /vb/calendar.php?do=add&c=2&day=2000-12-7 HTTP/1.1" 200 6382 "-" "Mozilla/5.0 (compatible; Googlebot/2.1; +http://www.google.com/bot.html)"
66.249.70.51 - - [13/Jan/2008:07:06:09 -0800] "www.modestolan.com: GET /vb/calendar.php?do=add&c=2&day=2011-5-24 HTTP/1.1" 200 6382 "-" "Mozilla/5.0 (compatible; Googlebot/2.1; +http://www.google.com/bot.html)"
213.246.63.110 - - [13/Jan/2008:07:06:11 -0800] "www.modestolan.com: GET /~hoodlum/dump/Rob%20Dougan%20-%20Furious%20Angels.mp3 HTTP/1.1" 200 17130 "-" "-"
66.249.70.51 - - [13/Jan/2008:07:06:43 -0800] "www.modestolan.com: GET /vb/calendar.php?do=add&c=2&day=2011-5-30 HTTP/1.1" 200 6384 "-" "Mozilla/5.0 (compatible; Googlebot/2.1; +http://www.google.com/bot.html)"
201.29.68.147 - - [13/Jan/2008:07:06:44 -0800] "www.modestolan.com: GET /xwred1/fat_naruto.jpeg HTTP/1.1" 200 115036 "http://images.google.com.br/imgres?imgurl=http://www.modestolan.com/xwred1/fat_naruto.jpeg&imgrefurl=http://www.chaozr.proboards31.com/index.cgi%3Fboard%3Dwtf%26action%3Ddisplay%26thread%3D1133741022%26page%3D2&h=619&w=350&sz=113&tbnid=sFylDGk9jBjxdM:&tbnh=136&tbnw=77&hl=pt-BR&prev=/images%3Fq%3Dcool%2Bcosplay%26start%3D120%26gbv%3D2%26ndsp%3D20%26svnum%3D10%26hl%3Dpt-BR%26sa%3DN&frame=small" "Mozilla/5.0 (Windows; U; Windows NT 5.1; pt-BR; rv:1.8.1.11) Gecko/20071127 Firefox/2.0.0.11;MEGAUPLOAD 1.0"
66.249.70.51 - - [13/Jan/2008:07:07:17 -0800] "www.modestolan.com: GET /vb/calendar.php?do=add&c=2&day=2000-12-6 HTTP/1.1" 200 6380 "-" "Mozilla/5.0 (compatible; Googlebot/2.1; +http://www.google.com/bot.html)"
66.249.70.51 - - [13/Jan/2008:07:07:51 -0800] "www.modestolan.com: GET /vb/calendar.php?do=add&c=2&day=2000-12-17 HTTP/1.1" 200 6382 "-" "Mozilla/5.0 (compatible; Googlebot/2.1; +http://www.google.com/bot.html)"
66.249.70.51 - - [13/Jan/2008:07:08:25 -0800] "www.modestolan.com: GET /vb/calendar.php?do=add&c=2&day=2000-12-5 HTTP/1.1" 200 6378 "-" "Mozilla/5.0 (compatible; Googlebot/2.1; +http://www.google.com/bot.html)"
74.6.25.35 - - [13/Jan/2008:07:08:28 -0800] "www.modestolan.com: GET /vb/showthread.php?p=50514 HTTP/1.0" 200 15892 "-" "Mozilla/5.0 (compatible; Yahoo! Slurp; http://help.yahoo.com/help/us/ysearch/slurp)"
74.6.29.39 - - [13/Jan/2008:07:08:47 -0800] "www.modestolan.com: GET /vb/member.php?u=2 HTTP/1.0" 200 6707 "-" "Mozilla/5.0 (compatible; Yahoo! Slurp; http://help.yahoo.com/help/us/ysearch/slurp)"
213.246.63.110 - - [13/Jan/2008:07:08:51 -0800] "www.modestolan.com: GET /~hoodlum/dump/Rob%20Dougan%20-%20Furious%20Angels.mp3 HTTP/1.1" 200 17130 "-" "-"
