67.212.106.129 - - [13/Jan/2008:12:51:16 -0800] "www.modestolan.com: GET /images/menu/4.gif HTTP/1.1" 200 443 "http://www.modestolan.com/~nine/Nine_Inch_Nails-Live_In_Fresno_CA_03-23-2005-YKK/" "Mozilla/4.0 (compatible; MSIE 6.0; Windows NT 5.1; SV1; .NET CLR 1.0.3705; .NET CLR 1.1.4322; .NET CLR 2.0.50727)"
67.212.106.129 - - [13/Jan/2008:12:51:16 -0800] "www.modestolan.com: GET /images/landate.swf HTTP/1.1" 200 2197 "http://www.modestolan.com/~nine/Nine_Inch_Nails-Live_In_Fresno_CA_03-23-2005-YKK/" "Mozilla/4.0 (compatible; MSIE 6.0; Windows NT 5.1; SV1; .NET CLR 1.0.3705; .NET CLR 1.1.4322; .NET CLR 2.0.50727)"
67.212.106.129 - - [13/Jan/2008:12:51:17 -0800] "www.modestolan.com: GET /images/menu/8.gif HTTP/1.1" 200 746 "http://www.modestolan.com/~nine/Nine_Inch_Nails-Live_In_Fresno_CA_03-23-2005-YKK/" "Mozilla/4.0 (compatible; MSIE 6.0; Windows NT 5.1; SV1; .NET CLR 1.0.3705; .NET CLR 1.1.4322; .NET CLR 2.0.50727)"
67.212.106.129 - - [13/Jan/2008:12:51:17 -0800] "www.modestolan.com: GET /images/menu/5.gif HTTP/1.1" 200 549 "http://www.modestolan.com/~nine/Nine_Inch_Nails-Live_In_Fresno_CA_03-23-2005-YKK/" "Mozilla/4.0 (compatible; MSIE 6.0; Windows NT 5.1; SV1; .NET CLR 1.0.3705; .NET CLR 1.1.4322; .NET CLR 2.0.50727)"
67.212.106.129 - - [13/Jan/2008:12:51:17 -0800] "www.modestolan.com: GET /images/menu/6.gif HTTP/1.1" 200 600 "http://www.modestolan.com/~nine/Nine_Inch_Nails-Live_In_Fresno_CA_03-23-2005-YKK/" "Mozilla/4.0 (compatible; MSIE 6.0; Windows NT 5.1; SV1; .NET CLR 1.0.3705; .NET CLR 1.1.4322; .NET CLR 2.0.50727)"
67.212.106.129 - - [13/Jan/2008:12:51:17 -0800] "www.modestolan.com: GET /images/menu/7.gif HTTP/1.1" 200 601 "http://www.modestolan.com/~nine/Nine_Inch_Nails-Live_In_Fresno_CA_03-23-2005-YKK/" "Mozilla/4.0 (compatible; MSIE 6.0; Windows NT 5.1; SV1; .NET CLR 1.0.3705; .NET CLR 1.1.4322; .NET CLR 2.0.50727)"
67.212.106.129 - - [13/Jan/2008:12:51:17 -0800] "www.modestolan.com: GET /images/transparent.gif HTTP/1.1" 200 43 "http://www.modestolan.com/~nine/Nine_Inch_Nails-Live_In_Fresno_CA_03-23-2005-YKK/" "Mozilla/4.0 (compatible; MSIE 6.0; Windows NT 5.1; SV1; .NET CLR 1.0.3705; .NET CLR 1.1.4322; .NET CLR 2.0.50727)"
67.212.106.129 - - [13/Jan/2008:12:51:17 -0800] "www.modestolan.com: GET /images/top_14.gif HTTP/1.1" 200 522 "http://www.modestolan.com/~nine/Nine_Inch_Nails-Live_In_Fresno_CA_03-23-2005-YKK/" "Mozilla/4.0 (compatible; MSIE 6.0; Windows NT 5.1; SV1; .NET CLR 1.0.3705; .NET CLR 1.1.4322; .NET CLR 2.0.50727)"
67.212.106.129 - - [13/Jan/2008:12:51:17 -0800] "www.modestolan.com: GET /images/top_12.gif HTTP/1.1" 200 826 "http://www.modestolan.com/~nine/Nine_Inch_Nails-Live_In_Fresno_CA_03-23-2005-YKK/" "Mozilla/4.0 (compatible; MSIE 6.0; Windows NT 5.1; SV1; .NET CLR 1.0.3705; .NET CLR 1.1.4322; .NET CLR 2.0.50727)"
67.212.106.129 - - [13/Jan/2008:12:51:17 -0800] "www.modestolan.com: GET /transparent.gif HTTP/1.1" 200 43 "http://www.modestolan.com/~nine/Nine_Inch_Nails-Live_In_Fresno_CA_03-23-2005-YKK/" "Mozilla/4.0 (compatible; MSIE 6.0; Windows NT 5.1; SV1; .NET CLR 1.0.3705; .NET CLR 1.1.4322; .NET CLR 2.0.50727)"
67.212.106.129 - - [13/Jan/2008:12:51:17 -0800] "www.modestolan.com: GET /images/top_02.gif HTTP/1.1" 200 882 "http://www.modestolan.com/~nine/Nine_Inch_Nails-Live_In_Fresno_CA_03-23-2005-YKK/" "Mozilla/4.0 (compatible; MSIE 6.0; Windows NT 5.1; SV1; .NET CLR 1.0.3705; .NET CLR 1.1.4322; .NET CLR 2.0.50727)"
67.212.106.129 - - [13/Jan/2008:12:51:17 -0800] "www.modestolan.com: GET /images/top_01.gif HTTP/1.1" 200 344 "http://www.modestolan.com/~nine/Nine_Inch_Nails-Live_In_Fresno_CA_03-23-2005-YKK/" "Mozilla/4.0 (compatible; MSIE 6.0; Windows NT 5.1; SV1; .NET CLR 1.0.3705; .NET CLR 1.1.4322; .NET CLR 2.0.50727)"
67.212.106.129 - - [13/Jan/2008:12:51:17 -0800] "www.modestolan.com: GET /images/top_03.gif HTTP/1.1" 200 349 "http://www.modestolan.com/~nine/Nine_Inch_Nails-Live_In_Fresno_CA_03-23-2005-YKK/" "Mozilla/4.0 (compatible; MSIE 6.0; Windows NT 5.1; SV1; .NET CLR 1.0.3705; .NET CLR 1.1.4322; .NET CLR 2.0.50727)"
67.212.106.129 - - [13/Jan/2008:12:51:17 -0800] "www.modestolan.com: GET /images/top_04.gif HTTP/1.1" 200 1547 "http://www.modestolan.com/~nine/Nine_Inch_Nails-Live_In_Fresno_CA_03-23-2005-YKK/" "Mozilla/4.0 (compatible; MSIE 6.0; Windows NT 5.1; SV1; .NET CLR 1.0.3705; .NET CLR 1.1.4322; .NET CLR 2.0.50727)"
67.212.106.129 - - [13/Jan/2008:12:51:17 -0800] "www.modestolan.com: GET /images/top_05.gif HTTP/1.1" 200 3111 "http://www.modestolan.com/~nine/Nine_Inch_Nails-Live_In_Fresno_CA_03-23-2005-YKK/" "Mozilla/4.0 (compatible; MSIE 6.0; Windows NT 5.1; SV1; .NET CLR 1.0.3705; .NET CLR 1.1.4322; .NET CLR 2.0.50727)"
67.212.106.129 - - [13/Jan/2008:12:51:17 -0800] "www.modestolan.com: GET /images/top_06.gif HTTP/1.1" 200 1954 "http://www.modestolan.com/~nine/Nine_Inch_Nails-Live_In_Fresno_CA_03-23-2005-YKK/" "Mozilla/4.0 (compatible; MSIE 6.0; Windows NT 5.1; SV1; .NET CLR 1.0.3705; .NET CLR 1.1.4322; .NET CLR 2.0.50727)"
67.212.106.129 - - [13/Jan/2008:12:51:17 -0800] "www.modestolan.com: GET /images/top_07.gif HTTP/1.1" 200 2521 "http://www.modestolan.com/~nine/Nine_Inch_Nails-Live_In_Fresno_CA_03-23-2005-YKK/" "Mozilla/4.0 (compatible; MSIE 6.0; Windows NT 5.1; SV1; .NET CLR 1.0.3705; .NET CLR 1.1.4322; .NET CLR 2.0.50727)"
67.212.106.129 - - [13/Jan/2008:12:51:17 -0800] "www.modestolan.com: GET /images/top_08.gif HTTP/1.1" 200 1738 "http://www.modestolan.com/~nine/Nine_Inch_Nails-Live_In_Fresno_CA_03-23-2005-YKK/" "Mozilla/4.0 (compatible; MSIE 6.0; Windows NT 5.1; SV1; .NET CLR 1.0.3705; .NET CLR 1.1.4322; .NET CLR 2.0.50727)"
67.212.106.129 - - [13/Jan/2008:12:51:17 -0800] "www.modestolan.com: GET /images/top_09.gif HTTP/1.1" 200 1089 "http://www.modestolan.com/~nine/Nine_Inch_Nails-Live_In_Fresno_CA_03-23-2005-YKK/" "Mozilla/4.0 (compatible; MSIE 6.0; Windows NT 5.1; SV1; .NET CLR 1.0.3705; .NET CLR 1.1.4322; .NET CLR 2.0.50727)"
67.212.106.129 - - [13/Jan/2008:12:51:17 -0800] "www.modestolan.com: GET /images/top_13.gif HTTP/1.1" 200 728 "http://www.modestolan.com/~nine/Nine_Inch_Nails-Live_In_Fresno_CA_03-23-2005-YKK/" "Mozilla/4.0 (compatible; MSIE 6.0; Windows NT 5.1; SV1; .NET CLR 1.0.3705; .NET CLR 1.1.4322; .NET CLR 2.0.50727)"
67.212.106.129 - - [13/Jan/2008:12:51:17 -0800] "www.modestolan.com: GET /images/top_11.gif HTTP/1.1" 200 1553 "http://www.modestolan.com/~nine/Nine_Inch_Nails-Live_In_Fresno_CA_03-23-2005-YKK/" "Mozilla/4.0 (compatible; MSIE 6.0; Windows NT 5.1; SV1; .NET CLR 1.0.3705; .NET CLR 1.1.4322; .NET CLR 2.0.50727)"
67.212.106.129 - - [13/Jan/2008:12:51:17 -0800] "www.modestolan.com: GET /images/sponsors/geeks.com.gif HTTP/1.1" 200 6611 "http://www.modestolan.com/~nine/Nine_Inch_Nails-Live_In_Fresno_CA_03-23-2005-YKK/" "Mozilla/4.0 (compatible; MSIE 6.0; Windows NT 5.1; SV1; .NET CLR 1.0.3705; .NET CLR 1.1.4322; .NET CLR 2.0.50727)"
67.212.106.129 - - [13/Jan/2008:12:51:17 -0800] "www.modestolan.com: GET /images/sponsors/nvidia.jpeg HTTP/1.1" 200 5580 "http://www.modestolan.com/~nine/Nine_Inch_Nails-Live_In_Fresno_CA_03-23-2005-YKK/" "Mozilla/4.0 (compatible; MSIE 6.0; Windows NT 5.1; SV1; .NET CLR 1.0.3705; .NET CLR 1.1.4322; .NET CLR 2.0.50727)"
67.212.106.129 - - [13/Jan/2008:12:51:18 -0800] "www.modestolan.com: GET /images/sponsors/alogo.gif HTTP/1.1" 200 5996 "http://www.modestolan.com/~nine/Nine_Inch_Nails-Live_In_Fresno_CA_03-23-2005-YKK/" "Mozilla/4.0 (compatible; MSIE 6.0; Windows NT 5.1; SV1; .NET CLR 1.0.3705; .NET CLR 1.1.4322; .NET CLR 2.0.50727)"
67.212.106.129 - - [13/Jan/2008:12:51:18 -0800] "www.modestolan.com: GET /images/sponsors/BAWLSbutton.gif HTTP/1.1" 200 8114 "http://www.modestolan.com/~nine/Nine_Inch_Nails-Live_In_Fresno_CA_03-23-2005-YKK/" "Mozilla/4.0 (compatible; MSIE 6.0; Windows NT 5.1; SV1; .NET CLR 1.0.3705; .NET CLR 1.1.4322; .NET CLR 2.0.50727)"
67.212.106.129 - - [13/Jan/2008:12:51:18 -0800] "www.modestolan.com: GET /images/runningslack.gif HTTP/1.1" 200 1818 "http://www.modestolan.com/~nine/Nine_Inch_Nails-Live_In_Fresno_CA_03-23-2005-YKK/" "Mozilla/4.0 (compatible; MSIE 6.0; Windows NT 5.1; SV1; .NET CLR 1.0.3705; .NET CLR 1.1.4322; .NET CLR 2.0.50727)"
67.212.106.129 - - [13/Jan/2008:12:51:18 -0800] "www.modestolan.com: GET /icons/blank.gif HTTP/1.1" 200 148 "http://www.modestolan.com/~nine/Nine_Inch_Nails-Live_In_Fresno_CA_03-23-2005-YKK/" "Mozilla/4.0 (compatible; MSIE 6.0; Windows NT 5.1; SV1; .NET CLR 1.0.3705; .NET CLR 1.1.4322; .NET CLR 2.0.50727)"
67.212.106.129 - - [13/Jan/2008:12:51:18 -0800] "www.modestolan.com: GET /icons/back.gif HTTP/1.1" 200 216 "http://www.modestolan.com/~nine/Nine_Inch_Nails-Live_In_Fresno_CA_03-23-2005-YKK/" "Mozilla/4.0 (compatible; MSIE 6.0; Windows NT 5.1; SV1; .NET CLR 1.0.3705; .NET CLR 1.1.4322; .NET CLR 2.0.50727)"
67.212.106.129 - - [13/Jan/2008:12:51:18 -0800] "www.modestolan.com: GET /icons/sound2.gif HTTP/1.1" 200 221 "http://www.modestolan.com/~nine/Nine_Inch_Nails-Live_In_Fresno_CA_03-23-2005-YKK/" "Mozilla/4.0 (compatible; MSIE 6.0; Windows NT 5.1; SV1; .NET CLR 1.0.3705; .NET CLR 1.1.4322; .NET CLR 2.0.50727)"
67.212.106.129 - - [13/Jan/2008:12:51:18 -0800] "www.modestolan.com: GET /icons/unknown.gif HTTP/1.1" 200 245 "http://www.modestolan.com/~nine/Nine_Inch_Nails-Live_In_Fresno_CA_03-23-2005-YKK/" "Mozilla/4.0 (compatible; MSIE 6.0; Windows NT 5.1; SV1; .NET CLR 1.0.3705; .NET CLR 1.1.4322; .NET CLR 2.0.50727)"
67.212.106.129 - - [13/Jan/2008:12:51:18 -0800] "www.modestolan.com: GET /images/top_10.gif HTTP/1.1" 200 1188 "http://www.modestolan.com/~nine/Nine_Inch_Nails-Live_In_Fresno_CA_03-23-2005-YKK/" "Mozilla/4.0 (compatible; MSIE 6.0; Windows NT 5.1; SV1; .NET CLR 1.0.3705; .NET CLR 1.1.4322; .NET CLR 2.0.50727)"
74.6.22.37 - - [13/Jan/2008:12:51:59 -0800] "www.modestolan.com: GET /vb/member.php?u=42 HTTP/1.0" 200 6373 "-" "Mozilla/5.0 (compatible; Yahoo! Slurp; http://help.yahoo.com/help/us/ysearch/slurp)"
74.6.20.27 - - [13/Jan/2008:12:52:30 -0800] "www.modestolan.com: GET /vb/memberlist.php?ltr=I&pp=0&sort=username&order=asc HTTP/1.0" 200 6684 "-" "Mozilla/5.0 (compatible; Yahoo! Slurp; http://help.yahoo.com/help/us/ysearch/slurp)"
59.60.21.155 - - [13/Jan/2008:12:53:41 -0800] "www.modestolan.com: GET / HTTP/1.1" 200 24084 "http://www.modestolan.com/" "Mozilla/4.0 (compatible; MSIE 6.0; Windows NT 5.1; SV1; Maxthon; .NET CLR 1.1.4322; InfoPath.1; .NET CLR 2.0.50727)"
193.47.80.40 - - [13/Jan/2008:12:53:49 -0800] "www.modestolan.com: GET /vb/showthread.php?threadid=5397 HTTP/1.1" 200 16509 "-" "Mozilla/5.0 (compatible; Exabot/3.0; +http://www.exabot.com/go/robot)"
74.6.28.204 - - [13/Jan/2008:12:54:22 -0800] "www.modestolan.com: GET /vb/showthread.php?t=5471 HTTP/1.0" 200 8464 "-" "Mozilla/5.0 (compatible; Yahoo! Slurp; http://help.yahoo.com/help/us/ysearch/slurp)"
74.6.24.71 - - [13/Jan/2008:12:55:14 -0800] "www.modestolan.com: GET /~nine/ HTTP/1.0" 200 16955 "-" "Mozilla/5.0 (compatible; Yahoo! Slurp; http://help.yahoo.com/help/us/ysearch/slurp)"
169.233.22.180 - - [13/Jan/2008:12:58:14 -0800] "www.modestolan.com: GET /vb/ HTTP/1.1" 200 9195 "-" "Mozilla/5.0 (X11; U; Linux i686; en-US; rv:1.8.1.11) Gecko/20071204 Ubuntu/7.10 (gutsy) Firefox/2.0.0.11"
169.233.22.180 - - [13/Jan/2008:12:58:14 -0800] "www.modestolan.com: GET /php/menu.php HTTP/1.1" 200 21682 "http://www.modestolan.com/vb/" "Mozilla/5.0 (X11; U; Linux i686; en-US; rv:1.8.1.11) Gecko/20071204 Ubuntu/7.10 (gutsy) Firefox/2.0.0.11"
169.233.22.180 - - [13/Jan/2008:12:58:14 -0800] "www.modestolan.com: GET /vb/cron.php?&rand=829945 HTTP/1.1" 200 43 "http://www.modestolan.com/vb/" "Mozilla/5.0 (X11; U; Linux i686; en-US; rv:1.8.1.11) Gecko/20071204 Ubuntu/7.10 (gutsy) Firefox/2.0.0.11"
169.233.22.180 - - [13/Jan/2008:12:58:57 -0800] "www.modestolan.com: GET /vb/showthread.php?goto=newpost&t=5672 HTTP/1.1" 302 5 "http://www.modestolan.com/vb/" "Mozilla/5.0 (X11; U; Linux i686; en-US; rv:1.8.1.11) Gecko/20071204 Ubuntu/7.10 (gutsy) Firefox/2.0.0.11"
169.233.22.180 - - [13/Jan/2008:12:58:59 -0800] "www.modestolan.com: GET /vb/showthread.php?p=50634 HTTP/1.1" 200 31232 "http://www.modestolan.com/vb/" "Mozilla/5.0 (X11; U; Linux i686; en-US; rv:1.8.1.11) Gecko/20071204 Ubuntu/7.10 (gutsy) Firefox/2.0.0.11"
169.233.22.180 - - [13/Jan/2008:12:58:59 -0800] "www.modestolan.com: GET /php/menu.php HTTP/1.1" 200 21682 "http://www.modestolan.com/vb/showthread.php?p=50634" "Mozilla/5.0 (X11; U; Linux i686; en-US; rv:1.8.1.11) Gecko/20071204 Ubuntu/7.10 (gutsy) Firefox/2.0.0.11"
169.233.22.180 - - [13/Jan/2008:12:59:00 -0800] "www.modestolan.com: GET /vb/image.php?u=1650&dateline=1200214965 HTTP/1.1" 200 3927 "http://www.modestolan.com/vb/showthread.php?p=50634" "Mozilla/5.0 (X11; U; Linux i686; en-US; rv:1.8.1.11) Gecko/20071204 Ubuntu/7.10 (gutsy) Firefox/2.0.0.11"
169.233.22.180 - - [13/Jan/2008:12:59:00 -0800] "www.modestolan.com: GET /vb/cron.php?&rand=911916 HTTP/1.1" 200 43 "http://www.modestolan.com/vb/showthread.php?p=50634" "Mozilla/5.0 (X11; U; Linux i686; en-US; rv:1.8.1.11) Gecko/20071204 Ubuntu/7.10 (gutsy) Firefox/2.0.0.11"
67.171.142.139 - - [13/Jan/2008:12:59:54 -0800] "www.modestolan.com: GET /xwred1/burning-monk.jpg HTTP/1.1" 304 - "http://profile.myspace.com/index.cfm?fuseaction=user.viewprofile&friendid=29069126&MyToken=f2e27cfd-f728-492f-bbeb-8f911b4b470f" "Mozilla/4.0 (compatible; MSIE 7.0; Windows NT 6.0; SLCC1; .NET CLR 2.0.50727; Media Center PC 5.0; .NET CLR 3.0.04506)"
72.30.179.215 - - [13/Jan/2008:13:00:06 -0800] "www.modestolan.com: GET /images/lanpics/20011228/raffle_bawls_shirt.jpeg HTTP/1.0" 200 345585 "-" "Mozilla/5.0 (compatible; Yahoo! Slurp; http://help.yahoo.com/help/us/ysearch/slurp)"
66.249.70.51 - - [13/Jan/2008:13:01:54 -0800] "www.modestolan.com: GET /vb/calendar.php?c=2&week=1312070400 HTTP/1.1" 200 7414 "-" "Mozilla/5.0 (compatible; Googlebot/2.1; +http://www.google.com/bot.html)"
66.249.70.51 - - [13/Jan/2008:13:01:55 -0800] "www.modestolan.com: GET /vb/calendar.php?do=add&c=2&day=2011-8-2 HTTP/1.1" 200 6379 "-" "Mozilla/5.0 (compatible; Googlebot/2.1; +http://www.google.com/bot.html)"
66.249.70.51 - - [13/Jan/2008:13:01:56 -0800] "www.modestolan.com: GET /vb/calendar.php?do=add&c=2&day=2011-7-22 HTTP/1.1" 200 6380 "-" "Mozilla/5.0 (compatible; Googlebot/2.1; +http://www.google.com/bot.html)"
66.249.70.51 - - [13/Jan/2008:13:01:58 -0800] "www.modestolan.com: GET /vb/calendar.php?do=add&c=2&day=2011-7-29 HTTP/1.1" 200 6383 "-" "Mozilla/5.0 (compatible; Googlebot/2.1; +http://www.google.com/bot.html)"
66.249.70.51 - - [13/Jan/2008:13:02:00 -0800] "www.blppp.com: GET /modules.php?name=Web_Links HTTP/1.1" 200 6439 "-" "Mozilla/5.0 (compatible; Googlebot/2.1; +http://www.google.com/bot.html)"
91.64.50.83 - - [13/Jan/2008:13:02:05 -0800] "www.modestolan.com: GET /robots.txt HTTP/1.0" 404 322 "http://majestic12.co.uk/bot.php?I=5D904B9ACF50BB92B97DA5BE0330BB8D-86E7DD7C9C0413F4-00000000C0ECDB4C-www.modestolan.com" "Mozilla/5.0 (compatible; MJ12bot/v1.2.1; http://www.majestic12.co.uk/bot.php?+)"
91.64.50.83 - - [13/Jan/2008:13:02:11 -0800] "www.modestolan.com: GET /vb/member2.php?s=&action=addlist&userlist=buddy&userid=193 HTTP/1.1" 301 429 "-" "Mozilla/5.0 (compatible; MJ12bot/v1.2.1; http://www.majestic12.co.uk/bot.php?+)"
91.64.50.83 - - [13/Jan/2008:13:02:19 -0800] "www.modestolan.com: GET /vb/member.php?s=&action=addlist&userlist=buddy&userid=193 HTTP/1.1" 200 21159 "http://www.modestolan.com/vb/member2.php?s=&action=addlist&userlist=buddy&userid=193" "Mozilla/5.0 (compatible; MJ12bot/v1.2.1; http://www.majestic12.co.uk/bot.php?+)"
91.64.50.83 - - [13/Jan/2008:13:02:22 -0800] "www.modestolan.com: GET /vb/member2.php?s=&action=addlist&userlist=buddy&userid=194 HTTP/1.1" 301 429 "-" "Mozilla/5.0 (compatible; MJ12bot/v1.2.1; http://www.majestic12.co.uk/bot.php?+)"
66.249.70.51 - - [13/Jan/2008:13:02:23 -0800] "www.modestolan.com: GET /vb/calendar.php?do=add&c=2&day=2011-7-31 HTTP/1.1" 200 6382 "-" "Mozilla/5.0 (compatible; Googlebot/2.1; +http://www.google.com/bot.html)"
91.64.50.83 - - [13/Jan/2008:13:02:27 -0800] "www.modestolan.com: GET /vb/member.php?s=&action=addlist&userlist=buddy&userid=194 HTTP/1.1" 200 21162 "http://www.modestolan.com/vb/member2.php?s=&action=addlist&userlist=buddy&userid=194" "Mozilla/5.0 (compatible; MJ12bot/v1.2.1; http://www.majestic12.co.uk/bot.php?+)"
91.64.50.83 - - [13/Jan/2008:13:02:29 -0800] "www.modestolan.com: GET /vb/member2.php?s=&action=addlist&userlist=buddy&userid=197 HTTP/1.1" 301 429 "-" "Mozilla/5.0 (compatible; MJ12bot/v1.2.1; http://www.majestic12.co.uk/bot.php?+)"
91.64.50.83 - - [13/Jan/2008:13:02:33 -0800] "www.modestolan.com: GET /vb/member.php?s=&action=addlist&userlist=buddy&userid=197 HTTP/1.1" 200 21162 "http://www.modestolan.com/vb/member2.php?s=&action=addlist&userlist=buddy&userid=197" "Mozilla/5.0 (compatible; MJ12bot/v1.2.1; http://www.majestic12.co.uk/bot.php?+)"
91.64.50.83 - - [13/Jan/2008:13:02:36 -0800] "www.modestolan.com: GET /vb/member2.php?s=&action=addlist&userlist=buddy&userid=199 HTTP/1.1" 301 429 "-" "Mozilla/5.0 (compatible; MJ12bot/v1.2.1; http://www.majestic12.co.uk/bot.php?+)"
169.233.22.180 - - [13/Jan/2008:13:02:36 -0800] "www.modestolan.com: POST /vb/newreply.php?do=postreply&t=5672 HTTP/1.1" 200 5611 "http://www.modestolan.com/vb/showthread.php?p=50634" "Mozilla/5.0 (X11; U; Linux i686; en-US; rv:1.8.1.11) Gecko/20071204 Ubuntu/7.10 (gutsy) Firefox/2.0.0.11"
91.64.50.83 - - [13/Jan/2008:13:02:39 -0800] "www.modestolan.com: GET /vb/member.php?s=&action=addlist&userlist=buddy&userid=199 HTTP/1.1" 200 21162 "http://www.modestolan.com/vb/member2.php?s=&action=addlist&userlist=buddy&userid=199" "Mozilla/5.0 (compatible; MJ12bot/v1.2.1; http://www.majestic12.co.uk/bot.php?+)"
91.64.50.83 - - [13/Jan/2008:13:02:42 -0800] "www.modestolan.com: GET /vb/member2.php?s=&action=addlist&userlist=buddy&userid=2 HTTP/1.1" 301 427 "-" "Mozilla/5.0 (compatible; MJ12bot/v1.2.1; http://www.majestic12.co.uk/bot.php?+)"
91.64.50.83 - - [13/Jan/2008:13:02:46 -0800] "www.modestolan.com: GET /vb/member.php?s=&action=addlist&userlist=buddy&userid=2 HTTP/1.1" 200 25140 "http://www.modestolan.com/vb/member2.php?s=&action=addlist&userlist=buddy&userid=2" "Mozilla/5.0 (compatible; MJ12bot/v1.2.1; http://www.majestic12.co.uk/bot.php?+)"
91.64.50.83 - - [13/Jan/2008:13:02:49 -0800] "www.modestolan.com: GET /vb/member2.php?s=&action=addlist&userlist=buddy&userid=200 HTTP/1.1" 301 429 "-" "Mozilla/5.0 (compatible; MJ12bot/v1.2.1; http://www.majestic12.co.uk/bot.php?+)"
91.64.50.83 - - [13/Jan/2008:13:02:52 -0800] "www.modestolan.com: GET /vb/member.php?s=&action=addlist&userlist=buddy&userid=200 HTTP/1.1" 200 21162 "http://www.modestolan.com/vb/member2.php?s=&action=addlist&userlist=buddy&userid=200" "Mozilla/5.0 (compatible; MJ12bot/v1.2.1; http://www.majestic12.co.uk/bot.php?+)"
91.64.50.83 - - [13/Jan/2008:13:02:56 -0800] "www.modestolan.com: GET /vb/member2.php?s=&action=addlist&userlist=buddy&userid=201 HTTP/1.1" 301 429 "-" "Mozilla/5.0 (compatible; MJ12bot/v1.2.1; http://www.majestic12.co.uk/bot.php?+)"
91.64.50.83 - - [13/Jan/2008:13:03:01 -0800] "www.modestolan.com: GET /vb/member.php?s=&action=addlist&userlist=buddy&userid=201 HTTP/1.1" 200 21162 "http://www.modestolan.com/vb/member2.php?s=&action=addlist&userlist=buddy&userid=201" "Mozilla/5.0 (compatible; MJ12bot/v1.2.1; http://www.majestic12.co.uk/bot.php?+)"
66.249.70.51 - - [13/Jan/2008:13:03:03 -0800] "blppp.com: GET /modules.php?name=Web_Links&l_op=viewlinkeditorial&lid=3&ttitle=SpywareBlaster HTTP/1.1" 200 6382 "-" "Mozilla/5.0 (compatible; Googlebot/2.1; +http://www.google.com/bot.html)"
91.64.50.83 - - [13/Jan/2008:13:03:06 -0800] "www.modestolan.com: GET /vb/member2.php?s=&action=addlist&userlist=buddy&userid=204 HTTP/1.1" 301 429 "-" "Mozilla/5.0 (compatible; MJ12bot/v1.2.1; http://www.majestic12.co.uk/bot.php?+)"
91.64.50.83 - - [13/Jan/2008:13:03:09 -0800] "www.modestolan.com: GET /vb/member.php?s=&action=addlist&userlist=buddy&userid=204 HTTP/1.1" 200 21162 "http://www.modestolan.com/vb/member2.php?s=&action=addlist&userlist=buddy&userid=204" "Mozilla/5.0 (compatible; MJ12bot/v1.2.1; http://www.majestic12.co.uk/bot.php?+)"
91.64.50.83 - - [13/Jan/2008:13:03:16 -0800] "www.modestolan.com: GET /vb/member2.php?s=&action=addlist&userlist=buddy&userid=205 HTTP/1.1" 301 429 "-" "Mozilla/5.0 (compatible; MJ12bot/v1.2.1; http://www.majestic12.co.uk/bot.php?+)"
91.64.50.83 - - [13/Jan/2008:13:03:18 -0800] "www.modestolan.com: GET /vb/member.php?s=&action=addlist&userlist=buddy&userid=205 HTTP/1.1" 200 22380 "http://www.modestolan.com/vb/member2.php?s=&action=addlist&userlist=buddy&userid=205" "Mozilla/5.0 (compatible; MJ12bot/v1.2.1; http://www.majestic12.co.uk/bot.php?+)"
91.64.50.83 - - [13/Jan/2008:13:03:22 -0800] "www.modestolan.com: GET /vb/member2.php?s=&action=addlist&userlist=buddy&userid=206 HTTP/1.1" 301 429 "-" "Mozilla/5.0 (compatible; MJ12bot/v1.2.1; http://www.majestic12.co.uk/bot.php?+)"
91.64.50.83 - - [13/Jan/2008:13:03:26 -0800] "www.modestolan.com: GET /vb/member.php?s=&action=addlist&userlist=buddy&userid=206 HTTP/1.1" 200 21162 "http://www.modestolan.com/vb/member2.php?s=&action=addlist&userlist=buddy&userid=206" "Mozilla/5.0 (compatible; MJ12bot/v1.2.1; http://www.majestic12.co.uk/bot.php?+)"
91.64.50.83 - - [13/Jan/2008:13:03:27 -0800] "www.modestolan.com: GET /vb/member2.php?s=&action=addlist&userlist=buddy&userid=207 HTTP/1.1" 301 429 "-" "Mozilla/5.0 (compatible; MJ12bot/v1.2.1; http://www.majestic12.co.uk/bot.php?+)"
91.64.50.83 - - [13/Jan/2008:13:03:30 -0800] "www.modestolan.com: GET /vb/member.php?s=&action=addlist&userlist=buddy&userid=207 HTTP/1.1" 200 21162 "http://www.modestolan.com/vb/member2.php?s=&action=addlist&userlist=buddy&userid=207" "Mozilla/5.0 (compatible; MJ12bot/v1.2.1; http://www.majestic12.co.uk/bot.php?+)"
91.64.50.83 - - [13/Jan/2008:13:03:35 -0800] "www.modestolan.com: GET /vb/member2.php?s=&action=addlist&userlist=buddy&userid=208 HTTP/1.1" 301 429 "-" "Mozilla/5.0 (compatible; MJ12bot/v1.2.1; http://www.majestic12.co.uk/bot.php?+)"
91.64.50.83 - - [13/Jan/2008:13:03:38 -0800] "www.modestolan.com: GET /vb/member.php?s=&action=addlist&userlist=buddy&userid=208 HTTP/1.1" 200 21162 "http://www.modestolan.com/vb/member2.php?s=&action=addlist&userlist=buddy&userid=208" "Mozilla/5.0 (compatible; MJ12bot/v1.2.1; http://www.majestic12.co.uk/bot.php?+)"
91.64.50.83 - - [13/Jan/2008:13:03:40 -0800] "www.modestolan.com: GET /vb/member2.php?s=&action=addlist&userlist=buddy&userid=209 HTTP/1.1" 301 429 "-" "Mozilla/5.0 (compatible; MJ12bot/v1.2.1; http://www.majestic12.co.uk/bot.php?+)"
91.64.50.83 - - [13/Jan/2008:13:03:43 -0800] "www.modestolan.com: GET /vb/member.php?s=&action=addlist&userlist=buddy&userid=209 HTTP/1.1" 200 21159 "http://www.modestolan.com/vb/member2.php?s=&action=addlist&userlist=buddy&userid=209" "Mozilla/5.0 (compatible; MJ12bot/v1.2.1; http://www.majestic12.co.uk/bot.php?+)"
66.249.70.51 - - [13/Jan/2008:13:03:44 -0800] "www.modestolan.com: GET /vb/calendar.php?c=2&week=1313884800&do=displayweek&month=8 HTTP/1.1" 200 7085 "-" "Mozilla/5.0 (compatible; Googlebot/2.1; +http://www.google.com/bot.html)"
91.64.50.83 - - [13/Jan/2008:13:03:45 -0800] "www.modestolan.com: GET /vb/member2.php?s=&action=addlist&userlist=buddy&userid=210 HTTP/1.1" 301 429 "-" "Mozilla/5.0 (compatible; MJ12bot/v1.2.1; http://www.majestic12.co.uk/bot.php?+)"
91.64.50.83 - - [13/Jan/2008:13:03:48 -0800] "www.modestolan.com: GET /vb/member.php?s=&action=addlist&userlist=buddy&userid=210 HTTP/1.1" 200 21162 "http://www.modestolan.com/vb/member2.php?s=&action=addlist&userlist=buddy&userid=210" "Mozilla/5.0 (compatible; MJ12bot/v1.2.1; http://www.majestic12.co.uk/bot.php?+)"
123.112.162.202 - - [13/Jan/2008:13:03:49 -0800] "www.modestolan.com: GET / HTTP/1.1" 200 24084 "http://www.modestolan.com/" "Mozilla/4.0 (compatible; MSIE 6.0; Windows NT 5.1; SV1; Maxthon; .NET CLR 1.1.4322; InfoPath.1; .NET CLR 2.0.50727)"
91.64.50.83 - - [13/Jan/2008:13:03:52 -0800] "www.modestolan.com: GET /vb/member2.php?s=&action=addlist&userlist=buddy&userid=212 HTTP/1.1" 301 429 "-" "Mozilla/5.0 (compatible; MJ12bot/v1.2.1; http://www.majestic12.co.uk/bot.php?+)"
91.64.50.83 - - [13/Jan/2008:13:03:55 -0800] "www.modestolan.com: GET /vb/member.php?s=&action=addlist&userlist=buddy&userid=212 HTTP/1.1" 200 21159 "http://www.modestolan.com/vb/member2.php?s=&action=addlist&userlist=buddy&userid=212" "Mozilla/5.0 (compatible; MJ12bot/v1.2.1; http://www.majestic12.co.uk/bot.php?+)"
91.64.50.83 - - [13/Jan/2008:13:04:00 -0800] "www.modestolan.com: GET /vb/member2.php?s=&action=addlist&userlist=buddy&userid=215 HTTP/1.1" 301 429 "-" "Mozilla/5.0 (compatible; MJ12bot/v1.2.1; http://www.majestic12.co.uk/bot.php?+)"
91.64.50.83 - - [13/Jan/2008:13:04:01 -0800] "www.modestolan.com: GET /vb/member.php?s=&action=addlist&userlist=buddy&userid=215 HTTP/1.1" 200 21162 "http://www.modestolan.com/vb/member2.php?s=&action=addlist&userlist=buddy&userid=215" "Mozilla/5.0 (compatible; MJ12bot/v1.2.1; http://www.majestic12.co.uk/bot.php?+)"
91.64.50.83 - - [13/Jan/2008:13:04:05 -0800] "www.modestolan.com: GET /vb/member2.php?s=&action=addlist&userlist=buddy&userid=216 HTTP/1.1" 301 429 "-" "Mozilla/5.0 (compatible; MJ12bot/v1.2.1; http://www.majestic12.co.uk/bot.php?+)"
91.64.50.83 - - [13/Jan/2008:13:04:07 -0800] "www.modestolan.com: GET /vb/member.php?s=&action=addlist&userlist=buddy&userid=216 HTTP/1.1" 200 21162 "http://www.modestolan.com/vb/member2.php?s=&action=addlist&userlist=buddy&userid=216" "Mozilla/5.0 (compatible; MJ12bot/v1.2.1; http://www.majestic12.co.uk/bot.php?+)"
91.64.50.83 - - [13/Jan/2008:13:04:11 -0800] "www.modestolan.com: GET /vb/member2.php?s=&action=addlist&userlist=buddy&userid=217 HTTP/1.1" 301 429 "-" "Mozilla/5.0 (compatible; MJ12bot/v1.2.1; http://www.majestic12.co.uk/bot.php?+)"
91.64.50.83 - - [13/Jan/2008:13:04:15 -0800] "www.modestolan.com: GET /vb/member.php?s=&action=addlist&userlist=buddy&userid=217 HTTP/1.1" 200 21162 "http://www.modestolan.com/vb/member2.php?s=&action=addlist&userlist=buddy&userid=217" "Mozilla/5.0 (compatible; MJ12bot/v1.2.1; http://www.majestic12.co.uk/bot.php?+)"
91.64.50.83 - - [13/Jan/2008:13:04:18 -0800] "www.modestolan.com: GET /vb/member2.php?s=&action=addlist&userlist=buddy&userid=22 HTTP/1.1" 301 428 "-" "Mozilla/5.0 (compatible; MJ12bot/v1.2.1; http://www.majestic12.co.uk/bot.php?+)"
91.64.50.83 - - [13/Jan/2008:13:04:22 -0800] "www.modestolan.com: GET /vb/member.php?s=&action=addlist&userlist=buddy&userid=22 HTTP/1.1" 200 24281 "http://www.modestolan.com/vb/member2.php?s=&action=addlist&userlist=buddy&userid=22" "Mozilla/5.0 (compatible; MJ12bot/v1.2.1; http://www.majestic12.co.uk/bot.php?+)"
91.64.50.83 - - [13/Jan/2008:13:04:25 -0800] "www.modestolan.com: GET /vb/member2.php?s=&action=addlist&userlist=buddy&userid=222 HTTP/1.1" 301 429 "-" "Mozilla/5.0 (compatible; MJ12bot/v1.2.1; http://www.majestic12.co.uk/bot.php?+)"
66.249.70.51 - - [13/Jan/2008:13:04:26 -0800] "www.modestolan.com: GET /vb/calendar.php?do=add&c=2&day=2011-7-18 HTTP/1.1" 200 6383 "-" "Mozilla/5.0 (compatible; Googlebot/2.1; +http://www.google.com/bot.html)"
91.64.50.83 - - [13/Jan/2008:13:04:28 -0800] "www.modestolan.com: GET /vb/member.php?s=&action=addlist&userlist=buddy&userid=222 HTTP/1.1" 200 21162 "http://www.modestolan.com/vb/member2.php?s=&action=addlist&userlist=buddy&userid=222" "Mozilla/5.0 (compatible; MJ12bot/v1.2.1; http://www.majestic12.co.uk/bot.php?+)"
91.64.50.83 - - [13/Jan/2008:13:04:33 -0800] "www.modestolan.com: GET /vb/member2.php?s=&action=addlist&userlist=buddy&userid=223 HTTP/1.1" 301 429 "-" "Mozilla/5.0 (compatible; MJ12bot/v1.2.1; http://www.majestic12.co.uk/bot.php?+)"
91.64.50.83 - - [13/Jan/2008:13:04:37 -0800] "www.modestolan.com: GET /vb/member.php?s=&action=addlist&userlist=buddy&userid=223 HTTP/1.1" 200 21162 "http://www.modestolan.com/vb/member2.php?s=&action=addlist&userlist=buddy&userid=223" "Mozilla/5.0 (compatible; MJ12bot/v1.2.1; http://www.majestic12.co.uk/bot.php?+)"
91.64.50.83 - - [13/Jan/2008:13:04:42 -0800] "www.modestolan.com: GET /vb/member2.php?s=&action=addlist&userlist=buddy&userid=224 HTTP/1.1" 301 429 "-" "Mozilla/5.0 (compatible; MJ12bot/v1.2.1; http://www.majestic12.co.uk/bot.php?+)"
91.64.50.83 - - [13/Jan/2008:13:04:45 -0800] "www.modestolan.com: GET /vb/member.php?s=&action=addlist&userlist=buddy&userid=224 HTTP/1.1" 200 21162 "http://www.modestolan.com/vb/member2.php?s=&action=addlist&userlist=buddy&userid=224" "Mozilla/5.0 (compatible; MJ12bot/v1.2.1; http://www.majestic12.co.uk/bot.php?+)"
91.64.50.83 - - [13/Jan/2008:13:04:48 -0800] "www.modestolan.com: GET /vb/member2.php?s=&action=addlist&userlist=buddy&userid=226 HTTP/1.1" 301 429 "-" "Mozilla/5.0 (compatible; MJ12bot/v1.2.1; http://www.majestic12.co.uk/bot.php?+)"
91.64.50.83 - - [13/Jan/2008:13:04:54 -0800] "www.modestolan.com: GET /vb/member.php?s=&action=addlist&userlist=buddy&userid=226 HTTP/1.1" 200 21162 "http://www.modestolan.com/vb/member2.php?s=&action=addlist&userlist=buddy&userid=226" "Mozilla/5.0 (compatible; MJ12bot/v1.2.1; http://www.majestic12.co.uk/bot.php?+)"
91.64.50.83 - - [13/Jan/2008:13:04:58 -0800] "www.modestolan.com: GET /vb/member2.php?s=&action=addlist&userlist=buddy&userid=227 HTTP/1.1" 301 429 "-" "Mozilla/5.0 (compatible; MJ12bot/v1.2.1; http://www.majestic12.co.uk/bot.php?+)"
77.91.224.23 - - [13/Jan/2008:13:04:59 -0800] "www.modestolan.com: GET /robots.txt HTTP/1.1" 404 334 "-" "WebAlta Crawler/2.0 (http://www.webalta.net/ru/about_webmaster.html) (Windows; U; Windows NT 5.1; ru-RU)"
77.91.224.23 - - [13/Jan/2008:13:05:00 -0800] "www.modestolan.com: GET /register.php HTTP/1.1" 200 23788 "-" "WebAlta Crawler/2.0 (http://www.webalta.net/ru/about_webmaster.html) (Windows; U; Windows NT 5.1; ru-RU)"
74.6.24.112 - - [13/Jan/2008:13:05:00 -0800] "www.modestolan.com: GET /~nine/Nine_Inch_Nails-Live_In_Fresno_CA_03-23-2005-YKK/?N=D HTTP/1.0" 200 18600 "-" "Mozilla/5.0 (compatible; Yahoo! Slurp; http://help.yahoo.com/help/us/ysearch/slurp)"
91.64.50.83 - - [13/Jan/2008:13:05:03 -0800] "www.modestolan.com: GET /vb/member.php?s=&action=addlist&userlist=buddy&userid=227 HTTP/1.1" 200 21159 "http://www.modestolan.com/vb/member2.php?s=&action=addlist&userlist=buddy&userid=227" "Mozilla/5.0 (compatible; MJ12bot/v1.2.1; http://www.majestic12.co.uk/bot.php?+)"
91.64.50.83 - - [13/Jan/2008:13:05:06 -0800] "www.modestolan.com: GET /vb/member2.php?s=&action=addlist&userlist=buddy&userid=228 HTTP/1.1" 301 429 "-" "Mozilla/5.0 (compatible; MJ12bot/v1.2.1; http://www.majestic12.co.uk/bot.php?+)"
66.249.70.51 - - [13/Jan/2008:13:05:07 -0800] "www.modestolan.com: GET /vb/calendar.php?do=add&c=2&day=2011-7-4 HTTP/1.1" 200 6381 "-" "Mozilla/5.0 (compatible; Googlebot/2.1; +http://www.google.com/bot.html)"
91.64.50.83 - - [13/Jan/2008:13:05:09 -0800] "www.modestolan.com: GET /vb/member.php?s=&action=addlist&userlist=buddy&userid=228 HTTP/1.1" 200 21162 "http://www.modestolan.com/vb/member2.php?s=&action=addlist&userlist=buddy&userid=228" "Mozilla/5.0 (compatible; MJ12bot/v1.2.1; http://www.majestic12.co.uk/bot.php?+)"
91.64.50.83 - - [13/Jan/2008:13:05:12 -0800] "www.modestolan.com: GET /vb/member2.php?s=&action=addlist&userlist=buddy&userid=230 HTTP/1.1" 301 429 "-" "Mozilla/5.0 (compatible; MJ12bot/v1.2.1; http://www.majestic12.co.uk/bot.php?+)"
91.64.50.83 - - [13/Jan/2008:13:05:15 -0800] "www.modestolan.com: GET /vb/member.php?s=&action=addlist&userlist=buddy&userid=230 HTTP/1.1" 200 21162 "http://www.modestolan.com/vb/member2.php?s=&action=addlist&userlist=buddy&userid=230" "Mozilla/5.0 (compatible; MJ12bot/v1.2.1; http://www.majestic12.co.uk/bot.php?+)"
91.64.50.83 - - [13/Jan/2008:13:05:24 -0800] "www.modestolan.com: GET /vb/member2.php?s=&action=addlist&userlist=buddy&userid=231 HTTP/1.1" 301 429 "-" "Mozilla/5.0 (compatible; MJ12bot/v1.2.1; http://www.majestic12.co.uk/bot.php?+)"
91.64.50.83 - - [13/Jan/2008:13:05:27 -0800] "www.modestolan.com: GET /vb/member.php?s=&action=addlist&userlist=buddy&userid=231 HTTP/1.1" 200 21162 "http://www.modestolan.com/vb/member2.php?s=&action=addlist&userlist=buddy&userid=231" "Mozilla/5.0 (compatible; MJ12bot/v1.2.1; http://www.majestic12.co.uk/bot.php?+)"
91.64.50.83 - - [13/Jan/2008:13:05:32 -0800] "www.modestolan.com: GET /vb/member2.php?s=&action=addlist&userlist=buddy&userid=233 HTTP/1.1" 301 429 "-" "Mozilla/5.0 (compatible; MJ12bot/v1.2.1; http://www.majestic12.co.uk/bot.php?+)"
91.64.50.83 - - [13/Jan/2008:13:05:33 -0800] "www.modestolan.com: GET /vb/member.php?s=&action=addlist&userlist=buddy&userid=233 HTTP/1.1" 200 21162 "http://www.modestolan.com/vb/member2.php?s=&action=addlist&userlist=buddy&userid=233" "Mozilla/5.0 (compatible; MJ12bot/v1.2.1; http://www.majestic12.co.uk/bot.php?+)"
91.64.50.83 - - [13/Jan/2008:13:05:37 -0800] "www.modestolan.com: GET /vb/member2.php?s=&action=addlist&userlist=buddy&userid=234 HTTP/1.1" 301 429 "-" "Mozilla/5.0 (compatible; MJ12bot/v1.2.1; http://www.majestic12.co.uk/bot.php?+)"
91.64.50.83 - - [13/Jan/2008:13:05:41 -0800] "www.modestolan.com: GET /vb/member.php?s=&action=addlist&userlist=buddy&userid=234 HTTP/1.1" 200 24525 "http://www.modestolan.com/vb/member2.php?s=&action=addlist&userlist=buddy&userid=234" "Mozilla/5.0 (compatible; MJ12bot/v1.2.1; http://www.majestic12.co.uk/bot.php?+)"
91.64.50.83 - - [13/Jan/2008:13:05:44 -0800] "www.modestolan.com: GET /vb/member2.php?s=&action=addlist&userlist=buddy&userid=235 HTTP/1.1" 301 429 "-" "Mozilla/5.0 (compatible; MJ12bot/v1.2.1; http://www.majestic12.co.uk/bot.php?+)"
60.216.122.33 - - [13/Jan/2008:13:05:45 -0800] "www.modestolan.com: GET / HTTP/1.1" 200 24084 "http://www.modestolan.com/" "Mozilla/4.0 (compatible; MSIE 6.0; Windows NT 5.1; SV1; Maxthon; .NET CLR 1.1.4322; InfoPath.1; .NET CLR 2.0.50727)"
66.249.70.51 - - [13/Jan/2008:13:05:48 -0800] "www.modestolan.com: GET /vb/calendar.php?c=2&week=1310256000 HTTP/1.1" 200 7144 "-" "Mozilla/5.0 (compatible; Googlebot/2.1; +http://www.google.com/bot.html)"
91.64.50.83 - - [13/Jan/2008:13:05:49 -0800] "www.modestolan.com: GET /vb/member.php?s=&action=addlist&userlist=buddy&userid=235 HTTP/1.1" 200 21162 "http://www.modestolan.com/vb/member2.php?s=&action=addlist&userlist=buddy&userid=235" "Mozilla/5.0 (compatible; MJ12bot/v1.2.1; http://www.majestic12.co.uk/bot.php?+)"
91.64.50.83 - - [13/Jan/2008:13:05:52 -0800] "www.modestolan.com: GET /vb/member2.php?s=&action=addlist&userlist=buddy&userid=237 HTTP/1.1" 301 429 "-" "Mozilla/5.0 (compatible; MJ12bot/v1.2.1; http://www.majestic12.co.uk/bot.php?+)"
91.64.50.83 - - [13/Jan/2008:13:05:55 -0800] "www.modestolan.com: GET /vb/member.php?s=&action=addlist&userlist=buddy&userid=237 HTTP/1.1" 200 21162 "http://www.modestolan.com/vb/member2.php?s=&action=addlist&userlist=buddy&userid=237" "Mozilla/5.0 (compatible; MJ12bot/v1.2.1; http://www.majestic12.co.uk/bot.php?+)"
77.91.224.23 - - [13/Jan/2008:13:05:55 -0800] "www.modestolan.com: GET /index.php?timestamp=1194952723 HTTP/1.1" 200 24084 "-" "WebAlta Crawler/2.0 (http://www.webalta.net/ru/about_webmaster.html) (Windows; U; Windows NT 5.1; ru-RU)"
91.64.50.83 - - [13/Jan/2008:13:05:58 -0800] "www.modestolan.com: GET /vb/member2.php?s=&action=addlist&userlist=buddy&userid=238 HTTP/1.1" 301 429 "-" "Mozilla/5.0 (compatible; MJ12bot/v1.2.1; http://www.majestic12.co.uk/bot.php?+)"
91.64.50.83 - - [13/Jan/2008:13:06:00 -0800] "www.modestolan.com: GET /vb/member.php?s=&action=addlist&userlist=buddy&userid=238 HTTP/1.1" 200 24352 "http://www.modestolan.com/vb/member2.php?s=&action=addlist&userlist=buddy&userid=238" "Mozilla/5.0 (compatible; MJ12bot/v1.2.1; http://www.majestic12.co.uk/bot.php?+)"
91.64.50.83 - - [13/Jan/2008:13:06:02 -0800] "www.modestolan.com: GET /vb/member2.php?s=&action=addlist&userlist=buddy&userid=240 HTTP/1.1" 301 429 "-" "Mozilla/5.0 (compatible; MJ12bot/v1.2.1; http://www.majestic12.co.uk/bot.php?+)"
91.64.50.83 - - [13/Jan/2008:13:06:05 -0800] "www.modestolan.com: GET /vb/member.php?s=&action=addlist&userlist=buddy&userid=240 HTTP/1.1" 200 21162 "http://www.modestolan.com/vb/member2.php?s=&action=addlist&userlist=buddy&userid=240" "Mozilla/5.0 (compatible; MJ12bot/v1.2.1; http://www.majestic12.co.uk/bot.php?+)"
91.64.50.83 - - [13/Jan/2008:13:06:08 -0800] "www.modestolan.com: GET /vb/member2.php?s=&action=addlist&userlist=buddy&userid=241 HTTP/1.1" 301 429 "-" "Mozilla/5.0 (compatible; MJ12bot/v1.2.1; http://www.majestic12.co.uk/bot.php?+)"
91.64.50.83 - - [13/Jan/2008:13:06:10 -0800] "www.modestolan.com: GET /vb/member.php?s=&action=addlist&userlist=buddy&userid=241 HTTP/1.1" 200 21162 "http://www.modestolan.com/vb/member2.php?s=&action=addlist&userlist=buddy&userid=241" "Mozilla/5.0 (compatible; MJ12bot/v1.2.1; http://www.majestic12.co.uk/bot.php?+)"
91.64.50.83 - - [13/Jan/2008:13:06:14 -0800] "www.modestolan.com: GET /vb/member2.php?s=&action=addlist&userlist=buddy&userid=243 HTTP/1.1" 301 429 "-" "Mozilla/5.0 (compatible; MJ12bot/v1.2.1; http://www.majestic12.co.uk/bot.php?+)"
91.64.50.83 - - [13/Jan/2008:13:06:20 -0800] "www.modestolan.com: GET /vb/member.php?s=&action=addlist&userlist=buddy&userid=243 HTTP/1.1" 200 21162 "http://www.modestolan.com/vb/member2.php?s=&action=addlist&userlist=buddy&userid=243" "Mozilla/5.0 (compatible; MJ12bot/v1.2.1; http://www.majestic12.co.uk/bot.php?+)"
91.64.50.83 - - [13/Jan/2008:13:06:23 -0800] "www.modestolan.com: GET /vb/member2.php?s=&action=addlist&userlist=buddy&userid=245 HTTP/1.1" 301 429 "-" "Mozilla/5.0 (compatible; MJ12bot/v1.2.1; http://www.majestic12.co.uk/bot.php?+)"
91.64.50.83 - - [13/Jan/2008:13:06:25 -0800] "www.modestolan.com: GET /vb/member.php?s=&action=addlist&userlist=buddy&userid=245 HTTP/1.1" 200 21162 "http://www.modestolan.com/vb/member2.php?s=&action=addlist&userlist=buddy&userid=245" "Mozilla/5.0 (compatible; MJ12bot/v1.2.1; http://www.majestic12.co.uk/bot.php?+)"
66.249.70.51 - - [13/Jan/2008:13:06:29 -0800] "www.modestolan.com: GET /vb/calendar.php?c=2&week=1312675200 HTTP/1.1" 200 7086 "-" "Mozilla/5.0 (compatible; Googlebot/2.1; +http://www.google.com/bot.html)"
91.64.50.83 - - [13/Jan/2008:13:06:30 -0800] "www.modestolan.com: GET /vb/member2.php?s=&action=addlist&userlist=buddy&userid=247 HTTP/1.1" 301 429 "-" "Mozilla/5.0 (compatible; MJ12bot/v1.2.1; http://www.majestic12.co.uk/bot.php?+)"
91.64.50.83 - - [13/Jan/2008:13:06:33 -0800] "www.modestolan.com: GET /vb/member.php?s=&action=addlist&userlist=buddy&userid=247 HTTP/1.1" 200 21162 "http://www.modestolan.com/vb/member2.php?s=&action=addlist&userlist=buddy&userid=247" "Mozilla/5.0 (compatible; MJ12bot/v1.2.1; http://www.majestic12.co.uk/bot.php?+)"
91.64.50.83 - - [13/Jan/2008:13:06:37 -0800] "www.modestolan.com: GET /vb/member2.php?s=&action=addlist&userlist=buddy&userid=248 HTTP/1.1" 301 429 "-" "Mozilla/5.0 (compatible; MJ12bot/v1.2.1; http://www.majestic12.co.uk/bot.php?+)"
91.64.50.83 - - [13/Jan/2008:13:06:39 -0800] "www.modestolan.com: GET /vb/member.php?s=&action=addlist&userlist=buddy&userid=248 HTTP/1.1" 200 21162 "http://www.modestolan.com/vb/member2.php?s=&action=addlist&userlist=buddy&userid=248" "Mozilla/5.0 (compatible; MJ12bot/v1.2.1; http://www.majestic12.co.uk/bot.php?+)"
91.64.50.83 - - [13/Jan/2008:13:06:42 -0800] "www.modestolan.com: GET /vb/member2.php?s=&action=addlist&userlist=buddy&userid=249 HTTP/1.1" 301 429 "-" "Mozilla/5.0 (compatible; MJ12bot/v1.2.1; http://www.majestic12.co.uk/bot.php?+)"
91.64.50.83 - - [13/Jan/2008:13:06:45 -0800] "www.modestolan.com: GET /vb/member.php?s=&action=addlist&userlist=buddy&userid=249 HTTP/1.1" 200 21162 "http://www.modestolan.com/vb/member2.php?s=&action=addlist&userlist=buddy&userid=249" "Mozilla/5.0 (compatible; MJ12bot/v1.2.1; http://www.majestic12.co.uk/bot.php?+)"
91.64.50.83 - - [13/Jan/2008:13:06:49 -0800] "www.modestolan.com: GET /vb/member2.php?s=&action=addlist&userlist=buddy&userid=25 HTTP/1.1" 301 428 "-" "Mozilla/5.0 (compatible; MJ12bot/v1.2.1; http://www.majestic12.co.uk/bot.php?+)"
77.91.224.23 - - [13/Jan/2008:13:06:50 -0800] "www.modestolan.com: GET /index.php?timestamp=1184437279 HTTP/1.1" 200 24084 "-" "WebAlta Crawler/2.0 (http://www.webalta.net/ru/about_webmaster.html) (Windows; U; Windows NT 5.1; ru-RU)"
91.64.50.83 - - [13/Jan/2008:13:06:52 -0800] "www.modestolan.com: GET /vb/member.php?s=&action=addlist&userlist=buddy&userid=25 HTTP/1.1" 200 23930 "http://www.modestolan.com/vb/member2.php?s=&action=addlist&userlist=buddy&userid=25" "Mozilla/5.0 (compatible; MJ12bot/v1.2.1; http://www.majestic12.co.uk/bot.php?+)"
91.64.50.83 - - [13/Jan/2008:13:06:55 -0800] "www.modestolan.com: GET /vb/member2.php?s=&action=addlist&userlist=buddy&userid=251 HTTP/1.1" 301 429 "-" "Mozilla/5.0 (compatible; MJ12bot/v1.2.1; http://www.majestic12.co.uk/bot.php?+)"
91.64.50.83 - - [13/Jan/2008:13:06:57 -0800] "www.modestolan.com: GET /vb/member.php?s=&action=addlist&userlist=buddy&userid=251 HTTP/1.1" 200 21162 "http://www.modestolan.com/vb/member2.php?s=&action=addlist&userlist=buddy&userid=251" "Mozilla/5.0 (compatible; MJ12bot/v1.2.1; http://www.majestic12.co.uk/bot.php?+)"
91.64.50.83 - - [13/Jan/2008:13:07:00 -0800] "www.modestolan.com: GET /vb/member2.php?s=&action=addlist&userlist=buddy&userid=252 HTTP/1.1" 301 429 "-" "Mozilla/5.0 (compatible; MJ12bot/v1.2.1; http://www.majestic12.co.uk/bot.php?+)"
91.64.50.83 - - [13/Jan/2008:13:07:05 -0800] "www.modestolan.com: GET /vb/member.php?s=&action=addlist&userlist=buddy&userid=252 HTTP/1.1" 200 21162 "http://www.modestolan.com/vb/member2.php?s=&action=addlist&userlist=buddy&userid=252" "Mozilla/5.0 (compatible; MJ12bot/v1.2.1; http://www.majestic12.co.uk/bot.php?+)"
91.64.50.83 - - [13/Jan/2008:13:07:10 -0800] "www.modestolan.com: GET /vb/member2.php?s=&action=addlist&userlist=buddy&userid=255 HTTP/1.1" 301 429 "-" "Mozilla/5.0 (compatible; MJ12bot/v1.2.1; http://www.majestic12.co.uk/bot.php?+)"
66.249.70.51 - - [13/Jan/2008:13:07:10 -0800] "www.modestolan.com: GET /vb/calendar.php?c=2&week=1311465600 HTTP/1.1" 200 7147 "-" "Mozilla/5.0 (compatible; Googlebot/2.1; +http://www.google.com/bot.html)"
91.64.50.83 - - [13/Jan/2008:13:07:12 -0800] "www.modestolan.com: GET /vb/member.php?s=&action=addlist&userlist=buddy&userid=255 HTTP/1.1" 200 24179 "http://www.modestolan.com/vb/member2.php?s=&action=addlist&userlist=buddy&userid=255" "Mozilla/5.0 (compatible; MJ12bot/v1.2.1; http://www.majestic12.co.uk/bot.php?+)"
91.64.50.83 - - [13/Jan/2008:13:07:14 -0800] "www.modestolan.com: GET /vb/member2.php?s=&action=addlist&userlist=buddy&userid=257 HTTP/1.1" 301 429 "-" "Mozilla/5.0 (compatible; MJ12bot/v1.2.1; http://www.majestic12.co.uk/bot.php?+)"
91.64.50.83 - - [13/Jan/2008:13:07:17 -0800] "www.modestolan.com: GET /vb/member.php?s=&action=addlist&userlist=buddy&userid=257 HTTP/1.1" 200 21162 "http://www.modestolan.com/vb/member2.php?s=&action=addlist&userlist=buddy&userid=257" "Mozilla/5.0 (compatible; MJ12bot/v1.2.1; http://www.majestic12.co.uk/bot.php?+)"
91.64.50.83 - - [13/Jan/2008:13:07:21 -0800] "www.modestolan.com: GET /vb/member2.php?s=&action=addlist&userlist=buddy&userid=259 HTTP/1.1" 301 429 "-" "Mozilla/5.0 (compatible; MJ12bot/v1.2.1; http://www.majestic12.co.uk/bot.php?+)"
91.64.50.83 - - [13/Jan/2008:13:07:24 -0800] "www.modestolan.com: GET /vb/member.php?s=&action=addlist&userlist=buddy&userid=259 HTTP/1.1" 200 21162 "http://www.modestolan.com/vb/member2.php?s=&action=addlist&userlist=buddy&userid=259" "Mozilla/5.0 (compatible; MJ12bot/v1.2.1; http://www.majestic12.co.uk/bot.php?+)"
91.64.50.83 - - [13/Jan/2008:13:07:28 -0800] "www.modestolan.com: GET /vb/member2.php?s=&action=addlist&userlist=buddy&userid=260 HTTP/1.1" 301 429 "-" "Mozilla/5.0 (compatible; MJ12bot/v1.2.1; http://www.majestic12.co.uk/bot.php?+)"
91.64.50.83 - - [13/Jan/2008:13:07:31 -0800] "www.modestolan.com: GET /vb/member.php?s=&action=addlist&userlist=buddy&userid=260 HTTP/1.1" 200 21159 "http://www.modestolan.com/vb/member2.php?s=&action=addlist&userlist=buddy&userid=260" "Mozilla/5.0 (compatible; MJ12bot/v1.2.1; http://www.majestic12.co.uk/bot.php?+)"
91.64.50.83 - - [13/Jan/2008:13:07:34 -0800] "www.modestolan.com: GET /vb/member2.php?s=&action=addlist&userlist=buddy&userid=261 HTTP/1.1" 301 429 "-" "Mozilla/5.0 (compatible; MJ12bot/v1.2.1; http://www.majestic12.co.uk/bot.php?+)"
91.64.50.83 - - [13/Jan/2008:13:07:37 -0800] "www.modestolan.com: GET /vb/member.php?s=&action=addlist&userlist=buddy&userid=261 HTTP/1.1" 200 21162 "http://www.modestolan.com/vb/member2.php?s=&action=addlist&userlist=buddy&userid=261" "Mozilla/5.0 (compatible; MJ12bot/v1.2.1; http://www.majestic12.co.uk/bot.php?+)"
91.64.50.83 - - [13/Jan/2008:13:07:41 -0800] "www.modestolan.com: GET /vb/member2.php?s=&action=addlist&userlist=buddy&userid=264 HTTP/1.1" 301 429 "-" "Mozilla/5.0 (compatible; MJ12bot/v1.2.1; http://www.majestic12.co.uk/bot.php?+)"
91.64.50.83 - - [13/Jan/2008:13:07:43 -0800] "www.modestolan.com: GET /vb/member.php?s=&action=addlist&userlist=buddy&userid=264 HTTP/1.1" 200 21162 "http://www.modestolan.com/vb/member2.php?s=&action=addlist&userlist=buddy&userid=264" "Mozilla/5.0 (compatible; MJ12bot/v1.2.1; http://www.majestic12.co.uk/bot.php?+)"
77.91.224.23 - - [13/Jan/2008:13:07:45 -0800] "www.modestolan.com: GET /index.php?timestamp=1178837259 HTTP/1.1" 200 24084 "-" "WebAlta Crawler/2.0 (http://www.webalta.net/ru/about_webmaster.html) (Windows; U; Windows NT 5.1; ru-RU)"
91.64.50.83 - - [13/Jan/2008:13:07:47 -0800] "www.modestolan.com: GET /vb/member2.php?s=&action=addlist&userlist=buddy&userid=265 HTTP/1.1" 301 429 "-" "Mozilla/5.0 (compatible; MJ12bot/v1.2.1; http://www.majestic12.co.uk/bot.php?+)"
91.64.50.83 - - [13/Jan/2008:13:07:51 -0800] "www.modestolan.com: GET /vb/member.php?s=&action=addlist&userlist=buddy&userid=265 HTTP/1.1" 200 21162 "http://www.modestolan.com/vb/member2.php?s=&action=addlist&userlist=buddy&userid=265" "Mozilla/5.0 (compatible; MJ12bot/v1.2.1; http://www.majestic12.co.uk/bot.php?+)"
66.249.70.51 - - [13/Jan/2008:13:07:52 -0800] "www.modestolan.com: GET /vb/calendar.php?c=2&week=1310860800 HTTP/1.1" 200 7151 "-" "Mozilla/5.0 (compatible; Googlebot/2.1; +http://www.google.com/bot.html)"
91.64.50.83 - - [13/Jan/2008:13:07:56 -0800] "www.modestolan.com: GET /vb/member2.php?s=&action=addlist&userlist=buddy&userid=266 HTTP/1.1" 301 429 "-" "Mozilla/5.0 (compatible; MJ12bot/v1.2.1; http://www.majestic12.co.uk/bot.php?+)"
91.64.50.83 - - [13/Jan/2008:13:07:59 -0800] "www.modestolan.com: GET /vb/member.php?s=&action=addlist&userlist=buddy&userid=266 HTTP/1.1" 200 21162 "http://www.modestolan.com/vb/member2.php?s=&action=addlist&userlist=buddy&userid=266" "Mozilla/5.0 (compatible; MJ12bot/v1.2.1; http://www.majestic12.co.uk/bot.php?+)"
91.64.50.83 - - [13/Jan/2008:13:08:02 -0800] "www.modestolan.com: GET /vb/member2.php?s=&action=addlist&userlist=buddy&userid=267 HTTP/1.1" 301 429 "-" "Mozilla/5.0 (compatible; MJ12bot/v1.2.1; http://www.majestic12.co.uk/bot.php?+)"
91.64.50.83 - - [13/Jan/2008:13:08:07 -0800] "www.modestolan.com: GET /vb/member.php?s=&action=addlist&userlist=buddy&userid=267 HTTP/1.1" 200 21162 "http://www.modestolan.com/vb/member2.php?s=&action=addlist&userlist=buddy&userid=267" "Mozilla/5.0 (compatible; MJ12bot/v1.2.1; http://www.majestic12.co.uk/bot.php?+)"
91.64.50.83 - - [13/Jan/2008:13:08:11 -0800] "www.modestolan.com: GET /vb/member2.php?s=&action=addlist&userlist=buddy&userid=268 HTTP/1.1" 301 429 "-" "Mozilla/5.0 (compatible; MJ12bot/v1.2.1; http://www.majestic12.co.uk/bot.php?+)"
91.64.50.83 - - [13/Jan/2008:13:08:14 -0800] "www.modestolan.com: GET /vb/member.php?s=&action=addlist&userlist=buddy&userid=268 HTTP/1.1" 200 21162 "http://www.modestolan.com/vb/member2.php?s=&action=addlist&userlist=buddy&userid=268" "Mozilla/5.0 (compatible; MJ12bot/v1.2.1; http://www.majestic12.co.uk/bot.php?+)"
91.64.50.83 - - [13/Jan/2008:13:08:17 -0800] "www.modestolan.com: GET /vb/member2.php?s=&action=addlist&userlist=buddy&userid=270 HTTP/1.1" 301 429 "-" "Mozilla/5.0 (compatible; MJ12bot/v1.2.1; http://www.majestic12.co.uk/bot.php?+)"
91.64.50.83 - - [13/Jan/2008:13:08:20 -0800] "www.modestolan.com: GET /vb/member.php?s=&action=addlist&userlist=buddy&userid=270 HTTP/1.1" 200 21162 "http://www.modestolan.com/vb/member2.php?s=&action=addlist&userlist=buddy&userid=270" "Mozilla/5.0 (compatible; MJ12bot/v1.2.1; http://www.majestic12.co.uk/bot.php?+)"
91.64.50.83 - - [13/Jan/2008:13:08:26 -0800] "www.modestolan.com: GET /vb/member2.php?s=&action=addlist&userlist=buddy&userid=271 HTTP/1.1" 301 429 "-" "Mozilla/5.0 (compatible; MJ12bot/v1.2.1; http://www.majestic12.co.uk/bot.php?+)"
91.64.50.83 - - [13/Jan/2008:13:08:29 -0800] "www.modestolan.com: GET /vb/member.php?s=&action=addlist&userlist=buddy&userid=271 HTTP/1.1" 200 21162 "http://www.modestolan.com/vb/member2.php?s=&action=addlist&userlist=buddy&userid=271" "Mozilla/5.0 (compatible; MJ12bot/v1.2.1; http://www.majestic12.co.uk/bot.php?+)"
66.249.70.51 - - [13/Jan/2008:13:08:33 -0800] "www.modestolan.com: GET /vb/calendar.php?do=add&c=2&day=2011-7-6 HTTP/1.1" 200 6381 "-" "Mozilla/5.0 (compatible; Googlebot/2.1; +http://www.google.com/bot.html)"
91.64.50.83 - - [13/Jan/2008:13:08:33 -0800] "www.modestolan.com: GET /vb/member2.php?s=&action=addlist&userlist=buddy&userid=272 HTTP/1.1" 301 429 "-" "Mozilla/5.0 (compatible; MJ12bot/v1.2.1; http://www.majestic12.co.uk/bot.php?+)"
91.64.50.83 - - [13/Jan/2008:13:08:36 -0800] "www.modestolan.com: GET /vb/member.php?s=&action=addlist&userlist=buddy&userid=272 HTTP/1.1" 200 21162 "http://www.modestolan.com/vb/member2.php?s=&action=addlist&userlist=buddy&userid=272" "Mozilla/5.0 (compatible; MJ12bot/v1.2.1; http://www.majestic12.co.uk/bot.php?+)"
91.64.50.83 - - [13/Jan/2008:13:08:41 -0800] "www.modestolan.com: GET /vb/member2.php?s=&action=addlist&userlist=buddy&userid=275 HTTP/1.1" 301 429 "-" "Mozilla/5.0 (compatible; MJ12bot/v1.2.1; http://www.majestic12.co.uk/bot.php?+)"
