91.64.50.83 - - [13/Jan/2008:13:24:48 -0800] "www.modestolan.com: GET /vb/member.php?s=&action=addlist&userlist=ignore&userid=102 HTTP/1.1" 200 21163 "http://www.modestolan.com/vb/member2.php?s=&action=addlist&userlist=ignore&userid=102" "Mozilla/5.0 (compatible; MJ12bot/v1.2.1; http://www.majestic12.co.uk/bot.php?+)"
67.181.66.235 - - [13/Jan/2008:13:24:49 -0800] "www.modestolan.com: GET /favicon.ico HTTP/1.1" 404 335 "http://modestolan.com/" "Opera/9.20 (Windows NT 5.1; U; en)"
91.64.50.83 - - [13/Jan/2008:13:24:53 -0800] "www.modestolan.com: GET /vb/member2.php?s=&action=addlist&userlist=ignore&userid=1020 HTTP/1.1" 301 431 "-" "Mozilla/5.0 (compatible; MJ12bot/v1.2.1; http://www.majestic12.co.uk/bot.php?+)"
91.64.50.83 - - [13/Jan/2008:13:24:56 -0800] "www.modestolan.com: GET /vb/member.php?s=&action=addlist&userlist=ignore&userid=1020 HTTP/1.1" 200 23783 "http://www.modestolan.com/vb/member2.php?s=&action=addlist&userlist=ignore&userid=1020" "Mozilla/5.0 (compatible; MJ12bot/v1.2.1; http://www.majestic12.co.uk/bot.php?+)"
91.64.50.83 - - [13/Jan/2008:13:25:01 -0800] "www.modestolan.com: GET /vb/member2.php?s=&action=addlist&userlist=ignore&userid=1021 HTTP/1.1" 301 431 "-" "Mozilla/5.0 (compatible; MJ12bot/v1.2.1; http://www.majestic12.co.uk/bot.php?+)"
66.249.70.51 - - [13/Jan/2008:13:25:02 -0800] "www.modestolan.com: GET /vb/calendar.php?c=2&week=1314489600&do=displayweek&month=9 HTTP/1.1" 200 7413 "-" "Mozilla/5.0 (compatible; Googlebot/2.1; +http://www.google.com/bot.html)"
91.64.50.83 - - [13/Jan/2008:13:25:05 -0800] "www.modestolan.com: GET /vb/member.php?s=&action=addlist&userlist=ignore&userid=1021 HTTP/1.1" 200 21161 "http://www.modestolan.com/vb/member2.php?s=&action=addlist&userlist=ignore&userid=1021" "Mozilla/5.0 (compatible; MJ12bot/v1.2.1; http://www.majestic12.co.uk/bot.php?+)"
91.64.50.83 - - [13/Jan/2008:13:25:08 -0800] "www.modestolan.com: GET /vb/member2.php?s=&action=addlist&userlist=ignore&userid=1024 HTTP/1.1" 301 431 "-" "Mozilla/5.0 (compatible; MJ12bot/v1.2.1; http://www.majestic12.co.uk/bot.php?+)"
91.64.50.83 - - [13/Jan/2008:13:25:10 -0800] "www.modestolan.com: GET /vb/member.php?s=&action=addlist&userlist=ignore&userid=1024 HTTP/1.1" 200 23778 "http://www.modestolan.com/vb/member2.php?s=&action=addlist&userlist=ignore&userid=1024" "Mozilla/5.0 (compatible; MJ12bot/v1.2.1; http://www.majestic12.co.uk/bot.php?+)"
91.64.50.83 - - [13/Jan/2008:13:25:17 -0800] "www.modestolan.com: GET /vb/member2.php?s=&action=addlist&userlist=ignore&userid=1025 HTTP/1.1" 301 431 "-" "Mozilla/5.0 (compatible; MJ12bot/v1.2.1; http://www.majestic12.co.uk/bot.php?+)"
91.64.50.83 - - [13/Jan/2008:13:25:20 -0800] "www.modestolan.com: GET /vb/member.php?s=&action=addlist&userlist=ignore&userid=1025 HTTP/1.1" 200 24649 "http://www.modestolan.com/vb/member2.php?s=&action=addlist&userlist=ignore&userid=1025" "Mozilla/5.0 (compatible; MJ12bot/v1.2.1; http://www.majestic12.co.uk/bot.php?+)"
74.6.24.117 - - [13/Jan/2008:13:25:20 -0800] "www.modestolan.com: GET /vb/showthread.php?t=1734 HTTP/1.0" 200 10224 "-" "Mozilla/5.0 (compatible; Yahoo! Slurp; http://help.yahoo.com/help/us/ysearch/slurp)"
91.64.50.83 - - [13/Jan/2008:13:25:23 -0800] "www.modestolan.com: GET /vb/member2.php?s=&action=addlist&userlist=ignore&userid=1026 HTTP/1.1" 301 431 "-" "Mozilla/5.0 (compatible; MJ12bot/v1.2.1; http://www.majestic12.co.uk/bot.php?+)"
91.64.50.83 - - [13/Jan/2008:13:25:27 -0800] "www.modestolan.com: GET /vb/member.php?s=&action=addlist&userlist=ignore&userid=1026 HTTP/1.1" 200 21164 "http://www.modestolan.com/vb/member2.php?s=&action=addlist&userlist=ignore&userid=1026" "Mozilla/5.0 (compatible; MJ12bot/v1.2.1; http://www.majestic12.co.uk/bot.php?+)"
91.64.50.83 - - [13/Jan/2008:13:25:29 -0800] "www.modestolan.com: GET /vb/member2.php?s=&action=addlist&userlist=ignore&userid=1029 HTTP/1.1" 301 431 "-" "Mozilla/5.0 (compatible; MJ12bot/v1.2.1; http://www.majestic12.co.uk/bot.php?+)"
65.55.165.75 - - [13/Jan/2008:13:25:31 -0800] "www.modestolan.com: GET /vb/member.php?s=&action=getinfo&userid=1082 HTTP/1.0" 200 25293 "http://search.live.com/results.aspx?q=biznatchio&mrt=en-us&FORM=LIVSOP" "Mozilla/4.0 (compatible; MSIE 7.0; Windows NT 5.2; .NET CLR 1.1.4322)"
65.55.165.75 - - [13/Jan/2008:13:25:31 -0800] "www.modestolan.com: GET /vb/clientscript/vbulletin_global.js?v=368 HTTP/1.0" 200 43897 "http://www.modestolan.com/vb/member.php?s=&action=getinfo&userid=1082" "Mozilla/4.0 (compatible; MSIE 7.0; Windows NT 5.2; .NET CLR 1.1.4322)"
65.55.165.75 - - [13/Jan/2008:13:25:31 -0800] "www.modestolan.com: GET /vb/clientscript/vbulletin_menu.js?v=368 HTTP/1.0" 200 17850 "http://www.modestolan.com/vb/member.php?s=&action=getinfo&userid=1082" "Mozilla/4.0 (compatible; MSIE 7.0; Windows NT 5.2; .NET CLR 1.1.4322)"
65.55.165.75 - - [13/Jan/2008:13:25:32 -0800] "www.modestolan.com: GET /tables.css HTTP/1.0" 200 2419 "http://www.modestolan.com/vb/member.php?s=&action=getinfo&userid=1082" "Mozilla/4.0 (compatible; MSIE 7.0; Windows NT 5.2; .NET CLR 1.1.4322)"
65.55.165.75 - - [13/Jan/2008:13:25:32 -0800] "www.modestolan.com: GET /php/menu.php HTTP/1.0" 200 21601 "http://www.modestolan.com/vb/member.php?s=&action=getinfo&userid=1082" "Mozilla/4.0 (compatible; MSIE 7.0; Windows NT 5.2; .NET CLR 1.1.4322)"
65.55.165.75 - - [13/Jan/2008:13:25:32 -0800] "www.modestolan.com: GET /vb/clientscript/vbulletin_md5.js?v=368 HTTP/1.0" 200 9661 "http://www.modestolan.com/vb/member.php?s=&action=getinfo&userid=1082" "Mozilla/4.0 (compatible; MSIE 7.0; Windows NT 5.2; .NET CLR 1.1.4322)"
91.64.50.83 - - [13/Jan/2008:13:25:34 -0800] "www.modestolan.com: GET /vb/member.php?s=&action=addlist&userlist=ignore&userid=1029 HTTP/1.1" 200 24352 "http://www.modestolan.com/vb/member2.php?s=&action=addlist&userlist=ignore&userid=1029" "Mozilla/5.0 (compatible; MJ12bot/v1.2.1; http://www.majestic12.co.uk/bot.php?+)"
80.202.229.201 - - [13/Jan/2008:13:25:35 -0800] "www.modestolan.com: GET /vb/avatar.php?userid=1025&dateline=1152525362 HTTP/1.1" 404 337 "-" "Opera/9.24 (Windows NT 6.0; U; nb)"
91.64.50.83 - - [13/Jan/2008:13:25:39 -0800] "www.modestolan.com: GET /vb/member2.php?s=&action=addlist&userlist=ignore&userid=1030 HTTP/1.1" 301 431 "-" "Mozilla/5.0 (compatible; MJ12bot/v1.2.1; http://www.majestic12.co.uk/bot.php?+)"
91.64.50.83 - - [13/Jan/2008:13:25:42 -0800] "www.modestolan.com: GET /vb/member.php?s=&action=addlist&userlist=ignore&userid=1030 HTTP/1.1" 200 24959 "http://www.modestolan.com/vb/member2.php?s=&action=addlist&userlist=ignore&userid=1030" "Mozilla/5.0 (compatible; MJ12bot/v1.2.1; http://www.majestic12.co.uk/bot.php?+)"
66.249.70.51 - - [13/Jan/2008:13:25:43 -0800] "www.modestolan.com: GET /vb/calendar.php?c=2&week=1313280000&do=displayweek&month=8 HTTP/1.1" 200 7104 "-" "Mozilla/5.0 (compatible; Googlebot/2.1; +http://www.google.com/bot.html)"
91.64.50.83 - - [13/Jan/2008:13:25:45 -0800] "www.modestolan.com: GET /vb/member2.php?s=&action=addlist&userlist=ignore&userid=1032 HTTP/1.1" 301 431 "-" "Mozilla/5.0 (compatible; MJ12bot/v1.2.1; http://www.majestic12.co.uk/bot.php?+)"
91.64.50.83 - - [13/Jan/2008:13:25:48 -0800] "www.modestolan.com: GET /vb/member.php?s=&action=addlist&userlist=ignore&userid=1032 HTTP/1.1" 200 24309 "http://www.modestolan.com/vb/member2.php?s=&action=addlist&userlist=ignore&userid=1032" "Mozilla/5.0 (compatible; MJ12bot/v1.2.1; http://www.majestic12.co.uk/bot.php?+)"
91.64.50.83 - - [13/Jan/2008:13:25:53 -0800] "www.modestolan.com: GET /vb/member2.php?s=&action=addlist&userlist=ignore&userid=1039 HTTP/1.1" 301 431 "-" "Mozilla/5.0 (compatible; MJ12bot/v1.2.1; http://www.majestic12.co.uk/bot.php?+)"
91.64.50.83 - - [13/Jan/2008:13:25:55 -0800] "www.modestolan.com: GET /vb/member.php?s=&action=addlist&userlist=ignore&userid=1039 HTTP/1.1" 200 21164 "http://www.modestolan.com/vb/member2.php?s=&action=addlist&userlist=ignore&userid=1039" "Mozilla/5.0 (compatible; MJ12bot/v1.2.1; http://www.majestic12.co.uk/bot.php?+)"
91.64.50.83 - - [13/Jan/2008:13:25:58 -0800] "www.modestolan.com: GET /vb/member2.php?s=&action=addlist&userlist=ignore&userid=104 HTTP/1.1" 301 430 "-" "Mozilla/5.0 (compatible; MJ12bot/v1.2.1; http://www.majestic12.co.uk/bot.php?+)"
91.64.50.83 - - [13/Jan/2008:13:26:02 -0800] "www.modestolan.com: GET /vb/member.php?s=&action=addlist&userlist=ignore&userid=104 HTTP/1.1" 200 21163 "http://www.modestolan.com/vb/member2.php?s=&action=addlist&userlist=ignore&userid=104" "Mozilla/5.0 (compatible; MJ12bot/v1.2.1; http://www.majestic12.co.uk/bot.php?+)"
91.64.50.83 - - [13/Jan/2008:13:26:05 -0800] "www.modestolan.com: GET /vb/member2.php?s=&action=addlist&userlist=ignore&userid=1041 HTTP/1.1" 301 431 "-" "Mozilla/5.0 (compatible; MJ12bot/v1.2.1; http://www.majestic12.co.uk/bot.php?+)"
91.64.50.83 - - [13/Jan/2008:13:26:08 -0800] "www.modestolan.com: GET /vb/member.php?s=&action=addlist&userlist=ignore&userid=1041 HTTP/1.1" 200 21164 "http://www.modestolan.com/vb/member2.php?s=&action=addlist&userlist=ignore&userid=1041" "Mozilla/5.0 (compatible; MJ12bot/v1.2.1; http://www.majestic12.co.uk/bot.php?+)"
91.64.50.83 - - [13/Jan/2008:13:26:13 -0800] "www.modestolan.com: GET /vb/member2.php?s=&action=addlist&userlist=ignore&userid=1042 HTTP/1.1" 301 431 "-" "Mozilla/5.0 (compatible; MJ12bot/v1.2.1; http://www.majestic12.co.uk/bot.php?+)"
91.64.50.83 - - [13/Jan/2008:13:26:15 -0800] "www.modestolan.com: GET /vb/member.php?s=&action=addlist&userlist=ignore&userid=1042 HTTP/1.1" 200 21164 "http://www.modestolan.com/vb/member2.php?s=&action=addlist&userlist=ignore&userid=1042" "Mozilla/5.0 (compatible; MJ12bot/v1.2.1; http://www.majestic12.co.uk/bot.php?+)"
91.64.50.83 - - [13/Jan/2008:13:26:19 -0800] "www.modestolan.com: GET /vb/member2.php?s=&action=addlist&userlist=ignore&userid=1044 HTTP/1.1" 301 431 "-" "Mozilla/5.0 (compatible; MJ12bot/v1.2.1; http://www.majestic12.co.uk/bot.php?+)"
66.249.70.51 - - [13/Jan/2008:13:26:24 -0800] "www.modestolan.com: GET /vb/calendar.php?do=add&c=2&day=2011-8-1 HTTP/1.1" 200 6382 "-" "Mozilla/5.0 (compatible; Googlebot/2.1; +http://www.google.com/bot.html)"
91.64.50.83 - - [13/Jan/2008:13:26:26 -0800] "www.modestolan.com: GET /vb/member.php?s=&action=addlist&userlist=ignore&userid=1044 HTTP/1.1" 200 21164 "http://www.modestolan.com/vb/member2.php?s=&action=addlist&userlist=ignore&userid=1044" "Mozilla/5.0 (compatible; MJ12bot/v1.2.1; http://www.majestic12.co.uk/bot.php?+)"
91.64.50.83 - - [13/Jan/2008:13:26:30 -0800] "www.modestolan.com: GET /vb/member2.php?s=&action=addlist&userlist=ignore&userid=1045 HTTP/1.1" 301 431 "-" "Mozilla/5.0 (compatible; MJ12bot/v1.2.1; http://www.majestic12.co.uk/bot.php?+)"
91.64.50.83 - - [13/Jan/2008:13:26:32 -0800] "www.modestolan.com: GET /vb/member.php?s=&action=addlist&userlist=ignore&userid=1045 HTTP/1.1" 200 21164 "http://www.modestolan.com/vb/member2.php?s=&action=addlist&userlist=ignore&userid=1045" "Mozilla/5.0 (compatible; MJ12bot/v1.2.1; http://www.majestic12.co.uk/bot.php?+)"
91.64.50.83 - - [13/Jan/2008:13:26:35 -0800] "www.modestolan.com: GET /vb/member2.php?s=&action=addlist&userlist=ignore&userid=1047 HTTP/1.1" 301 431 "-" "Mozilla/5.0 (compatible; MJ12bot/v1.2.1; http://www.majestic12.co.uk/bot.php?+)"
91.64.50.83 - - [13/Jan/2008:13:26:37 -0800] "www.modestolan.com: GET /vb/member.php?s=&action=addlist&userlist=ignore&userid=1047 HTTP/1.1" 200 21164 "http://www.modestolan.com/vb/member2.php?s=&action=addlist&userlist=ignore&userid=1047" "Mozilla/5.0 (compatible; MJ12bot/v1.2.1; http://www.majestic12.co.uk/bot.php?+)"
91.64.50.83 - - [13/Jan/2008:13:26:39 -0800] "www.modestolan.com: GET /vb/member2.php?s=&action=addlist&userlist=ignore&userid=1048 HTTP/1.1" 301 431 "-" "Mozilla/5.0 (compatible; MJ12bot/v1.2.1; http://www.majestic12.co.uk/bot.php?+)"
91.64.50.83 - - [13/Jan/2008:13:26:41 -0800] "www.modestolan.com: GET /vb/member.php?s=&action=addlist&userlist=ignore&userid=1048 HTTP/1.1" 200 21164 "http://www.modestolan.com/vb/member2.php?s=&action=addlist&userlist=ignore&userid=1048" "Mozilla/5.0 (compatible; MJ12bot/v1.2.1; http://www.majestic12.co.uk/bot.php?+)"
91.64.50.83 - - [13/Jan/2008:13:26:44 -0800] "www.modestolan.com: GET /vb/member2.php?s=&action=addlist&userlist=ignore&userid=105 HTTP/1.1" 301 430 "-" "Mozilla/5.0 (compatible; MJ12bot/v1.2.1; http://www.majestic12.co.uk/bot.php?+)"
91.64.50.83 - - [13/Jan/2008:13:26:47 -0800] "www.modestolan.com: GET /vb/member.php?s=&action=addlist&userlist=ignore&userid=105 HTTP/1.1" 200 21160 "http://www.modestolan.com/vb/member2.php?s=&action=addlist&userlist=ignore&userid=105" "Mozilla/5.0 (compatible; MJ12bot/v1.2.1; http://www.majestic12.co.uk/bot.php?+)"
91.64.50.83 - - [13/Jan/2008:13:26:50 -0800] "www.modestolan.com: GET /vb/member2.php?s=&action=addlist&userlist=ignore&userid=1051 HTTP/1.1" 301 431 "-" "Mozilla/5.0 (compatible; MJ12bot/v1.2.1; http://www.majestic12.co.uk/bot.php?+)"
91.64.50.83 - - [13/Jan/2008:13:26:53 -0800] "www.modestolan.com: GET /vb/member.php?s=&action=addlist&userlist=ignore&userid=1051 HTTP/1.1" 200 24137 "http://www.modestolan.com/vb/member2.php?s=&action=addlist&userlist=ignore&userid=1051" "Mozilla/5.0 (compatible; MJ12bot/v1.2.1; http://www.majestic12.co.uk/bot.php?+)"
91.64.50.83 - - [13/Jan/2008:13:26:55 -0800] "www.modestolan.com: GET /vb/member2.php?s=&action=addlist&userlist=ignore&userid=1052 HTTP/1.1" 301 431 "-" "Mozilla/5.0 (compatible; MJ12bot/v1.2.1; http://www.majestic12.co.uk/bot.php?+)"
24.197.4.214 - - [13/Jan/2008:13:26:56 -0800] "www.modestolan.com: GET /vb/ HTTP/1.1" 200 8999 "-" "Mozilla/5.0 (Windows; U; Windows NT 6.0; en-US; rv:1.9b2) Gecko/2007121120 Firefox/3.0b2"
24.197.4.214 - - [13/Jan/2008:13:26:56 -0800] "www.modestolan.com: GET /php/menu.php HTTP/1.1" 200 21682 "http://www.modestolan.com/vb/" "Mozilla/5.0 (Windows; U; Windows NT 6.0; en-US; rv:1.9b2) Gecko/2007121120 Firefox/3.0b2"
24.197.4.214 - - [13/Jan/2008:13:26:57 -0800] "www.modestolan.com: GET /vb/cron.php?&rand=230906 HTTP/1.1" 200 43 "http://www.modestolan.com/vb/" "Mozilla/5.0 (Windows; U; Windows NT 6.0; en-US; rv:1.9b2) Gecko/2007121120 Firefox/3.0b2"
91.64.50.83 - - [13/Jan/2008:13:26:58 -0800] "www.modestolan.com: GET /vb/member.php?s=&action=addlist&userlist=ignore&userid=1052 HTTP/1.1" 200 21164 "http://www.modestolan.com/vb/member2.php?s=&action=addlist&userlist=ignore&userid=1052" "Mozilla/5.0 (compatible; MJ12bot/v1.2.1; http://www.majestic12.co.uk/bot.php?+)"
24.197.4.214 - - [13/Jan/2008:13:27:00 -0800] "www.modestolan.com: GET /favicon.ico HTTP/1.1" 404 335 "-" "Mozilla/5.0 (Windows; U; Windows NT 6.0; en-US; rv:1.9b2) Gecko/2007121120 Firefox/3.0b2"
91.64.50.83 - - [13/Jan/2008:13:27:02 -0800] "www.modestolan.com: GET /vb/member2.php?s=&action=addlist&userlist=ignore&userid=1053 HTTP/1.1" 301 431 "-" "Mozilla/5.0 (compatible; MJ12bot/v1.2.1; http://www.majestic12.co.uk/bot.php?+)"
66.249.70.51 - - [13/Jan/2008:13:27:06 -0800] "www.modestolan.com: GET /vb/calendar.php?do=add&c=2&day=2011-7-28 HTTP/1.1" 200 6383 "-" "Mozilla/5.0 (compatible; Googlebot/2.1; +http://www.google.com/bot.html)"
91.64.50.83 - - [13/Jan/2008:13:27:10 -0800] "www.modestolan.com: GET /vb/member.php?s=&action=addlist&userlist=ignore&userid=1053 HTTP/1.1" 200 21164 "http://www.modestolan.com/vb/member2.php?s=&action=addlist&userlist=ignore&userid=1053" "Mozilla/5.0 (compatible; MJ12bot/v1.2.1; http://www.majestic12.co.uk/bot.php?+)"
91.64.50.83 - - [13/Jan/2008:13:27:12 -0800] "www.modestolan.com: GET /vb/member2.php?s=&action=addlist&userlist=ignore&userid=1055 HTTP/1.1" 301 431 "-" "Mozilla/5.0 (compatible; MJ12bot/v1.2.1; http://www.majestic12.co.uk/bot.php?+)"
196.217.248.58 - - [13/Jan/2008:13:27:18 -0800] "www.modestolan.com: GET /php/menu.php HTTP/1.1" 200 21682 "-" "Mozilla/4.0 (compatible;)"
91.64.50.83 - - [13/Jan/2008:13:27:19 -0800] "www.modestolan.com: GET /vb/member.php?s=&action=addlist&userlist=ignore&userid=1055 HTTP/1.1" 200 23515 "http://www.modestolan.com/vb/member2.php?s=&action=addlist&userlist=ignore&userid=1055" "Mozilla/5.0 (compatible; MJ12bot/v1.2.1; http://www.majestic12.co.uk/bot.php?+)"
67.187.209.177 - - [13/Jan/2008:13:27:21 -0800] "jdacura.com: GET /jdacura/homepage HTTP/1.1" 301 361 "-" "Mozilla/5.0 (Windows; U; Windows NT 5.1; en-US; rv:1.8.1.11) Gecko/20071127 Firefox/2.0.0.11"
67.187.209.177 - - [13/Jan/2008:13:27:21 -0800] "jdacura.com: GET /jdacura/homepage/ HTTP/1.1" 200 9520 "-" "Mozilla/5.0 (Windows; U; Windows NT 5.1; en-US; rv:1.8.1.11) Gecko/20071127 Firefox/2.0.0.11"
67.187.209.177 - - [13/Jan/2008:13:27:21 -0800] "jdacura.com: GET /jdacura/homepage/trans.gif HTTP/1.1" 200 43 "http://jdacura.com/jdacura/homepage/" "Mozilla/5.0 (Windows; U; Windows NT 5.1; en-US; rv:1.8.1.11) Gecko/20071127 Firefox/2.0.0.11"
67.187.209.177 - - [13/Jan/2008:13:27:21 -0800] "jdacura.com: GET /jdacura/homepage/bg.jpg HTTP/1.1" 200 32021 "http://jdacura.com/jdacura/homepage/" "Mozilla/5.0 (Windows; U; Windows NT 5.1; en-US; rv:1.8.1.11) Gecko/20071127 Firefox/2.0.0.11"
67.187.209.177 - - [13/Jan/2008:13:27:22 -0800] "jdacura.com: GET /favicon.ico HTTP/1.1" 404 326 "-" "Mozilla/5.0 (Windows; U; Windows NT 5.1; en-US; rv:1.8.1.11) Gecko/20071127 Firefox/2.0.0.11"
91.64.50.83 - - [13/Jan/2008:13:27:25 -0800] "www.modestolan.com: GET /vb/member2.php?s=&action=addlist&userlist=ignore&userid=1059 HTTP/1.1" 301 431 "-" "Mozilla/5.0 (compatible; MJ12bot/v1.2.1; http://www.majestic12.co.uk/bot.php?+)"
91.64.50.83 - - [13/Jan/2008:13:27:28 -0800] "www.modestolan.com: GET /vb/member.php?s=&action=addlist&userlist=ignore&userid=1059 HTTP/1.1" 200 21164 "http://www.modestolan.com/vb/member2.php?s=&action=addlist&userlist=ignore&userid=1059" "Mozilla/5.0 (compatible; MJ12bot/v1.2.1; http://www.majestic12.co.uk/bot.php?+)"
91.64.50.83 - - [13/Jan/2008:13:27:31 -0800] "www.modestolan.com: GET /vb/member2.php?s=&action=addlist&userlist=ignore&userid=106 HTTP/1.1" 301 430 "-" "Mozilla/5.0 (compatible; MJ12bot/v1.2.1; http://www.majestic12.co.uk/bot.php?+)"
91.64.50.83 - - [13/Jan/2008:13:27:34 -0800] "www.modestolan.com: GET /vb/member.php?s=&action=addlist&userlist=ignore&userid=106 HTTP/1.1" 200 21163 "http://www.modestolan.com/vb/member2.php?s=&action=addlist&userlist=ignore&userid=106" "Mozilla/5.0 (compatible; MJ12bot/v1.2.1; http://www.majestic12.co.uk/bot.php?+)"
91.64.50.83 - - [13/Jan/2008:13:27:37 -0800] "www.modestolan.com: GET /vb/member2.php?s=&action=addlist&userlist=ignore&userid=1065 HTTP/1.1" 301 431 "-" "Mozilla/5.0 (compatible; MJ12bot/v1.2.1; http://www.majestic12.co.uk/bot.php?+)"
91.64.50.83 - - [13/Jan/2008:13:27:39 -0800] "www.modestolan.com: GET /vb/member.php?s=&action=addlist&userlist=ignore&userid=1065 HTTP/1.1" 200 21164 "http://www.modestolan.com/vb/member2.php?s=&action=addlist&userlist=ignore&userid=1065" "Mozilla/5.0 (compatible; MJ12bot/v1.2.1; http://www.majestic12.co.uk/bot.php?+)"
91.64.50.83 - - [13/Jan/2008:13:27:44 -0800] "www.modestolan.com: GET /vb/member2.php?s=&action=addlist&userlist=ignore&userid=1066 HTTP/1.1" 301 431 "-" "Mozilla/5.0 (compatible; MJ12bot/v1.2.1; http://www.majestic12.co.uk/bot.php?+)"
91.64.50.83 - - [13/Jan/2008:13:27:47 -0800] "www.modestolan.com: GET /vb/member.php?s=&action=addlist&userlist=ignore&userid=1066 HTTP/1.1" 200 21164 "http://www.modestolan.com/vb/member2.php?s=&action=addlist&userlist=ignore&userid=1066" "Mozilla/5.0 (compatible; MJ12bot/v1.2.1; http://www.majestic12.co.uk/bot.php?+)"
66.249.70.51 - - [13/Jan/2008:13:27:47 -0800] "www.modestolan.com: GET /vb/calendar.php?do=add&c=2&day=2011-8-3 HTTP/1.1" 200 6381 "-" "Mozilla/5.0 (compatible; Googlebot/2.1; +http://www.google.com/bot.html)"
91.64.50.83 - - [13/Jan/2008:13:27:51 -0800] "www.modestolan.com: GET /vb/member2.php?s=&action=addlist&userlist=ignore&userid=1069 HTTP/1.1" 301 431 "-" "Mozilla/5.0 (compatible; MJ12bot/v1.2.1; http://www.majestic12.co.uk/bot.php?+)"
91.64.50.83 - - [13/Jan/2008:13:27:55 -0800] "www.modestolan.com: GET /vb/member.php?s=&action=addlist&userlist=ignore&userid=1069 HTTP/1.1" 200 21164 "http://www.modestolan.com/vb/member2.php?s=&action=addlist&userlist=ignore&userid=1069" "Mozilla/5.0 (compatible; MJ12bot/v1.2.1; http://www.majestic12.co.uk/bot.php?+)"
91.64.50.83 - - [13/Jan/2008:13:27:59 -0800] "www.modestolan.com: GET /vb/member2.php?s=&action=addlist&userlist=ignore&userid=1071 HTTP/1.1" 301 431 "-" "Mozilla/5.0 (compatible; MJ12bot/v1.2.1; http://www.majestic12.co.uk/bot.php?+)"
91.64.50.83 - - [13/Jan/2008:13:28:02 -0800] "www.modestolan.com: GET /vb/member.php?s=&action=addlist&userlist=ignore&userid=1071 HTTP/1.1" 200 21164 "http://www.modestolan.com/vb/member2.php?s=&action=addlist&userlist=ignore&userid=1071" "Mozilla/5.0 (compatible; MJ12bot/v1.2.1; http://www.majestic12.co.uk/bot.php?+)"
91.64.50.83 - - [13/Jan/2008:13:28:06 -0800] "www.modestolan.com: GET /vb/member2.php?s=&action=addlist&userlist=ignore&userid=1078 HTTP/1.1" 301 431 "-" "Mozilla/5.0 (compatible; MJ12bot/v1.2.1; http://www.majestic12.co.uk/bot.php?+)"
91.64.50.83 - - [13/Jan/2008:13:28:09 -0800] "www.modestolan.com: GET /vb/member.php?s=&action=addlist&userlist=ignore&userid=1078 HTTP/1.1" 200 21164 "http://www.modestolan.com/vb/member2.php?s=&action=addlist&userlist=ignore&userid=1078" "Mozilla/5.0 (compatible; MJ12bot/v1.2.1; http://www.majestic12.co.uk/bot.php?+)"
91.64.50.83 - - [13/Jan/2008:13:28:11 -0800] "www.modestolan.com: GET /vb/member2.php?s=&action=addlist&userlist=ignore&userid=1079 HTTP/1.1" 301 431 "-" "Mozilla/5.0 (compatible; MJ12bot/v1.2.1; http://www.majestic12.co.uk/bot.php?+)"
91.64.50.83 - - [13/Jan/2008:13:28:15 -0800] "www.modestolan.com: GET /vb/member.php?s=&action=addlist&userlist=ignore&userid=1079 HTTP/1.1" 200 21158 "http://www.modestolan.com/vb/member2.php?s=&action=addlist&userlist=ignore&userid=1079" "Mozilla/5.0 (compatible; MJ12bot/v1.2.1; http://www.majestic12.co.uk/bot.php?+)"
91.64.50.83 - - [13/Jan/2008:13:28:17 -0800] "www.modestolan.com: GET /vb/member2.php?s=&action=addlist&userlist=ignore&userid=108 HTTP/1.1" 301 430 "-" "Mozilla/5.0 (compatible; MJ12bot/v1.2.1; http://www.majestic12.co.uk/bot.php?+)"
91.64.50.83 - - [13/Jan/2008:13:28:20 -0800] "www.modestolan.com: GET /vb/member.php?s=&action=addlist&userlist=ignore&userid=108 HTTP/1.1" 200 21163 "http://www.modestolan.com/vb/member2.php?s=&action=addlist&userlist=ignore&userid=108" "Mozilla/5.0 (compatible; MJ12bot/v1.2.1; http://www.majestic12.co.uk/bot.php?+)"
91.64.50.83 - - [13/Jan/2008:13:28:23 -0800] "www.modestolan.com: GET /vb/member2.php?s=&action=addlist&userlist=ignore&userid=1081 HTTP/1.1" 301 431 "-" "Mozilla/5.0 (compatible; MJ12bot/v1.2.1; http://www.majestic12.co.uk/bot.php?+)"
91.64.50.83 - - [13/Jan/2008:13:28:27 -0800] "www.modestolan.com: GET /vb/member.php?s=&action=addlist&userlist=ignore&userid=1081 HTTP/1.1" 200 21164 "http://www.modestolan.com/vb/member2.php?s=&action=addlist&userlist=ignore&userid=1081" "Mozilla/5.0 (compatible; MJ12bot/v1.2.1; http://www.majestic12.co.uk/bot.php?+)"
66.249.70.51 - - [13/Jan/2008:13:28:28 -0800] "www.modestolan.com: GET /vb/calendar.php?c=2&week=1312675200&do=displayweek&month=8 HTTP/1.1" 200 7092 "-" "Mozilla/5.0 (compatible; Googlebot/2.1; +http://www.google.com/bot.html)"
91.64.50.83 - - [13/Jan/2008:13:28:30 -0800] "www.modestolan.com: GET /vb/member2.php?s=&action=addlist&userlist=ignore&userid=1082 HTTP/1.1" 301 431 "-" "Mozilla/5.0 (compatible; MJ12bot/v1.2.1; http://www.majestic12.co.uk/bot.php?+)"
91.64.50.83 - - [13/Jan/2008:13:28:33 -0800] "www.modestolan.com: GET /vb/member.php?s=&action=addlist&userlist=ignore&userid=1082 HTTP/1.1" 200 23186 "http://www.modestolan.com/vb/member2.php?s=&action=addlist&userlist=ignore&userid=1082" "Mozilla/5.0 (compatible; MJ12bot/v1.2.1; http://www.majestic12.co.uk/bot.php?+)"
91.64.50.83 - - [13/Jan/2008:13:28:37 -0800] "www.modestolan.com: GET /vb/member2.php?s=&action=addlist&userlist=ignore&userid=1083 HTTP/1.1" 301 431 "-" "Mozilla/5.0 (compatible; MJ12bot/v1.2.1; http://www.majestic12.co.uk/bot.php?+)"
91.64.50.83 - - [13/Jan/2008:13:28:42 -0800] "www.modestolan.com: GET /vb/member.php?s=&action=addlist&userlist=ignore&userid=1083 HTTP/1.1" 200 21161 "http://www.modestolan.com/vb/member2.php?s=&action=addlist&userlist=ignore&userid=1083" "Mozilla/5.0 (compatible; MJ12bot/v1.2.1; http://www.majestic12.co.uk/bot.php?+)"
91.64.50.83 - - [13/Jan/2008:13:28:46 -0800] "www.modestolan.com: GET /vb/member2.php?s=&action=addlist&userlist=ignore&userid=1084 HTTP/1.1" 301 431 "-" "Mozilla/5.0 (compatible; MJ12bot/v1.2.1; http://www.majestic12.co.uk/bot.php?+)"
91.64.50.83 - - [13/Jan/2008:13:28:48 -0800] "www.modestolan.com: GET /vb/member.php?s=&action=addlist&userlist=ignore&userid=1084 HTTP/1.1" 200 21164 "http://www.modestolan.com/vb/member2.php?s=&action=addlist&userlist=ignore&userid=1084" "Mozilla/5.0 (compatible; MJ12bot/v1.2.1; http://www.majestic12.co.uk/bot.php?+)"
91.64.50.83 - - [13/Jan/2008:13:28:52 -0800] "www.modestolan.com: GET /vb/member2.php?s=&action=addlist&userlist=ignore&userid=1088 HTTP/1.1" 301 431 "-" "Mozilla/5.0 (compatible; MJ12bot/v1.2.1; http://www.majestic12.co.uk/bot.php?+)"
91.64.50.83 - - [13/Jan/2008:13:28:55 -0800] "www.modestolan.com: GET /vb/member.php?s=&action=addlist&userlist=ignore&userid=1088 HTTP/1.1" 200 21164 "http://www.modestolan.com/vb/member2.php?s=&action=addlist&userlist=ignore&userid=1088" "Mozilla/5.0 (compatible; MJ12bot/v1.2.1; http://www.majestic12.co.uk/bot.php?+)"
91.64.50.83 - - [13/Jan/2008:13:28:59 -0800] "www.modestolan.com: GET /vb/member2.php?s=&action=addlist&userlist=ignore&userid=1089 HTTP/1.1" 301 431 "-" "Mozilla/5.0 (compatible; MJ12bot/v1.2.1; http://www.majestic12.co.uk/bot.php?+)"
69.225.12.68 - - [13/Jan/2008:13:29:02 -0800] "www.modestolan.com: GET /vb HTTP/1.1" 301 363 "-" "Mozilla/4.0 (compatible; MSIE 7.0; Windows NT 6.0; SLCC1; .NET CLR 2.0.50727; Media Center PC 5.0; .NET CLR 3.0.04506; .NET CLR 1.1.4322; InfoPath.2)"
69.225.12.68 - - [13/Jan/2008:13:29:03 -0800] "www.modestolan.com: GET /vb/ HTTP/1.1" 200 8586 "-" "Mozilla/4.0 (compatible; MSIE 7.0; Windows NT 6.0; SLCC1; .NET CLR 2.0.50727; Media Center PC 5.0; .NET CLR 3.0.04506; .NET CLR 1.1.4322; InfoPath.2)"
69.225.12.68 - - [13/Jan/2008:13:29:03 -0800] "www.modestolan.com: GET /php/menu.php HTTP/1.1" 200 21682 "http://www.modestolan.com/vb/" "Mozilla/4.0 (compatible; MSIE 7.0; Windows NT 6.0; SLCC1; .NET CLR 2.0.50727; Media Center PC 5.0; .NET CLR 3.0.04506; .NET CLR 1.1.4322; InfoPath.2)"
91.64.50.83 - - [13/Jan/2008:13:29:03 -0800] "www.modestolan.com: GET /vb/member.php?s=&action=addlist&userlist=ignore&userid=1089 HTTP/1.1" 200 21164 "http://www.modestolan.com/vb/member2.php?s=&action=addlist&userlist=ignore&userid=1089" "Mozilla/5.0 (compatible; MJ12bot/v1.2.1; http://www.majestic12.co.uk/bot.php?+)"
69.225.12.68 - - [13/Jan/2008:13:29:05 -0800] "www.modestolan.com: GET /vb/cron.php?&rand=907173 HTTP/1.1" 200 43 "http://www.modestolan.com/vb/" "Mozilla/4.0 (compatible; MSIE 7.0; Windows NT 6.0; SLCC1; .NET CLR 2.0.50727; Media Center PC 5.0; .NET CLR 3.0.04506; .NET CLR 1.1.4322; InfoPath.2)"
91.64.50.83 - - [13/Jan/2008:13:29:08 -0800] "www.modestolan.com: GET /vb/member2.php?s=&action=addlist&userlist=ignore&userid=1090 HTTP/1.1" 301 431 "-" "Mozilla/5.0 (compatible; MJ12bot/v1.2.1; http://www.majestic12.co.uk/bot.php?+)"
69.225.12.68 - - [13/Jan/2008:13:29:08 -0800] "www.modestolan.com: GET /vb/forumdisplay.php?f=2 HTTP/1.1" 200 21321 "http://www.modestolan.com/vb/" "Mozilla/4.0 (compatible; MSIE 7.0; Windows NT 6.0; SLCC1; .NET CLR 2.0.50727; Media Center PC 5.0; .NET CLR 3.0.04506; .NET CLR 1.1.4322; InfoPath.2)"
69.225.12.68 - - [13/Jan/2008:13:29:08 -0800] "www.modestolan.com: GET /php/menu.php HTTP/1.1" 200 21682 "http://www.modestolan.com/vb/forumdisplay.php?f=2" "Mozilla/4.0 (compatible; MSIE 7.0; Windows NT 6.0; SLCC1; .NET CLR 2.0.50727; Media Center PC 5.0; .NET CLR 3.0.04506; .NET CLR 1.1.4322; InfoPath.2)"
66.249.70.51 - - [13/Jan/2008:13:29:09 -0800] "www.modestolan.com: GET /vb/calendar.php?do=add&c=2&day=2011-8-4 HTTP/1.1" 200 6380 "-" "Mozilla/5.0 (compatible; Googlebot/2.1; +http://www.google.com/bot.html)"
69.225.12.68 - - [13/Jan/2008:13:29:10 -0800] "www.modestolan.com: GET /vb/cron.php?&rand=245471 HTTP/1.1" 200 43 "http://www.modestolan.com/vb/forumdisplay.php?f=2" "Mozilla/4.0 (compatible; MSIE 7.0; Windows NT 6.0; SLCC1; .NET CLR 2.0.50727; Media Center PC 5.0; .NET CLR 3.0.04506; .NET CLR 1.1.4322; InfoPath.2)"
91.64.50.83 - - [13/Jan/2008:13:29:11 -0800] "www.modestolan.com: GET /vb/member.php?s=&action=addlist&userlist=ignore&userid=1090 HTTP/1.1" 200 21161 "http://www.modestolan.com/vb/member2.php?s=&action=addlist&userlist=ignore&userid=1090" "Mozilla/5.0 (compatible; MJ12bot/v1.2.1; http://www.majestic12.co.uk/bot.php?+)"
91.64.50.83 - - [13/Jan/2008:13:29:15 -0800] "www.modestolan.com: GET /vb/member2.php?s=&action=addlist&userlist=ignore&userid=1091 HTTP/1.1" 301 431 "-" "Mozilla/5.0 (compatible; MJ12bot/v1.2.1; http://www.majestic12.co.uk/bot.php?+)"
69.225.12.68 - - [13/Jan/2008:13:29:16 -0800] "www.modestolan.com: GET /vb/showthread.php?t=5540 HTTP/1.1" 200 37480 "http://www.modestolan.com/vb/forumdisplay.php?f=2" "Mozilla/4.0 (compatible; MSIE 7.0; Windows NT 6.0; SLCC1; .NET CLR 2.0.50727; Media Center PC 5.0; .NET CLR 3.0.04506; .NET CLR 1.1.4322; InfoPath.2)"
69.225.12.68 - - [13/Jan/2008:13:29:16 -0800] "www.modestolan.com: GET /php/menu.php HTTP/1.1" 200 21682 "http://www.modestolan.com/vb/showthread.php?t=5540" "Mozilla/4.0 (compatible; MSIE 7.0; Windows NT 6.0; SLCC1; .NET CLR 2.0.50727; Media Center PC 5.0; .NET CLR 3.0.04506; .NET CLR 1.1.4322; InfoPath.2)"
69.225.12.68 - - [13/Jan/2008:13:29:17 -0800] "www.modestolan.com: GET /vb/image.php?u=2&dateline=1160550436 HTTP/1.1" 200 10778 "http://www.modestolan.com/vb/showthread.php?t=5540" "Mozilla/4.0 (compatible; MSIE 7.0; Windows NT 6.0; SLCC1; .NET CLR 2.0.50727; Media Center PC 5.0; .NET CLR 3.0.04506; .NET CLR 1.1.4322; InfoPath.2)"
69.225.12.68 - - [13/Jan/2008:13:29:17 -0800] "www.modestolan.com: GET /vb/image.php?u=42&dateline=1196366519 HTTP/1.1" 200 5920 "http://www.modestolan.com/vb/showthread.php?t=5540" "Mozilla/4.0 (compatible; MSIE 7.0; Windows NT 6.0; SLCC1; .NET CLR 2.0.50727; Media Center PC 5.0; .NET CLR 3.0.04506; .NET CLR 1.1.4322; InfoPath.2)"
69.225.12.68 - - [13/Jan/2008:13:29:17 -0800] "www.modestolan.com: GET /vb/images/smilies/mad.gif HTTP/1.1" 200 375 "http://www.modestolan.com/vb/showthread.php?t=5540" "Mozilla/4.0 (compatible; MSIE 7.0; Windows NT 6.0; SLCC1; .NET CLR 2.0.50727; Media Center PC 5.0; .NET CLR 3.0.04506; .NET CLR 1.1.4322; InfoPath.2)"
69.225.12.68 - - [13/Jan/2008:13:29:18 -0800] "www.modestolan.com: GET /vb/image.php?u=867&dateline=1191001815 HTTP/1.1" 200 29522 "http://www.modestolan.com/vb/showthread.php?t=5540" "Mozilla/4.0 (compatible; MSIE 7.0; Windows NT 6.0; SLCC1; .NET CLR 2.0.50727; Media Center PC 5.0; .NET CLR 3.0.04506; .NET CLR 1.1.4322; InfoPath.2)"
69.225.12.68 - - [13/Jan/2008:13:29:18 -0800] "www.modestolan.com: GET /vb/image.php?u=652&dateline=1051771679 HTTP/1.1" 200 2314 "http://www.modestolan.com/vb/showthread.php?t=5540" "Mozilla/4.0 (compatible; MSIE 7.0; Windows NT 6.0; SLCC1; .NET CLR 2.0.50727; Media Center PC 5.0; .NET CLR 3.0.04506; .NET CLR 1.1.4322; InfoPath.2)"
69.225.12.68 - - [13/Jan/2008:13:29:18 -0800] "www.modestolan.com: GET /vb/images/smilies/biggrin.gif HTTP/1.1" 200 244 "http://www.modestolan.com/vb/showthread.php?t=5540" "Mozilla/4.0 (compatible; MSIE 7.0; Windows NT 6.0; SLCC1; .NET CLR 2.0.50727; Media Center PC 5.0; .NET CLR 3.0.04506; .NET CLR 1.1.4322; InfoPath.2)"
69.225.12.68 - - [13/Jan/2008:13:29:18 -0800] "www.modestolan.com: GET /vb/image.php?u=1148&dateline=1186469669 HTTP/1.1" 200 5702 "http://www.modestolan.com/vb/showthread.php?t=5540" "Mozilla/4.0 (compatible; MSIE 7.0; Windows NT 6.0; SLCC1; .NET CLR 2.0.50727; Media Center PC 5.0; .NET CLR 3.0.04506; .NET CLR 1.1.4322; InfoPath.2)"
69.225.12.68 - - [13/Jan/2008:13:29:18 -0800] "www.modestolan.com: GET /vb/images/smilies/rocketwhore.gif HTTP/1.1" 200 2140 "http://www.modestolan.com/vb/showthread.php?t=5540" "Mozilla/4.0 (compatible; MSIE 7.0; Windows NT 6.0; SLCC1; .NET CLR 2.0.50727; Media Center PC 5.0; .NET CLR 3.0.04506; .NET CLR 1.1.4322; InfoPath.2)"
69.225.12.68 - - [13/Jan/2008:13:29:19 -0800] "www.modestolan.com: GET /vb/images/smilies/new2/newbie.gif HTTP/1.1" 200 47845 "http://www.modestolan.com/vb/showthread.php?t=5540" "Mozilla/4.0 (compatible; MSIE 7.0; Windows NT 6.0; SLCC1; .NET CLR 2.0.50727; Media Center PC 5.0; .NET CLR 3.0.04506; .NET CLR 1.1.4322; InfoPath.2)"
69.225.12.68 - - [13/Jan/2008:13:29:19 -0800] "www.modestolan.com: GET /vb/images/avatars/Flag_-_Brazil.gif HTTP/1.1" 200 161 "http://www.modestolan.com/vb/showthread.php?t=5540" "Mozilla/4.0 (compatible; MSIE 7.0; Windows NT 6.0; SLCC1; .NET CLR 2.0.50727; Media Center PC 5.0; .NET CLR 3.0.04506; .NET CLR 1.1.4322; InfoPath.2)"
69.225.12.68 - - [13/Jan/2008:13:29:19 -0800] "www.modestolan.com: GET /vb/images/smilies/confused.gif HTTP/1.1" 200 1221 "http://www.modestolan.com/vb/showthread.php?t=5540" "Mozilla/4.0 (compatible; MSIE 7.0; Windows NT 6.0; SLCC1; .NET CLR 2.0.50727; Media Center PC 5.0; .NET CLR 3.0.04506; .NET CLR 1.1.4322; InfoPath.2)"
69.225.12.68 - - [13/Jan/2008:13:29:19 -0800] "www.modestolan.com: GET /vb/images/buttons/viewpost.gif HTTP/1.1" 200 964 "http://www.modestolan.com/vb/showthread.php?t=5540" "Mozilla/4.0 (compatible; MSIE 7.0; Windows NT 6.0; SLCC1; .NET CLR 2.0.50727; Media Center PC 5.0; .NET CLR 3.0.04506; .NET CLR 1.1.4322; InfoPath.2)"
69.225.12.68 - - [13/Jan/2008:13:29:19 -0800] "www.modestolan.com: GET /vb/image.php?u=1082&dateline=1146889215 HTTP/1.1" 200 26315 "http://www.modestolan.com/vb/showthread.php?t=5540" "Mozilla/4.0 (compatible; MSIE 7.0; Windows NT 6.0; SLCC1; .NET CLR 2.0.50727; Media Center PC 5.0; .NET CLR 3.0.04506; .NET CLR 1.1.4322; InfoPath.2)"
69.225.12.68 - - [13/Jan/2008:13:29:20 -0800] "www.modestolan.com: GET /vb/image.php?u=73&dateline=1168053194 HTTP/1.1" 200 32338 "http://www.modestolan.com/vb/showthread.php?t=5540" "Mozilla/4.0 (compatible; MSIE 7.0; Windows NT 6.0; SLCC1; .NET CLR 2.0.50727; Media Center PC 5.0; .NET CLR 3.0.04506; .NET CLR 1.1.4322; InfoPath.2)"
69.225.12.68 - - [13/Jan/2008:13:29:20 -0800] "www.modestolan.com: GET /vb/image.php?u=5&dateline=1196759769 HTTP/1.1" 200 453170 "http://www.modestolan.com/vb/showthread.php?t=5540" "Mozilla/4.0 (compatible; MSIE 7.0; Windows NT 6.0; SLCC1; .NET CLR 2.0.50727; Media Center PC 5.0; .NET CLR 3.0.04506; .NET CLR 1.1.4322; InfoPath.2)"
69.225.12.68 - - [13/Jan/2008:13:29:21 -0800] "www.modestolan.com: GET /vb/cron.php?&rand=229496 HTTP/1.1" 200 43 "http://www.modestolan.com/vb/showthread.php?t=5540" "Mozilla/4.0 (compatible; MSIE 7.0; Windows NT 6.0; SLCC1; .NET CLR 2.0.50727; Media Center PC 5.0; .NET CLR 3.0.04506; .NET CLR 1.1.4322; InfoPath.2)"
91.64.50.83 - - [13/Jan/2008:13:29:21 -0800] "www.modestolan.com: GET /vb/member.php?s=&action=addlist&userlist=ignore&userid=1091 HTTP/1.1" 200 21164 "http://www.modestolan.com/vb/member2.php?s=&action=addlist&userlist=ignore&userid=1091" "Mozilla/5.0 (compatible; MJ12bot/v1.2.1; http://www.majestic12.co.uk/bot.php?+)"
91.64.50.83 - - [13/Jan/2008:13:29:24 -0800] "www.modestolan.com: GET /vb/member2.php?s=&action=addlist&userlist=ignore&userid=1092 HTTP/1.1" 301 431 "-" "Mozilla/5.0 (compatible; MJ12bot/v1.2.1; http://www.majestic12.co.uk/bot.php?+)"
91.64.50.83 - - [13/Jan/2008:13:29:27 -0800] "www.modestolan.com: GET /vb/member.php?s=&action=addlist&userlist=ignore&userid=1092 HTTP/1.1" 200 21164 "http://www.modestolan.com/vb/member2.php?s=&action=addlist&userlist=ignore&userid=1092" "Mozilla/5.0 (compatible; MJ12bot/v1.2.1; http://www.majestic12.co.uk/bot.php?+)"
91.64.50.83 - - [13/Jan/2008:13:29:30 -0800] "www.modestolan.com: GET /vb/member2.php?s=&action=addlist&userlist=ignore&userid=1093 HTTP/1.1" 301 431 "-" "Mozilla/5.0 (compatible; MJ12bot/v1.2.1; http://www.majestic12.co.uk/bot.php?+)"
91.64.50.83 - - [13/Jan/2008:13:29:34 -0800] "www.modestolan.com: GET /vb/member.php?s=&action=addlist&userlist=ignore&userid=1093 HTTP/1.1" 200 21164 "http://www.modestolan.com/vb/member2.php?s=&action=addlist&userlist=ignore&userid=1093" "Mozilla/5.0 (compatible; MJ12bot/v1.2.1; http://www.majestic12.co.uk/bot.php?+)"
91.64.50.83 - - [13/Jan/2008:13:29:36 -0800] "www.modestolan.com: GET /vb/member2.php?s=&action=addlist&userlist=ignore&userid=1095 HTTP/1.1" 301 431 "-" "Mozilla/5.0 (compatible; MJ12bot/v1.2.1; http://www.majestic12.co.uk/bot.php?+)"
91.64.50.83 - - [13/Jan/2008:13:29:41 -0800] "www.modestolan.com: GET /vb/member.php?s=&action=addlist&userlist=ignore&userid=1095 HTTP/1.1" 200 24297 "http://www.modestolan.com/vb/member2.php?s=&action=addlist&userlist=ignore&userid=1095" "Mozilla/5.0 (compatible; MJ12bot/v1.2.1; http://www.majestic12.co.uk/bot.php?+)"
91.64.50.83 - - [13/Jan/2008:13:29:46 -0800] "www.modestolan.com: GET /vb/member2.php?s=&action=addlist&userlist=ignore&userid=1098 HTTP/1.1" 301 431 "-" "Mozilla/5.0 (compatible; MJ12bot/v1.2.1; http://www.majestic12.co.uk/bot.php?+)"
91.64.50.83 - - [13/Jan/2008:13:29:50 -0800] "www.modestolan.com: GET /vb/member.php?s=&action=addlist&userlist=ignore&userid=1098 HTTP/1.1" 200 21164 "http://www.modestolan.com/vb/member2.php?s=&action=addlist&userlist=ignore&userid=1098" "Mozilla/5.0 (compatible; MJ12bot/v1.2.1; http://www.majestic12.co.uk/bot.php?+)"
66.249.70.51 - - [13/Jan/2008:13:29:51 -0800] "www.modestolan.com: GET /vb/calendar.php?do=add&c=2&day=2011-7-12 HTTP/1.1" 200 6382 "-" "Mozilla/5.0 (compatible; Googlebot/2.1; +http://www.google.com/bot.html)"
91.64.50.83 - - [13/Jan/2008:13:29:52 -0800] "www.modestolan.com: GET /vb/member2.php?s=&action=addlist&userlist=ignore&userid=1099 HTTP/1.1" 301 431 "-" "Mozilla/5.0 (compatible; MJ12bot/v1.2.1; http://www.majestic12.co.uk/bot.php?+)"
91.64.50.83 - - [13/Jan/2008:13:29:54 -0800] "www.modestolan.com: GET /vb/member.php?s=&action=addlist&userlist=ignore&userid=1099 HTTP/1.1" 200 21164 "http://www.modestolan.com/vb/member2.php?s=&action=addlist&userlist=ignore&userid=1099" "Mozilla/5.0 (compatible; MJ12bot/v1.2.1; http://www.majestic12.co.uk/bot.php?+)"
91.64.50.83 - - [13/Jan/2008:13:29:57 -0800] "www.modestolan.com: GET /vb/member2.php?s=&action=addlist&userlist=ignore&userid=1101 HTTP/1.1" 301 431 "-" "Mozilla/5.0 (compatible; MJ12bot/v1.2.1; http://www.majestic12.co.uk/bot.php?+)"
41.250.46.37 - - [13/Jan/2008:13:29:58 -0800] "www.modestolan.com: GET /xwred1/1-thrown_from_vehicle_fatal.wmv HTTP/1.1" 200 228501 "http://www.modestolan.com/xwred1/" "Mozilla/5.0 (Windows; U; Windows NT 5.1; fr; rv:1.8.1.11) Gecko/20071127 Firefox/2.0.0.11"
91.64.50.83 - - [13/Jan/2008:13:30:00 -0800] "www.modestolan.com: GET /vb/member.php?s=&action=addlist&userlist=ignore&userid=1101 HTTP/1.1" 200 21164 "http://www.modestolan.com/vb/member2.php?s=&action=addlist&userlist=ignore&userid=1101" "Mozilla/5.0 (compatible; MJ12bot/v1.2.1; http://www.majestic12.co.uk/bot.php?+)"
91.64.50.83 - - [13/Jan/2008:13:30:02 -0800] "www.modestolan.com: GET /vb/member2.php?s=&action=addlist&userlist=ignore&userid=1102 HTTP/1.1" 301 431 "-" "Mozilla/5.0 (compatible; MJ12bot/v1.2.1; http://www.majestic12.co.uk/bot.php?+)"
91.64.50.83 - - [13/Jan/2008:13:30:04 -0800] "www.modestolan.com: GET /vb/member.php?s=&action=addlist&userlist=ignore&userid=1102 HTTP/1.1" 200 21164 "http://www.modestolan.com/vb/member2.php?s=&action=addlist&userlist=ignore&userid=1102" "Mozilla/5.0 (compatible; MJ12bot/v1.2.1; http://www.majestic12.co.uk/bot.php?+)"
91.64.50.83 - - [13/Jan/2008:13:30:07 -0800] "www.modestolan.com: GET /vb/member2.php?s=&action=addlist&userlist=ignore&userid=1103 HTTP/1.1" 301 431 "-" "Mozilla/5.0 (compatible; MJ12bot/v1.2.1; http://www.majestic12.co.uk/bot.php?+)"
91.64.50.83 - - [13/Jan/2008:13:30:09 -0800] "www.modestolan.com: GET /vb/member.php?s=&action=addlist&userlist=ignore&userid=1103 HTTP/1.1" 200 21164 "http://www.modestolan.com/vb/member2.php?s=&action=addlist&userlist=ignore&userid=1103" "Mozilla/5.0 (compatible; MJ12bot/v1.2.1; http://www.majestic12.co.uk/bot.php?+)"
91.64.50.83 - - [13/Jan/2008:13:30:12 -0800] "www.modestolan.com: GET /vb/member2.php?s=&action=addlist&userlist=ignore&userid=1105 HTTP/1.1" 301 431 "-" "Mozilla/5.0 (compatible; MJ12bot/v1.2.1; http://www.majestic12.co.uk/bot.php?+)"
91.64.50.83 - - [13/Jan/2008:13:30:15 -0800] "www.modestolan.com: GET /vb/member.php?s=&action=addlist&userlist=ignore&userid=1105 HTTP/1.1" 200 22573 "http://www.modestolan.com/vb/member2.php?s=&action=addlist&userlist=ignore&userid=1105" "Mozilla/5.0 (compatible; MJ12bot/v1.2.1; http://www.majestic12.co.uk/bot.php?+)"
91.64.50.83 - - [13/Jan/2008:13:30:18 -0800] "www.modestolan.com: GET /vb/member2.php?s=&action=addlist&userlist=ignore&userid=1109 HTTP/1.1" 301 431 "-" "Mozilla/5.0 (compatible; MJ12bot/v1.2.1; http://www.majestic12.co.uk/bot.php?+)"
91.64.50.83 - - [13/Jan/2008:13:30:20 -0800] "www.modestolan.com: GET /vb/member.php?s=&action=addlist&userlist=ignore&userid=1109 HTTP/1.1" 200 22663 "http://www.modestolan.com/vb/member2.php?s=&action=addlist&userlist=ignore&userid=1109" "Mozilla/5.0 (compatible; MJ12bot/v1.2.1; http://www.majestic12.co.uk/bot.php?+)"
67.181.66.235 - - [13/Jan/2008:13:30:21 -0800] "www.modestolan.com: GET /vb HTTP/1.1" 301 363 "http://modestolan.com/" "Opera/9.20 (Windows NT 5.1; U; en)"
67.181.66.235 - - [13/Jan/2008:13:30:22 -0800] "www.modestolan.com: GET /vb/ HTTP/1.1" 200 8172 "http://modestolan.com/" "Opera/9.20 (Windows NT 5.1; U; en)"
67.181.66.235 - - [13/Jan/2008:13:30:22 -0800] "www.modestolan.com: GET /vb/clientscript/vbulletin_global.js?v=368 HTTP/1.1" 200 43897 "http://www.modestolan.com/vb/" "Opera/9.20 (Windows NT 5.1; U; en)"
67.181.66.235 - - [13/Jan/2008:13:30:22 -0800] "www.modestolan.com: GET /vb/clientscript/vbulletin_menu.js?v=368 HTTP/1.1" 200 17850 "http://www.modestolan.com/vb/" "Opera/9.20 (Windows NT 5.1; U; en)"
67.181.66.235 - - [13/Jan/2008:13:30:22 -0800] "www.modestolan.com: GET /tables.css HTTP/1.1" 200 2419 "http://www.modestolan.com/vb/" "Opera/9.20 (Windows NT 5.1; U; en)"
67.181.66.235 - - [13/Jan/2008:13:30:22 -0800] "www.modestolan.com: GET /php/menu.php HTTP/1.1" 200 21682 "http://www.modestolan.com/vb/" "Opera/9.20 (Windows NT 5.1; U; en)"
67.181.66.235 - - [13/Jan/2008:13:30:23 -0800] "www.modestolan.com: GET /images/transparent.gif HTTP/1.1" 200 43 "http://www.modestolan.com/vb/" "Opera/9.20 (Windows NT 5.1; U; en)"
67.181.66.235 - - [13/Jan/2008:13:30:23 -0800] "www.modestolan.com: GET /images/landate.swf HTTP/1.1" 200 2197 "http://www.modestolan.com/vb/" "Opera/9.20 (Windows NT 5.1; U; en)"
67.181.66.235 - - [13/Jan/2008:13:30:23 -0800] "www.modestolan.com: GET /transparent.gif HTTP/1.1" 200 43 "http://www.modestolan.com/vb/" "Opera/9.20 (Windows NT 5.1; U; en)"
67.181.66.235 - - [13/Jan/2008:13:30:23 -0800] "www.modestolan.com: GET /images/top_04.gif HTTP/1.1" 200 1547 "http://www.modestolan.com/vb/" "Opera/9.20 (Windows NT 5.1; U; en)"
67.181.66.235 - - [13/Jan/2008:13:30:23 -0800] "www.modestolan.com: GET /images/top_08.gif HTTP/1.1" 200 1738 "http://www.modestolan.com/vb/" "Opera/9.20 (Windows NT 5.1; U; en)"
67.181.66.235 - - [13/Jan/2008:13:30:23 -0800] "www.modestolan.com: GET /images/top_02.gif HTTP/1.1" 200 882 "http://www.modestolan.com/vb/" "Opera/9.20 (Windows NT 5.1; U; en)"
67.181.66.235 - - [13/Jan/2008:13:30:23 -0800] "www.modestolan.com: GET /images/top_05.gif HTTP/1.1" 200 3111 "http://www.modestolan.com/vb/" "Opera/9.20 (Windows NT 5.1; U; en)"
67.181.66.235 - - [13/Jan/2008:13:30:23 -0800] "www.modestolan.com: GET /images/top_09.gif HTTP/1.1" 200 1089 "http://www.modestolan.com/vb/" "Opera/9.20 (Windows NT 5.1; U; en)"
67.181.66.235 - - [13/Jan/2008:13:30:23 -0800] "www.modestolan.com: GET /images/top_11.gif HTTP/1.1" 200 1553 "http://www.modestolan.com/vb/" "Opera/9.20 (Windows NT 5.1; U; en)"
67.181.66.235 - - [13/Jan/2008:13:30:23 -0800] "www.modestolan.com: GET /images/top_14.gif HTTP/1.1" 200 522 "http://www.modestolan.com/vb/" "Opera/9.20 (Windows NT 5.1; U; en)"
67.181.66.235 - - [13/Jan/2008:13:30:23 -0800] "www.modestolan.com: GET /images/top_01.gif HTTP/1.1" 200 344 "http://www.modestolan.com/vb/" "Opera/9.20 (Windows NT 5.1; U; en)"
67.181.66.235 - - [13/Jan/2008:13:30:23 -0800] "www.modestolan.com: GET /images/top_06.gif HTTP/1.1" 200 1954 "http://www.modestolan.com/vb/" "Opera/9.20 (Windows NT 5.1; U; en)"
67.181.66.235 - - [13/Jan/2008:13:30:23 -0800] "www.modestolan.com: GET /images/top_10.gif HTTP/1.1" 200 1188 "http://www.modestolan.com/vb/" "Opera/9.20 (Windows NT 5.1; U; en)"
67.181.66.235 - - [13/Jan/2008:13:30:23 -0800] "www.modestolan.com: GET /images/top_12.gif HTTP/1.1" 200 826 "http://www.modestolan.com/vb/" "Opera/9.20 (Windows NT 5.1; U; en)"
67.181.66.235 - - [13/Jan/2008:13:30:23 -0800] "www.modestolan.com: GET /vb/images/misc/navbits_start.gif HTTP/1.1" 200 123 "http://www.modestolan.com/vb/" "Opera/9.20 (Windows NT 5.1; U; en)"
67.181.66.235 - - [13/Jan/2008:13:30:23 -0800] "www.modestolan.com: GET /images/top_03.gif HTTP/1.1" 200 349 "http://www.modestolan.com/vb/" "Opera/9.20 (Windows NT 5.1; U; en)"
67.181.66.235 - - [13/Jan/2008:13:30:23 -0800] "www.modestolan.com: GET /images/top_07.gif HTTP/1.1" 200 2521 "http://www.modestolan.com/vb/" "Opera/9.20 (Windows NT 5.1; U; en)"
67.181.66.235 - - [13/Jan/2008:13:30:23 -0800] "www.modestolan.com: GET /images/top_13.gif HTTP/1.1" 200 728 "http://www.modestolan.com/vb/" "Opera/9.20 (Windows NT 5.1; U; en)"
67.181.66.235 - - [13/Jan/2008:13:30:23 -0800] "www.modestolan.com: GET /vb/clientscript/vbulletin_md5.js?v=368 HTTP/1.1" 200 9661 "http://www.modestolan.com/vb/" "Opera/9.20 (Windows NT 5.1; U; en)"
67.181.66.235 - - [13/Jan/2008:13:30:23 -0800] "www.modestolan.com: GET /images/top_13.gif HTTP/1.1" 200 728 "http://www.modestolan.com/vb/" "Opera/9.20 (Windows NT 5.1; U; en)"
67.181.66.235 - - [13/Jan/2008:13:30:23 -0800] "www.modestolan.com: GET /images/top_10.gif HTTP/1.1" 200 1188 "http://www.modestolan.com/vb/" "Opera/9.20 (Windows NT 5.1; U; en)"
67.181.66.235 - - [13/Jan/2008:13:30:23 -0800] "www.modestolan.com: GET /vb/clientscript/vbulletin_md5.js?v=368 HTTP/1.1" 200 9661 "http://www.modestolan.com/vb/" "Opera/9.20 (Windows NT 5.1; U; en)"
67.181.66.235 - - [13/Jan/2008:13:30:23 -0800] "www.modestolan.com: GET /vb/images/buttons/collapse_tcat.gif HTTP/1.1" 200 91 "http://www.modestolan.com/vb/" "Opera/9.20 (Windows NT 5.1; U; en)"
67.181.66.235 - - [13/Jan/2008:13:30:23 -0800] "www.modestolan.com: GET /vb/images/buttons/lastpost.gif HTTP/1.1" 200 121 "http://www.modestolan.com/vb/" "Opera/9.20 (Windows NT 5.1; U; en)"
67.181.66.235 - - [13/Jan/2008:13:30:23 -0800] "www.modestolan.com: GET /vb/images/misc/menu_open.gif HTTP/1.1" 200 279 "http://www.modestolan.com/vb/" "Opera/9.20 (Windows NT 5.1; U; en)"
67.181.66.235 - - [13/Jan/2008:13:30:23 -0800] "www.modestolan.com: GET /vb/images/statusicon/forum_old.gif HTTP/1.1" 200 431 "http://www.modestolan.com/vb/" "Opera/9.20 (Windows NT 5.1; U; en)"
67.181.66.235 - - [13/Jan/2008:13:30:23 -0800] "www.modestolan.com: GET /vb/clientscript/vbulletin_read_marker.js?v=368 HTTP/1.1" 200 6791 "http://www.modestolan.com/vb/" "Opera/9.20 (Windows NT 5.1; U; en)"
67.181.66.235 - - [13/Jan/2008:13:30:23 -0800] "www.modestolan.com: GET /vb/clientscript/vbulletin_read_marker.js?v=368 HTTP/1.1" 200 6791 "http://www.modestolan.com/vb/" "Opera/9.20 (Windows NT 5.1; U; en)"
67.181.66.235 - - [13/Jan/2008:13:30:23 -0800] "www.modestolan.com: GET /vb/images/buttons/collapse_thead.gif HTTP/1.1" 200 91 "http://www.modestolan.com/vb/" "Opera/9.20 (Windows NT 5.1; U; en)"
67.181.66.235 - - [13/Jan/2008:13:30:23 -0800] "www.modestolan.com: GET /vb/images/misc/whos_online.gif HTTP/1.1" 200 1440 "http://www.modestolan.com/vb/" "Opera/9.20 (Windows NT 5.1; U; en)"
67.181.66.235 - - [13/Jan/2008:13:30:23 -0800] "www.modestolan.com: GET /vb/images/misc/stats.gif HTTP/1.1" 200 1461 "http://www.modestolan.com/vb/" "Opera/9.20 (Windows NT 5.1; U; en)"
67.181.66.235 - - [13/Jan/2008:13:30:23 -0800] "www.modestolan.com: GET /vb/images/statusicon/forum_new.gif HTTP/1.1" 200 425 "http://www.modestolan.com/vb/" "Opera/9.20 (Windows NT 5.1; U; en)"
67.181.66.235 - - [13/Jan/2008:13:30:23 -0800] "www.modestolan.com: GET /favicon.ico HTTP/1.1" 404 335 "http://www.modestolan.com/vb/" "Opera/9.20 (Windows NT 5.1; U; en)"
67.181.66.235 - - [13/Jan/2008:13:30:23 -0800] "www.modestolan.com: GET /vb/cron.php?s=f1ba6b1b5cd61461b671c04d2acd381a&&rand=99251 HTTP/1.1" 200 43 "http://www.modestolan.com/vb/" "Opera/9.20 (Windows NT 5.1; U; en)"
91.64.50.83 - - [13/Jan/2008:13:30:24 -0800] "www.modestolan.com: GET /vb/member2.php?s=&action=addlist&userlist=ignore&userid=111 HTTP/1.1" 301 430 "-" "Mozilla/5.0 (compatible; MJ12bot/v1.2.1; http://www.majestic12.co.uk/bot.php?+)"
91.64.50.83 - - [13/Jan/2008:13:30:29 -0800] "www.modestolan.com: GET /vb/member.php?s=&action=addlist&userlist=ignore&userid=111 HTTP/1.1" 200 21163 "http://www.modestolan.com/vb/member2.php?s=&action=addlist&userlist=ignore&userid=111" "Mozilla/5.0 (compatible; MJ12bot/v1.2.1; http://www.majestic12.co.uk/bot.php?+)"
67.181.66.235 - - [13/Jan/2008:13:30:30 -0800] "www.modestolan.com: GET /vb/forumdisplay.php?s=f1ba6b1b5cd61461b671c04d2acd381a&f=2 HTTP/1.1" 200 20859 "http://www.modestolan.com/vb/" "Opera/9.20 (Windows NT 5.1; U; en)"
91.64.50.83 - - [13/Jan/2008:13:30:32 -0800] "www.modestolan.com: GET /vb/member2.php?s=&action=addlist&userlist=ignore&userid=1110 HTTP/1.1" 301 431 "-" "Mozilla/5.0 (compatible; MJ12bot/v1.2.1; http://www.majestic12.co.uk/bot.php?+)"
66.249.70.51 - - [13/Jan/2008:13:30:32 -0800] "www.modestolan.com: GET /vb/calendar.php?do=add&c=2&day=2011-8-6 HTTP/1.1" 200 6380 "-" "Mozilla/5.0 (compatible; Googlebot/2.1; +http://www.google.com/bot.html)"
