198.246.249.35 - - [13/Jan/2008:13:17:01 -0800] "www.modestolan.com: GET /icons/unknown.gif HTTP/1.1" 200 245 "http://www.modestolan.com/xwred1/mp3/Depeche%20Mode%20-%20Playing%20The%20Angel(Advance%202005)(StefWan-Team)/" "Mozilla/4.0 (compatible; MSIE 7.0; Windows NT 5.1; InfoPath.1; .NET CLR 2.0.50727; .NET CLR 1.1.4322)"
198.246.249.35 - - [13/Jan/2008:13:17:01 -0800] "www.modestolan.com: GET /images/top_10.gif HTTP/1.1" 200 1188 "http://www.modestolan.com/xwred1/mp3/Depeche%20Mode%20-%20Playing%20The%20Angel(Advance%202005)(StefWan-Team)/" "Mozilla/4.0 (compatible; MSIE 7.0; Windows NT 5.1; InfoPath.1; .NET CLR 2.0.50727; .NET CLR 1.1.4322)"
198.246.249.35 - - [13/Jan/2008:13:17:02 -0800] "www.modestolan.com: GET /favicon.ico HTTP/1.1" 404 335 "-" "Mozilla/4.0 (compatible; MSIE 7.0; Windows NT 5.1; InfoPath.1; .NET CLR 2.0.50727; .NET CLR 1.1.4322)"
91.64.50.83 - - [13/Jan/2008:13:17:02 -0800] "www.modestolan.com: GET /vb/member2.php?s=&action=addlist&userlist=buddy&userid=632 HTTP/1.1" 301 429 "-" "Mozilla/5.0 (compatible; MJ12bot/v1.2.1; http://www.majestic12.co.uk/bot.php?+)"
74.6.22.102 - - [13/Jan/2008:13:17:03 -0800] "www.modestolan.com: GET /~nine/TheBox.txt HTTP/1.0" 200 33620 "-" "Mozilla/5.0 (compatible; Yahoo! Slurp; http://help.yahoo.com/help/us/ysearch/slurp)"
91.64.50.83 - - [13/Jan/2008:13:17:04 -0800] "www.modestolan.com: GET /vb/member.php?s=&action=addlist&userlist=buddy&userid=632 HTTP/1.1" 200 21162 "http://www.modestolan.com/vb/member2.php?s=&action=addlist&userlist=buddy&userid=632" "Mozilla/5.0 (compatible; MJ12bot/v1.2.1; http://www.majestic12.co.uk/bot.php?+)"
74.6.20.106 - - [13/Jan/2008:13:17:06 -0800] "www.modestolan.com: GET /vb/showthread.php?p=50037 HTTP/1.0" 200 8328 "-" "Mozilla/5.0 (compatible; Yahoo! Slurp; http://help.yahoo.com/help/us/ysearch/slurp)"
91.64.50.83 - - [13/Jan/2008:13:17:08 -0800] "www.modestolan.com: GET /vb/member2.php?s=&action=addlist&userlist=buddy&userid=633 HTTP/1.1" 301 429 "-" "Mozilla/5.0 (compatible; MJ12bot/v1.2.1; http://www.majestic12.co.uk/bot.php?+)"
91.64.50.83 - - [13/Jan/2008:13:17:11 -0800] "www.modestolan.com: GET /vb/member.php?s=&action=addlist&userlist=buddy&userid=633 HTTP/1.1" 200 21162 "http://www.modestolan.com/vb/member2.php?s=&action=addlist&userlist=buddy&userid=633" "Mozilla/5.0 (compatible; MJ12bot/v1.2.1; http://www.majestic12.co.uk/bot.php?+)"
65.55.165.40 - - [13/Jan/2008:13:17:11 -0800] "blppp.com: GET /themes/ABD/style/style.css HTTP/1.0" 200 2357 "http://blppp.com/modules.php?name=News&file=article&sid=55&mode=thread&order=0&thold=0" "Mozilla/4.0 (compatible; MSIE 7.0; Windows NT 5.2; .NET CLR 1.1.4322)"
65.55.165.40 - - [13/Jan/2008:13:17:11 -0800] "blppp.com: GET /modules.php?name=News&file=article&sid=55&mode=thread&order=0&thold=0 HTTP/1.0" 200 48218 "http://search.live.com/results.aspx?q=worlds&mrt=en-us&FORM=LIVSOP" "Mozilla/4.0 (compatible; MSIE 7.0; Windows NT 5.2; .NET CLR 1.1.4322)"
91.64.50.83 - - [13/Jan/2008:13:17:14 -0800] "www.modestolan.com: GET /vb/member2.php?s=&action=addlist&userlist=buddy&userid=645 HTTP/1.1" 301 429 "-" "Mozilla/5.0 (compatible; MJ12bot/v1.2.1; http://www.majestic12.co.uk/bot.php?+)"
91.64.50.83 - - [13/Jan/2008:13:17:16 -0800] "www.modestolan.com: GET /vb/member.php?s=&action=addlist&userlist=buddy&userid=645 HTTP/1.1" 200 21162 "http://www.modestolan.com/vb/member2.php?s=&action=addlist&userlist=buddy&userid=645" "Mozilla/5.0 (compatible; MJ12bot/v1.2.1; http://www.majestic12.co.uk/bot.php?+)"
91.64.50.83 - - [13/Jan/2008:13:17:19 -0800] "www.modestolan.com: GET /vb/member2.php?s=&action=addlist&userlist=buddy&userid=647 HTTP/1.1" 301 429 "-" "Mozilla/5.0 (compatible; MJ12bot/v1.2.1; http://www.majestic12.co.uk/bot.php?+)"
91.64.50.83 - - [13/Jan/2008:13:17:23 -0800] "www.modestolan.com: GET /vb/member.php?s=&action=addlist&userlist=buddy&userid=647 HTTP/1.1" 200 21162 "http://www.modestolan.com/vb/member2.php?s=&action=addlist&userlist=buddy&userid=647" "Mozilla/5.0 (compatible; MJ12bot/v1.2.1; http://www.majestic12.co.uk/bot.php?+)"
91.64.50.83 - - [13/Jan/2008:13:17:26 -0800] "www.modestolan.com: GET /vb/member2.php?s=&action=addlist&userlist=buddy&userid=650 HTTP/1.1" 301 429 "-" "Mozilla/5.0 (compatible; MJ12bot/v1.2.1; http://www.majestic12.co.uk/bot.php?+)"
66.249.70.51 - - [13/Jan/2008:13:17:29 -0800] "www.modestolan.com: GET /vb/calendar.php?do=add&c=2&day=2011-8-5 HTTP/1.1" 200 6380 "-" "Mozilla/5.0 (compatible; Googlebot/2.1; +http://www.google.com/bot.html)"
91.64.50.83 - - [13/Jan/2008:13:17:29 -0800] "www.modestolan.com: GET /vb/member.php?s=&action=addlist&userlist=buddy&userid=650 HTTP/1.1" 200 21162 "http://www.modestolan.com/vb/member2.php?s=&action=addlist&userlist=buddy&userid=650" "Mozilla/5.0 (compatible; MJ12bot/v1.2.1; http://www.majestic12.co.uk/bot.php?+)"
91.64.50.83 - - [13/Jan/2008:13:17:32 -0800] "www.modestolan.com: GET /vb/member2.php?s=&action=addlist&userlist=buddy&userid=655 HTTP/1.1" 301 429 "-" "Mozilla/5.0 (compatible; MJ12bot/v1.2.1; http://www.majestic12.co.uk/bot.php?+)"
99.141.17.99 - - [13/Jan/2008:13:17:33 -0800] "www.modestolan.com: GET /xwred1/fat_naruto.jpeg HTTP/1.1" 200 115036 "http://images.google.com/imgres?imgurl=http://www.modestolan.com/xwred1/fat_naruto.jpeg&imgrefurl=http://www.chaozr.proboards31.com/index.cgi%3Fboard%3Dwtf%26action%3Ddisplay%26thread%3D1133741022%26page%3D2&h=619&w=350&sz=113&tbnid=sFylDGk9jBjxdM:&tbnh=136&tbnw=77&hl=en&um=1&prev=/images%3Fq%3DNaruto%2Bcosplay%2Bstuff%26start%3D20%26ndsp%3D20%26svnum%3D10%26um%3D1%26hl%3Den%26sa%3DN&frame=small" "Mozilla/4.0 (compatible; MSIE 7.0; Windows NT 5.1; YPC 3.2.0; .NET CLR 1.1.4322; yplus 5.1.04b)"
99.141.17.99 - - [13/Jan/2008:13:17:34 -0800] "www.modestolan.com: GET /favicon.ico HTTP/1.1" 404 335 "-" "Mozilla/4.0 (compatible; MSIE 7.0; Windows NT 5.1; YPC 3.2.0; .NET CLR 1.1.4322)"
91.64.50.83 - - [13/Jan/2008:13:17:36 -0800] "www.modestolan.com: GET /vb/member.php?s=&action=addlist&userlist=buddy&userid=655 HTTP/1.1" 200 22484 "http://www.modestolan.com/vb/member2.php?s=&action=addlist&userlist=buddy&userid=655" "Mozilla/5.0 (compatible; MJ12bot/v1.2.1; http://www.majestic12.co.uk/bot.php?+)"
91.64.50.83 - - [13/Jan/2008:13:17:39 -0800] "www.modestolan.com: GET /vb/member2.php?s=&action=addlist&userlist=buddy&userid=659 HTTP/1.1" 301 429 "-" "Mozilla/5.0 (compatible; MJ12bot/v1.2.1; http://www.majestic12.co.uk/bot.php?+)"
91.64.50.83 - - [13/Jan/2008:13:17:43 -0800] "www.modestolan.com: GET /vb/member.php?s=&action=addlist&userlist=buddy&userid=659 HTTP/1.1" 200 25025 "http://www.modestolan.com/vb/member2.php?s=&action=addlist&userlist=buddy&userid=659" "Mozilla/5.0 (compatible; MJ12bot/v1.2.1; http://www.majestic12.co.uk/bot.php?+)"
91.64.50.83 - - [13/Jan/2008:13:17:50 -0800] "www.modestolan.com: GET /vb/member2.php?s=&action=addlist&userlist=buddy&userid=662 HTTP/1.1" 301 429 "-" "Mozilla/5.0 (compatible; MJ12bot/v1.2.1; http://www.majestic12.co.uk/bot.php?+)"
91.64.50.83 - - [13/Jan/2008:13:17:54 -0800] "www.modestolan.com: GET /vb/member.php?s=&action=addlist&userlist=buddy&userid=662 HTTP/1.1" 200 21162 "http://www.modestolan.com/vb/member2.php?s=&action=addlist&userlist=buddy&userid=662" "Mozilla/5.0 (compatible; MJ12bot/v1.2.1; http://www.majestic12.co.uk/bot.php?+)"
41.250.46.37 - - [13/Jan/2008:13:17:57 -0800] "www.modestolan.com: GET /icons/unknown.gif HTTP/1.1" 200 245 "http://www.modestolan.com/xwred1/" "Mozilla/5.0 (Windows; U; Windows NT 5.1; fr; rv:1.8.1.11) Gecko/20071127 Firefox/2.0.0.11"
41.250.46.37 - - [13/Jan/2008:13:17:58 -0800] "www.modestolan.com: GET /icons/sound2.gif HTTP/1.1" 200 221 "http://www.modestolan.com/xwred1/" "Mozilla/5.0 (Windows; U; Windows NT 5.1; fr; rv:1.8.1.11) Gecko/20071127 Firefox/2.0.0.11"
91.64.50.83 - - [13/Jan/2008:13:17:59 -0800] "www.modestolan.com: GET /vb/member2.php?s=&action=addlist&userlist=buddy&userid=674 HTTP/1.1" 301 429 "-" "Mozilla/5.0 (compatible; MJ12bot/v1.2.1; http://www.majestic12.co.uk/bot.php?+)"
91.64.50.83 - - [13/Jan/2008:13:18:01 -0800] "www.modestolan.com: GET /vb/member.php?s=&action=addlist&userlist=buddy&userid=674 HTTP/1.1" 200 21162 "http://www.modestolan.com/vb/member2.php?s=&action=addlist&userlist=buddy&userid=674" "Mozilla/5.0 (compatible; MJ12bot/v1.2.1; http://www.majestic12.co.uk/bot.php?+)"
91.64.50.83 - - [13/Jan/2008:13:18:07 -0800] "www.modestolan.com: GET /vb/member2.php?s=&action=addlist&userlist=buddy&userid=71 HTTP/1.1" 301 428 "-" "Mozilla/5.0 (compatible; MJ12bot/v1.2.1; http://www.majestic12.co.uk/bot.php?+)"
66.249.70.51 - - [13/Jan/2008:13:18:10 -0800] "www.modestolan.com: GET /vb/calendar.php?do=add&c=2&day=2011-7-9 HTTP/1.1" 200 6382 "-" "Mozilla/5.0 (compatible; Googlebot/2.1; +http://www.google.com/bot.html)"
91.64.50.83 - - [13/Jan/2008:13:18:10 -0800] "www.modestolan.com: GET /vb/member.php?s=&action=addlist&userlist=buddy&userid=71 HTTP/1.1" 200 25458 "http://www.modestolan.com/vb/member2.php?s=&action=addlist&userlist=buddy&userid=71" "Mozilla/5.0 (compatible; MJ12bot/v1.2.1; http://www.majestic12.co.uk/bot.php?+)"
41.250.46.37 - - [13/Jan/2008:13:18:13 -0800] "www.modestolan.com: GET /icons/compressed.gif HTTP/1.1" 200 1038 "http://www.modestolan.com/xwred1/" "Mozilla/5.0 (Windows; U; Windows NT 5.1; fr; rv:1.8.1.11) Gecko/20071127 Firefox/2.0.0.11"
41.250.46.37 - - [13/Jan/2008:13:18:14 -0800] "www.modestolan.com: GET /icons/text.gif HTTP/1.1" 200 229 "http://www.modestolan.com/xwred1/" "Mozilla/5.0 (Windows; U; Windows NT 5.1; fr; rv:1.8.1.11) Gecko/20071127 Firefox/2.0.0.11"
41.250.46.37 - - [13/Jan/2008:13:18:15 -0800] "www.modestolan.com: GET /icons/deb.gif HTTP/1.1" 200 1303 "http://www.modestolan.com/xwred1/" "Mozilla/5.0 (Windows; U; Windows NT 5.1; fr; rv:1.8.1.11) Gecko/20071127 Firefox/2.0.0.11"
41.250.46.37 - - [13/Jan/2008:13:18:15 -0800] "www.modestolan.com: GET /icons/binary.gif HTTP/1.1" 200 246 "http://www.modestolan.com/xwred1/" "Mozilla/5.0 (Windows; U; Windows NT 5.1; fr; rv:1.8.1.11) Gecko/20071127 Firefox/2.0.0.11"
41.250.46.37 - - [13/Jan/2008:13:18:16 -0800] "www.modestolan.com: GET /icons/script.gif HTTP/1.1" 200 242 "http://www.modestolan.com/xwred1/" "Mozilla/5.0 (Windows; U; Windows NT 5.1; fr; rv:1.8.1.11) Gecko/20071127 Firefox/2.0.0.11"
91.64.50.83 - - [13/Jan/2008:13:18:16 -0800] "www.modestolan.com: GET /vb/member2.php?s=&action=addlist&userlist=buddy&userid=714 HTTP/1.1" 301 429 "-" "Mozilla/5.0 (compatible; MJ12bot/v1.2.1; http://www.majestic12.co.uk/bot.php?+)"
41.250.46.37 - - [13/Jan/2008:13:18:18 -0800] "www.modestolan.com: GET /xwred1/cpp/ HTTP/1.1" 200 14421 "http://www.modestolan.com/xwred1/" "Mozilla/5.0 (Windows; U; Windows NT 5.1; fr; rv:1.8.1.11) Gecko/20071127 Firefox/2.0.0.11"
91.64.50.83 - - [13/Jan/2008:13:18:18 -0800] "www.modestolan.com: GET /vb/member.php?s=&action=addlist&userlist=buddy&userid=714 HTTP/1.1" 200 21159 "http://www.modestolan.com/vb/member2.php?s=&action=addlist&userlist=buddy&userid=714" "Mozilla/5.0 (compatible; MJ12bot/v1.2.1; http://www.majestic12.co.uk/bot.php?+)"
41.250.46.37 - - [13/Jan/2008:13:18:21 -0800] "www.modestolan.com: GET /php/menu.php HTTP/1.1" 200 21682 "http://www.modestolan.com/xwred1/cpp/" "Mozilla/5.0 (Windows; U; Windows NT 5.1; fr; rv:1.8.1.11) Gecko/20071127 Firefox/2.0.0.11"
91.64.50.83 - - [13/Jan/2008:13:18:21 -0800] "www.modestolan.com: GET /vb/member2.php?s=&action=addlist&userlist=buddy&userid=723 HTTP/1.1" 301 429 "-" "Mozilla/5.0 (compatible; MJ12bot/v1.2.1; http://www.majestic12.co.uk/bot.php?+)"
91.64.50.83 - - [13/Jan/2008:13:18:24 -0800] "www.modestolan.com: GET /vb/member.php?s=&action=addlist&userlist=buddy&userid=723 HTTP/1.1" 200 21162 "http://www.modestolan.com/vb/member2.php?s=&action=addlist&userlist=buddy&userid=723" "Mozilla/5.0 (compatible; MJ12bot/v1.2.1; http://www.majestic12.co.uk/bot.php?+)"
91.64.50.83 - - [13/Jan/2008:13:18:28 -0800] "www.modestolan.com: GET /vb/member2.php?s=&action=addlist&userlist=buddy&userid=726 HTTP/1.1" 301 429 "-" "Mozilla/5.0 (compatible; MJ12bot/v1.2.1; http://www.majestic12.co.uk/bot.php?+)"
91.64.50.83 - - [13/Jan/2008:13:18:34 -0800] "www.modestolan.com: GET /vb/member.php?s=&action=addlist&userlist=buddy&userid=726 HTTP/1.1" 200 21162 "http://www.modestolan.com/vb/member2.php?s=&action=addlist&userlist=buddy&userid=726" "Mozilla/5.0 (compatible; MJ12bot/v1.2.1; http://www.majestic12.co.uk/bot.php?+)"
91.64.50.83 - - [13/Jan/2008:13:18:38 -0800] "www.modestolan.com: GET /vb/member2.php?s=&action=addlist&userlist=buddy&userid=73 HTTP/1.1" 301 428 "-" "Mozilla/5.0 (compatible; MJ12bot/v1.2.1; http://www.majestic12.co.uk/bot.php?+)"
91.64.50.83 - - [13/Jan/2008:13:18:40 -0800] "www.modestolan.com: GET /vb/member.php?s=&action=addlist&userlist=buddy&userid=73 HTTP/1.1" 200 24884 "http://www.modestolan.com/vb/member2.php?s=&action=addlist&userlist=buddy&userid=73" "Mozilla/5.0 (compatible; MJ12bot/v1.2.1; http://www.majestic12.co.uk/bot.php?+)"
91.64.50.83 - - [13/Jan/2008:13:18:50 -0800] "www.modestolan.com: GET /vb/member2.php?s=&action=addlist&userlist=buddy&userid=734 HTTP/1.1" 301 429 "-" "Mozilla/5.0 (compatible; MJ12bot/v1.2.1; http://www.majestic12.co.uk/bot.php?+)"
66.249.70.51 - - [13/Jan/2008:13:18:51 -0800] "www.modestolan.com: GET /vb/calendar.php?do=add&c=2&day=2011-7-13 HTTP/1.1" 200 6381 "-" "Mozilla/5.0 (compatible; Googlebot/2.1; +http://www.google.com/bot.html)"
74.6.23.114 - - [13/Jan/2008:13:18:52 -0800] "www.modestolan.com: GET /vb/misc.php?do=whoposted&t=5333 HTTP/1.0" 200 2839 "-" "Mozilla/5.0 (compatible; Yahoo! Slurp; http://help.yahoo.com/help/us/ysearch/slurp)"
91.64.50.83 - - [13/Jan/2008:13:18:53 -0800] "www.modestolan.com: GET /vb/member.php?s=&action=addlist&userlist=buddy&userid=734 HTTP/1.1" 200 21162 "http://www.modestolan.com/vb/member2.php?s=&action=addlist&userlist=buddy&userid=734" "Mozilla/5.0 (compatible; MJ12bot/v1.2.1; http://www.majestic12.co.uk/bot.php?+)"
91.64.50.83 - - [13/Jan/2008:13:18:57 -0800] "www.modestolan.com: GET /vb/member2.php?s=&action=addlist&userlist=buddy&userid=739 HTTP/1.1" 301 429 "-" "Mozilla/5.0 (compatible; MJ12bot/v1.2.1; http://www.majestic12.co.uk/bot.php?+)"
91.64.50.83 - - [13/Jan/2008:13:19:05 -0800] "www.modestolan.com: GET /vb/member.php?s=&action=addlist&userlist=buddy&userid=739 HTTP/1.1" 200 21162 "http://www.modestolan.com/vb/member2.php?s=&action=addlist&userlist=buddy&userid=739" "Mozilla/5.0 (compatible; MJ12bot/v1.2.1; http://www.majestic12.co.uk/bot.php?+)"
74.6.22.102 - - [13/Jan/2008:13:19:06 -0800] "www.modestolan.com: GET /vb/member.php?u=205 HTTP/1.0" 200 6053 "-" "Mozilla/5.0 (compatible; Yahoo! Slurp; http://help.yahoo.com/help/us/ysearch/slurp)"
91.64.50.83 - - [13/Jan/2008:13:19:12 -0800] "www.modestolan.com: GET /vb/member2.php?s=&action=addlist&userlist=buddy&userid=806 HTTP/1.1" 301 429 "-" "Mozilla/5.0 (compatible; MJ12bot/v1.2.1; http://www.majestic12.co.uk/bot.php?+)"
80.251.192.3 - - [13/Jan/2008:13:19:12 -0800] "www.modestolan.com: GET /xwred1/xp-pimp.jpeg HTTP/1.0" 200 124346 "http://www.modestolan.com/xwred1/xp-pimp.jpeg" "Mozilla/4.0 (compatible; ICS)"
91.64.50.83 - - [13/Jan/2008:13:19:14 -0800] "www.modestolan.com: GET /vb/member.php?s=&action=addlist&userlist=buddy&userid=806 HTTP/1.1" 200 23922 "http://www.modestolan.com/vb/member2.php?s=&action=addlist&userlist=buddy&userid=806" "Mozilla/5.0 (compatible; MJ12bot/v1.2.1; http://www.majestic12.co.uk/bot.php?+)"
91.64.50.83 - - [13/Jan/2008:13:19:16 -0800] "www.modestolan.com: GET /vb/member2.php?s=&action=addlist&userlist=buddy&userid=818 HTTP/1.1" 301 429 "-" "Mozilla/5.0 (compatible; MJ12bot/v1.2.1; http://www.majestic12.co.uk/bot.php?+)"
91.64.50.83 - - [13/Jan/2008:13:19:20 -0800] "www.modestolan.com: GET /vb/member.php?s=&action=addlist&userlist=buddy&userid=818 HTTP/1.1" 200 24431 "http://www.modestolan.com/vb/member2.php?s=&action=addlist&userlist=buddy&userid=818" "Mozilla/5.0 (compatible; MJ12bot/v1.2.1; http://www.majestic12.co.uk/bot.php?+)"
91.64.50.83 - - [13/Jan/2008:13:19:22 -0800] "www.modestolan.com: GET /vb/member2.php?s=&action=addlist&userlist=buddy&userid=823 HTTP/1.1" 301 429 "-" "Mozilla/5.0 (compatible; MJ12bot/v1.2.1; http://www.majestic12.co.uk/bot.php?+)"
91.64.50.83 - - [13/Jan/2008:13:19:24 -0800] "www.modestolan.com: GET /vb/member.php?s=&action=addlist&userlist=buddy&userid=823 HTTP/1.1" 200 21162 "http://www.modestolan.com/vb/member2.php?s=&action=addlist&userlist=buddy&userid=823" "Mozilla/5.0 (compatible; MJ12bot/v1.2.1; http://www.majestic12.co.uk/bot.php?+)"
91.64.50.83 - - [13/Jan/2008:13:19:28 -0800] "www.modestolan.com: GET /vb/member2.php?s=&action=addlist&userlist=buddy&userid=833 HTTP/1.1" 301 429 "-" "Mozilla/5.0 (compatible; MJ12bot/v1.2.1; http://www.majestic12.co.uk/bot.php?+)"
91.64.50.83 - - [13/Jan/2008:13:19:31 -0800] "www.modestolan.com: GET /vb/member.php?s=&action=addlist&userlist=buddy&userid=833 HTTP/1.1" 200 24113 "http://www.modestolan.com/vb/member2.php?s=&action=addlist&userlist=buddy&userid=833" "Mozilla/5.0 (compatible; MJ12bot/v1.2.1; http://www.majestic12.co.uk/bot.php?+)"
66.249.70.51 - - [13/Jan/2008:13:19:32 -0800] "www.modestolan.com: GET /vb/calendar.php?do=add&c=2&day=2011-7-14 HTTP/1.1" 200 6382 "-" "Mozilla/5.0 (compatible; Googlebot/2.1; +http://www.google.com/bot.html)"
91.64.50.83 - - [13/Jan/2008:13:19:34 -0800] "www.modestolan.com: GET /vb/member2.php?s=&action=addlist&userlist=buddy&userid=841 HTTP/1.1" 301 429 "-" "Mozilla/5.0 (compatible; MJ12bot/v1.2.1; http://www.majestic12.co.uk/bot.php?+)"
91.64.50.83 - - [13/Jan/2008:13:19:37 -0800] "www.modestolan.com: GET /vb/member.php?s=&action=addlist&userlist=buddy&userid=841 HTTP/1.1" 200 21162 "http://www.modestolan.com/vb/member2.php?s=&action=addlist&userlist=buddy&userid=841" "Mozilla/5.0 (compatible; MJ12bot/v1.2.1; http://www.majestic12.co.uk/bot.php?+)"
91.64.50.83 - - [13/Jan/2008:13:19:44 -0800] "www.modestolan.com: GET /vb/member2.php?s=&action=addlist&userlist=buddy&userid=856 HTTP/1.1" 301 429 "-" "Mozilla/5.0 (compatible; MJ12bot/v1.2.1; http://www.majestic12.co.uk/bot.php?+)"
91.64.50.83 - - [13/Jan/2008:13:19:51 -0800] "www.modestolan.com: GET /vb/member.php?s=&action=addlist&userlist=buddy&userid=856 HTTP/1.1" 200 21162 "http://www.modestolan.com/vb/member2.php?s=&action=addlist&userlist=buddy&userid=856" "Mozilla/5.0 (compatible; MJ12bot/v1.2.1; http://www.majestic12.co.uk/bot.php?+)"
91.64.50.83 - - [13/Jan/2008:13:20:01 -0800] "www.modestolan.com: GET /vb/member2.php?s=&action=addlist&userlist=buddy&userid=867 HTTP/1.1" 301 429 "-" "Mozilla/5.0 (compatible; MJ12bot/v1.2.1; http://www.majestic12.co.uk/bot.php?+)"
91.64.50.83 - - [13/Jan/2008:13:20:08 -0800] "www.modestolan.com: GET /vb/member.php?s=&action=addlist&userlist=buddy&userid=867 HTTP/1.1" 200 23223 "http://www.modestolan.com/vb/member2.php?s=&action=addlist&userlist=buddy&userid=867" "Mozilla/5.0 (compatible; MJ12bot/v1.2.1; http://www.majestic12.co.uk/bot.php?+)"
91.64.50.83 - - [13/Jan/2008:13:20:10 -0800] "www.modestolan.com: GET /vb/member2.php?s=&action=addlist&userlist=buddy&userid=870 HTTP/1.1" 301 429 "-" "Mozilla/5.0 (compatible; MJ12bot/v1.2.1; http://www.majestic12.co.uk/bot.php?+)"
91.64.50.83 - - [13/Jan/2008:13:20:13 -0800] "www.modestolan.com: GET /vb/member.php?s=&action=addlist&userlist=buddy&userid=870 HTTP/1.1" 200 21162 "http://www.modestolan.com/vb/member2.php?s=&action=addlist&userlist=buddy&userid=870" "Mozilla/5.0 (compatible; MJ12bot/v1.2.1; http://www.majestic12.co.uk/bot.php?+)"
66.249.70.51 - - [13/Jan/2008:13:20:14 -0800] "www.modestolan.com: GET /vb/calendar.php?do=add&c=2&day=2011-7-11 HTTP/1.1" 200 6381 "-" "Mozilla/5.0 (compatible; Googlebot/2.1; +http://www.google.com/bot.html)"
91.64.50.83 - - [13/Jan/2008:13:20:18 -0800] "www.modestolan.com: GET /vb/member2.php?s=&action=addlist&userlist=buddy&userid=874 HTTP/1.1" 301 429 "-" "Mozilla/5.0 (compatible; MJ12bot/v1.2.1; http://www.majestic12.co.uk/bot.php?+)"
91.64.50.83 - - [13/Jan/2008:13:20:22 -0800] "www.modestolan.com: GET /vb/member.php?s=&action=addlist&userlist=buddy&userid=874 HTTP/1.1" 200 21159 "http://www.modestolan.com/vb/member2.php?s=&action=addlist&userlist=buddy&userid=874" "Mozilla/5.0 (compatible; MJ12bot/v1.2.1; http://www.majestic12.co.uk/bot.php?+)"
91.64.50.83 - - [13/Jan/2008:13:20:27 -0800] "www.modestolan.com: GET /vb/member2.php?s=&action=addlist&userlist=buddy&userid=879 HTTP/1.1" 301 429 "-" "Mozilla/5.0 (compatible; MJ12bot/v1.2.1; http://www.majestic12.co.uk/bot.php?+)"
91.64.50.83 - - [13/Jan/2008:13:20:32 -0800] "www.modestolan.com: GET /vb/member.php?s=&action=addlist&userlist=buddy&userid=879 HTTP/1.1" 200 24996 "http://www.modestolan.com/vb/member2.php?s=&action=addlist&userlist=buddy&userid=879" "Mozilla/5.0 (compatible; MJ12bot/v1.2.1; http://www.majestic12.co.uk/bot.php?+)"
91.64.50.83 - - [13/Jan/2008:13:20:37 -0800] "www.modestolan.com: GET /vb/member2.php?s=&action=addlist&userlist=buddy&userid=880 HTTP/1.1" 301 429 "-" "Mozilla/5.0 (compatible; MJ12bot/v1.2.1; http://www.majestic12.co.uk/bot.php?+)"
91.64.50.83 - - [13/Jan/2008:13:20:40 -0800] "www.modestolan.com: GET /vb/member.php?s=&action=addlist&userlist=buddy&userid=880 HTTP/1.1" 200 21162 "http://www.modestolan.com/vb/member2.php?s=&action=addlist&userlist=buddy&userid=880" "Mozilla/5.0 (compatible; MJ12bot/v1.2.1; http://www.majestic12.co.uk/bot.php?+)"
91.64.50.83 - - [13/Jan/2008:13:20:43 -0800] "www.modestolan.com: GET /vb/member2.php?s=&action=addlist&userlist=buddy&userid=90 HTTP/1.1" 301 428 "-" "Mozilla/5.0 (compatible; MJ12bot/v1.2.1; http://www.majestic12.co.uk/bot.php?+)"
91.64.50.83 - - [13/Jan/2008:13:20:45 -0800] "www.modestolan.com: GET /vb/member.php?s=&action=addlist&userlist=buddy&userid=90 HTTP/1.1" 200 21161 "http://www.modestolan.com/vb/member2.php?s=&action=addlist&userlist=buddy&userid=90" "Mozilla/5.0 (compatible; MJ12bot/v1.2.1; http://www.majestic12.co.uk/bot.php?+)"
91.64.50.83 - - [13/Jan/2008:13:20:49 -0800] "www.modestolan.com: GET /vb/member2.php?s=&action=addlist&userlist=buddy&userid=917 HTTP/1.1" 301 429 "-" "Mozilla/5.0 (compatible; MJ12bot/v1.2.1; http://www.majestic12.co.uk/bot.php?+)"
91.64.50.83 - - [13/Jan/2008:13:20:51 -0800] "www.modestolan.com: GET /vb/member.php?s=&action=addlist&userlist=buddy&userid=917 HTTP/1.1" 200 21162 "http://www.modestolan.com/vb/member2.php?s=&action=addlist&userlist=buddy&userid=917" "Mozilla/5.0 (compatible; MJ12bot/v1.2.1; http://www.majestic12.co.uk/bot.php?+)"
66.249.70.51 - - [13/Jan/2008:13:20:55 -0800] "www.modestolan.com: GET /vb/calendar.php?do=add&c=2&day=2011-7-26 HTTP/1.1" 200 6382 "-" "Mozilla/5.0 (compatible; Googlebot/2.1; +http://www.google.com/bot.html)"
91.64.50.83 - - [13/Jan/2008:13:20:56 -0800] "www.modestolan.com: GET /vb/member2.php?s=&action=addlist&userlist=buddy&userid=922 HTTP/1.1" 301 429 "-" "Mozilla/5.0 (compatible; MJ12bot/v1.2.1; http://www.majestic12.co.uk/bot.php?+)"
74.6.22.43 - - [13/Jan/2008:13:20:57 -0800] "www.modestolan.com: GET /vb/search.php?do=finduser&userid=652&searchthreadid=5158 HTTP/1.0" 302 0 "-" "Mozilla/5.0 (compatible; Yahoo! Slurp; http://help.yahoo.com/help/us/ysearch/slurp)"
74.6.22.43 - - [13/Jan/2008:13:20:58 -0800] "www.modestolan.com: GET /vb/search.php?searchid=10290 HTTP/1.0" 200 6614 "-" "Mozilla/5.0 (compatible; Yahoo! Slurp; http://help.yahoo.com/help/us/ysearch/slurp)"
91.64.50.83 - - [13/Jan/2008:13:21:05 -0800] "www.modestolan.com: GET /vb/member.php?s=&action=addlist&userlist=buddy&userid=922 HTTP/1.1" 200 24735 "http://www.modestolan.com/vb/member2.php?s=&action=addlist&userlist=buddy&userid=922" "Mozilla/5.0 (compatible; MJ12bot/v1.2.1; http://www.majestic12.co.uk/bot.php?+)"
91.64.50.83 - - [13/Jan/2008:13:21:08 -0800] "www.modestolan.com: GET /vb/member2.php?s=&action=addlist&userlist=buddy&userid=927 HTTP/1.1" 301 429 "-" "Mozilla/5.0 (compatible; MJ12bot/v1.2.1; http://www.majestic12.co.uk/bot.php?+)"
91.64.50.83 - - [13/Jan/2008:13:21:11 -0800] "www.modestolan.com: GET /vb/member.php?s=&action=addlist&userlist=buddy&userid=927 HTTP/1.1" 200 21162 "http://www.modestolan.com/vb/member2.php?s=&action=addlist&userlist=buddy&userid=927" "Mozilla/5.0 (compatible; MJ12bot/v1.2.1; http://www.majestic12.co.uk/bot.php?+)"
91.64.50.83 - - [13/Jan/2008:13:21:16 -0800] "www.modestolan.com: GET /vb/member2.php?s=&action=addlist&userlist=buddy&userid=946 HTTP/1.1" 301 429 "-" "Mozilla/5.0 (compatible; MJ12bot/v1.2.1; http://www.majestic12.co.uk/bot.php?+)"
91.64.50.83 - - [13/Jan/2008:13:21:19 -0800] "www.modestolan.com: GET /vb/member.php?s=&action=addlist&userlist=buddy&userid=946 HTTP/1.1" 200 24326 "http://www.modestolan.com/vb/member2.php?s=&action=addlist&userlist=buddy&userid=946" "Mozilla/5.0 (compatible; MJ12bot/v1.2.1; http://www.majestic12.co.uk/bot.php?+)"
41.250.46.37 - - [13/Jan/2008:13:21:21 -0800] "www.modestolan.com: GET /icons/tar.gif HTTP/1.1" 200 219 "http://www.modestolan.com/xwred1/" "Mozilla/5.0 (Windows; U; Windows NT 5.1; fr; rv:1.8.1.11) Gecko/20071127 Firefox/2.0.0.11"
91.64.50.83 - - [13/Jan/2008:13:21:22 -0800] "www.modestolan.com: GET /vb/member2.php?s=&action=addlist&userlist=buddy&userid=947 HTTP/1.1" 301 429 "-" "Mozilla/5.0 (compatible; MJ12bot/v1.2.1; http://www.majestic12.co.uk/bot.php?+)"
91.64.50.83 - - [13/Jan/2008:13:21:27 -0800] "www.modestolan.com: GET /vb/member.php?s=&action=addlist&userlist=buddy&userid=947 HTTP/1.1" 200 21162 "http://www.modestolan.com/vb/member2.php?s=&action=addlist&userlist=buddy&userid=947" "Mozilla/5.0 (compatible; MJ12bot/v1.2.1; http://www.majestic12.co.uk/bot.php?+)"
91.64.50.83 - - [13/Jan/2008:13:21:30 -0800] "www.modestolan.com: GET /vb/member2.php?s=&action=addlist&userlist=buddy&userid=954 HTTP/1.1" 301 429 "-" "Mozilla/5.0 (compatible; MJ12bot/v1.2.1; http://www.majestic12.co.uk/bot.php?+)"
91.64.50.83 - - [13/Jan/2008:13:21:33 -0800] "www.modestolan.com: GET /vb/member.php?s=&action=addlist&userlist=buddy&userid=954 HTTP/1.1" 200 21162 "http://www.modestolan.com/vb/member2.php?s=&action=addlist&userlist=buddy&userid=954" "Mozilla/5.0 (compatible; MJ12bot/v1.2.1; http://www.majestic12.co.uk/bot.php?+)"
66.249.70.51 - - [13/Jan/2008:13:21:36 -0800] "www.modestolan.com: GET /vb/calendar.php?do=add&c=2&day=2011-7-20 HTTP/1.1" 200 6382 "-" "Mozilla/5.0 (compatible; Googlebot/2.1; +http://www.google.com/bot.html)"
91.64.50.83 - - [13/Jan/2008:13:21:36 -0800] "www.modestolan.com: GET /vb/member2.php?s=&action=addlist&userlist=buddy&userid=958 HTTP/1.1" 301 429 "-" "Mozilla/5.0 (compatible; MJ12bot/v1.2.1; http://www.majestic12.co.uk/bot.php?+)"
91.64.50.83 - - [13/Jan/2008:13:21:40 -0800] "www.modestolan.com: GET /vb/member.php?s=&action=addlist&userlist=buddy&userid=958 HTTP/1.1" 200 21162 "http://www.modestolan.com/vb/member2.php?s=&action=addlist&userlist=buddy&userid=958" "Mozilla/5.0 (compatible; MJ12bot/v1.2.1; http://www.majestic12.co.uk/bot.php?+)"
91.64.50.83 - - [13/Jan/2008:13:21:43 -0800] "www.modestolan.com: GET /vb/member2.php?s=&action=addlist&userlist=buddy&userid=959 HTTP/1.1" 301 429 "-" "Mozilla/5.0 (compatible; MJ12bot/v1.2.1; http://www.majestic12.co.uk/bot.php?+)"
91.64.50.83 - - [13/Jan/2008:13:21:45 -0800] "www.modestolan.com: GET /vb/member.php?s=&action=addlist&userlist=buddy&userid=959 HTTP/1.1" 200 21159 "http://www.modestolan.com/vb/member2.php?s=&action=addlist&userlist=buddy&userid=959" "Mozilla/5.0 (compatible; MJ12bot/v1.2.1; http://www.majestic12.co.uk/bot.php?+)"
91.64.50.83 - - [13/Jan/2008:13:21:48 -0800] "www.modestolan.com: GET /vb/member2.php?s=&action=addlist&userlist=buddy&userid=965 HTTP/1.1" 301 429 "-" "Mozilla/5.0 (compatible; MJ12bot/v1.2.1; http://www.majestic12.co.uk/bot.php?+)"
91.64.50.83 - - [13/Jan/2008:13:21:52 -0800] "www.modestolan.com: GET /vb/member.php?s=&action=addlist&userlist=buddy&userid=965 HTTP/1.1" 200 24610 "http://www.modestolan.com/vb/member2.php?s=&action=addlist&userlist=buddy&userid=965" "Mozilla/5.0 (compatible; MJ12bot/v1.2.1; http://www.majestic12.co.uk/bot.php?+)"
91.64.50.83 - - [13/Jan/2008:13:21:57 -0800] "www.modestolan.com: GET /vb/member2.php?s=&action=addlist&userlist=buddy&userid=968 HTTP/1.1" 301 429 "-" "Mozilla/5.0 (compatible; MJ12bot/v1.2.1; http://www.majestic12.co.uk/bot.php?+)"
91.64.50.83 - - [13/Jan/2008:13:22:00 -0800] "www.modestolan.com: GET /vb/member.php?s=&action=addlist&userlist=buddy&userid=968 HTTP/1.1" 200 21162 "http://www.modestolan.com/vb/member2.php?s=&action=addlist&userlist=buddy&userid=968" "Mozilla/5.0 (compatible; MJ12bot/v1.2.1; http://www.majestic12.co.uk/bot.php?+)"
91.64.50.83 - - [13/Jan/2008:13:22:04 -0800] "www.modestolan.com: GET /vb/member2.php?s=&action=addlist&userlist=buddy&userid=970 HTTP/1.1" 301 429 "-" "Mozilla/5.0 (compatible; MJ12bot/v1.2.1; http://www.majestic12.co.uk/bot.php?+)"
91.64.50.83 - - [13/Jan/2008:13:22:07 -0800] "www.modestolan.com: GET /vb/member.php?s=&action=addlist&userlist=buddy&userid=970 HTTP/1.1" 200 23601 "http://www.modestolan.com/vb/member2.php?s=&action=addlist&userlist=buddy&userid=970" "Mozilla/5.0 (compatible; MJ12bot/v1.2.1; http://www.majestic12.co.uk/bot.php?+)"
91.64.50.83 - - [13/Jan/2008:13:22:11 -0800] "www.modestolan.com: GET /vb/member2.php?s=&action=addlist&userlist=buddy&userid=971 HTTP/1.1" 301 429 "-" "Mozilla/5.0 (compatible; MJ12bot/v1.2.1; http://www.majestic12.co.uk/bot.php?+)"
91.64.50.83 - - [13/Jan/2008:13:22:14 -0800] "www.modestolan.com: GET /vb/member.php?s=&action=addlist&userlist=buddy&userid=971 HTTP/1.1" 200 21159 "http://www.modestolan.com/vb/member2.php?s=&action=addlist&userlist=buddy&userid=971" "Mozilla/5.0 (compatible; MJ12bot/v1.2.1; http://www.majestic12.co.uk/bot.php?+)"
91.64.50.83 - - [13/Jan/2008:13:22:17 -0800] "www.modestolan.com: GET /vb/member2.php?s=&action=addlist&userlist=buddy&userid=972 HTTP/1.1" 301 429 "-" "Mozilla/5.0 (compatible; MJ12bot/v1.2.1; http://www.majestic12.co.uk/bot.php?+)"
66.249.70.51 - - [13/Jan/2008:13:22:17 -0800] "www.modestolan.com: GET /vb/calendar.php?do=add&c=2&day=2011-7-7 HTTP/1.1" 200 6382 "-" "Mozilla/5.0 (compatible; Googlebot/2.1; +http://www.google.com/bot.html)"
91.64.50.83 - - [13/Jan/2008:13:22:20 -0800] "www.modestolan.com: GET /vb/member.php?s=&action=addlist&userlist=buddy&userid=972 HTTP/1.1" 200 21159 "http://www.modestolan.com/vb/member2.php?s=&action=addlist&userlist=buddy&userid=972" "Mozilla/5.0 (compatible; MJ12bot/v1.2.1; http://www.majestic12.co.uk/bot.php?+)"
41.250.46.37 - - [13/Jan/2008:13:22:22 -0800] "www.modestolan.com: GET /xwred1/exploit/ HTTP/1.1" 200 15945 "http://www.modestolan.com/xwred1/" "Mozilla/5.0 (Windows; U; Windows NT 5.1; fr; rv:1.8.1.11) Gecko/20071127 Firefox/2.0.0.11"
91.64.50.83 - - [13/Jan/2008:13:22:23 -0800] "www.modestolan.com: GET /vb/member2.php?s=&action=addlist&userlist=buddy&userid=977 HTTP/1.1" 301 429 "-" "Mozilla/5.0 (compatible; MJ12bot/v1.2.1; http://www.majestic12.co.uk/bot.php?+)"
91.64.50.83 - - [13/Jan/2008:13:22:26 -0800] "www.modestolan.com: GET /vb/member.php?s=&action=addlist&userlist=buddy&userid=977 HTTP/1.1" 200 21162 "http://www.modestolan.com/vb/member2.php?s=&action=addlist&userlist=buddy&userid=977" "Mozilla/5.0 (compatible; MJ12bot/v1.2.1; http://www.majestic12.co.uk/bot.php?+)"
41.250.46.37 - - [13/Jan/2008:13:22:27 -0800] "www.modestolan.com: GET /php/menu.php HTTP/1.1" 200 21682 "http://www.modestolan.com/xwred1/exploit/" "Mozilla/5.0 (Windows; U; Windows NT 5.1; fr; rv:1.8.1.11) Gecko/20071127 Firefox/2.0.0.11"
91.64.50.83 - - [13/Jan/2008:13:22:29 -0800] "www.modestolan.com: GET /vb/member2.php?s=&action=addlist&userlist=buddy&userid=978 HTTP/1.1" 301 429 "-" "Mozilla/5.0 (compatible; MJ12bot/v1.2.1; http://www.majestic12.co.uk/bot.php?+)"
91.64.50.83 - - [13/Jan/2008:13:22:32 -0800] "www.modestolan.com: GET /vb/member.php?s=&action=addlist&userlist=buddy&userid=978 HTTP/1.1" 200 24298 "http://www.modestolan.com/vb/member2.php?s=&action=addlist&userlist=buddy&userid=978" "Mozilla/5.0 (compatible; MJ12bot/v1.2.1; http://www.majestic12.co.uk/bot.php?+)"
91.64.50.83 - - [13/Jan/2008:13:22:35 -0800] "www.modestolan.com: GET /vb/member2.php?s=&action=addlist&userlist=buddy&userid=982 HTTP/1.1" 301 429 "-" "Mozilla/5.0 (compatible; MJ12bot/v1.2.1; http://www.majestic12.co.uk/bot.php?+)"
91.64.50.83 - - [13/Jan/2008:13:22:40 -0800] "www.modestolan.com: GET /vb/member.php?s=&action=addlist&userlist=buddy&userid=982 HTTP/1.1" 200 21162 "http://www.modestolan.com/vb/member2.php?s=&action=addlist&userlist=buddy&userid=982" "Mozilla/5.0 (compatible; MJ12bot/v1.2.1; http://www.majestic12.co.uk/bot.php?+)"
91.64.50.83 - - [13/Jan/2008:13:22:44 -0800] "www.modestolan.com: GET /vb/member2.php?s=&action=addlist&userlist=buddy&userid=983 HTTP/1.1" 301 429 "-" "Mozilla/5.0 (compatible; MJ12bot/v1.2.1; http://www.majestic12.co.uk/bot.php?+)"
91.64.50.83 - - [13/Jan/2008:13:22:47 -0800] "www.modestolan.com: GET /vb/member.php?s=&action=addlist&userlist=buddy&userid=983 HTTP/1.1" 200 21162 "http://www.modestolan.com/vb/member2.php?s=&action=addlist&userlist=buddy&userid=983" "Mozilla/5.0 (compatible; MJ12bot/v1.2.1; http://www.majestic12.co.uk/bot.php?+)"
91.64.50.83 - - [13/Jan/2008:13:22:53 -0800] "www.modestolan.com: GET /vb/member2.php?s=&action=addlist&userlist=buddy&userid=988 HTTP/1.1" 301 429 "-" "Mozilla/5.0 (compatible; MJ12bot/v1.2.1; http://www.majestic12.co.uk/bot.php?+)"
91.64.50.83 - - [13/Jan/2008:13:22:56 -0800] "www.modestolan.com: GET /vb/member.php?s=&action=addlist&userlist=buddy&userid=988 HTTP/1.1" 200 24596 "http://www.modestolan.com/vb/member2.php?s=&action=addlist&userlist=buddy&userid=988" "Mozilla/5.0 (compatible; MJ12bot/v1.2.1; http://www.majestic12.co.uk/bot.php?+)"
66.249.70.51 - - [13/Jan/2008:13:22:58 -0800] "www.modestolan.com: GET /vb/calendar.php?do=add&c=2&day=2011-7-17 HTTP/1.1" 200 6383 "-" "Mozilla/5.0 (compatible; Googlebot/2.1; +http://www.google.com/bot.html)"
91.64.50.83 - - [13/Jan/2008:13:23:01 -0800] "www.modestolan.com: GET /vb/member2.php?s=&action=addlist&userlist=buddy&userid=995 HTTP/1.1" 301 429 "-" "Mozilla/5.0 (compatible; MJ12bot/v1.2.1; http://www.majestic12.co.uk/bot.php?+)"
91.64.50.83 - - [13/Jan/2008:13:23:05 -0800] "www.modestolan.com: GET /vb/member.php?s=&action=addlist&userlist=buddy&userid=995 HTTP/1.1" 200 23859 "http://www.modestolan.com/vb/member2.php?s=&action=addlist&userlist=buddy&userid=995" "Mozilla/5.0 (compatible; MJ12bot/v1.2.1; http://www.majestic12.co.uk/bot.php?+)"
91.64.50.83 - - [13/Jan/2008:13:23:10 -0800] "www.modestolan.com: GET /vb/member2.php?s=&action=addlist&userlist=ignore&userid=1 HTTP/1.1" 301 428 "-" "Mozilla/5.0 (compatible; MJ12bot/v1.2.1; http://www.majestic12.co.uk/bot.php?+)"
91.64.50.83 - - [13/Jan/2008:13:23:12 -0800] "www.modestolan.com: GET /vb/member.php?s=&action=addlist&userlist=ignore&userid=1 HTTP/1.1" 200 23101 "http://www.modestolan.com/vb/member2.php?s=&action=addlist&userlist=ignore&userid=1" "Mozilla/5.0 (compatible; MJ12bot/v1.2.1; http://www.majestic12.co.uk/bot.php?+)"
91.64.50.83 - - [13/Jan/2008:13:23:16 -0800] "www.modestolan.com: GET /vb/member2.php?s=&action=addlist&userlist=ignore&userid=1000 HTTP/1.1" 301 431 "-" "Mozilla/5.0 (compatible; MJ12bot/v1.2.1; http://www.majestic12.co.uk/bot.php?+)"
91.64.50.83 - - [13/Jan/2008:13:23:23 -0800] "www.modestolan.com: GET /vb/member.php?s=&action=addlist&userlist=ignore&userid=1000 HTTP/1.1" 200 25780 "http://www.modestolan.com/vb/member2.php?s=&action=addlist&userlist=ignore&userid=1000" "Mozilla/5.0 (compatible; MJ12bot/v1.2.1; http://www.majestic12.co.uk/bot.php?+)"
91.64.50.83 - - [13/Jan/2008:13:23:26 -0800] "www.modestolan.com: GET /vb/member2.php?s=&action=addlist&userlist=ignore&userid=1001 HTTP/1.1" 301 431 "-" "Mozilla/5.0 (compatible; MJ12bot/v1.2.1; http://www.majestic12.co.uk/bot.php?+)"
91.64.50.83 - - [13/Jan/2008:13:23:29 -0800] "www.modestolan.com: GET /vb/member.php?s=&action=addlist&userlist=ignore&userid=1001 HTTP/1.1" 200 21164 "http://www.modestolan.com/vb/member2.php?s=&action=addlist&userlist=ignore&userid=1001" "Mozilla/5.0 (compatible; MJ12bot/v1.2.1; http://www.majestic12.co.uk/bot.php?+)"
91.64.50.83 - - [13/Jan/2008:13:23:33 -0800] "www.modestolan.com: GET /vb/member2.php?s=&action=addlist&userlist=ignore&userid=1003 HTTP/1.1" 301 431 "-" "Mozilla/5.0 (compatible; MJ12bot/v1.2.1; http://www.majestic12.co.uk/bot.php?+)"
91.64.50.83 - - [13/Jan/2008:13:23:35 -0800] "www.modestolan.com: GET /vb/member.php?s=&action=addlist&userlist=ignore&userid=1003 HTTP/1.1" 200 21164 "http://www.modestolan.com/vb/member2.php?s=&action=addlist&userlist=ignore&userid=1003" "Mozilla/5.0 (compatible; MJ12bot/v1.2.1; http://www.majestic12.co.uk/bot.php?+)"
91.64.50.83 - - [13/Jan/2008:13:23:38 -0800] "www.modestolan.com: GET /vb/member2.php?s=&action=addlist&userlist=ignore&userid=1005 HTTP/1.1" 301 431 "-" "Mozilla/5.0 (compatible; MJ12bot/v1.2.1; http://www.majestic12.co.uk/bot.php?+)"
66.249.70.51 - - [13/Jan/2008:13:23:40 -0800] "www.modestolan.com: GET /vb/calendar.php?month=8&year=2011&c=2&do=displaymonth HTTP/1.1" 200 7662 "-" "Mozilla/5.0 (compatible; Googlebot/2.1; +http://www.google.com/bot.html)"
91.64.50.83 - - [13/Jan/2008:13:23:41 -0800] "www.modestolan.com: GET /vb/member.php?s=&action=addlist&userlist=ignore&userid=1005 HTTP/1.1" 200 21164 "http://www.modestolan.com/vb/member2.php?s=&action=addlist&userlist=ignore&userid=1005" "Mozilla/5.0 (compatible; MJ12bot/v1.2.1; http://www.majestic12.co.uk/bot.php?+)"
91.64.50.83 - - [13/Jan/2008:13:23:44 -0800] "www.modestolan.com: GET /vb/member2.php?s=&action=addlist&userlist=ignore&userid=1006 HTTP/1.1" 301 431 "-" "Mozilla/5.0 (compatible; MJ12bot/v1.2.1; http://www.majestic12.co.uk/bot.php?+)"
91.64.50.83 - - [13/Jan/2008:13:23:48 -0800] "www.modestolan.com: GET /vb/member.php?s=&action=addlist&userlist=ignore&userid=1006 HTTP/1.1" 200 21164 "http://www.modestolan.com/vb/member2.php?s=&action=addlist&userlist=ignore&userid=1006" "Mozilla/5.0 (compatible; MJ12bot/v1.2.1; http://www.majestic12.co.uk/bot.php?+)"
91.64.50.83 - - [13/Jan/2008:13:23:51 -0800] "www.modestolan.com: GET /vb/member2.php?s=&action=addlist&userlist=ignore&userid=1008 HTTP/1.1" 301 431 "-" "Mozilla/5.0 (compatible; MJ12bot/v1.2.1; http://www.majestic12.co.uk/bot.php?+)"
91.64.50.83 - - [13/Jan/2008:13:23:54 -0800] "www.modestolan.com: GET /vb/member.php?s=&action=addlist&userlist=ignore&userid=1008 HTTP/1.1" 200 21164 "http://www.modestolan.com/vb/member2.php?s=&action=addlist&userlist=ignore&userid=1008" "Mozilla/5.0 (compatible; MJ12bot/v1.2.1; http://www.majestic12.co.uk/bot.php?+)"
91.64.50.83 - - [13/Jan/2008:13:23:57 -0800] "www.modestolan.com: GET /vb/member2.php?s=&action=addlist&userlist=ignore&userid=1009 HTTP/1.1" 301 431 "-" "Mozilla/5.0 (compatible; MJ12bot/v1.2.1; http://www.majestic12.co.uk/bot.php?+)"
91.64.50.83 - - [13/Jan/2008:13:24:01 -0800] "www.modestolan.com: GET /vb/member.php?s=&action=addlist&userlist=ignore&userid=1009 HTTP/1.1" 200 21164 "http://www.modestolan.com/vb/member2.php?s=&action=addlist&userlist=ignore&userid=1009" "Mozilla/5.0 (compatible; MJ12bot/v1.2.1; http://www.majestic12.co.uk/bot.php?+)"
91.64.50.83 - - [13/Jan/2008:13:24:04 -0800] "www.modestolan.com: GET /vb/member2.php?s=&action=addlist&userlist=ignore&userid=101 HTTP/1.1" 301 430 "-" "Mozilla/5.0 (compatible; MJ12bot/v1.2.1; http://www.majestic12.co.uk/bot.php?+)"
91.64.50.83 - - [13/Jan/2008:13:24:07 -0800] "www.modestolan.com: GET /vb/member.php?s=&action=addlist&userlist=ignore&userid=101 HTTP/1.1" 200 21160 "http://www.modestolan.com/vb/member2.php?s=&action=addlist&userlist=ignore&userid=101" "Mozilla/5.0 (compatible; MJ12bot/v1.2.1; http://www.majestic12.co.uk/bot.php?+)"
91.64.50.83 - - [13/Jan/2008:13:24:10 -0800] "www.modestolan.com: GET /vb/member2.php?s=&action=addlist&userlist=ignore&userid=1010 HTTP/1.1" 301 431 "-" "Mozilla/5.0 (compatible; MJ12bot/v1.2.1; http://www.majestic12.co.uk/bot.php?+)"
91.64.50.83 - - [13/Jan/2008:13:24:13 -0800] "www.modestolan.com: GET /vb/member.php?s=&action=addlist&userlist=ignore&userid=1010 HTTP/1.1" 200 21164 "http://www.modestolan.com/vb/member2.php?s=&action=addlist&userlist=ignore&userid=1010" "Mozilla/5.0 (compatible; MJ12bot/v1.2.1; http://www.majestic12.co.uk/bot.php?+)"
91.64.50.83 - - [13/Jan/2008:13:24:16 -0800] "www.modestolan.com: GET /vb/member2.php?s=&action=addlist&userlist=ignore&userid=1011 HTTP/1.1" 301 431 "-" "Mozilla/5.0 (compatible; MJ12bot/v1.2.1; http://www.majestic12.co.uk/bot.php?+)"
91.64.50.83 - - [13/Jan/2008:13:24:20 -0800] "www.modestolan.com: GET /vb/member.php?s=&action=addlist&userlist=ignore&userid=1011 HTTP/1.1" 200 21164 "http://www.modestolan.com/vb/member2.php?s=&action=addlist&userlist=ignore&userid=1011" "Mozilla/5.0 (compatible; MJ12bot/v1.2.1; http://www.majestic12.co.uk/bot.php?+)"
66.249.70.51 - - [13/Jan/2008:13:24:21 -0800] "www.modestolan.com: GET /vb/calendar.php?do=add&c=2&day=2011-7-16 HTTP/1.1" 200 6381 "-" "Mozilla/5.0 (compatible; Googlebot/2.1; +http://www.google.com/bot.html)"
91.64.50.83 - - [13/Jan/2008:13:24:23 -0800] "www.modestolan.com: GET /vb/member2.php?s=&action=addlist&userlist=ignore&userid=1012 HTTP/1.1" 301 431 "-" "Mozilla/5.0 (compatible; MJ12bot/v1.2.1; http://www.majestic12.co.uk/bot.php?+)"
91.64.50.83 - - [13/Jan/2008:13:24:25 -0800] "www.modestolan.com: GET /vb/member.php?s=&action=addlist&userlist=ignore&userid=1012 HTTP/1.1" 200 22656 "http://www.modestolan.com/vb/member2.php?s=&action=addlist&userlist=ignore&userid=1012" "Mozilla/5.0 (compatible; MJ12bot/v1.2.1; http://www.majestic12.co.uk/bot.php?+)"
91.64.50.83 - - [13/Jan/2008:13:24:28 -0800] "www.modestolan.com: GET /vb/member2.php?s=&action=addlist&userlist=ignore&userid=1014 HTTP/1.1" 301 431 "-" "Mozilla/5.0 (compatible; MJ12bot/v1.2.1; http://www.majestic12.co.uk/bot.php?+)"
91.64.50.83 - - [13/Jan/2008:13:24:30 -0800] "www.modestolan.com: GET /vb/member.php?s=&action=addlist&userlist=ignore&userid=1014 HTTP/1.1" 200 21164 "http://www.modestolan.com/vb/member2.php?s=&action=addlist&userlist=ignore&userid=1014" "Mozilla/5.0 (compatible; MJ12bot/v1.2.1; http://www.majestic12.co.uk/bot.php?+)"
91.64.50.83 - - [13/Jan/2008:13:24:35 -0800] "www.modestolan.com: GET /vb/member2.php?s=&action=addlist&userlist=ignore&userid=1016 HTTP/1.1" 301 431 "-" "Mozilla/5.0 (compatible; MJ12bot/v1.2.1; http://www.majestic12.co.uk/bot.php?+)"
65.55.210.97 - - [13/Jan/2008:13:24:37 -0800] "www.modestolan.com: GET /robots.txt HTTP/1.0" 404 322 "-" "msnbot/1.0 (+http://search.msn.com/msnbot.htm)"
91.64.50.83 - - [13/Jan/2008:13:24:37 -0800] "www.modestolan.com: GET /vb/member.php?s=&action=addlist&userlist=ignore&userid=1016 HTTP/1.1" 200 21164 "http://www.modestolan.com/vb/member2.php?s=&action=addlist&userlist=ignore&userid=1016" "Mozilla/5.0 (compatible; MJ12bot/v1.2.1; http://www.majestic12.co.uk/bot.php?+)"
65.55.210.97 - - [13/Jan/2008:13:24:38 -0800] "www.modestolan.com: GET /vb/member.php?s=&action=getinfo&userid=1082 HTTP/1.0" 200 22278 "-" "msnbot/1.0 (+http://search.msn.com/msnbot.htm)"
91.64.50.83 - - [13/Jan/2008:13:24:41 -0800] "www.modestolan.com: GET /vb/member2.php?s=&action=addlist&userlist=ignore&userid=1018 HTTP/1.1" 301 431 "-" "Mozilla/5.0 (compatible; MJ12bot/v1.2.1; http://www.majestic12.co.uk/bot.php?+)"
67.181.66.235 - - [13/Jan/2008:13:24:43 -0800] "www.modestolan.com: GET / HTTP/1.1" 200 24084 "-" "Opera/9.20 (Windows NT 5.1; U; en)"
91.64.50.83 - - [13/Jan/2008:13:24:43 -0800] "www.modestolan.com: GET /vb/member.php?s=&action=addlist&userlist=ignore&userid=1018 HTTP/1.1" 200 21164 "http://www.modestolan.com/vb/member2.php?s=&action=addlist&userlist=ignore&userid=1018" "Mozilla/5.0 (compatible; MJ12bot/v1.2.1; http://www.majestic12.co.uk/bot.php?+)"
91.64.50.83 - - [13/Jan/2008:13:24:46 -0800] "www.modestolan.com: GET /vb/member2.php?s=&action=addlist&userlist=ignore&userid=102 HTTP/1.1" 301 430 "-" "Mozilla/5.0 (compatible; MJ12bot/v1.2.1; http://www.majestic12.co.uk/bot.php?+)"
67.181.66.235 - - [13/Jan/2008:13:24:47 -0800] "www.modestolan.com: GET /images/bg_small.jpg HTTP/1.1" 200 1598 "http://modestolan.com/" "Opera/9.20 (Windows NT 5.1; U; en)"
67.181.66.235 - - [13/Jan/2008:13:24:47 -0800] "www.modestolan.com: GET /tables.css HTTP/1.1" 200 2419 "http://modestolan.com/" "Opera/9.20 (Windows NT 5.1; U; en)"
67.181.66.235 - - [13/Jan/2008:13:24:47 -0800] "www.modestolan.com: GET /php/menu.php HTTP/1.1" 200 21682 "http://modestolan.com/" "Opera/9.20 (Windows NT 5.1; U; en)"
67.181.66.235 - - [13/Jan/2008:13:24:48 -0800] "www.modestolan.com: GET /images/transparent.gif HTTP/1.1" 200 43 "http://modestolan.com/" "Opera/9.20 (Windows NT 5.1; U; en)"
67.181.66.235 - - [13/Jan/2008:13:24:48 -0800] "www.modestolan.com: GET /images/landate.swf HTTP/1.1" 200 2197 "http://modestolan.com/" "Opera/9.20 (Windows NT 5.1; U; en)"
67.181.66.235 - - [13/Jan/2008:13:24:48 -0800] "www.modestolan.com: GET /images/top_14.gif HTTP/1.1" 200 522 "http://modestolan.com/" "Opera/9.20 (Windows NT 5.1; U; en)"
67.181.66.235 - - [13/Jan/2008:13:24:48 -0800] "www.modestolan.com: GET /images/top_12.gif HTTP/1.1" 200 826 "http://modestolan.com/" "Opera/9.20 (Windows NT 5.1; U; en)"
67.181.66.235 - - [13/Jan/2008:13:24:48 -0800] "www.modestolan.com: GET /transparent.gif HTTP/1.1" 200 43 "http://modestolan.com/" "Opera/9.20 (Windows NT 5.1; U; en)"
67.181.66.235 - - [13/Jan/2008:13:24:48 -0800] "www.modestolan.com: GET /images/top_04.gif HTTP/1.1" 200 1547 "http://modestolan.com/" "Opera/9.20 (Windows NT 5.1; U; en)"
67.181.66.235 - - [13/Jan/2008:13:24:48 -0800] "www.modestolan.com: GET /images/top_08.gif HTTP/1.1" 200 1738 "http://modestolan.com/" "Opera/9.20 (Windows NT 5.1; U; en)"
67.181.66.235 - - [13/Jan/2008:13:24:48 -0800] "www.modestolan.com: GET /images/top_11.gif HTTP/1.1" 200 1553 "http://modestolan.com/" "Opera/9.20 (Windows NT 5.1; U; en)"
67.181.66.235 - - [13/Jan/2008:13:24:48 -0800] "www.modestolan.com: GET /images/top_01.gif HTTP/1.1" 200 344 "http://modestolan.com/" "Opera/9.20 (Windows NT 5.1; U; en)"
67.181.66.235 - - [13/Jan/2008:13:24:48 -0800] "www.modestolan.com: GET /images/top_06.gif HTTP/1.1" 200 1954 "http://modestolan.com/" "Opera/9.20 (Windows NT 5.1; U; en)"
67.181.66.235 - - [13/Jan/2008:13:24:48 -0800] "www.modestolan.com: GET /images/top_10.gif HTTP/1.1" 200 1188 "http://modestolan.com/" "Opera/9.20 (Windows NT 5.1; U; en)"
67.181.66.235 - - [13/Jan/2008:13:24:48 -0800] "www.modestolan.com: GET /images/top_02.gif HTTP/1.1" 200 882 "http://modestolan.com/" "Opera/9.20 (Windows NT 5.1; U; en)"
67.181.66.235 - - [13/Jan/2008:13:24:48 -0800] "www.modestolan.com: GET /images/top_05.gif HTTP/1.1" 200 3111 "http://modestolan.com/" "Opera/9.20 (Windows NT 5.1; U; en)"
67.181.66.235 - - [13/Jan/2008:13:24:48 -0800] "www.modestolan.com: GET /images/top_03.gif HTTP/1.1" 200 349 "http://modestolan.com/" "Opera/9.20 (Windows NT 5.1; U; en)"
67.181.66.235 - - [13/Jan/2008:13:24:48 -0800] "www.modestolan.com: GET /images/top_07.gif HTTP/1.1" 200 2521 "http://modestolan.com/" "Opera/9.20 (Windows NT 5.1; U; en)"
67.181.66.235 - - [13/Jan/2008:13:24:48 -0800] "www.modestolan.com: GET /images/top_13.gif HTTP/1.1" 200 728 "http://modestolan.com/" "Opera/9.20 (Windows NT 5.1; U; en)"
67.181.66.235 - - [13/Jan/2008:13:24:48 -0800] "www.modestolan.com: GET /images/top_09.gif HTTP/1.1" 200 1089 "http://modestolan.com/" "Opera/9.20 (Windows NT 5.1; U; en)"
67.181.66.235 - - [13/Jan/2008:13:24:48 -0800] "www.modestolan.com: GET /images/sponsors/BAWLSbutton.gif HTTP/1.1" 200 8114 "http://modestolan.com/" "Opera/9.20 (Windows NT 5.1; U; en)"
67.181.66.235 - - [13/Jan/2008:13:24:48 -0800] "www.modestolan.com: GET /images/sponsors/nvidia.jpeg HTTP/1.1" 200 5580 "http://modestolan.com/" "Opera/9.20 (Windows NT 5.1; U; en)"
67.181.66.235 - - [13/Jan/2008:13:24:48 -0800] "www.modestolan.com: GET /images/sponsors/geeks.com.gif HTTP/1.1" 200 6611 "http://modestolan.com/" "Opera/9.20 (Windows NT 5.1; U; en)"
67.181.66.235 - - [13/Jan/2008:13:24:48 -0800] "www.modestolan.com: GET /images/sponsors/alogo.gif HTTP/1.1" 200 5996 "http://modestolan.com/" "Opera/9.20 (Windows NT 5.1; U; en)"
67.181.66.235 - - [13/Jan/2008:13:24:48 -0800] "www.modestolan.com: GET /images/menu/1.gif HTTP/1.1" 200 368 "http://modestolan.com/" "Opera/9.20 (Windows NT 5.1; U; en)"
67.181.66.235 - - [13/Jan/2008:13:24:48 -0800] "www.modestolan.com: GET /images/menu/2.gif HTTP/1.1" 200 550 "http://modestolan.com/" "Opera/9.20 (Windows NT 5.1; U; en)"
67.181.66.235 - - [13/Jan/2008:13:24:48 -0800] "www.modestolan.com: GET /images/runningslack.gif HTTP/1.1" 200 1818 "http://modestolan.com/" "Opera/9.20 (Windows NT 5.1; U; en)"
67.181.66.235 - - [13/Jan/2008:13:24:48 -0800] "www.modestolan.com: GET /images/menu/3.gif HTTP/1.1" 200 511 "http://modestolan.com/" "Opera/9.20 (Windows NT 5.1; U; en)"
67.181.66.235 - - [13/Jan/2008:13:24:48 -0800] "www.modestolan.com: GET /images/menu/4.gif HTTP/1.1" 200 443 "http://modestolan.com/" "Opera/9.20 (Windows NT 5.1; U; en)"
67.181.66.235 - - [13/Jan/2008:13:24:48 -0800] "www.modestolan.com: GET /images/menu/8.gif HTTP/1.1" 200 746 "http://modestolan.com/" "Opera/9.20 (Windows NT 5.1; U; en)"
67.181.66.235 - - [13/Jan/2008:13:24:48 -0800] "www.modestolan.com: GET /images/menu/5.gif HTTP/1.1" 200 549 "http://modestolan.com/" "Opera/9.20 (Windows NT 5.1; U; en)"
67.181.66.235 - - [13/Jan/2008:13:24:48 -0800] "www.modestolan.com: GET /images/menu/7.gif HTTP/1.1" 200 601 "http://modestolan.com/" "Opera/9.20 (Windows NT 5.1; U; en)"
67.181.66.235 - - [13/Jan/2008:13:24:48 -0800] "www.modestolan.com: GET /images/runningslack.gif HTTP/1.1" 200 1818 "http://modestolan.com/" "Opera/9.20 (Windows NT 5.1; U; en)"
67.181.66.235 - - [13/Jan/2008:13:24:48 -0800] "www.modestolan.com: GET /images/menu/6.gif HTTP/1.1" 200 600 "http://modestolan.com/" "Opera/9.20 (Windows NT 5.1; U; en)"
67.181.66.235 - - [13/Jan/2008:13:24:48 -0800] "www.modestolan.com: GET /images/menu/7.gif HTTP/1.1" 200 601 "http://modestolan.com/" "Opera/9.20 (Windows NT 5.1; U; en)"
