69.225.12.68 - - [13/Jan/2008:13:12:19 -0800] "www.modestolan.com: GET /vb/images/statusicon/thread_lock.gif HTTP/1.1" 304 - "http://www.modestolan.com/vb/forumdisplay.php?f=2" "Mozilla/4.0 (compatible; MSIE 7.0; Windows NT 6.0; SLCC1; .NET CLR 2.0.50727; Media Center PC 5.0; .NET CLR 3.0.04506; .NET CLR 1.1.4322; InfoPath.2)"
69.225.12.68 - - [13/Jan/2008:13:12:20 -0800] "www.modestolan.com: GET /vb/cron.php?&rand=676850 HTTP/1.1" 200 43 "http://www.modestolan.com/vb/forumdisplay.php?f=2" "Mozilla/4.0 (compatible; MSIE 7.0; Windows NT 6.0; SLCC1; .NET CLR 2.0.50727; Media Center PC 5.0; .NET CLR 3.0.04506; .NET CLR 1.1.4322; InfoPath.2)"
74.6.25.155 - - [13/Jan/2008:13:12:21 -0800] "www.modestolan.com: GET /vb/member.php?u=1518 HTTP/1.0" 200 6454 "-" "Mozilla/5.0 (compatible; Yahoo! Slurp; http://help.yahoo.com/help/us/ysearch/slurp)"
91.64.50.83 - - [13/Jan/2008:13:12:21 -0800] "www.modestolan.com: GET /vb/member.php?s=&action=addlist&userlist=buddy&userid=32 HTTP/1.1" 200 21161 "http://www.modestolan.com/vb/member2.php?s=&action=addlist&userlist=buddy&userid=32" "Mozilla/5.0 (compatible; MJ12bot/v1.2.1; http://www.majestic12.co.uk/bot.php?+)"
69.225.12.68 - - [13/Jan/2008:13:12:23 -0800] "www.modestolan.com: GET /vb/showthread.php?t=5730 HTTP/1.1" 200 19136 "http://www.modestolan.com/vb/forumdisplay.php?f=2" "Mozilla/4.0 (compatible; MSIE 7.0; Windows NT 6.0; SLCC1; .NET CLR 2.0.50727; Media Center PC 5.0; .NET CLR 3.0.04506; .NET CLR 1.1.4322; InfoPath.2)"
69.225.12.68 - - [13/Jan/2008:13:12:23 -0800] "www.modestolan.com: GET /vb/clientscript/vbulletin_post_loader.js?v=368 HTTP/1.1" 304 - "http://www.modestolan.com/vb/showthread.php?t=5730" "Mozilla/4.0 (compatible; MSIE 7.0; Windows NT 6.0; SLCC1; .NET CLR 2.0.50727; Media Center PC 5.0; .NET CLR 3.0.04506; .NET CLR 1.1.4322; InfoPath.2)"
69.225.12.68 - - [13/Jan/2008:13:12:24 -0800] "www.modestolan.com: GET /php/menu.php HTTP/1.1" 200 21682 "http://www.modestolan.com/vb/showthread.php?t=5730" "Mozilla/4.0 (compatible; MSIE 7.0; Windows NT 6.0; SLCC1; .NET CLR 2.0.50727; Media Center PC 5.0; .NET CLR 3.0.04506; .NET CLR 1.1.4322; InfoPath.2)"
69.225.12.68 - - [13/Jan/2008:13:12:24 -0800] "www.modestolan.com: GET /vb/images/buttons/reply.gif HTTP/1.1" 304 - "http://www.modestolan.com/vb/showthread.php?t=5730" "Mozilla/4.0 (compatible; MSIE 7.0; Windows NT 6.0; SLCC1; .NET CLR 2.0.50727; Media Center PC 5.0; .NET CLR 3.0.04506; .NET CLR 1.1.4322; InfoPath.2)"
69.225.12.68 - - [13/Jan/2008:13:12:24 -0800] "www.modestolan.com: GET /vb/images/statusicon/post_old.gif HTTP/1.1" 304 - "http://www.modestolan.com/vb/showthread.php?t=5730" "Mozilla/4.0 (compatible; MSIE 7.0; Windows NT 6.0; SLCC1; .NET CLR 2.0.50727; Media Center PC 5.0; .NET CLR 3.0.04506; .NET CLR 1.1.4322; InfoPath.2)"
69.225.12.68 - - [13/Jan/2008:13:12:24 -0800] "www.modestolan.com: GET /vb/images/statusicon/user_offline.gif HTTP/1.1" 304 - "http://www.modestolan.com/vb/showthread.php?t=5730" "Mozilla/4.0 (compatible; MSIE 7.0; Windows NT 6.0; SLCC1; .NET CLR 2.0.50727; Media Center PC 5.0; .NET CLR 3.0.04506; .NET CLR 1.1.4322; InfoPath.2)"
69.225.12.68 - - [13/Jan/2008:13:12:24 -0800] "www.modestolan.com: GET /vb/images/buttons/quote.gif HTTP/1.1" 304 - "http://www.modestolan.com/vb/showthread.php?t=5730" "Mozilla/4.0 (compatible; MSIE 7.0; Windows NT 6.0; SLCC1; .NET CLR 2.0.50727; Media Center PC 5.0; .NET CLR 3.0.04506; .NET CLR 1.1.4322; InfoPath.2)"
69.225.12.68 - - [13/Jan/2008:13:12:24 -0800] "www.modestolan.com: GET /vb/images/statusicon/post_new.gif HTTP/1.1" 304 - "http://www.modestolan.com/vb/showthread.php?t=5730" "Mozilla/4.0 (compatible; MSIE 7.0; Windows NT 6.0; SLCC1; .NET CLR 2.0.50727; Media Center PC 5.0; .NET CLR 3.0.04506; .NET CLR 1.1.4322; InfoPath.2)"
69.225.12.68 - - [13/Jan/2008:13:12:24 -0800] "www.modestolan.com: GET /vb/images/buttons/quickreply.gif HTTP/1.1" 304 - "http://www.modestolan.com/vb/showthread.php?t=5730" "Mozilla/4.0 (compatible; MSIE 7.0; Windows NT 6.0; SLCC1; .NET CLR 2.0.50727; Media Center PC 5.0; .NET CLR 3.0.04506; .NET CLR 1.1.4322; InfoPath.2)"
69.225.12.68 - - [13/Jan/2008:13:12:24 -0800] "www.modestolan.com: GET /vb/images/misc/im_aim.gif HTTP/1.1" 304 - "http://www.modestolan.com/vb/showthread.php?t=5730" "Mozilla/4.0 (compatible; MSIE 7.0; Windows NT 6.0; SLCC1; .NET CLR 2.0.50727; Media Center PC 5.0; .NET CLR 3.0.04506; .NET CLR 1.1.4322; InfoPath.2)"
69.225.12.68 - - [13/Jan/2008:13:12:24 -0800] "www.modestolan.com: GET /vb/images/misc/im_icq.gif HTTP/1.1" 304 - "http://www.modestolan.com/vb/showthread.php?t=5730" "Mozilla/4.0 (compatible; MSIE 7.0; Windows NT 6.0; SLCC1; .NET CLR 2.0.50727; Media Center PC 5.0; .NET CLR 3.0.04506; .NET CLR 1.1.4322; InfoPath.2)"
69.225.12.68 - - [13/Jan/2008:13:12:24 -0800] "www.modestolan.com: GET /vb/images/smilies/smile.gif HTTP/1.1" 304 - "http://www.modestolan.com/vb/showthread.php?t=5730" "Mozilla/4.0 (compatible; MSIE 7.0; Windows NT 6.0; SLCC1; .NET CLR 2.0.50727; Media Center PC 5.0; .NET CLR 3.0.04506; .NET CLR 1.1.4322; InfoPath.2)"
69.225.12.68 - - [13/Jan/2008:13:12:24 -0800] "www.modestolan.com: GET /vb/images/misc/im_yahoo.gif HTTP/1.1" 304 - "http://www.modestolan.com/vb/showthread.php?t=5730" "Mozilla/4.0 (compatible; MSIE 7.0; Windows NT 6.0; SLCC1; .NET CLR 2.0.50727; Media Center PC 5.0; .NET CLR 3.0.04506; .NET CLR 1.1.4322; InfoPath.2)"
69.225.12.68 - - [13/Jan/2008:13:12:24 -0800] "www.modestolan.com: GET /vb/images/statusicon/user_online.gif HTTP/1.1" 304 - "http://www.modestolan.com/vb/showthread.php?t=5730" "Mozilla/4.0 (compatible; MSIE 7.0; Windows NT 6.0; SLCC1; .NET CLR 2.0.50727; Media Center PC 5.0; .NET CLR 3.0.04506; .NET CLR 1.1.4322; InfoPath.2)"
69.225.12.68 - - [13/Jan/2008:13:12:24 -0800] "www.modestolan.com: GET /vb/images/misc/im_msn.gif HTTP/1.1" 200 1037 "http://www.modestolan.com/vb/showthread.php?t=5730" "Mozilla/4.0 (compatible; MSIE 7.0; Windows NT 6.0; SLCC1; .NET CLR 2.0.50727; Media Center PC 5.0; .NET CLR 3.0.04506; .NET CLR 1.1.4322; InfoPath.2)"
69.225.12.68 - - [13/Jan/2008:13:12:24 -0800] "www.modestolan.com: GET /vb/clientscript/vbulletin_multi_quote.js?v=368 HTTP/1.1" 304 - "http://www.modestolan.com/vb/showthread.php?t=5730" "Mozilla/4.0 (compatible; MSIE 7.0; Windows NT 6.0; SLCC1; .NET CLR 2.0.50727; Media Center PC 5.0; .NET CLR 3.0.04506; .NET CLR 1.1.4322; InfoPath.2)"
69.225.12.68 - - [13/Jan/2008:13:12:25 -0800] "www.modestolan.com: GET /vb/image.php?u=1449&dateline=1199787265 HTTP/1.1" 200 2551 "http://www.modestolan.com/vb/showthread.php?t=5730" "Mozilla/4.0 (compatible; MSIE 7.0; Windows NT 6.0; SLCC1; .NET CLR 2.0.50727; Media Center PC 5.0; .NET CLR 3.0.04506; .NET CLR 1.1.4322; InfoPath.2)"
69.225.12.68 - - [13/Jan/2008:13:12:25 -0800] "www.modestolan.com: GET /vb/clientscript/vbulletin_textedit.js?v=368 HTTP/1.1" 304 - "http://www.modestolan.com/vb/showthread.php?t=5730" "Mozilla/4.0 (compatible; MSIE 7.0; Windows NT 6.0; SLCC1; .NET CLR 2.0.50727; Media Center PC 5.0; .NET CLR 3.0.04506; .NET CLR 1.1.4322; InfoPath.2)"
91.64.50.83 - - [13/Jan/2008:13:12:25 -0800] "www.modestolan.com: GET /vb/member2.php?s=&action=addlist&userlist=buddy&userid=320 HTTP/1.1" 301 429 "-" "Mozilla/5.0 (compatible; MJ12bot/v1.2.1; http://www.majestic12.co.uk/bot.php?+)"
69.225.12.68 - - [13/Jan/2008:13:12:25 -0800] "www.modestolan.com: GET /vb/clientscript/vbulletin_editor.css HTTP/1.1" 304 - "http://www.modestolan.com/vb/showthread.php?t=5730" "Mozilla/4.0 (compatible; MSIE 7.0; Windows NT 6.0; SLCC1; .NET CLR 2.0.50727; Media Center PC 5.0; .NET CLR 3.0.04506; .NET CLR 1.1.4322; InfoPath.2)"
69.225.12.68 - - [13/Jan/2008:13:12:25 -0800] "www.modestolan.com: GET /vb/clientscript/vbulletin_quick_edit.js?v=368 HTTP/1.1" 304 - "http://www.modestolan.com/vb/showthread.php?t=5730" "Mozilla/4.0 (compatible; MSIE 7.0; Windows NT 6.0; SLCC1; .NET CLR 2.0.50727; Media Center PC 5.0; .NET CLR 3.0.04506; .NET CLR 1.1.4322; InfoPath.2)"
69.225.12.68 - - [13/Jan/2008:13:12:25 -0800] "www.modestolan.com: GET /vb/clientscript/vbulletin_quick_reply.js?v=368 HTTP/1.1" 304 - "http://www.modestolan.com/vb/showthread.php?t=5730" "Mozilla/4.0 (compatible; MSIE 7.0; Windows NT 6.0; SLCC1; .NET CLR 2.0.50727; Media Center PC 5.0; .NET CLR 3.0.04506; .NET CLR 1.1.4322; InfoPath.2)"
69.225.12.68 - - [13/Jan/2008:13:12:25 -0800] "www.modestolan.com: GET /vb/images/editor/removeformat.gif HTTP/1.1" 304 - "http://www.modestolan.com/vb/showthread.php?t=5730" "Mozilla/4.0 (compatible; MSIE 7.0; Windows NT 6.0; SLCC1; .NET CLR 2.0.50727; Media Center PC 5.0; .NET CLR 3.0.04506; .NET CLR 1.1.4322; InfoPath.2)"
69.225.12.68 - - [13/Jan/2008:13:12:25 -0800] "www.modestolan.com: GET /vb/images/editor/bold.gif HTTP/1.1" 304 - "http://www.modestolan.com/vb/showthread.php?t=5730" "Mozilla/4.0 (compatible; MSIE 7.0; Windows NT 6.0; SLCC1; .NET CLR 2.0.50727; Media Center PC 5.0; .NET CLR 3.0.04506; .NET CLR 1.1.4322; InfoPath.2)"
69.225.12.68 - - [13/Jan/2008:13:12:25 -0800] "www.modestolan.com: GET /vb/images/editor/separator.gif HTTP/1.1" 304 - "http://www.modestolan.com/vb/showthread.php?t=5730" "Mozilla/4.0 (compatible; MSIE 7.0; Windows NT 6.0; SLCC1; .NET CLR 2.0.50727; Media Center PC 5.0; .NET CLR 3.0.04506; .NET CLR 1.1.4322; InfoPath.2)"
69.225.12.68 - - [13/Jan/2008:13:12:25 -0800] "www.modestolan.com: GET /vb/images/editor/underline.gif HTTP/1.1" 304 - "http://www.modestolan.com/vb/showthread.php?t=5730" "Mozilla/4.0 (compatible; MSIE 7.0; Windows NT 6.0; SLCC1; .NET CLR 2.0.50727; Media Center PC 5.0; .NET CLR 3.0.04506; .NET CLR 1.1.4322; InfoPath.2)"
69.225.12.68 - - [13/Jan/2008:13:12:25 -0800] "www.modestolan.com: GET /vb/images/editor/italic.gif HTTP/1.1" 304 - "http://www.modestolan.com/vb/showthread.php?t=5730" "Mozilla/4.0 (compatible; MSIE 7.0; Windows NT 6.0; SLCC1; .NET CLR 2.0.50727; Media Center PC 5.0; .NET CLR 3.0.04506; .NET CLR 1.1.4322; InfoPath.2)"
69.225.12.68 - - [13/Jan/2008:13:12:25 -0800] "www.modestolan.com: GET /vb/clear.gif HTTP/1.1" 304 - "http://www.modestolan.com/vb/showthread.php?t=5730" "Mozilla/4.0 (compatible; MSIE 7.0; Windows NT 6.0; SLCC1; .NET CLR 2.0.50727; Media Center PC 5.0; .NET CLR 3.0.04506; .NET CLR 1.1.4322; InfoPath.2)"
69.225.12.68 - - [13/Jan/2008:13:12:25 -0800] "www.modestolan.com: GET /vb/images/editor/color.gif HTTP/1.1" 304 - "http://www.modestolan.com/vb/showthread.php?t=5730" "Mozilla/4.0 (compatible; MSIE 7.0; Windows NT 6.0; SLCC1; .NET CLR 2.0.50727; Media Center PC 5.0; .NET CLR 3.0.04506; .NET CLR 1.1.4322; InfoPath.2)"
69.225.12.68 - - [13/Jan/2008:13:12:25 -0800] "www.modestolan.com: GET /vb/images/editor/menupop.gif HTTP/1.1" 304 - "http://www.modestolan.com/vb/showthread.php?t=5730" "Mozilla/4.0 (compatible; MSIE 7.0; Windows NT 6.0; SLCC1; .NET CLR 2.0.50727; Media Center PC 5.0; .NET CLR 3.0.04506; .NET CLR 1.1.4322; InfoPath.2)"
69.225.12.68 - - [13/Jan/2008:13:12:25 -0800] "www.modestolan.com: GET /vb/images/editor/createlink.gif HTTP/1.1" 304 - "http://www.modestolan.com/vb/showthread.php?t=5730" "Mozilla/4.0 (compatible; MSIE 7.0; Windows NT 6.0; SLCC1; .NET CLR 2.0.50727; Media Center PC 5.0; .NET CLR 3.0.04506; .NET CLR 1.1.4322; InfoPath.2)"
69.225.12.68 - - [13/Jan/2008:13:12:25 -0800] "www.modestolan.com: GET /vb/images/editor/insertimage.gif HTTP/1.1" 304 - "http://www.modestolan.com/vb/showthread.php?t=5730" "Mozilla/4.0 (compatible; MSIE 7.0; Windows NT 6.0; SLCC1; .NET CLR 2.0.50727; Media Center PC 5.0; .NET CLR 3.0.04506; .NET CLR 1.1.4322; InfoPath.2)"
69.225.12.68 - - [13/Jan/2008:13:12:25 -0800] "www.modestolan.com: GET /vb/images/editor/quote.gif HTTP/1.1" 304 - "http://www.modestolan.com/vb/showthread.php?t=5730" "Mozilla/4.0 (compatible; MSIE 7.0; Windows NT 6.0; SLCC1; .NET CLR 2.0.50727; Media Center PC 5.0; .NET CLR 3.0.04506; .NET CLR 1.1.4322; InfoPath.2)"
69.225.12.68 - - [13/Jan/2008:13:12:25 -0800] "www.modestolan.com: GET /vb/images/editor/spelling.gif HTTP/1.1" 304 - "http://www.modestolan.com/vb/showthread.php?t=5730" "Mozilla/4.0 (compatible; MSIE 7.0; Windows NT 6.0; SLCC1; .NET CLR 2.0.50727; Media Center PC 5.0; .NET CLR 3.0.04506; .NET CLR 1.1.4322; InfoPath.2)"
69.225.12.68 - - [13/Jan/2008:13:12:25 -0800] "www.modestolan.com: GET /vb/images/editor/resize_0.gif HTTP/1.1" 304 - "http://www.modestolan.com/vb/showthread.php?t=5730" "Mozilla/4.0 (compatible; MSIE 7.0; Windows NT 6.0; SLCC1; .NET CLR 2.0.50727; Media Center PC 5.0; .NET CLR 3.0.04506; .NET CLR 1.1.4322; InfoPath.2)"
69.225.12.68 - - [13/Jan/2008:13:12:25 -0800] "www.modestolan.com: GET /vb/images/editor/resize_1.gif HTTP/1.1" 304 - "http://www.modestolan.com/vb/showthread.php?t=5730" "Mozilla/4.0 (compatible; MSIE 7.0; Windows NT 6.0; SLCC1; .NET CLR 2.0.50727; Media Center PC 5.0; .NET CLR 3.0.04506; .NET CLR 1.1.4322; InfoPath.2)"
69.225.12.68 - - [13/Jan/2008:13:12:26 -0800] "www.modestolan.com: GET /vb/images/editor/switchmode.gif HTTP/1.1" 304 - "http://www.modestolan.com/vb/showthread.php?t=5730" "Mozilla/4.0 (compatible; MSIE 7.0; Windows NT 6.0; SLCC1; .NET CLR 2.0.50727; Media Center PC 5.0; .NET CLR 3.0.04506; .NET CLR 1.1.4322; InfoPath.2)"
69.225.12.68 - - [13/Jan/2008:13:12:26 -0800] "www.modestolan.com: GET /vb/images/misc/progress.gif HTTP/1.1" 304 - "http://www.modestolan.com/vb/showthread.php?t=5730" "Mozilla/4.0 (compatible; MSIE 7.0; Windows NT 6.0; SLCC1; .NET CLR 2.0.50727; Media Center PC 5.0; .NET CLR 3.0.04506; .NET CLR 1.1.4322; InfoPath.2)"
69.225.12.68 - - [13/Jan/2008:13:12:26 -0800] "www.modestolan.com: GET /vb/images/buttons/printer.gif HTTP/1.1" 304 - "http://www.modestolan.com/vb/showthread.php?t=5730" "Mozilla/4.0 (compatible; MSIE 7.0; Windows NT 6.0; SLCC1; .NET CLR 2.0.50727; Media Center PC 5.0; .NET CLR 3.0.04506; .NET CLR 1.1.4322; InfoPath.2)"
69.225.12.68 - - [13/Jan/2008:13:12:26 -0800] "www.modestolan.com: GET /vb/images/buttons/mode_linear.gif HTTP/1.1" 304 - "http://www.modestolan.com/vb/showthread.php?t=5730" "Mozilla/4.0 (compatible; MSIE 7.0; Windows NT 6.0; SLCC1; .NET CLR 2.0.50727; Media Center PC 5.0; .NET CLR 3.0.04506; .NET CLR 1.1.4322; InfoPath.2)"
69.225.12.68 - - [13/Jan/2008:13:12:26 -0800] "www.modestolan.com: GET /vb/images/buttons/sendtofriend.gif HTTP/1.1" 304 - "http://www.modestolan.com/vb/showthread.php?t=5730" "Mozilla/4.0 (compatible; MSIE 7.0; Windows NT 6.0; SLCC1; .NET CLR 2.0.50727; Media Center PC 5.0; .NET CLR 3.0.04506; .NET CLR 1.1.4322; InfoPath.2)"
69.225.12.68 - - [13/Jan/2008:13:12:26 -0800] "www.modestolan.com: GET /vb/images/buttons/mode_threaded.gif HTTP/1.1" 304 - "http://www.modestolan.com/vb/showthread.php?t=5730" "Mozilla/4.0 (compatible; MSIE 7.0; Windows NT 6.0; SLCC1; .NET CLR 2.0.50727; Media Center PC 5.0; .NET CLR 3.0.04506; .NET CLR 1.1.4322; InfoPath.2)"
69.225.12.68 - - [13/Jan/2008:13:12:26 -0800] "www.modestolan.com: GET /vb/images/buttons/subscribe.gif HTTP/1.1" 304 - "http://www.modestolan.com/vb/showthread.php?t=5730" "Mozilla/4.0 (compatible; MSIE 7.0; Windows NT 6.0; SLCC1; .NET CLR 2.0.50727; Media Center PC 5.0; .NET CLR 3.0.04506; .NET CLR 1.1.4322; InfoPath.2)"
69.225.12.68 - - [13/Jan/2008:13:12:26 -0800] "www.modestolan.com: GET /vb/images/buttons/mode_hybrid.gif HTTP/1.1" 304 - "http://www.modestolan.com/vb/showthread.php?t=5730" "Mozilla/4.0 (compatible; MSIE 7.0; Windows NT 6.0; SLCC1; .NET CLR 2.0.50727; Media Center PC 5.0; .NET CLR 3.0.04506; .NET CLR 1.1.4322; InfoPath.2)"
69.225.12.68 - - [13/Jan/2008:13:12:26 -0800] "www.modestolan.com: GET /vb/cron.php?&rand=943675 HTTP/1.1" 200 43 "http://www.modestolan.com/vb/showthread.php?t=5730" "Mozilla/4.0 (compatible; MSIE 7.0; Windows NT 6.0; SLCC1; .NET CLR 2.0.50727; Media Center PC 5.0; .NET CLR 3.0.04506; .NET CLR 1.1.4322; InfoPath.2)"
91.64.50.83 - - [13/Jan/2008:13:12:28 -0800] "www.modestolan.com: GET /vb/member.php?s=&action=addlist&userlist=buddy&userid=320 HTTP/1.1" 200 21162 "http://www.modestolan.com/vb/member2.php?s=&action=addlist&userlist=buddy&userid=320" "Mozilla/5.0 (compatible; MJ12bot/v1.2.1; http://www.majestic12.co.uk/bot.php?+)"
91.64.50.83 - - [13/Jan/2008:13:12:31 -0800] "www.modestolan.com: GET /vb/member2.php?s=&action=addlist&userlist=buddy&userid=321 HTTP/1.1" 301 429 "-" "Mozilla/5.0 (compatible; MJ12bot/v1.2.1; http://www.majestic12.co.uk/bot.php?+)"
122.152.128.49 - - [13/Jan/2008:13:12:32 -0800] "www.modestolan.com: GET /robots.txt HTTP/1.1" 404 334 "-" "Baiduspider+(+http://www.baidu.com/search/spider_jp.html)"
91.64.50.83 - - [13/Jan/2008:13:12:34 -0800] "www.modestolan.com: GET /vb/member.php?s=&action=addlist&userlist=buddy&userid=321 HTTP/1.1" 200 21162 "http://www.modestolan.com/vb/member2.php?s=&action=addlist&userlist=buddy&userid=321" "Mozilla/5.0 (compatible; MJ12bot/v1.2.1; http://www.majestic12.co.uk/bot.php?+)"
91.64.50.83 - - [13/Jan/2008:13:12:37 -0800] "www.modestolan.com: GET /vb/member2.php?s=&action=addlist&userlist=buddy&userid=322 HTTP/1.1" 301 429 "-" "Mozilla/5.0 (compatible; MJ12bot/v1.2.1; http://www.majestic12.co.uk/bot.php?+)"
66.249.70.51 - - [13/Jan/2008:13:12:40 -0800] "www.modestolan.com: GET /vb/calendar.php?do=add&c=2&day=2011-7-10 HTTP/1.1" 200 6383 "-" "Mozilla/5.0 (compatible; Googlebot/2.1; +http://www.google.com/bot.html)"
91.64.50.83 - - [13/Jan/2008:13:12:40 -0800] "www.modestolan.com: GET /vb/member.php?s=&action=addlist&userlist=buddy&userid=322 HTTP/1.1" 200 21159 "http://www.modestolan.com/vb/member2.php?s=&action=addlist&userlist=buddy&userid=322" "Mozilla/5.0 (compatible; MJ12bot/v1.2.1; http://www.majestic12.co.uk/bot.php?+)"
91.64.50.83 - - [13/Jan/2008:13:12:43 -0800] "www.modestolan.com: GET /vb/member2.php?s=&action=addlist&userlist=buddy&userid=323 HTTP/1.1" 301 429 "-" "Mozilla/5.0 (compatible; MJ12bot/v1.2.1; http://www.majestic12.co.uk/bot.php?+)"
91.64.50.83 - - [13/Jan/2008:13:12:47 -0800] "www.modestolan.com: GET /vb/member.php?s=&action=addlist&userlist=buddy&userid=323 HTTP/1.1" 200 21162 "http://www.modestolan.com/vb/member2.php?s=&action=addlist&userlist=buddy&userid=323" "Mozilla/5.0 (compatible; MJ12bot/v1.2.1; http://www.majestic12.co.uk/bot.php?+)"
91.64.50.83 - - [13/Jan/2008:13:12:50 -0800] "www.modestolan.com: GET /vb/member2.php?s=&action=addlist&userlist=buddy&userid=324 HTTP/1.1" 301 429 "-" "Mozilla/5.0 (compatible; MJ12bot/v1.2.1; http://www.majestic12.co.uk/bot.php?+)"
91.64.50.83 - - [13/Jan/2008:13:12:54 -0800] "www.modestolan.com: GET /vb/member.php?s=&action=addlist&userlist=buddy&userid=324 HTTP/1.1" 200 21162 "http://www.modestolan.com/vb/member2.php?s=&action=addlist&userlist=buddy&userid=324" "Mozilla/5.0 (compatible; MJ12bot/v1.2.1; http://www.majestic12.co.uk/bot.php?+)"
91.64.50.83 - - [13/Jan/2008:13:12:59 -0800] "www.modestolan.com: GET /vb/member2.php?s=&action=addlist&userlist=buddy&userid=328 HTTP/1.1" 301 429 "-" "Mozilla/5.0 (compatible; MJ12bot/v1.2.1; http://www.majestic12.co.uk/bot.php?+)"
193.47.80.40 - - [13/Jan/2008:13:13:02 -0800] "www.modestolan.com: GET /~hoodlum/?M=D HTTP/1.1" 404 333 "-" "Mozilla/5.0 (compatible; Exabot/3.0; +http://www.exabot.com/go/robot)"
91.64.50.83 - - [13/Jan/2008:13:13:03 -0800] "www.modestolan.com: GET /vb/member.php?s=&action=addlist&userlist=buddy&userid=328 HTTP/1.1" 200 21162 "http://www.modestolan.com/vb/member2.php?s=&action=addlist&userlist=buddy&userid=328" "Mozilla/5.0 (compatible; MJ12bot/v1.2.1; http://www.majestic12.co.uk/bot.php?+)"
91.64.50.83 - - [13/Jan/2008:13:13:07 -0800] "www.modestolan.com: GET /vb/member2.php?s=&action=addlist&userlist=buddy&userid=329 HTTP/1.1" 301 429 "-" "Mozilla/5.0 (compatible; MJ12bot/v1.2.1; http://www.majestic12.co.uk/bot.php?+)"
91.64.50.83 - - [13/Jan/2008:13:13:11 -0800] "www.modestolan.com: GET /vb/member.php?s=&action=addlist&userlist=buddy&userid=329 HTTP/1.1" 200 21162 "http://www.modestolan.com/vb/member2.php?s=&action=addlist&userlist=buddy&userid=329" "Mozilla/5.0 (compatible; MJ12bot/v1.2.1; http://www.majestic12.co.uk/bot.php?+)"
91.64.50.83 - - [13/Jan/2008:13:13:18 -0800] "www.modestolan.com: GET /vb/member2.php?s=&action=addlist&userlist=buddy&userid=335 HTTP/1.1" 301 429 "-" "Mozilla/5.0 (compatible; MJ12bot/v1.2.1; http://www.majestic12.co.uk/bot.php?+)"
66.249.70.51 - - [13/Jan/2008:13:13:21 -0800] "www.modestolan.com: GET /vb/calendar.php?do=add&c=2&day=2011-7-19 HTTP/1.1" 200 6383 "-" "Mozilla/5.0 (compatible; Googlebot/2.1; +http://www.google.com/bot.html)"
91.64.50.83 - - [13/Jan/2008:13:13:24 -0800] "www.modestolan.com: GET /vb/member.php?s=&action=addlist&userlist=buddy&userid=335 HTTP/1.1" 200 21162 "http://www.modestolan.com/vb/member2.php?s=&action=addlist&userlist=buddy&userid=335" "Mozilla/5.0 (compatible; MJ12bot/v1.2.1; http://www.majestic12.co.uk/bot.php?+)"
91.64.50.83 - - [13/Jan/2008:13:13:28 -0800] "www.modestolan.com: GET /vb/member2.php?s=&action=addlist&userlist=buddy&userid=341 HTTP/1.1" 301 429 "-" "Mozilla/5.0 (compatible; MJ12bot/v1.2.1; http://www.majestic12.co.uk/bot.php?+)"
91.64.50.83 - - [13/Jan/2008:13:13:31 -0800] "www.modestolan.com: GET /vb/member.php?s=&action=addlist&userlist=buddy&userid=341 HTTP/1.1" 200 21162 "http://www.modestolan.com/vb/member2.php?s=&action=addlist&userlist=buddy&userid=341" "Mozilla/5.0 (compatible; MJ12bot/v1.2.1; http://www.majestic12.co.uk/bot.php?+)"
91.64.50.83 - - [13/Jan/2008:13:13:33 -0800] "www.modestolan.com: GET /vb/member2.php?s=&action=addlist&userlist=buddy&userid=343 HTTP/1.1" 301 429 "-" "Mozilla/5.0 (compatible; MJ12bot/v1.2.1; http://www.majestic12.co.uk/bot.php?+)"
65.55.208.17 - - [13/Jan/2008:13:13:34 -0800] "blppp.com: GET /robots.txt HTTP/1.0" 200 225 "-" "msnbot/1.0 (+http://search.msn.com/msnbot.htm)"
65.55.208.17 - - [13/Jan/2008:13:13:35 -0800] "blppp.com: GET /modules.php?name=News&file=article&sid=55&mode=thread&order=0&thold=0 HTTP/1.0" 200 46962 "-" "msnbot/1.0 (+http://search.msn.com/msnbot.htm)"
91.64.50.83 - - [13/Jan/2008:13:13:37 -0800] "www.modestolan.com: GET /vb/member.php?s=&action=addlist&userlist=buddy&userid=343 HTTP/1.1" 200 21162 "http://www.modestolan.com/vb/member2.php?s=&action=addlist&userlist=buddy&userid=343" "Mozilla/5.0 (compatible; MJ12bot/v1.2.1; http://www.majestic12.co.uk/bot.php?+)"
91.64.50.83 - - [13/Jan/2008:13:13:42 -0800] "www.modestolan.com: GET /vb/member2.php?s=&action=addlist&userlist=buddy&userid=345 HTTP/1.1" 301 429 "-" "Mozilla/5.0 (compatible; MJ12bot/v1.2.1; http://www.majestic12.co.uk/bot.php?+)"
91.64.50.83 - - [13/Jan/2008:13:13:46 -0800] "www.modestolan.com: GET /vb/member.php?s=&action=addlist&userlist=buddy&userid=345 HTTP/1.1" 200 21162 "http://www.modestolan.com/vb/member2.php?s=&action=addlist&userlist=buddy&userid=345" "Mozilla/5.0 (compatible; MJ12bot/v1.2.1; http://www.majestic12.co.uk/bot.php?+)"
91.64.50.83 - - [13/Jan/2008:13:13:50 -0800] "www.modestolan.com: GET /vb/member2.php?s=&action=addlist&userlist=buddy&userid=348 HTTP/1.1" 301 429 "-" "Mozilla/5.0 (compatible; MJ12bot/v1.2.1; http://www.majestic12.co.uk/bot.php?+)"
91.64.50.83 - - [13/Jan/2008:13:13:53 -0800] "www.modestolan.com: GET /vb/member.php?s=&action=addlist&userlist=buddy&userid=348 HTTP/1.1" 200 21162 "http://www.modestolan.com/vb/member2.php?s=&action=addlist&userlist=buddy&userid=348" "Mozilla/5.0 (compatible; MJ12bot/v1.2.1; http://www.majestic12.co.uk/bot.php?+)"
91.64.50.83 - - [13/Jan/2008:13:13:58 -0800] "www.modestolan.com: GET /vb/member2.php?s=&action=addlist&userlist=buddy&userid=349 HTTP/1.1" 301 429 "-" "Mozilla/5.0 (compatible; MJ12bot/v1.2.1; http://www.majestic12.co.uk/bot.php?+)"
91.64.50.83 - - [13/Jan/2008:13:14:01 -0800] "www.modestolan.com: GET /vb/member.php?s=&action=addlist&userlist=buddy&userid=349 HTTP/1.1" 200 21162 "http://www.modestolan.com/vb/member2.php?s=&action=addlist&userlist=buddy&userid=349" "Mozilla/5.0 (compatible; MJ12bot/v1.2.1; http://www.majestic12.co.uk/bot.php?+)"
66.249.70.51 - - [13/Jan/2008:13:14:03 -0800] "www.modestolan.com: GET /vb/calendar.php?do=add&c=2&day=2011-7-27 HTTP/1.1" 200 6381 "-" "Mozilla/5.0 (compatible; Googlebot/2.1; +http://www.google.com/bot.html)"
91.64.50.83 - - [13/Jan/2008:13:14:08 -0800] "www.modestolan.com: GET /vb/member2.php?s=&action=addlist&userlist=buddy&userid=35 HTTP/1.1" 301 428 "-" "Mozilla/5.0 (compatible; MJ12bot/v1.2.1; http://www.majestic12.co.uk/bot.php?+)"
91.64.50.83 - - [13/Jan/2008:13:14:13 -0800] "www.modestolan.com: GET /vb/member.php?s=&action=addlist&userlist=buddy&userid=35 HTTP/1.1" 200 23529 "http://www.modestolan.com/vb/member2.php?s=&action=addlist&userlist=buddy&userid=35" "Mozilla/5.0 (compatible; MJ12bot/v1.2.1; http://www.majestic12.co.uk/bot.php?+)"
91.64.50.83 - - [13/Jan/2008:13:14:15 -0800] "www.modestolan.com: GET /vb/member2.php?s=&action=addlist&userlist=buddy&userid=360 HTTP/1.1" 301 429 "-" "Mozilla/5.0 (compatible; MJ12bot/v1.2.1; http://www.majestic12.co.uk/bot.php?+)"
91.64.50.83 - - [13/Jan/2008:13:14:19 -0800] "www.modestolan.com: GET /vb/member.php?s=&action=addlist&userlist=buddy&userid=360 HTTP/1.1" 200 21162 "http://www.modestolan.com/vb/member2.php?s=&action=addlist&userlist=buddy&userid=360" "Mozilla/5.0 (compatible; MJ12bot/v1.2.1; http://www.majestic12.co.uk/bot.php?+)"
91.64.50.83 - - [13/Jan/2008:13:14:23 -0800] "www.modestolan.com: GET /vb/member2.php?s=&action=addlist&userlist=buddy&userid=38 HTTP/1.1" 301 428 "-" "Mozilla/5.0 (compatible; MJ12bot/v1.2.1; http://www.majestic12.co.uk/bot.php?+)"
91.64.50.83 - - [13/Jan/2008:13:14:30 -0800] "www.modestolan.com: GET /vb/member.php?s=&action=addlist&userlist=buddy&userid=38 HTTP/1.1" 200 24607 "http://www.modestolan.com/vb/member2.php?s=&action=addlist&userlist=buddy&userid=38" "Mozilla/5.0 (compatible; MJ12bot/v1.2.1; http://www.majestic12.co.uk/bot.php?+)"
91.64.50.83 - - [13/Jan/2008:13:14:34 -0800] "www.modestolan.com: GET /vb/member2.php?s=&action=addlist&userlist=buddy&userid=391 HTTP/1.1" 301 429 "-" "Mozilla/5.0 (compatible; MJ12bot/v1.2.1; http://www.majestic12.co.uk/bot.php?+)"
91.64.50.83 - - [13/Jan/2008:13:14:41 -0800] "www.modestolan.com: GET /vb/member.php?s=&action=addlist&userlist=buddy&userid=391 HTTP/1.1" 200 24548 "http://www.modestolan.com/vb/member2.php?s=&action=addlist&userlist=buddy&userid=391" "Mozilla/5.0 (compatible; MJ12bot/v1.2.1; http://www.majestic12.co.uk/bot.php?+)"
91.64.50.83 - - [13/Jan/2008:13:14:44 -0800] "www.modestolan.com: GET /vb/member2.php?s=&action=addlist&userlist=buddy&userid=409 HTTP/1.1" 301 429 "-" "Mozilla/5.0 (compatible; MJ12bot/v1.2.1; http://www.majestic12.co.uk/bot.php?+)"
66.249.70.51 - - [13/Jan/2008:13:14:44 -0800] "www.modestolan.com: GET /vb/calendar.php?do=add&c=2&day=2011-7-23 HTTP/1.1" 200 6382 "-" "Mozilla/5.0 (compatible; Googlebot/2.1; +http://www.google.com/bot.html)"
91.64.50.83 - - [13/Jan/2008:13:14:47 -0800] "www.modestolan.com: GET /vb/member.php?s=&action=addlist&userlist=buddy&userid=409 HTTP/1.1" 200 21162 "http://www.modestolan.com/vb/member2.php?s=&action=addlist&userlist=buddy&userid=409" "Mozilla/5.0 (compatible; MJ12bot/v1.2.1; http://www.majestic12.co.uk/bot.php?+)"
91.64.50.83 - - [13/Jan/2008:13:14:50 -0800] "www.modestolan.com: GET /vb/member2.php?s=&action=addlist&userlist=buddy&userid=42 HTTP/1.1" 301 428 "-" "Mozilla/5.0 (compatible; MJ12bot/v1.2.1; http://www.majestic12.co.uk/bot.php?+)"
91.64.50.83 - - [13/Jan/2008:13:14:54 -0800] "www.modestolan.com: GET /vb/member.php?s=&action=addlist&userlist=buddy&userid=42 HTTP/1.1" 200 23472 "http://www.modestolan.com/vb/member2.php?s=&action=addlist&userlist=buddy&userid=42" "Mozilla/5.0 (compatible; MJ12bot/v1.2.1; http://www.majestic12.co.uk/bot.php?+)"
91.64.50.83 - - [13/Jan/2008:13:14:58 -0800] "www.modestolan.com: GET /vb/member2.php?s=&action=addlist&userlist=buddy&userid=440 HTTP/1.1" 301 429 "-" "Mozilla/5.0 (compatible; MJ12bot/v1.2.1; http://www.majestic12.co.uk/bot.php?+)"
91.64.50.83 - - [13/Jan/2008:13:15:01 -0800] "www.modestolan.com: GET /vb/member.php?s=&action=addlist&userlist=buddy&userid=440 HTTP/1.1" 200 21162 "http://www.modestolan.com/vb/member2.php?s=&action=addlist&userlist=buddy&userid=440" "Mozilla/5.0 (compatible; MJ12bot/v1.2.1; http://www.majestic12.co.uk/bot.php?+)"
91.64.50.83 - - [13/Jan/2008:13:15:03 -0800] "www.modestolan.com: GET /vb/member2.php?s=&action=addlist&userlist=buddy&userid=441 HTTP/1.1" 301 429 "-" "Mozilla/5.0 (compatible; MJ12bot/v1.2.1; http://www.majestic12.co.uk/bot.php?+)"
91.64.50.83 - - [13/Jan/2008:13:15:06 -0800] "www.modestolan.com: GET /vb/member.php?s=&action=addlist&userlist=buddy&userid=441 HTTP/1.1" 200 21159 "http://www.modestolan.com/vb/member2.php?s=&action=addlist&userlist=buddy&userid=441" "Mozilla/5.0 (compatible; MJ12bot/v1.2.1; http://www.majestic12.co.uk/bot.php?+)"
91.64.50.83 - - [13/Jan/2008:13:15:11 -0800] "www.modestolan.com: GET /vb/member2.php?s=&action=addlist&userlist=buddy&userid=48 HTTP/1.1" 301 428 "-" "Mozilla/5.0 (compatible; MJ12bot/v1.2.1; http://www.majestic12.co.uk/bot.php?+)"
91.64.50.83 - - [13/Jan/2008:13:15:14 -0800] "www.modestolan.com: GET /vb/member.php?s=&action=addlist&userlist=buddy&userid=48 HTTP/1.1" 200 24604 "http://www.modestolan.com/vb/member2.php?s=&action=addlist&userlist=buddy&userid=48" "Mozilla/5.0 (compatible; MJ12bot/v1.2.1; http://www.majestic12.co.uk/bot.php?+)"
91.64.50.83 - - [13/Jan/2008:13:15:20 -0800] "www.modestolan.com: GET /vb/member2.php?s=&action=addlist&userlist=buddy&userid=5 HTTP/1.1" 301 427 "-" "Mozilla/5.0 (compatible; MJ12bot/v1.2.1; http://www.majestic12.co.uk/bot.php?+)"
66.249.70.51 - - [13/Jan/2008:13:15:25 -0800] "www.modestolan.com: GET /vb/calendar.php?do=add&c=2&day=2011-7-30 HTTP/1.1" 200 6383 "-" "Mozilla/5.0 (compatible; Googlebot/2.1; +http://www.google.com/bot.html)"
91.64.50.83 - - [13/Jan/2008:13:15:25 -0800] "www.modestolan.com: GET /vb/member.php?s=&action=addlist&userlist=buddy&userid=5 HTTP/1.1" 200 23390 "http://www.modestolan.com/vb/member2.php?s=&action=addlist&userlist=buddy&userid=5" "Mozilla/5.0 (compatible; MJ12bot/v1.2.1; http://www.majestic12.co.uk/bot.php?+)"
212.93.97.132 - - [13/Jan/2008:13:15:28 -0800] "www.modestolan.com: GET /~nine/blue244.jpg HTTP/1.1" 200 35991 "http://forums.turbobricks.com/showthread.php?t=92201&highlight=wide+body&page=4" "Mozilla/5.0 (Windows; U; Windows NT 6.0; en-US; rv:1.8.1.11) Gecko/20071127 Firefox/2.0.0.11"
91.64.50.83 - - [13/Jan/2008:13:15:31 -0800] "www.modestolan.com: GET /vb/member2.php?s=&action=addlist&userlist=buddy&userid=514 HTTP/1.1" 301 429 "-" "Mozilla/5.0 (compatible; MJ12bot/v1.2.1; http://www.majestic12.co.uk/bot.php?+)"
91.64.50.83 - - [13/Jan/2008:13:15:37 -0800] "www.modestolan.com: GET /vb/member.php?s=&action=addlist&userlist=buddy&userid=514 HTTP/1.1" 200 21162 "http://www.modestolan.com/vb/member2.php?s=&action=addlist&userlist=buddy&userid=514" "Mozilla/5.0 (compatible; MJ12bot/v1.2.1; http://www.majestic12.co.uk/bot.php?+)"
91.64.50.83 - - [13/Jan/2008:13:15:41 -0800] "www.modestolan.com: GET /vb/member2.php?s=&action=addlist&userlist=buddy&userid=538 HTTP/1.1" 301 429 "-" "Mozilla/5.0 (compatible; MJ12bot/v1.2.1; http://www.majestic12.co.uk/bot.php?+)"
91.64.50.83 - - [13/Jan/2008:13:15:44 -0800] "www.modestolan.com: GET /vb/member.php?s=&action=addlist&userlist=buddy&userid=538 HTTP/1.1" 200 21162 "http://www.modestolan.com/vb/member2.php?s=&action=addlist&userlist=buddy&userid=538" "Mozilla/5.0 (compatible; MJ12bot/v1.2.1; http://www.majestic12.co.uk/bot.php?+)"
65.95.225.212 - - [13/Jan/2008:13:15:46 -0800] "www.modestolan.com: GET /xwred1/bad_dudes.jpg HTTP/1.1" 200 36786 "http://www.gotfrag.com/cs/forums/thread/295511/" "Mozilla/5.0 (Windows; U; Windows NT 5.1; en-US; rv:1.8.1.11) Gecko/20071127 Firefox/2.0.0.11"
91.64.50.83 - - [13/Jan/2008:13:15:47 -0800] "www.modestolan.com: GET /vb/member2.php?s=&action=addlist&userlist=buddy&userid=56 HTTP/1.1" 301 428 "-" "Mozilla/5.0 (compatible; MJ12bot/v1.2.1; http://www.majestic12.co.uk/bot.php?+)"
91.64.50.83 - - [13/Jan/2008:13:15:51 -0800] "www.modestolan.com: GET /vb/member.php?s=&action=addlist&userlist=buddy&userid=56 HTTP/1.1" 200 21161 "http://www.modestolan.com/vb/member2.php?s=&action=addlist&userlist=buddy&userid=56" "Mozilla/5.0 (compatible; MJ12bot/v1.2.1; http://www.majestic12.co.uk/bot.php?+)"
91.64.50.83 - - [13/Jan/2008:13:15:56 -0800] "www.modestolan.com: GET /vb/member2.php?s=&action=addlist&userlist=buddy&userid=562 HTTP/1.1" 301 429 "-" "Mozilla/5.0 (compatible; MJ12bot/v1.2.1; http://www.majestic12.co.uk/bot.php?+)"
91.64.50.83 - - [13/Jan/2008:13:15:59 -0800] "www.modestolan.com: GET /vb/member.php?s=&action=addlist&userlist=buddy&userid=562 HTTP/1.1" 200 21162 "http://www.modestolan.com/vb/member2.php?s=&action=addlist&userlist=buddy&userid=562" "Mozilla/5.0 (compatible; MJ12bot/v1.2.1; http://www.majestic12.co.uk/bot.php?+)"
91.64.50.83 - - [13/Jan/2008:13:16:03 -0800] "www.modestolan.com: GET /vb/member2.php?s=&action=addlist&userlist=buddy&userid=563 HTTP/1.1" 301 429 "-" "Mozilla/5.0 (compatible; MJ12bot/v1.2.1; http://www.majestic12.co.uk/bot.php?+)"
66.249.70.51 - - [13/Jan/2008:13:16:06 -0800] "www.modestolan.com: GET /vb/calendar.php?do=add&c=2&day=2011-7-15 HTTP/1.1" 200 6382 "-" "Mozilla/5.0 (compatible; Googlebot/2.1; +http://www.google.com/bot.html)"
91.64.50.83 - - [13/Jan/2008:13:16:08 -0800] "www.modestolan.com: GET /vb/member.php?s=&action=addlist&userlist=buddy&userid=563 HTTP/1.1" 200 21162 "http://www.modestolan.com/vb/member2.php?s=&action=addlist&userlist=buddy&userid=563" "Mozilla/5.0 (compatible; MJ12bot/v1.2.1; http://www.majestic12.co.uk/bot.php?+)"
91.64.50.83 - - [13/Jan/2008:13:16:13 -0800] "www.modestolan.com: GET /vb/member2.php?s=&action=addlist&userlist=buddy&userid=564 HTTP/1.1" 301 429 "-" "Mozilla/5.0 (compatible; MJ12bot/v1.2.1; http://www.majestic12.co.uk/bot.php?+)"
91.64.50.83 - - [13/Jan/2008:13:16:16 -0800] "www.modestolan.com: GET /vb/member.php?s=&action=addlist&userlist=buddy&userid=564 HTTP/1.1" 200 24180 "http://www.modestolan.com/vb/member2.php?s=&action=addlist&userlist=buddy&userid=564" "Mozilla/5.0 (compatible; MJ12bot/v1.2.1; http://www.majestic12.co.uk/bot.php?+)"
41.250.46.37 - - [13/Jan/2008:13:16:16 -0800] "www.modestolan.com: GET /xwred1/1-thrown_from_vehicle_fatal.wmv HTTP/1.1" 200 2059120 "-" "NSPlayer/10.0.0.3646"
91.64.50.83 - - [13/Jan/2008:13:16:18 -0800] "www.modestolan.com: GET /vb/member2.php?s=&action=addlist&userlist=buddy&userid=569 HTTP/1.1" 301 429 "-" "Mozilla/5.0 (compatible; MJ12bot/v1.2.1; http://www.majestic12.co.uk/bot.php?+)"
91.64.50.83 - - [13/Jan/2008:13:16:23 -0800] "www.modestolan.com: GET /vb/member.php?s=&action=addlist&userlist=buddy&userid=569 HTTP/1.1" 200 21162 "http://www.modestolan.com/vb/member2.php?s=&action=addlist&userlist=buddy&userid=569" "Mozilla/5.0 (compatible; MJ12bot/v1.2.1; http://www.majestic12.co.uk/bot.php?+)"
91.64.50.83 - - [13/Jan/2008:13:16:30 -0800] "www.modestolan.com: GET /vb/member2.php?s=&action=addlist&userlist=buddy&userid=570 HTTP/1.1" 301 429 "-" "Mozilla/5.0 (compatible; MJ12bot/v1.2.1; http://www.majestic12.co.uk/bot.php?+)"
91.64.50.83 - - [13/Jan/2008:13:16:33 -0800] "www.modestolan.com: GET /vb/member.php?s=&action=addlist&userlist=buddy&userid=570 HTTP/1.1" 200 24259 "http://www.modestolan.com/vb/member2.php?s=&action=addlist&userlist=buddy&userid=570" "Mozilla/5.0 (compatible; MJ12bot/v1.2.1; http://www.majestic12.co.uk/bot.php?+)"
91.64.50.83 - - [13/Jan/2008:13:16:41 -0800] "www.modestolan.com: GET /vb/member2.php?s=&action=addlist&userlist=buddy&userid=594 HTTP/1.1" 301 429 "-" "Mozilla/5.0 (compatible; MJ12bot/v1.2.1; http://www.majestic12.co.uk/bot.php?+)"
91.64.50.83 - - [13/Jan/2008:13:16:44 -0800] "www.modestolan.com: GET /vb/member.php?s=&action=addlist&userlist=buddy&userid=594 HTTP/1.1" 200 21159 "http://www.modestolan.com/vb/member2.php?s=&action=addlist&userlist=buddy&userid=594" "Mozilla/5.0 (compatible; MJ12bot/v1.2.1; http://www.majestic12.co.uk/bot.php?+)"
66.249.70.51 - - [13/Jan/2008:13:16:47 -0800] "www.modestolan.com: GET /vb/calendar.php?do=add&c=2&day=2011-7-3 HTTP/1.1" 200 6380 "-" "Mozilla/5.0 (compatible; Googlebot/2.1; +http://www.google.com/bot.html)"
91.64.50.83 - - [13/Jan/2008:13:16:48 -0800] "www.modestolan.com: GET /vb/member2.php?s=&action=addlist&userlist=buddy&userid=617 HTTP/1.1" 301 429 "-" "Mozilla/5.0 (compatible; MJ12bot/v1.2.1; http://www.majestic12.co.uk/bot.php?+)"
91.64.50.83 - - [13/Jan/2008:13:16:52 -0800] "www.modestolan.com: GET /vb/member.php?s=&action=addlist&userlist=buddy&userid=617 HTTP/1.1" 200 21162 "http://www.modestolan.com/vb/member2.php?s=&action=addlist&userlist=buddy&userid=617" "Mozilla/5.0 (compatible; MJ12bot/v1.2.1; http://www.majestic12.co.uk/bot.php?+)"
91.64.50.83 - - [13/Jan/2008:13:16:55 -0800] "www.modestolan.com: GET /vb/member2.php?s=&action=addlist&userlist=buddy&userid=618 HTTP/1.1" 301 429 "-" "Mozilla/5.0 (compatible; MJ12bot/v1.2.1; http://www.majestic12.co.uk/bot.php?+)"
91.64.50.83 - - [13/Jan/2008:13:16:57 -0800] "www.modestolan.com: GET /vb/member.php?s=&action=addlist&userlist=buddy&userid=618 HTTP/1.1" 200 21159 "http://www.modestolan.com/vb/member2.php?s=&action=addlist&userlist=buddy&userid=618" "Mozilla/5.0 (compatible; MJ12bot/v1.2.1; http://www.majestic12.co.uk/bot.php?+)"
198.246.249.35 - - [13/Jan/2008:13:17:00 -0800] "www.modestolan.com: GET /tables.css HTTP/1.1" 200 2419 "http://www.modestolan.com/xwred1/mp3/Depeche%20Mode%20-%20Playing%20The%20Angel(Advance%202005)(StefWan-Team)/" "Mozilla/4.0 (compatible; MSIE 7.0; Windows NT 5.1; InfoPath.1; .NET CLR 2.0.50727; .NET CLR 1.1.4322)"
198.246.249.35 - - [13/Jan/2008:13:17:00 -0800] "www.modestolan.com: GET /xwred1/mp3/Depeche%20Mode%20-%20Playing%20The%20Angel(Advance%202005)(StefWan-Team)/ HTTP/1.1" 200 17908 "http://www.google.com/search?hl=en&q=-inurl%3A%28htm%7Chtml%7Cphp%29+intitle%3A%22index+of%22+%2B%22last+modified%22+%2B%22parent+directory%22+%2Bdescription+%2Bsize+%2B%28wma%7Cmp3%29+%22mode%22" "Mozilla/4.0 (compatible; MSIE 7.0; Windows NT 5.1; InfoPath.1; .NET CLR 2.0.50727; .NET CLR 1.1.4322)"
198.246.249.35 - - [13/Jan/2008:13:17:00 -0800] "www.modestolan.com: GET /images/bg_small.jpg HTTP/1.1" 200 1598 "http://www.modestolan.com/xwred1/mp3/Depeche%20Mode%20-%20Playing%20The%20Angel(Advance%202005)(StefWan-Team)/" "Mozilla/4.0 (compatible; MSIE 7.0; Windows NT 5.1; InfoPath.1; .NET CLR 2.0.50727; .NET CLR 1.1.4322)"
198.246.249.35 - - [13/Jan/2008:13:17:00 -0800] "www.modestolan.com: GET /php/menu.php HTTP/1.1" 200 21682 "http://www.modestolan.com/xwred1/mp3/Depeche%20Mode%20-%20Playing%20The%20Angel(Advance%202005)(StefWan-Team)/" "Mozilla/4.0 (compatible; MSIE 7.0; Windows NT 5.1; InfoPath.1; .NET CLR 2.0.50727; .NET CLR 1.1.4322)"
198.246.249.35 - - [13/Jan/2008:13:17:00 -0800] "www.modestolan.com: GET /images/menu/1.gif HTTP/1.1" 200 368 "http://www.modestolan.com/xwred1/mp3/Depeche%20Mode%20-%20Playing%20The%20Angel(Advance%202005)(StefWan-Team)/" "Mozilla/4.0 (compatible; MSIE 7.0; Windows NT 5.1; InfoPath.1; .NET CLR 2.0.50727; .NET CLR 1.1.4322)"
198.246.249.35 - - [13/Jan/2008:13:17:00 -0800] "www.modestolan.com: GET /images/menu/2.gif HTTP/1.1" 200 550 "http://www.modestolan.com/xwred1/mp3/Depeche%20Mode%20-%20Playing%20The%20Angel(Advance%202005)(StefWan-Team)/" "Mozilla/4.0 (compatible; MSIE 7.0; Windows NT 5.1; InfoPath.1; .NET CLR 2.0.50727; .NET CLR 1.1.4322)"
198.246.249.35 - - [13/Jan/2008:13:17:00 -0800] "www.modestolan.com: GET /images/landate.swf HTTP/1.1" 200 2197 "http://www.modestolan.com/xwred1/mp3/Depeche%20Mode%20-%20Playing%20The%20Angel(Advance%202005)(StefWan-Team)/" "Mozilla/4.0 (compatible; MSIE 7.0; Windows NT 5.1; InfoPath.1; .NET CLR 2.0.50727; .NET CLR 1.1.4322)"
198.246.249.35 - - [13/Jan/2008:13:17:00 -0800] "www.modestolan.com: GET /images/menu/3.gif HTTP/1.1" 200 511 "http://www.modestolan.com/xwred1/mp3/Depeche%20Mode%20-%20Playing%20The%20Angel(Advance%202005)(StefWan-Team)/" "Mozilla/4.0 (compatible; MSIE 7.0; Windows NT 5.1; InfoPath.1; .NET CLR 2.0.50727; .NET CLR 1.1.4322)"
198.246.249.35 - - [13/Jan/2008:13:17:01 -0800] "www.modestolan.com: GET /images/menu/4.gif HTTP/1.1" 200 443 "http://www.modestolan.com/xwred1/mp3/Depeche%20Mode%20-%20Playing%20The%20Angel(Advance%202005)(StefWan-Team)/" "Mozilla/4.0 (compatible; MSIE 7.0; Windows NT 5.1; InfoPath.1; .NET CLR 2.0.50727; .NET CLR 1.1.4322)"
198.246.249.35 - - [13/Jan/2008:13:17:01 -0800] "www.modestolan.com: GET /images/menu/8.gif HTTP/1.1" 200 746 "http://www.modestolan.com/xwred1/mp3/Depeche%20Mode%20-%20Playing%20The%20Angel(Advance%202005)(StefWan-Team)/" "Mozilla/4.0 (compatible; MSIE 7.0; Windows NT 5.1; InfoPath.1; .NET CLR 2.0.50727; .NET CLR 1.1.4322)"
198.246.249.35 - - [13/Jan/2008:13:17:01 -0800] "www.modestolan.com: GET /images/menu/5.gif HTTP/1.1" 200 549 "http://www.modestolan.com/xwred1/mp3/Depeche%20Mode%20-%20Playing%20The%20Angel(Advance%202005)(StefWan-Team)/" "Mozilla/4.0 (compatible; MSIE 7.0; Windows NT 5.1; InfoPath.1; .NET CLR 2.0.50727; .NET CLR 1.1.4322)"
198.246.249.35 - - [13/Jan/2008:13:17:01 -0800] "www.modestolan.com: GET /images/menu/6.gif HTTP/1.1" 200 600 "http://www.modestolan.com/xwred1/mp3/Depeche%20Mode%20-%20Playing%20The%20Angel(Advance%202005)(StefWan-Team)/" "Mozilla/4.0 (compatible; MSIE 7.0; Windows NT 5.1; InfoPath.1; .NET CLR 2.0.50727; .NET CLR 1.1.4322)"
198.246.249.35 - - [13/Jan/2008:13:17:01 -0800] "www.modestolan.com: GET /images/menu/7.gif HTTP/1.1" 200 601 "http://www.modestolan.com/xwred1/mp3/Depeche%20Mode%20-%20Playing%20The%20Angel(Advance%202005)(StefWan-Team)/" "Mozilla/4.0 (compatible; MSIE 7.0; Windows NT 5.1; InfoPath.1; .NET CLR 2.0.50727; .NET CLR 1.1.4322)"
198.246.249.35 - - [13/Jan/2008:13:17:01 -0800] "www.modestolan.com: GET /images/transparent.gif HTTP/1.1" 200 43 "http://www.modestolan.com/xwred1/mp3/Depeche%20Mode%20-%20Playing%20The%20Angel(Advance%202005)(StefWan-Team)/" "Mozilla/4.0 (compatible; MSIE 7.0; Windows NT 5.1; InfoPath.1; .NET CLR 2.0.50727; .NET CLR 1.1.4322)"
198.246.249.35 - - [13/Jan/2008:13:17:01 -0800] "www.modestolan.com: GET /images/top_14.gif HTTP/1.1" 200 522 "http://www.modestolan.com/xwred1/mp3/Depeche%20Mode%20-%20Playing%20The%20Angel(Advance%202005)(StefWan-Team)/" "Mozilla/4.0 (compatible; MSIE 7.0; Windows NT 5.1; InfoPath.1; .NET CLR 2.0.50727; .NET CLR 1.1.4322)"
198.246.249.35 - - [13/Jan/2008:13:17:01 -0800] "www.modestolan.com: GET /images/top_12.gif HTTP/1.1" 200 826 "http://www.modestolan.com/xwred1/mp3/Depeche%20Mode%20-%20Playing%20The%20Angel(Advance%202005)(StefWan-Team)/" "Mozilla/4.0 (compatible; MSIE 7.0; Windows NT 5.1; InfoPath.1; .NET CLR 2.0.50727; .NET CLR 1.1.4322)"
198.246.249.35 - - [13/Jan/2008:13:17:01 -0800] "www.modestolan.com: GET /transparent.gif HTTP/1.1" 200 43 "http://www.modestolan.com/xwred1/mp3/Depeche%20Mode%20-%20Playing%20The%20Angel(Advance%202005)(StefWan-Team)/" "Mozilla/4.0 (compatible; MSIE 7.0; Windows NT 5.1; InfoPath.1; .NET CLR 2.0.50727; .NET CLR 1.1.4322)"
198.246.249.35 - - [13/Jan/2008:13:17:01 -0800] "www.modestolan.com: GET /images/top_02.gif HTTP/1.1" 200 882 "http://www.modestolan.com/xwred1/mp3/Depeche%20Mode%20-%20Playing%20The%20Angel(Advance%202005)(StefWan-Team)/" "Mozilla/4.0 (compatible; MSIE 7.0; Windows NT 5.1; InfoPath.1; .NET CLR 2.0.50727; .NET CLR 1.1.4322)"
198.246.249.35 - - [13/Jan/2008:13:17:01 -0800] "www.modestolan.com: GET /images/top_01.gif HTTP/1.1" 200 344 "http://www.modestolan.com/xwred1/mp3/Depeche%20Mode%20-%20Playing%20The%20Angel(Advance%202005)(StefWan-Team)/" "Mozilla/4.0 (compatible; MSIE 7.0; Windows NT 5.1; InfoPath.1; .NET CLR 2.0.50727; .NET CLR 1.1.4322)"
198.246.249.35 - - [13/Jan/2008:13:17:01 -0800] "www.modestolan.com: GET /images/top_03.gif HTTP/1.1" 200 349 "http://www.modestolan.com/xwred1/mp3/Depeche%20Mode%20-%20Playing%20The%20Angel(Advance%202005)(StefWan-Team)/" "Mozilla/4.0 (compatible; MSIE 7.0; Windows NT 5.1; InfoPath.1; .NET CLR 2.0.50727; .NET CLR 1.1.4322)"
198.246.249.35 - - [13/Jan/2008:13:17:01 -0800] "www.modestolan.com: GET /images/top_04.gif HTTP/1.1" 200 1547 "http://www.modestolan.com/xwred1/mp3/Depeche%20Mode%20-%20Playing%20The%20Angel(Advance%202005)(StefWan-Team)/" "Mozilla/4.0 (compatible; MSIE 7.0; Windows NT 5.1; InfoPath.1; .NET CLR 2.0.50727; .NET CLR 1.1.4322)"
198.246.249.35 - - [13/Jan/2008:13:17:01 -0800] "www.modestolan.com: GET /images/top_05.gif HTTP/1.1" 200 3111 "http://www.modestolan.com/xwred1/mp3/Depeche%20Mode%20-%20Playing%20The%20Angel(Advance%202005)(StefWan-Team)/" "Mozilla/4.0 (compatible; MSIE 7.0; Windows NT 5.1; InfoPath.1; .NET CLR 2.0.50727; .NET CLR 1.1.4322)"
198.246.249.35 - - [13/Jan/2008:13:17:01 -0800] "www.modestolan.com: GET /images/top_06.gif HTTP/1.1" 200 1954 "http://www.modestolan.com/xwred1/mp3/Depeche%20Mode%20-%20Playing%20The%20Angel(Advance%202005)(StefWan-Team)/" "Mozilla/4.0 (compatible; MSIE 7.0; Windows NT 5.1; InfoPath.1; .NET CLR 2.0.50727; .NET CLR 1.1.4322)"
198.246.249.35 - - [13/Jan/2008:13:17:01 -0800] "www.modestolan.com: GET /images/top_07.gif HTTP/1.1" 200 2521 "http://www.modestolan.com/xwred1/mp3/Depeche%20Mode%20-%20Playing%20The%20Angel(Advance%202005)(StefWan-Team)/" "Mozilla/4.0 (compatible; MSIE 7.0; Windows NT 5.1; InfoPath.1; .NET CLR 2.0.50727; .NET CLR 1.1.4322)"
198.246.249.35 - - [13/Jan/2008:13:17:01 -0800] "www.modestolan.com: GET /images/top_09.gif HTTP/1.1" 200 1089 "http://www.modestolan.com/xwred1/mp3/Depeche%20Mode%20-%20Playing%20The%20Angel(Advance%202005)(StefWan-Team)/" "Mozilla/4.0 (compatible; MSIE 7.0; Windows NT 5.1; InfoPath.1; .NET CLR 2.0.50727; .NET CLR 1.1.4322)"
198.246.249.35 - - [13/Jan/2008:13:17:01 -0800] "www.modestolan.com: GET /images/top_13.gif HTTP/1.1" 200 728 "http://www.modestolan.com/xwred1/mp3/Depeche%20Mode%20-%20Playing%20The%20Angel(Advance%202005)(StefWan-Team)/" "Mozilla/4.0 (compatible; MSIE 7.0; Windows NT 5.1; InfoPath.1; .NET CLR 2.0.50727; .NET CLR 1.1.4322)"
198.246.249.35 - - [13/Jan/2008:13:17:01 -0800] "www.modestolan.com: GET /images/top_08.gif HTTP/1.1" 200 1738 "http://www.modestolan.com/xwred1/mp3/Depeche%20Mode%20-%20Playing%20The%20Angel(Advance%202005)(StefWan-Team)/" "Mozilla/4.0 (compatible; MSIE 7.0; Windows NT 5.1; InfoPath.1; .NET CLR 2.0.50727; .NET CLR 1.1.4322)"
198.246.249.35 - - [13/Jan/2008:13:17:01 -0800] "www.modestolan.com: GET /images/top_11.gif HTTP/1.1" 200 1553 "http://www.modestolan.com/xwred1/mp3/Depeche%20Mode%20-%20Playing%20The%20Angel(Advance%202005)(StefWan-Team)/" "Mozilla/4.0 (compatible; MSIE 7.0; Windows NT 5.1; InfoPath.1; .NET CLR 2.0.50727; .NET CLR 1.1.4322)"
198.246.249.35 - - [13/Jan/2008:13:17:01 -0800] "www.modestolan.com: GET /images/sponsors/geeks.com.gif HTTP/1.1" 200 6611 "http://www.modestolan.com/xwred1/mp3/Depeche%20Mode%20-%20Playing%20The%20Angel(Advance%202005)(StefWan-Team)/" "Mozilla/4.0 (compatible; MSIE 7.0; Windows NT 5.1; InfoPath.1; .NET CLR 2.0.50727; .NET CLR 1.1.4322)"
198.246.249.35 - - [13/Jan/2008:13:17:01 -0800] "www.modestolan.com: GET /images/sponsors/nvidia.jpeg HTTP/1.1" 200 5580 "http://www.modestolan.com/xwred1/mp3/Depeche%20Mode%20-%20Playing%20The%20Angel(Advance%202005)(StefWan-Team)/" "Mozilla/4.0 (compatible; MSIE 7.0; Windows NT 5.1; InfoPath.1; .NET CLR 2.0.50727; .NET CLR 1.1.4322)"
198.246.249.35 - - [13/Jan/2008:13:17:01 -0800] "www.modestolan.com: GET /images/sponsors/alogo.gif HTTP/1.1" 200 5996 "http://www.modestolan.com/xwred1/mp3/Depeche%20Mode%20-%20Playing%20The%20Angel(Advance%202005)(StefWan-Team)/" "Mozilla/4.0 (compatible; MSIE 7.0; Windows NT 5.1; InfoPath.1; .NET CLR 2.0.50727; .NET CLR 1.1.4322)"
198.246.249.35 - - [13/Jan/2008:13:17:01 -0800] "www.modestolan.com: GET /images/sponsors/BAWLSbutton.gif HTTP/1.1" 200 8114 "http://www.modestolan.com/xwred1/mp3/Depeche%20Mode%20-%20Playing%20The%20Angel(Advance%202005)(StefWan-Team)/" "Mozilla/4.0 (compatible; MSIE 7.0; Windows NT 5.1; InfoPath.1; .NET CLR 2.0.50727; .NET CLR 1.1.4322)"
198.246.249.35 - - [13/Jan/2008:13:17:01 -0800] "www.modestolan.com: GET /images/runningslack.gif HTTP/1.1" 200 1818 "http://www.modestolan.com/xwred1/mp3/Depeche%20Mode%20-%20Playing%20The%20Angel(Advance%202005)(StefWan-Team)/" "Mozilla/4.0 (compatible; MSIE 7.0; Windows NT 5.1; InfoPath.1; .NET CLR 2.0.50727; .NET CLR 1.1.4322)"
198.246.249.35 - - [13/Jan/2008:13:17:01 -0800] "www.modestolan.com: GET /icons/blank.gif HTTP/1.1" 200 148 "http://www.modestolan.com/xwred1/mp3/Depeche%20Mode%20-%20Playing%20The%20Angel(Advance%202005)(StefWan-Team)/" "Mozilla/4.0 (compatible; MSIE 7.0; Windows NT 5.1; InfoPath.1; .NET CLR 2.0.50727; .NET CLR 1.1.4322)"
198.246.249.35 - - [13/Jan/2008:13:17:01 -0800] "www.modestolan.com: GET /icons/back.gif HTTP/1.1" 200 216 "http://www.modestolan.com/xwred1/mp3/Depeche%20Mode%20-%20Playing%20The%20Angel(Advance%202005)(StefWan-Team)/" "Mozilla/4.0 (compatible; MSIE 7.0; Windows NT 5.1; InfoPath.1; .NET CLR 2.0.50727; .NET CLR 1.1.4322)"
198.246.249.35 - - [13/Jan/2008:13:17:01 -0800] "www.modestolan.com: GET /icons/sound2.gif HTTP/1.1" 200 221 "http://www.modestolan.com/xwred1/mp3/Depeche%20Mode%20-%20Playing%20The%20Angel(Advance%202005)(StefWan-Team)/" "Mozilla/4.0 (compatible; MSIE 7.0; Windows NT 5.1; InfoPath.1; .NET CLR 2.0.50727; .NET CLR 1.1.4322)"
198.246.249.35 - - [13/Jan/2008:13:17:01 -0800] "www.modestolan.com: GET /icons/text.gif HTTP/1.1" 200 229 "http://www.modestolan.com/xwred1/mp3/Depeche%20Mode%20-%20Playing%20The%20Angel(Advance%202005)(StefWan-Team)/" "Mozilla/4.0 (compatible; MSIE 7.0; Windows NT 5.1; InfoPath.1; .NET CLR 2.0.50727; .NET CLR 1.1.4322)"
198.246.249.35 - - [13/Jan/2008:13:17:01 -0800] "www.modestolan.com: GET /icons/image2.gif HTTP/1.1" 200 309 "http://www.modestolan.com/xwred1/mp3/Depeche%20Mode%20-%20Playing%20The%20Angel(Advance%202005)(StefWan-Team)/" "Mozilla/4.0 (compatible; MSIE 7.0; Windows NT 5.1; InfoPath.1; .NET CLR 2.0.50727; .NET CLR 1.1.4322)"
