70.137.20.34 - - [13/Jan/2008:07:59:14 -0800] "www.modestolan.com: GET /images/top_12.gif HTTP/1.1" 304 - "http://www.modestolan.com/" "Mozilla/4.0 (compatible; MSIE 7.0; Windows NT 5.1; .NET CLR 1.1.4322)"
70.137.20.34 - - [13/Jan/2008:07:59:14 -0800] "www.modestolan.com: GET /transparent.gif HTTP/1.1" 304 - "http://www.modestolan.com/" "Mozilla/4.0 (compatible; MSIE 7.0; Windows NT 5.1; .NET CLR 1.1.4322)"
70.137.20.34 - - [13/Jan/2008:07:59:14 -0800] "www.modestolan.com: GET /images/top_02.gif HTTP/1.1" 304 - "http://www.modestolan.com/" "Mozilla/4.0 (compatible; MSIE 7.0; Windows NT 5.1; .NET CLR 1.1.4322)"
70.137.20.34 - - [13/Jan/2008:07:59:14 -0800] "www.modestolan.com: GET /images/top_01.gif HTTP/1.1" 304 - "http://www.modestolan.com/" "Mozilla/4.0 (compatible; MSIE 7.0; Windows NT 5.1; .NET CLR 1.1.4322)"
70.137.20.34 - - [13/Jan/2008:07:59:14 -0800] "www.modestolan.com: GET /images/top_03.gif HTTP/1.1" 304 - "http://www.modestolan.com/" "Mozilla/4.0 (compatible; MSIE 7.0; Windows NT 5.1; .NET CLR 1.1.4322)"
70.137.20.34 - - [13/Jan/2008:07:59:14 -0800] "www.modestolan.com: GET /images/top_04.gif HTTP/1.1" 304 - "http://www.modestolan.com/" "Mozilla/4.0 (compatible; MSIE 7.0; Windows NT 5.1; .NET CLR 1.1.4322)"
70.137.20.34 - - [13/Jan/2008:07:59:14 -0800] "www.modestolan.com: GET /images/top_06.gif HTTP/1.1" 304 - "http://www.modestolan.com/" "Mozilla/4.0 (compatible; MSIE 7.0; Windows NT 5.1; .NET CLR 1.1.4322)"
70.137.20.34 - - [13/Jan/2008:07:59:14 -0800] "www.modestolan.com: GET /images/top_05.gif HTTP/1.1" 304 - "http://www.modestolan.com/" "Mozilla/4.0 (compatible; MSIE 7.0; Windows NT 5.1; .NET CLR 1.1.4322)"
70.137.20.34 - - [13/Jan/2008:07:59:14 -0800] "www.modestolan.com: GET /images/top_07.gif HTTP/1.1" 304 - "http://www.modestolan.com/" "Mozilla/4.0 (compatible; MSIE 7.0; Windows NT 5.1; .NET CLR 1.1.4322)"
70.137.20.34 - - [13/Jan/2008:07:59:14 -0800] "www.modestolan.com: GET /images/top_08.gif HTTP/1.1" 304 - "http://www.modestolan.com/" "Mozilla/4.0 (compatible; MSIE 7.0; Windows NT 5.1; .NET CLR 1.1.4322)"
70.137.20.34 - - [13/Jan/2008:07:59:15 -0800] "www.modestolan.com: GET /images/top_13.gif HTTP/1.1" 304 - "http://www.modestolan.com/" "Mozilla/4.0 (compatible; MSIE 7.0; Windows NT 5.1; .NET CLR 1.1.4322)"
70.137.20.34 - - [13/Jan/2008:07:59:15 -0800] "www.modestolan.com: GET /images/top_09.gif HTTP/1.1" 304 - "http://www.modestolan.com/" "Mozilla/4.0 (compatible; MSIE 7.0; Windows NT 5.1; .NET CLR 1.1.4322)"
70.137.20.34 - - [13/Jan/2008:07:59:15 -0800] "www.modestolan.com: GET /images/top_11.gif HTTP/1.1" 304 - "http://www.modestolan.com/" "Mozilla/4.0 (compatible; MSIE 7.0; Windows NT 5.1; .NET CLR 1.1.4322)"
70.137.20.34 - - [13/Jan/2008:07:59:15 -0800] "www.modestolan.com: GET /images/sponsors/geeks.com.gif HTTP/1.1" 304 - "http://www.modestolan.com/" "Mozilla/4.0 (compatible; MSIE 7.0; Windows NT 5.1; .NET CLR 1.1.4322)"
70.137.20.34 - - [13/Jan/2008:07:59:15 -0800] "www.modestolan.com: GET /images/sponsors/nvidia.jpeg HTTP/1.1" 304 - "http://www.modestolan.com/" "Mozilla/4.0 (compatible; MSIE 7.0; Windows NT 5.1; .NET CLR 1.1.4322)"
70.137.20.34 - - [13/Jan/2008:07:59:15 -0800] "www.modestolan.com: GET /images/sponsors/alogo.gif HTTP/1.1" 304 - "http://www.modestolan.com/" "Mozilla/4.0 (compatible; MSIE 7.0; Windows NT 5.1; .NET CLR 1.1.4322)"
70.137.20.34 - - [13/Jan/2008:07:59:15 -0800] "www.modestolan.com: GET /images/runningslack.gif HTTP/1.1" 304 - "http://www.modestolan.com/" "Mozilla/4.0 (compatible; MSIE 7.0; Windows NT 5.1; .NET CLR 1.1.4322)"
70.137.20.34 - - [13/Jan/2008:07:59:15 -0800] "www.modestolan.com: GET /images/sponsors/BAWLSbutton.gif HTTP/1.1" 304 - "http://www.modestolan.com/" "Mozilla/4.0 (compatible; MSIE 7.0; Windows NT 5.1; .NET CLR 1.1.4322)"
70.137.20.34 - - [13/Jan/2008:07:59:15 -0800] "www.modestolan.com: GET /images/top_10.gif HTTP/1.1" 304 - "http://www.modestolan.com/" "Mozilla/4.0 (compatible; MSIE 7.0; Windows NT 5.1; .NET CLR 1.1.4322)"
67.161.14.108 - - [13/Jan/2008:07:59:31 -0800] "www.modestolan.com: GET / HTTP/1.1" 200 4518 "-" "Mozilla/4.0 (compatible; MSIE 7.0; Windows NT 5.1; SV1; .NET CLR 2.0.50727)"
67.161.14.108 - - [13/Jan/2008:07:59:31 -0800] "www.modestolan.com: GET / HTTP/1.1" 200 0 "-" "Mozilla/4.0 (compatible; MSIE 7.0; Windows NT 5.1; SV1; .NET CLR 2.0.50727)"
67.161.14.108 - - [13/Jan/2008:07:59:31 -0800] "www.modestolan.com: GET / HTTP/1.1" 200 0 "-" "Mozilla/4.0 (compatible; MSIE 7.0; Windows NT 5.1; SV1; .NET CLR 2.0.50727)"
67.161.14.108 - - [13/Jan/2008:07:59:31 -0800] "www.modestolan.com: GET / HTTP/1.1" 200 4518 "-" "Mozilla/4.0 (compatible; MSIE 7.0; Windows NT 5.1; SV1; .NET CLR 2.0.50727)"
67.161.14.108 - - [13/Jan/2008:07:59:31 -0800] "www.modestolan.com: GET / HTTP/1.1" 200 15778 "-" "Mozilla/4.0 (compatible; MSIE 7.0; Windows NT 5.1; SV1; .NET CLR 2.0.50727)"
67.161.14.108 - - [13/Jan/2008:07:59:31 -0800] "www.modestolan.com: GET / HTTP/1.1" 200 15778 "-" "Mozilla/4.0 (compatible; MSIE 7.0; Windows NT 5.1; SV1; .NET CLR 2.0.50727)"
67.161.14.108 - - [13/Jan/2008:07:59:31 -0800] "www.modestolan.com: GET / HTTP/1.1" 200 15778 "-" "Mozilla/4.0 (compatible; MSIE 7.0; Windows NT 5.1; SV1; .NET CLR 2.0.50727)"
69.235.2.226 - - [13/Jan/2008:08:18:45 -0800] "www.modestolan.com: GET / HTTP/1.1" 200 15714 "-" "Mozilla/4.0 (compatible; MSIE 7.0; Windows NT 5.1; SV1; .NET CLR 2.0.50727)"
69.235.2.226 - - [13/Jan/2008:08:18:46 -0800] "www.modestolan.com: GET / HTTP/1.1" 200 15714 "-" "Mozilla/4.0 (compatible; MSIE 7.0; Windows NT 5.1; SV1; .NET CLR 2.0.50727)"
69.235.2.226 - - [13/Jan/2008:08:18:46 -0800] "www.modestolan.com: GET / HTTP/1.1" 200 15714 "-" "Mozilla/4.0 (compatible; MSIE 7.0; Windows NT 5.1; SV1; .NET CLR 2.0.50727)"
67.161.14.108 - - [13/Jan/2008:08:18:46 -0800] "www.modestolan.com: GET / HTTP/1.1" 200 15778 "-" "Mozilla/4.0 (compatible; MSIE 7.0; Windows NT 5.1; SV1; .NET CLR 2.0.50727)"
69.235.2.226 - - [13/Jan/2008:08:18:47 -0800] "www.modestolan.com: GET / HTTP/1.1" 200 15714 "-" "Mozilla/4.0 (compatible; MSIE 7.0; Windows NT 5.1; SV1; .NET CLR 2.0.50727)"
69.235.2.226 - - [13/Jan/2008:08:18:47 -0800] "www.modestolan.com: GET / HTTP/1.1" 200 15714 "-" "Mozilla/4.0 (compatible; MSIE 7.0; Windows NT 5.1; SV1; .NET CLR 2.0.50727)"
69.235.2.226 - - [13/Jan/2008:08:18:55 -0800] "www.modestolan.com: GET / HTTP/1.1" 200 15714 "-" "Mozilla/4.0 (compatible; MSIE 7.0; Windows NT 5.1; SV1; .NET CLR 2.0.50727)"
69.235.2.226 - - [13/Jan/2008:08:18:55 -0800] "www.modestolan.com: GET / HTTP/1.1" 200 15714 "-" "Mozilla/4.0 (compatible; MSIE 7.0; Windows NT 5.1; SV1; .NET CLR 2.0.50727)"
69.235.2.226 - - [13/Jan/2008:08:18:55 -0800] "www.modestolan.com: GET / HTTP/1.1" 200 15714 "-" "Mozilla/4.0 (compatible; MSIE 7.0; Windows NT 5.1; SV1; .NET CLR 2.0.50727)"
69.235.2.226 - - [13/Jan/2008:08:18:55 -0800] "www.modestolan.com: GET / HTTP/1.1" 200 15714 "-" "Mozilla/4.0 (compatible; MSIE 7.0; Windows NT 5.1; SV1; .NET CLR 2.0.50727)"
69.235.2.226 - - [13/Jan/2008:08:18:55 -0800] "www.modestolan.com: GET / HTTP/1.1" 200 15714 "-" "Mozilla/4.0 (compatible; MSIE 7.0; Windows NT 5.1; SV1; .NET CLR 2.0.50727)"
69.235.2.226 - - [13/Jan/2008:08:18:55 -0800] "www.modestolan.com: GET / HTTP/1.1" 200 15714 "-" "Mozilla/4.0 (compatible; MSIE 7.0; Windows NT 5.1; SV1; .NET CLR 2.0.50727)"
67.161.14.108 - - [13/Jan/2008:08:18:55 -0800] "www.modestolan.com: GET / HTTP/1.1" 200 0 "-" "Mozilla/4.0 (compatible; MSIE 7.0; Windows NT 5.1; SV1; .NET CLR 2.0.50727)"
67.161.14.108 - - [13/Jan/2008:08:18:55 -0800] "www.modestolan.com: GET / HTTP/1.1" 200 0 "-" "Mozilla/4.0 (compatible; MSIE 7.0; Windows NT 5.1; SV1; .NET CLR 2.0.50727)"
67.161.14.108 - - [13/Jan/2008:08:18:55 -0800] "www.modestolan.com: GET / HTTP/1.1" 200 0 "-" "Mozilla/4.0 (compatible; MSIE 7.0; Windows NT 5.1; SV1; .NET CLR 2.0.50727)"
67.161.14.108 - - [13/Jan/2008:08:18:55 -0800] "www.modestolan.com: GET / HTTP/1.1" 200 0 "-" "Mozilla/4.0 (compatible; MSIE 7.0; Windows NT 5.1; SV1; .NET CLR 2.0.50727)"
67.161.14.108 - - [13/Jan/2008:08:18:55 -0800] "www.modestolan.com: GET / HTTP/1.1" 200 15778 "-" "Mozilla/4.0 (compatible; MSIE 7.0; Windows NT 5.1; SV1; .NET CLR 2.0.50727)"
67.161.14.108 - - [13/Jan/2008:08:18:56 -0800] "www.modestolan.com: GET / HTTP/1.1" 200 4518 "-" "Mozilla/4.0 (compatible; MSIE 7.0; Windows NT 5.1; SV1; .NET CLR 2.0.50727)"
67.161.14.108 - - [13/Jan/2008:08:18:56 -0800] "www.modestolan.com: GET / HTTP/1.1" 200 15778 "-" "Mozilla/4.0 (compatible; MSIE 7.0; Windows NT 5.1; SV1; .NET CLR 2.0.50727)"
67.161.14.108 - - [13/Jan/2008:08:18:56 -0800] "www.modestolan.com: GET / HTTP/1.1" 200 15778 "-" "Mozilla/4.0 (compatible; MSIE 7.0; Windows NT 5.1; SV1; .NET CLR 2.0.50727)"
67.161.14.108 - - [13/Jan/2008:08:18:56 -0800] "www.modestolan.com: GET / HTTP/1.1" 200 15778 "-" "Mozilla/4.0 (compatible; MSIE 7.0; Windows NT 5.1; SV1; .NET CLR 2.0.50727)"
69.235.2.226 - - [13/Jan/2008:08:19:04 -0800] "www.modestolan.com: GET / HTTP/1.1" 200 15714 "-" "Mozilla/4.0 (compatible; MSIE 7.0; Windows NT 5.1; SV1; .NET CLR 2.0.50727)"
67.161.14.108 - - [13/Jan/2008:08:19:04 -0800] "www.modestolan.com: GET / HTTP/1.1" 200 15778 "-" "Mozilla/4.0 (compatible; MSIE 7.0; Windows NT 5.1; SV1; .NET CLR 2.0.50727)"
67.161.14.108 - - [13/Jan/2008:08:19:04 -0800] "www.modestolan.com: GET / HTTP/1.1" 200 15778 "-" "Mozilla/4.0 (compatible; MSIE 7.0; Windows NT 5.1; SV1; .NET CLR 2.0.50727)"
67.161.14.108 - - [13/Jan/2008:08:19:04 -0800] "www.modestolan.com: GET / HTTP/1.1" 200 15778 "-" "Mozilla/4.0 (compatible; MSIE 7.0; Windows NT 5.1; SV1; .NET CLR 2.0.50727)"
69.235.2.226 - - [13/Jan/2008:08:19:04 -0800] "www.modestolan.com: GET / HTTP/1.1" 200 15714 "-" "Mozilla/4.0 (compatible; MSIE 7.0; Windows NT 5.1; SV1; .NET CLR 2.0.50727)"
69.235.2.226 - - [13/Jan/2008:08:19:04 -0800] "www.modestolan.com: GET / HTTP/1.1" 200 15714 "-" "Mozilla/4.0 (compatible; MSIE 7.0; Windows NT 5.1; SV1; .NET CLR 2.0.50727)"
69.235.2.226 - - [13/Jan/2008:08:19:04 -0800] "www.modestolan.com: GET / HTTP/1.1" 200 15714 "-" "Mozilla/4.0 (compatible; MSIE 7.0; Windows NT 5.1; SV1; .NET CLR 2.0.50727)"
67.161.14.108 - - [13/Jan/2008:08:19:04 -0800] "www.modestolan.com: GET / HTTP/1.1" 200 15778 "-" "Mozilla/4.0 (compatible; MSIE 7.0; Windows NT 5.1; SV1; .NET CLR 2.0.50727)"
67.161.14.108 - - [13/Jan/2008:08:19:04 -0800] "www.modestolan.com: GET / HTTP/1.1" 200 15778 "-" "Mozilla/4.0 (compatible; MSIE 7.0; Windows NT 5.1; SV1; .NET CLR 2.0.50727)"
67.161.14.108 - - [13/Jan/2008:08:19:04 -0800] "www.modestolan.com: GET / HTTP/1.1" 200 15778 "-" "Mozilla/4.0 (compatible; MSIE 7.0; Windows NT 5.1; SV1; .NET CLR 2.0.50727)"
69.235.2.226 - - [13/Jan/2008:08:19:06 -0800] "www.modestolan.com: GET / HTTP/1.1" 200 15714 "-" "Mozilla/4.0 (compatible; MSIE 7.0; Windows NT 5.1; SV1; .NET CLR 2.0.50727)"
69.235.2.226 - - [13/Jan/2008:08:19:07 -0800] "www.modestolan.com: GET / HTTP/1.1" 200 15714 "-" "Mozilla/4.0 (compatible; MSIE 7.0; Windows NT 5.1; SV1; .NET CLR 2.0.50727)"
69.235.2.226 - - [13/Jan/2008:08:19:07 -0800] "www.modestolan.com: GET / HTTP/1.1" 200 15714 "-" "Mozilla/4.0 (compatible; MSIE 7.0; Windows NT 5.1; SV1; .NET CLR 2.0.50727)"
69.235.2.226 - - [13/Jan/2008:08:19:07 -0800] "www.modestolan.com: GET / HTTP/1.1" 200 15714 "-" "Mozilla/4.0 (compatible; MSIE 7.0; Windows NT 5.1; SV1; .NET CLR 2.0.50727)"
67.161.14.108 - - [13/Jan/2008:08:19:07 -0800] "www.modestolan.com: GET / HTTP/1.1" 200 15778 "-" "Mozilla/4.0 (compatible; MSIE 7.0; Windows NT 5.1; SV1; .NET CLR 2.0.50727)"
69.235.2.226 - - [13/Jan/2008:08:20:22 -0800] "www.modestolan.com: GET / HTTP/1.1" 200 15714 "-" "Mozilla/4.0 (compatible; MSIE 7.0; Windows NT 5.1; SV1; .NET CLR 2.0.50727)"
69.235.2.226 - - [13/Jan/2008:08:20:22 -0800] "www.modestolan.com: GET / HTTP/1.1" 200 15714 "-" "Mozilla/4.0 (compatible; MSIE 7.0; Windows NT 5.1; SV1; .NET CLR 2.0.50727)"
69.235.2.226 - - [13/Jan/2008:08:20:22 -0800] "www.modestolan.com: GET / HTTP/1.1" 200 15714 "-" "Mozilla/4.0 (compatible; MSIE 7.0; Windows NT 5.1; SV1; .NET CLR 2.0.50727)"
69.235.2.226 - - [13/Jan/2008:08:20:22 -0800] "www.modestolan.com: GET / HTTP/1.1" 200 15714 "-" "Mozilla/4.0 (compatible; MSIE 7.0; Windows NT 5.1; SV1; .NET CLR 2.0.50727)"
69.235.2.226 - - [13/Jan/2008:08:20:22 -0800] "www.modestolan.com: GET / HTTP/1.1" 200 15714 "-" "Mozilla/4.0 (compatible; MSIE 7.0; Windows NT 5.1; SV1; .NET CLR 2.0.50727)"
69.235.2.226 - - [13/Jan/2008:08:20:22 -0800] "www.modestolan.com: GET / HTTP/1.1" 200 15714 "-" "Mozilla/4.0 (compatible; MSIE 7.0; Windows NT 5.1; SV1; .NET CLR 2.0.50727)"
69.235.2.226 - - [13/Jan/2008:08:20:22 -0800] "www.modestolan.com: GET / HTTP/1.1" 200 15714 "-" "Mozilla/4.0 (compatible; MSIE 7.0; Windows NT 5.1; SV1; .NET CLR 2.0.50727)"
67.161.14.108 - - [13/Jan/2008:08:20:22 -0800] "www.modestolan.com: GET / HTTP/1.1" 200 0 "-" "Mozilla/4.0 (compatible; MSIE 7.0; Windows NT 5.1; SV1; .NET CLR 2.0.50727)"
69.235.2.226 - - [13/Jan/2008:08:20:23 -0800] "www.modestolan.com: GET / HTTP/1.1" 200 15714 "-" "Mozilla/4.0 (compatible; MSIE 7.0; Windows NT 5.1; SV1; .NET CLR 2.0.50727)"
67.161.14.108 - - [13/Jan/2008:08:44:26 -0800] "www.modestolan.com: -" 408 - "-" "-"
67.161.14.108 - - [13/Jan/2008:08:44:26 -0800] "www.modestolan.com: -" 408 - "-" "-"
67.161.14.108 - - [13/Jan/2008:08:44:26 -0800] "www.modestolan.com: -" 408 - "-" "-"
67.161.14.108 - - [13/Jan/2008:08:44:27 -0800] "www.modestolan.com: -" 408 - "-" "-"
67.161.14.108 - - [13/Jan/2008:08:44:27 -0800] "www.modestolan.com: GET / HTTP/1.1" 200 15778 "-" "Mozilla/4.0 (compatible; MSIE 7.0; Windows NT 5.1; SV1; .NET CLR 2.0.50727)"
67.161.14.108 - - [13/Jan/2008:08:44:27 -0800] "www.modestolan.com: GET / HTTP/1.1" 200 15778 "-" "Mozilla/4.0 (compatible; MSIE 7.0; Windows NT 5.1; SV1; .NET CLR 2.0.50727)"
69.235.2.226 - - [13/Jan/2008:08:44:28 -0800] "www.modestolan.com: -" 408 - "-" "-"
67.161.14.108 - - [13/Jan/2008:08:44:29 -0800] "www.modestolan.com: -" 408 - "-" "-"
69.235.2.226 - - [13/Jan/2008:08:44:29 -0800] "www.modestolan.com: -" 408 - "-" "-"
67.161.14.108 - - [13/Jan/2008:08:44:29 -0800] "www.modestolan.com: -" 408 - "-" "-"
69.235.2.226 - - [13/Jan/2008:08:44:29 -0800] "www.modestolan.com: -" 408 - "-" "-"
69.235.2.226 - - [13/Jan/2008:08:44:29 -0800] "www.modestolan.com: -" 408 - "-" "-"
67.161.14.108 - - [13/Jan/2008:08:44:29 -0800] "www.modestolan.com: -" 408 - "-" "-"
69.235.2.226 - - [13/Jan/2008:08:44:29 -0800] "www.modestolan.com: -" 408 - "-" "-"
67.161.14.108 - - [13/Jan/2008:08:44:29 -0800] "www.modestolan.com: -" 408 - "-" "-"
67.161.14.108 - - [13/Jan/2008:08:44:29 -0800] "www.modestolan.com: GET / HTTP/1.1" 200 15778 "-" "Mozilla/4.0 (compatible; MSIE 7.0; Windows NT 5.1; SV1; .NET CLR 2.0.50727)"
67.161.14.108 - - [13/Jan/2008:08:44:29 -0800] "www.modestolan.com: GET / HTTP/1.1" 200 15778 "-" "Mozilla/4.0 (compatible; MSIE 7.0; Windows NT 5.1; SV1; .NET CLR 2.0.50727)"
67.161.14.108 - - [13/Jan/2008:08:44:29 -0800] "www.modestolan.com: GET / HTTP/1.1" 200 15778 "-" "Mozilla/4.0 (compatible; MSIE 7.0; Windows NT 5.1; SV1; .NET CLR 2.0.50727)"
67.161.14.108 - - [13/Jan/2008:08:44:29 -0800] "www.modestolan.com: GET / HTTP/1.1" 200 0 "-" "Mozilla/4.0 (compatible; MSIE 7.0; Windows NT 5.1; SV1; .NET CLR 2.0.50727)"
67.161.14.108 - - [13/Jan/2008:08:44:30 -0800] "www.modestolan.com: -" 408 - "-" "-"
67.161.14.108 - - [13/Jan/2008:08:44:30 -0800] "www.modestolan.com: -" 408 - "-" "-"
67.161.14.108 - - [13/Jan/2008:08:44:30 -0800] "www.modestolan.com: -" 408 - "-" "-"
67.161.14.108 - - [13/Jan/2008:08:44:30 -0800] "www.modestolan.com: -" 408 - "-" "-"
67.161.14.108 - - [13/Jan/2008:08:44:30 -0800] "www.modestolan.com: -" 408 - "-" "-"
67.161.14.108 - - [13/Jan/2008:08:44:30 -0800] "www.modestolan.com: -" 408 - "-" "-"
67.161.14.108 - - [13/Jan/2008:08:44:30 -0800] "www.modestolan.com: -" 408 - "-" "-"
67.161.14.108 - - [13/Jan/2008:08:44:36 -0800] "www.modestolan.com: -" 408 - "-" "-"
67.161.14.108 - - [13/Jan/2008:08:44:36 -0800] "www.modestolan.com: -" 408 - "-" "-"
69.235.2.226 - - [13/Jan/2008:08:44:36 -0800] "www.modestolan.com: -" 408 - "-" "-"
67.161.14.108 - - [13/Jan/2008:08:44:36 -0800] "www.modestolan.com: -" 408 - "-" "-"
67.161.14.108 - - [13/Jan/2008:08:44:36 -0800] "www.modestolan.com: -" 408 - "-" "-"
67.161.14.108 - - [13/Jan/2008:08:44:36 -0800] "www.modestolan.com: -" 408 - "-" "-"
67.161.14.108 - - [13/Jan/2008:08:44:36 -0800] "www.modestolan.com: -" 408 - "-" "-"
67.161.14.108 - - [13/Jan/2008:08:44:36 -0800] "www.modestolan.com: -" 408 - "-" "-"
69.235.2.226 - - [13/Jan/2008:08:44:41 -0800] "www.modestolan.com: -" 408 - "-" "-"
69.235.2.226 - - [13/Jan/2008:08:44:46 -0800] "www.modestolan.com: -" 408 - "-" "-"
69.235.2.226 - - [13/Jan/2008:08:44:46 -0800] "www.modestolan.com: -" 408 - "-" "-"
69.235.2.226 - - [13/Jan/2008:08:44:46 -0800] "www.modestolan.com: -" 408 - "-" "-"
69.235.2.226 - - [13/Jan/2008:08:44:46 -0800] "www.modestolan.com: -" 408 - "-" "-"
69.235.2.226 - - [13/Jan/2008:08:44:47 -0800] "www.modestolan.com: -" 408 - "-" "-"
69.235.2.226 - - [13/Jan/2008:08:44:47 -0800] "www.modestolan.com: -" 408 - "-" "-"
69.235.2.226 - - [13/Jan/2008:08:44:47 -0800] "www.modestolan.com: -" 408 - "-" "-"
67.161.14.108 - - [13/Jan/2008:08:44:47 -0800] "www.modestolan.com: -" 408 - "-" "-"
69.235.2.226 - - [13/Jan/2008:08:44:49 -0800] "www.modestolan.com: -" 408 - "-" "-"
67.161.14.108 - - [13/Jan/2008:08:44:50 -0800] "www.modestolan.com: -" 408 - "-" "-"
67.161.14.108 - - [13/Jan/2008:08:44:50 -0800] "www.modestolan.com: -" 408 - "-" "-"
67.161.14.108 - - [13/Jan/2008:08:44:50 -0800] "www.modestolan.com: -" 408 - "-" "-"
67.161.14.108 - - [13/Jan/2008:08:44:50 -0800] "www.modestolan.com: -" 408 - "-" "-"
67.161.14.108 - - [13/Jan/2008:08:44:50 -0800] "www.modestolan.com: -" 408 - "-" "-"
67.161.14.108 - - [13/Jan/2008:08:44:50 -0800] "www.modestolan.com: -" 408 - "-" "-"
67.161.14.108 - - [13/Jan/2008:08:44:50 -0800] "www.modestolan.com: -" 408 - "-" "-"
67.161.14.108 - - [13/Jan/2008:08:44:50 -0800] "www.modestolan.com: -" 408 - "-" "-"
66.249.70.51 - - [13/Jan/2008:08:44:50 -0800] "www.modestolan.com: GET /vb/calendar.php?do=add&c=2&day=2000-11-10 HTTP/1.1" 200 6381 "-" "Mozilla/5.0 (compatible; Googlebot/2.1; +http://www.google.com/bot.html)"
67.161.14.108 - - [13/Jan/2008:08:44:50 -0800] "www.modestolan.com: GET / HTTP/1.1" 200 0 "-" "Mozilla/4.0 (compatible; MSIE 7.0; Windows NT 5.1; SV1; .NET CLR 2.0.50727)"
67.161.14.108 - - [13/Jan/2008:08:44:50 -0800] "www.modestolan.com: GET / HTTP/1.1" 200 0 "-" "Mozilla/4.0 (compatible; MSIE 7.0; Windows NT 5.1; SV1; .NET CLR 2.0.50727)"
67.161.14.108 - - [13/Jan/2008:08:44:50 -0800] "www.modestolan.com: GET / HTTP/1.1" 200 24084 "-" "Mozilla/4.0 (compatible; MSIE 7.0; Windows NT 5.1; SV1; .NET CLR 2.0.50727)"
67.161.14.108 - - [13/Jan/2008:08:44:50 -0800] "www.modestolan.com: GET / HTTP/1.1" 200 24084 "-" "Mozilla/4.0 (compatible; MSIE 7.0; Windows NT 5.1; SV1; .NET CLR 2.0.50727)"
67.161.14.108 - - [13/Jan/2008:08:44:50 -0800] "www.modestolan.com: GET / HTTP/1.1" 200 24084 "-" "Mozilla/4.0 (compatible; MSIE 7.0; Windows NT 5.1; SV1; .NET CLR 2.0.50727)"
67.161.14.108 - - [13/Jan/2008:08:44:50 -0800] "www.modestolan.com: GET / HTTP/1.1" 200 24084 "-" "Mozilla/4.0 (compatible; MSIE 7.0; Windows NT 5.1; SV1; .NET CLR 2.0.50727)"
67.161.14.108 - - [13/Jan/2008:08:44:51 -0800] "www.modestolan.com: -" 408 - "-" "-"
67.161.14.108 - - [13/Jan/2008:08:44:51 -0800] "www.modestolan.com: -" 408 - "-" "-"
67.161.14.108 - - [13/Jan/2008:08:44:51 -0800] "www.modestolan.com: -" 408 - "-" "-"
67.161.14.108 - - [13/Jan/2008:08:44:51 -0800] "www.modestolan.com: -" 408 - "-" "-"
67.161.14.108 - - [13/Jan/2008:08:44:51 -0800] "www.modestolan.com: -" 408 - "-" "-"
67.161.14.108 - - [13/Jan/2008:08:44:51 -0800] "www.modestolan.com: -" 408 - "-" "-"
67.161.14.108 - - [13/Jan/2008:08:44:51 -0800] "www.modestolan.com: GET / HTTP/1.1" 200 24084 "-" "Mozilla/4.0 (compatible; MSIE 7.0; Windows NT 5.1; SV1; .NET CLR 2.0.50727)"
67.161.14.108 - - [13/Jan/2008:08:44:51 -0800] "www.modestolan.com: GET / HTTP/1.1" 200 24084 "-" "Mozilla/4.0 (compatible; MSIE 7.0; Windows NT 5.1; SV1; .NET CLR 2.0.50727)"
67.161.14.108 - - [13/Jan/2008:08:44:51 -0800] "www.modestolan.com: GET / HTTP/1.1" 200 24084 "-" "Mozilla/4.0 (compatible; MSIE 7.0; Windows NT 5.1; SV1; .NET CLR 2.0.50727)"
67.161.14.108 - - [13/Jan/2008:08:44:51 -0800] "www.modestolan.com: -" 408 - "-" "-"
67.161.14.108 - - [13/Jan/2008:08:44:51 -0800] "www.modestolan.com: -" 408 - "-" "-"
67.161.14.108 - - [13/Jan/2008:08:44:51 -0800] "www.modestolan.com: GET / HTTP/1.1" 200 24084 "-" "Mozilla/4.0 (compatible; MSIE 7.0; Windows NT 5.1; SV1; .NET CLR 2.0.50727)"
67.161.14.108 - - [13/Jan/2008:08:44:51 -0800] "www.modestolan.com: -" 408 - "-" "-"
67.161.14.108 - - [13/Jan/2008:08:44:51 -0800] "www.modestolan.com: GET / HTTP/1.1" 200 24084 "-" "Mozilla/4.0 (compatible; MSIE 7.0; Windows NT 5.1; SV1; .NET CLR 2.0.50727)"
67.161.14.108 - - [13/Jan/2008:08:44:51 -0800] "www.modestolan.com: GET / HTTP/1.1" 200 24084 "-" "Mozilla/4.0 (compatible; MSIE 7.0; Windows NT 5.1; SV1; .NET CLR 2.0.50727)"
67.161.14.108 - - [13/Jan/2008:08:44:51 -0800] "www.modestolan.com: -" 408 - "-" "-"
67.161.14.108 - - [13/Jan/2008:08:44:51 -0800] "www.modestolan.com: -" 408 - "-" "-"
69.225.12.68 - - [13/Jan/2008:08:44:51 -0800] "www.modestolan.com: GET / HTTP/1.1" 200 0 "-" "Mozilla/4.0 (compatible; MSIE 7.0; Windows NT 6.0; SLCC1; .NET CLR 2.0.50727; Media Center PC 5.0; .NET CLR 3.0.04506; .NET CLR 1.1.4322; InfoPath.2)"
67.161.14.108 - - [13/Jan/2008:08:44:51 -0800] "www.modestolan.com: GET / HTTP/1.1" 200 24084 "-" "Mozilla/4.0 (compatible; MSIE 7.0; Windows NT 5.1; SV1; .NET CLR 2.0.50727)"
67.161.14.108 - - [13/Jan/2008:08:44:51 -0800] "www.modestolan.com: GET / HTTP/1.1" 200 24084 "-" "Mozilla/4.0 (compatible; MSIE 7.0; Windows NT 5.1; SV1; .NET CLR 2.0.50727)"
67.161.14.108 - - [13/Jan/2008:08:44:52 -0800] "www.modestolan.com: -" 408 - "-" "-"
69.235.2.226 - - [13/Jan/2008:08:44:52 -0800] "www.modestolan.com: -" 408 - "-" "-"
67.161.14.108 - - [13/Jan/2008:08:44:52 -0800] "www.modestolan.com: -" 408 - "-" "-"
69.235.2.226 - - [13/Jan/2008:08:44:52 -0800] "www.modestolan.com: -" 408 - "-" "-"
69.235.2.226 - - [13/Jan/2008:08:44:52 -0800] "www.modestolan.com: -" 408 - "-" "-"
67.161.14.108 - - [13/Jan/2008:08:44:52 -0800] "www.modestolan.com: -" 408 - "-" "-"
70.137.20.34 - - [13/Jan/2008:08:44:52 -0800] "www.modestolan.com: GET / HTTP/1.1" 200 0 "-" "Mozilla/4.0 (compatible; MSIE 7.0; Windows NT 5.1; .NET CLR 1.1.4322)"
96.225.203.153 - - [13/Jan/2008:08:44:52 -0800] "www.modestolan.com: GET / HTTP/1.1" 200 24084 "-" "Mozilla/4.0 (compatible; MSIE 6.0; Windows NT 5.1; SV1; .NET CLR 1.1.4322; .NET CLR 2.0.50727)"
74.6.22.102 - - [13/Jan/2008:08:44:52 -0800] "www.modestolan.com: GET /register.php?lanid=B HTTP/1.0" 200 15680 "-" "Mozilla/5.0 (compatible; Yahoo! Slurp/3.0; http://help.yahoo.com/help/us/ysearch/slurp)"
69.235.2.226 - - [13/Jan/2008:08:44:53 -0800] "www.modestolan.com: -" 408 - "-" "-"
69.235.2.226 - - [13/Jan/2008:08:44:53 -0800] "www.modestolan.com: -" 408 - "-" "-"
69.235.2.226 - - [13/Jan/2008:08:44:53 -0800] "www.modestolan.com: -" 408 - "-" "-"
96.225.203.153 - - [13/Jan/2008:08:44:53 -0800] "www.modestolan.com: GET /tables.css HTTP/1.1" 200 2419 "http://www.modestolan.com/" "Mozilla/4.0 (compatible; MSIE 6.0; Windows NT 5.1; SV1; .NET CLR 1.1.4322; .NET CLR 2.0.50727)"
65.55.213.97 - - [13/Jan/2008:08:44:53 -0800] "www.modestolan.com: GET /robots.txt HTTP/1.0" 404 322 "-" "msnbot-media/1.0 (+http://search.msn.com/msnbot.htm)"
70.137.20.34 - - [13/Jan/2008:08:44:53 -0800] "www.modestolan.com: GET /vb HTTP/1.1" 301 363 "-" "Mozilla/4.0 (compatible; MSIE 7.0; Windows NT 5.1; .NET CLR 1.1.4322)"
96.225.203.153 - - [13/Jan/2008:08:44:53 -0800] "www.modestolan.com: GET /php/menu.php HTTP/1.1" 200 21682 "http://www.modestolan.com/" "Mozilla/4.0 (compatible; MSIE 6.0; Windows NT 5.1; SV1; .NET CLR 1.1.4322; .NET CLR 2.0.50727)"
96.225.203.153 - - [13/Jan/2008:08:44:53 -0800] "www.modestolan.com: GET /favicon.ico HTTP/1.1" 404 335 "-" "Mozilla/4.0 (compatible; MSIE 6.0; Windows NT 5.1; SV1; .NET CLR 1.1.4322; .NET CLR 2.0.50727)"
70.137.20.34 - - [13/Jan/2008:08:44:53 -0800] "www.modestolan.com: GET / HTTP/1.1" 200 0 "-" "Mozilla/4.0 (compatible; MSIE 7.0; Windows NT 5.1; .NET CLR 1.1.4322)"
193.47.80.40 - - [13/Jan/2008:08:44:53 -0800] "www.modestolan.com: GET /robots.txt HTTP/1.1" 404 334 "-" "Mozilla/5.0 (compatible; Exabot/3.0; +http://www.exabot.com/go/robot)"
69.236.83.127 - - [13/Jan/2008:08:44:53 -0800] "www.modestolan.com: GET / HTTP/1.1" 200 0 "-" "Mozilla/4.0 (compatible; MSIE 7.0; Windows NT 5.1; .NET CLR 1.1.4322; IEMB3; IEMB3)"
69.225.12.68 - - [13/Jan/2008:08:44:53 -0800] "www.modestolan.com: GET / HTTP/1.1" 200 24084 "-" "Mozilla/4.0 (compatible; MSIE 7.0; Windows NT 6.0; SLCC1; .NET CLR 2.0.50727; Media Center PC 5.0; .NET CLR 3.0.04506; .NET CLR 1.1.4322; InfoPath.2)"
69.235.2.226 - - [13/Jan/2008:08:44:54 -0800] "www.modestolan.com: -" 408 - "-" "-"
193.47.80.40 - - [13/Jan/2008:08:44:54 -0800] "www.modestolan.com: GET /vb/sendtofriend.php?threadid=5419 HTTP/1.1" 404 343 "-" "Mozilla/5.0 (compatible; Exabot/3.0; +http://www.exabot.com/go/robot)"
69.235.2.226 - - [13/Jan/2008:08:44:54 -0800] "www.modestolan.com: -" 408 - "-" "-"
69.235.2.226 - - [13/Jan/2008:08:44:54 -0800] "www.modestolan.com: -" 408 - "-" "-"
69.235.2.226 - - [13/Jan/2008:08:44:54 -0800] "www.modestolan.com: -" 408 - "-" "-"
69.225.12.68 - - [13/Jan/2008:08:44:54 -0800] "www.modestolan.com: GET /images/bg_small.jpg HTTP/1.1" 200 1598 "http://www.modestolan.com/" "Mozilla/4.0 (compatible; MSIE 7.0; Windows NT 6.0; SLCC1; .NET CLR 2.0.50727; Media Center PC 5.0; .NET CLR 3.0.04506; .NET CLR 1.1.4322; InfoPath.2)"
190.43.187.237 - - [13/Jan/2008:08:44:54 -0800] "www.modestolan.com: GET /xwred1/hangar%2018.mp3 HTTP/1.1" 200 0 "-" "Mozilla/4.0 (compatible; MSIE 6.0; Windows NT 5.1; SV1; FunWebProducts)"
70.137.20.34 - - [13/Jan/2008:08:44:54 -0800] "www.modestolan.com: GET / HTTP/1.1" 200 0 "-" "Mozilla/4.0 (compatible; MSIE 7.0; Windows NT 5.1; .NET CLR 1.1.4322)"
165.21.154.98 - - [13/Jan/2008:08:44:54 -0800] "www.modestolan.com: GET /xwred1/fat_naruto.jpeg HTTP/1.0" 200 0 "http://www.katoots.com/forum/index.php?showtopic=25179&hl=" "Mozilla/4.0 (compatible; MSIE 6.0; Windows NT 5.1; SV1; .NET CLR 1.1.4322)"
190.43.187.237 - - [13/Jan/2008:08:44:54 -0800] "www.modestolan.com: GET /xwred1/hangar%2018.mp3 HTTP/1.1" 200 0 "-" "Mozilla/4.0 (compatible; MSIE 6.0; Windows NT 5.1; SV1; FunWebProducts)"
96.225.203.153 - - [13/Jan/2008:08:44:54 -0800] "www.modestolan.com: GET /images/menu/1.gif HTTP/1.1" 200 368 "http://www.modestolan.com/" "Mozilla/4.0 (compatible; MSIE 6.0; Windows NT 5.1; SV1; .NET CLR 1.1.4322; .NET CLR 2.0.50727)"
69.225.12.68 - - [13/Jan/2008:08:44:54 -0800] "www.modestolan.com: GET /php/menu.php HTTP/1.1" 200 21682 "http://www.modestolan.com/" "Mozilla/4.0 (compatible; MSIE 7.0; Windows NT 6.0; SLCC1; .NET CLR 2.0.50727; Media Center PC 5.0; .NET CLR 3.0.04506; .NET CLR 1.1.4322; InfoPath.2)"
96.225.203.153 - - [13/Jan/2008:08:44:54 -0800] "www.modestolan.com: GET /images/menu/2.gif HTTP/1.1" 200 550 "http://www.modestolan.com/" "Mozilla/4.0 (compatible; MSIE 6.0; Windows NT 5.1; SV1; .NET CLR 1.1.4322; .NET CLR 2.0.50727)"
190.43.187.237 - - [13/Jan/2008:08:44:54 -0800] "www.modestolan.com: GET /xwred1/hangar%2018.mp3 HTTP/1.1" 200 0 "-" "Mozilla/4.0 (compatible; MSIE 6.0; Windows NT 5.1; SV1; FunWebProducts)"
70.137.20.34 - - [13/Jan/2008:08:44:54 -0800] "www.modestolan.com: GET / HTTP/1.1" 200 0 "-" "Mozilla/4.0 (compatible; MSIE 7.0; Windows NT 5.1; .NET CLR 1.1.4322)"
96.225.203.153 - - [13/Jan/2008:08:44:55 -0800] "www.modestolan.com: GET /images/menu/3.gif HTTP/1.1" 200 511 "http://www.modestolan.com/" "Mozilla/4.0 (compatible; MSIE 6.0; Windows NT 5.1; SV1; .NET CLR 1.1.4322; .NET CLR 2.0.50727)"
96.225.203.153 - - [13/Jan/2008:08:44:55 -0800] "www.modestolan.com: GET /images/menu/4.gif HTTP/1.1" 200 443 "http://www.modestolan.com/" "Mozilla/4.0 (compatible; MSIE 6.0; Windows NT 5.1; SV1; .NET CLR 1.1.4322; .NET CLR 2.0.50727)"
96.225.203.153 - - [13/Jan/2008:08:44:55 -0800] "www.modestolan.com: GET /images/menu/8.gif HTTP/1.1" 200 746 "http://www.modestolan.com/" "Mozilla/4.0 (compatible; MSIE 6.0; Windows NT 5.1; SV1; .NET CLR 1.1.4322; .NET CLR 2.0.50727)"
96.225.203.153 - - [13/Jan/2008:08:44:55 -0800] "www.modestolan.com: GET /images/menu/5.gif HTTP/1.1" 200 549 "http://www.modestolan.com/" "Mozilla/4.0 (compatible; MSIE 6.0; Windows NT 5.1; SV1; .NET CLR 1.1.4322; .NET CLR 2.0.50727)"
96.225.203.153 - - [13/Jan/2008:08:44:55 -0800] "www.modestolan.com: GET /images/menu/6.gif HTTP/1.1" 200 600 "http://www.modestolan.com/" "Mozilla/4.0 (compatible; MSIE 6.0; Windows NT 5.1; SV1; .NET CLR 1.1.4322; .NET CLR 2.0.50727)"
69.235.2.226 - - [13/Jan/2008:08:44:56 -0800] "www.modestolan.com: -" 408 - "-" "-"
96.225.203.153 - - [13/Jan/2008:08:44:56 -0800] "www.modestolan.com: GET /images/menu/7.gif HTTP/1.1" 200 601 "http://www.modestolan.com/" "Mozilla/4.0 (compatible; MSIE 6.0; Windows NT 5.1; SV1; .NET CLR 1.1.4322; .NET CLR 2.0.50727)"
66.249.70.51 - - [13/Jan/2008:08:44:56 -0800] "www.modestolan.com: GET /vb/calendar.php?do=add&c=2&day=2000-11-18 HTTP/1.1" 200 6381 "-" "Mozilla/5.0 (compatible; Googlebot/2.1; +http://www.google.com/bot.html)"
66.249.70.51 - - [13/Jan/2008:08:44:57 -0800] "www.modestolan.com: GET /vb/calendar.php?do=add&c=2&day=2011-5-17 HTTP/1.1" 200 6383 "-" "Mozilla/5.0 (compatible; Googlebot/2.1; +http://www.google.com/bot.html)"
66.249.70.51 - - [13/Jan/2008:08:44:57 -0800] "www.modestolan.com: GET /vb/calendar.php?do=add&c=2&day=2000-11-8 HTTP/1.1" 200 6380 "-" "Mozilla/5.0 (compatible; Googlebot/2.1; +http://www.google.com/bot.html)"
69.235.2.226 - - [13/Jan/2008:08:44:59 -0800] "www.modestolan.com: -" 408 - "-" "-"
213.134.160.226 - - [13/Jan/2008:08:44:59 -0800] "www.modestolan.com: GET /xwred1 HTTP/1.1" 301 367 "http://images.search.yahoo.com/search/images/view?back=http%3A%2F%2Fimages.search.yahoo.com%2Fsearch%2Fimages%3Fp%3Dxp%2Bwallpapers%26toggle%3D1%26cop%3Dmss%26ei%3DUTF-8%26fp_ip%3DPL%26qp_p%3Dxp%26imgsz%3Dwallpaper%26ni%3D20%26fr%3Dyfp-t-501%26b%3D441&w=1024&h=768&imgurl=www.modestolan.com%2Fxwred1%2Fscreenshot-xp-watercolor2.jpg&rurl=http%3A%2F%2Fwww.modestolan.com%2Fxwred1&size=236.5kB&name=screenshot-xp-watercolor2.jpg&p=xp+wallpapers&type=jpeg&no=456&tt=178,130&oid=25515fa298a35a22&ei=UTF-8" "Mozilla/4.0 (compatible; MSIE 7.0; Windows NT 5.1; .NET CLR 1.1.4322; .NET CLR 2.0.50727)"
74.6.24.70 - - [13/Jan/2008:08:44:59 -0800] "www.modestolan.com: GET /vb/search.php?searchid=10275 HTTP/1.0" 200 5762 "-" "Mozilla/5.0 (compatible; Yahoo! Slurp; http://help.yahoo.com/help/us/ysearch/slurp)"
66.249.70.51 - - [13/Jan/2008:08:44:59 -0800] "www.modestolan.com: GET /vb/calendar.php?do=add&c=2&day=2000-11-18 HTTP/1.1" 200 6382 "-" "Mozilla/5.0 (compatible; Googlebot/2.1; +http://www.google.com/bot.html)"
66.249.70.51 - - [13/Jan/2008:08:44:59 -0800] "www.modestolan.com: GET /vb/calendar.php?do=add&c=2&day=2000-11-8 HTTP/1.1" 200 6380 "-" "Mozilla/5.0 (compatible; Googlebot/2.1; +http://www.google.com/bot.html)"
66.249.70.51 - - [13/Jan/2008:08:44:59 -0800] "www.modestolan.com: GET /vb/calendar.php?do=add&c=2&day=2000-11-6 HTTP/1.1" 200 6380 "-" "Mozilla/5.0 (compatible; Googlebot/2.1; +http://www.google.com/bot.html)"
69.235.2.226 - - [13/Jan/2008:08:45:00 -0800] "www.modestolan.com: -" 408 - "-" "-"
66.249.70.51 - - [13/Jan/2008:08:45:00 -0800] "www.modestolan.com: GET /vb/calendar.php?do=add&c=2&day=2000-11-17 HTTP/1.1" 200 6382 "-" "Mozilla/5.0 (compatible; Googlebot/2.1; +http://www.google.com/bot.html)"
70.137.20.34 - - [13/Jan/2008:08:45:00 -0800] "www.modestolan.com: GET /vb/showthread.php?t=5672&page=4 HTTP/1.1" 200 0 "http://www.modestolan.com/vb/showthread.php?t=5672&page=2" "Mozilla/4.0 (compatible; MSIE 7.0; Windows NT 5.1; .NET CLR 1.1.4322)"
66.249.70.51 - - [13/Jan/2008:08:45:00 -0800] "www.modestolan.com: GET /vb/calendar.php?do=add&c=2&day=2011-5-17 HTTP/1.1" 200 6381 "-" "Mozilla/5.0 (compatible; Googlebot/2.1; +http://www.google.com/bot.html)"
81.190.132.106 - - [13/Jan/2008:08:45:00 -0800] "www.modestolan.com: GET /vb/avatar.php?userid=1025&dateline=1152525362 HTTP/1.1" 404 337 "http://hdbits.org/details.php?id=4166" "Mozilla/5.0 (Windows; U; Windows NT 5.1; pl; rv:1.8.1.11) Gecko/20071127 Firefox/2.0.0.11"
81.190.132.106 - - [13/Jan/2008:08:45:00 -0800] "www.modestolan.com: GET /vb/avatar.php?userid=1025&dateline=1152525362 HTTP/1.1" 404 337 "http://hdbits.org/details.php?id=4166" "Mozilla/5.0 (Windows; U; Windows NT 5.1; pl; rv:1.8.1.11) Gecko/20071127 Firefox/2.0.0.11"
65.55.213.97 - - [13/Jan/2008:08:45:00 -0800] "www.modestolan.com: GET /robots.txt HTTP/1.0" 404 322 "-" "msnbot-media/1.0 (+http://search.msn.com/msnbot.htm)"
66.249.70.51 - - [13/Jan/2008:08:45:00 -0800] "www.jdacura.com: GET /modules.php?name=Web_Links HTTP/1.1" 200 12054 "-" "Mozilla/5.0 (compatible; Googlebot/2.1; +http://www.google.com/bot.html)"
74.6.20.152 - - [13/Jan/2008:08:45:01 -0800] "www.modestolan.com: GET /vb/showthread.php?t=5729 HTTP/1.0" 200 9219 "-" "Mozilla/5.0 (compatible; Yahoo! Slurp; http://help.yahoo.com/help/us/ysearch/slurp)"
74.6.23.226 - - [13/Jan/2008:08:45:01 -0800] "www.modestolan.com: GET /vb/showthread.php?t=5671 HTTP/1.0" 200 11920 "-" "Mozilla/5.0 (compatible; Yahoo! Slurp; http://help.yahoo.com/help/us/ysearch/slurp)"
207.237.210.142 - - [13/Jan/2008:08:45:01 -0800] "www.modestolan.com: GET / HTTP/1.1" 200 15682 "-" "Mozilla/5.0 (X11; U; Linux i686; en-US; rv:1.8.1.11) Gecko/20071204 Ubuntu/7.10 (gutsy) Firefox/2.0.0.11"
99.252.108.253 - - [13/Jan/2008:08:45:01 -0800] "www.modestolan.com: GET / HTTP/1.1" 200 15714 "http://wwwe.meebo.com/" "Mozilla/5.0 (Windows; U; Windows NT 5.1; en-US; rv:1.8.1.11) Gecko/20071127 Firefox/2.0.0.11"
96.225.203.153 - - [13/Jan/2008:08:45:02 -0800] "www.modestolan.com: GET /images/transparent.gif HTTP/1.1" 200 43 "http://www.modestolan.com/" "Mozilla/4.0 (compatible; MSIE 6.0; Windows NT 5.1; SV1; .NET CLR 1.1.4322; .NET CLR 2.0.50727)"
66.249.70.51 - - [13/Jan/2008:08:45:02 -0800] "www.modestolan.com: GET /vb/calendar.php?do=add&c=2&day=2000-11-6 HTTP/1.1" 200 6379 "-" "Mozilla/5.0 (compatible; Googlebot/2.1; +http://www.google.com/bot.html)"
96.225.203.153 - - [13/Jan/2008:08:45:02 -0800] "www.modestolan.com: GET /images/landate.swf HTTP/1.1" 200 2197 "http://www.modestolan.com/" "Mozilla/4.0 (compatible; MSIE 6.0; Windows NT 5.1; SV1; .NET CLR 1.1.4322; .NET CLR 2.0.50727)"
77.187.31.246 - - [13/Jan/2008:08:45:02 -0800] "www.modestolan.com: GET /~nine/Nine_Inch_Nails-Live_In_Fresno_CA_03-23-2005-YKK/11-nine_inch_nails-burn-ykk.mp3 HTTP/1.1" 200 15714 "-" "-"
96.225.203.153 - - [13/Jan/2008:08:45:02 -0800] "www.modestolan.com: GET /images/top_12.gif HTTP/1.1" 200 826 "http://www.modestolan.com/" "Mozilla/4.0 (compatible; MSIE 6.0; Windows NT 5.1; SV1; .NET CLR 1.1.4322; .NET CLR 2.0.50727)"
77.187.31.246 - - [13/Jan/2008:08:45:03 -0800] "www.modestolan.com: GET /~nine/Nine_Inch_Nails-Live_In_Fresno_CA_03-23-2005-YKK/14-nine_inch_nails-even_deeper-ykk.mp3 HTTP/1.1" 200 15714 "-" "-"
96.225.203.153 - - [13/Jan/2008:08:45:03 -0800] "www.modestolan.com: GET /images/top_14.gif HTTP/1.1" 200 522 "http://www.modestolan.com/" "Mozilla/4.0 (compatible; MSIE 6.0; Windows NT 5.1; SV1; .NET CLR 1.1.4322; .NET CLR 2.0.50727)"
96.225.203.153 - - [13/Jan/2008:08:45:03 -0800] "www.modestolan.com: GET /transparent.gif HTTP/1.1" 200 43 "http://www.modestolan.com/" "Mozilla/4.0 (compatible; MSIE 6.0; Windows NT 5.1; SV1; .NET CLR 1.1.4322; .NET CLR 2.0.50727)"
66.249.70.51 - - [13/Jan/2008:08:45:03 -0800] "www.modestolan.com: GET /vb/calendar.php?do=add&c=2&day=2000-11-10 HTTP/1.1" 200 6382 "-" "Mozilla/5.0 (compatible; Googlebot/2.1; +http://www.google.com/bot.html)"
96.225.203.153 - - [13/Jan/2008:08:45:03 -0800] "www.modestolan.com: GET /images/top_02.gif HTTP/1.1" 200 882 "http://www.modestolan.com/" "Mozilla/4.0 (compatible; MSIE 6.0; Windows NT 5.1; SV1; .NET CLR 1.1.4322; .NET CLR 2.0.50727)"
74.6.20.126 - - [13/Jan/2008:08:45:03 -0800] "www.modestolan.com: GET /vb/search.php?do=finduser&userid=5&searchthreadid=7 HTTP/1.0" 302 0 "-" "Mozilla/5.0 (compatible; Yahoo! Slurp; http://help.yahoo.com/help/us/ysearch/slurp)"
66.249.70.51 - - [13/Jan/2008:08:45:03 -0800] "www.modestolan.com: GET /vb/calendar.php?do=add&c=2&day=2000-11-8 HTTP/1.1" 200 6381 "-" "Mozilla/5.0 (compatible; Googlebot/2.1; +http://www.google.com/bot.html)"
77.187.31.246 - - [13/Jan/2008:08:45:03 -0800] "www.modestolan.com: GET /~nine/Nine_Inch_Nails-Live_In_Fresno_CA_03-23-2005-YKK/15-nine_inch_nails-hurt-ykk.mp3 HTTP/1.1" 200 15714 "-" "-"
96.225.203.153 - - [13/Jan/2008:08:45:03 -0800] "www.modestolan.com: GET /images/bg_small.jpg HTTP/1.1" 200 1598 "http://www.modestolan.com/" "Mozilla/4.0 (compatible; MSIE 6.0; Windows NT 5.1; SV1; .NET CLR 1.1.4322; .NET CLR 2.0.50727)"
69.225.12.68 - - [13/Jan/2008:08:45:03 -0800] "www.modestolan.com: GET /tables.css HTTP/1.1" 200 2419 "http://www.modestolan.com/" "Mozilla/4.0 (compatible; MSIE 7.0; Windows NT 6.0; SLCC1; .NET CLR 2.0.50727; Media Center PC 5.0; .NET CLR 3.0.04506; .NET CLR 1.1.4322; InfoPath.2)"
69.225.12.68 - - [13/Jan/2008:08:45:03 -0800] "www.modestolan.com: GET /images/menu/1.gif HTTP/1.1" 200 368 "http://www.modestolan.com/" "Mozilla/4.0 (compatible; MSIE 7.0; Windows NT 6.0; SLCC1; .NET CLR 2.0.50727; Media Center PC 5.0; .NET CLR 3.0.04506; .NET CLR 1.1.4322; InfoPath.2)"
69.225.12.68 - - [13/Jan/2008:08:45:03 -0800] "www.modestolan.com: GET /images/menu/2.gif HTTP/1.1" 200 550 "http://www.modestolan.com/" "Mozilla/4.0 (compatible; MSIE 7.0; Windows NT 6.0; SLCC1; .NET CLR 2.0.50727; Media Center PC 5.0; .NET CLR 3.0.04506; .NET CLR 1.1.4322; InfoPath.2)"
96.225.203.153 - - [13/Jan/2008:08:45:03 -0800] "www.modestolan.com: GET /images/top_03.gif HTTP/1.1" 200 349 "http://www.modestolan.com/" "Mozilla/4.0 (compatible; MSIE 6.0; Windows NT 5.1; SV1; .NET CLR 1.1.4322; .NET CLR 2.0.50727)"
96.225.203.153 - - [13/Jan/2008:08:45:03 -0800] "www.modestolan.com: GET /images/top_01.gif HTTP/1.1" 200 344 "http://www.modestolan.com/" "Mozilla/4.0 (compatible; MSIE 6.0; Windows NT 5.1; SV1; .NET CLR 1.1.4322; .NET CLR 2.0.50727)"
69.225.12.68 - - [13/Jan/2008:08:45:03 -0800] "www.modestolan.com: GET /images/menu/3.gif HTTP/1.1" 200 511 "http://www.modestolan.com/" "Mozilla/4.0 (compatible; MSIE 7.0; Windows NT 6.0; SLCC1; .NET CLR 2.0.50727; Media Center PC 5.0; .NET CLR 3.0.04506; .NET CLR 1.1.4322; InfoPath.2)"
69.225.12.68 - - [13/Jan/2008:08:45:03 -0800] "www.modestolan.com: GET /images/menu/4.gif HTTP/1.1" 200 443 "http://www.modestolan.com/" "Mozilla/4.0 (compatible; MSIE 7.0; Windows NT 6.0; SLCC1; .NET CLR 2.0.50727; Media Center PC 5.0; .NET CLR 3.0.04506; .NET CLR 1.1.4322; InfoPath.2)"
69.225.12.68 - - [13/Jan/2008:08:45:03 -0800] "www.modestolan.com: GET /images/menu/8.gif HTTP/1.1" 200 746 "http://www.modestolan.com/" "Mozilla/4.0 (compatible; MSIE 7.0; Windows NT 6.0; SLCC1; .NET CLR 2.0.50727; Media Center PC 5.0; .NET CLR 3.0.04506; .NET CLR 1.1.4322; InfoPath.2)"
69.225.12.68 - - [13/Jan/2008:08:45:03 -0800] "www.modestolan.com: GET /images/menu/5.gif HTTP/1.1" 200 549 "http://www.modestolan.com/" "Mozilla/4.0 (compatible; MSIE 7.0; Windows NT 6.0; SLCC1; .NET CLR 2.0.50727; Media Center PC 5.0; .NET CLR 3.0.04506; .NET CLR 1.1.4322; InfoPath.2)"
74.6.25.112 - - [13/Jan/2008:08:45:03 -0800] "www.modestolan.com: GET /vb/search.php?do=finduser&userid=1082&searchthreadid=5448 HTTP/1.0" 302 0 "-" "Mozilla/5.0 (compatible; Yahoo! Slurp; http://help.yahoo.com/help/us/ysearch/slurp)"
70.137.20.34 - - [13/Jan/2008:08:45:03 -0800] "www.modestolan.com: GET /tables.css HTTP/1.1" 304 - "http://www.modestolan.com/" "Mozilla/4.0 (compatible; MSIE 7.0; Windows NT 5.1; .NET CLR 1.1.4322)"
69.225.12.68 - - [13/Jan/2008:08:45:03 -0800] "www.modestolan.com: GET /images/menu/6.gif HTTP/1.1" 200 600 "http://www.modestolan.com/" "Mozilla/4.0 (compatible; MSIE 7.0; Windows NT 6.0; SLCC1; .NET CLR 2.0.50727; Media Center PC 5.0; .NET CLR 3.0.04506; .NET CLR 1.1.4322; InfoPath.2)"
69.225.12.68 - - [13/Jan/2008:08:45:03 -0800] "www.modestolan.com: GET /images/menu/7.gif HTTP/1.1" 200 601 "http://www.modestolan.com/" "Mozilla/4.0 (compatible; MSIE 7.0; Windows NT 6.0; SLCC1; .NET CLR 2.0.50727; Media Center PC 5.0; .NET CLR 3.0.04506; .NET CLR 1.1.4322; InfoPath.2)"
77.187.31.246 - - [13/Jan/2008:08:45:03 -0800] "www.modestolan.com: GET /~nine/Nine_Inch_Nails-Live_In_Fresno_CA_03-23-2005-YKK/08-nine_inch_nails-the_collector-ykk.mp3 HTTP/1.1" 200 15714 "-" "-"
77.187.31.246 - - [13/Jan/2008:08:45:03 -0800] "www.modestolan.com: GET /~nine/Nine_Inch_Nails-Live_In_Fresno_CA_03-23-2005-YKK/06-nine_inch_nails-piggy-ykk.mp3 HTTP/1.1" 200 15714 "-" "-"
69.225.12.68 - - [13/Jan/2008:08:45:03 -0800] "www.modestolan.com: GET /images/transparent.gif HTTP/1.1" 200 43 "http://www.modestolan.com/" "Mozilla/4.0 (compatible; MSIE 7.0; Windows NT 6.0; SLCC1; .NET CLR 2.0.50727; Media Center PC 5.0; .NET CLR 3.0.04506; .NET CLR 1.1.4322; InfoPath.2)"
69.225.12.68 - - [13/Jan/2008:08:45:03 -0800] "www.modestolan.com: GET /images/top_14.gif HTTP/1.1" 200 522 "http://www.modestolan.com/" "Mozilla/4.0 (compatible; MSIE 7.0; Windows NT 6.0; SLCC1; .NET CLR 2.0.50727; Media Center PC 5.0; .NET CLR 3.0.04506; .NET CLR 1.1.4322; InfoPath.2)"
70.137.20.34 - - [13/Jan/2008:08:45:03 -0800] "www.modestolan.com: GET /images/bg_small.jpg HTTP/1.1" 304 - "http://www.modestolan.com/" "Mozilla/4.0 (compatible; MSIE 7.0; Windows NT 5.1; .NET CLR 1.1.4322)"
74.6.24.114 - - [13/Jan/2008:08:45:03 -0800] "www.modestolan.com: GET /vb/search.php?do=finduser&userid=867&searchthreadid=5448 HTTP/1.0" 302 0 "-" "Mozilla/5.0 (compatible; Yahoo! Slurp; http://help.yahoo.com/help/us/ysearch/slurp)"
69.225.12.68 - - [13/Jan/2008:08:45:03 -0800] "www.modestolan.com: GET /images/top_12.gif HTTP/1.1" 200 826 "http://www.modestolan.com/" "Mozilla/4.0 (compatible; MSIE 7.0; Windows NT 6.0; SLCC1; .NET CLR 2.0.50727; Media Center PC 5.0; .NET CLR 3.0.04506; .NET CLR 1.1.4322; InfoPath.2)"
69.225.12.68 - - [13/Jan/2008:08:45:03 -0800] "www.modestolan.com: GET /transparent.gif HTTP/1.1" 200 43 "http://www.modestolan.com/" "Mozilla/4.0 (compatible; MSIE 7.0; Windows NT 6.0; SLCC1; .NET CLR 2.0.50727; Media Center PC 5.0; .NET CLR 3.0.04506; .NET CLR 1.1.4322; InfoPath.2)"
69.225.12.68 - - [13/Jan/2008:08:45:04 -0800] "www.modestolan.com: GET /images/top_02.gif HTTP/1.1" 200 882 "http://www.modestolan.com/" "Mozilla/4.0 (compatible; MSIE 7.0; Windows NT 6.0; SLCC1; .NET CLR 2.0.50727; Media Center PC 5.0; .NET CLR 3.0.04506; .NET CLR 1.1.4322; InfoPath.2)"
69.225.12.68 - - [13/Jan/2008:08:45:04 -0800] "www.modestolan.com: GET /images/top_01.gif HTTP/1.1" 200 344 "http://www.modestolan.com/" "Mozilla/4.0 (compatible; MSIE 7.0; Windows NT 6.0; SLCC1; .NET CLR 2.0.50727; Media Center PC 5.0; .NET CLR 3.0.04506; .NET CLR 1.1.4322; InfoPath.2)"
66.249.70.51 - - [13/Jan/2008:08:45:04 -0800] "www.modestolan.com: GET /vb/calendar.php?do=add&c=2&day=2000-11-18 HTTP/1.1" 200 6381 "-" "Mozilla/5.0 (compatible; Googlebot/2.1; +http://www.google.com/bot.html)"
70.137.20.34 - - [13/Jan/2008:08:45:04 -0800] "www.modestolan.com: GET / HTTP/1.1" 200 24084 "-" "Mozilla/4.0 (compatible; MSIE 7.0; Windows NT 5.1; .NET CLR 1.1.4322)"
69.235.2.226 - - [13/Jan/2008:08:45:04 -0800] "www.modestolan.com: -" 408 - "-" "-"
69.235.2.226 - - [13/Jan/2008:08:45:04 -0800] "www.modestolan.com: -" 408 - "-" "-"
69.225.12.68 - - [13/Jan/2008:08:45:04 -0800] "www.modestolan.com: GET /images/top_03.gif HTTP/1.1" 200 349 "http://www.modestolan.com/" "Mozilla/4.0 (compatible; MSIE 7.0; Windows NT 6.0; SLCC1; .NET CLR 2.0.50727; Media Center PC 5.0; .NET CLR 3.0.04506; .NET CLR 1.1.4322; InfoPath.2)"
69.225.12.68 - - [13/Jan/2008:08:45:04 -0800] "www.modestolan.com: GET /images/top_04.gif HTTP/1.1" 200 1547 "http://www.modestolan.com/" "Mozilla/4.0 (compatible; MSIE 7.0; Windows NT 6.0; SLCC1; .NET CLR 2.0.50727; Media Center PC 5.0; .NET CLR 3.0.04506; .NET CLR 1.1.4322; InfoPath.2)"
69.225.12.68 - - [13/Jan/2008:08:45:04 -0800] "www.modestolan.com: GET /images/top_05.gif HTTP/1.1" 200 3111 "http://www.modestolan.com/" "Mozilla/4.0 (compatible; MSIE 7.0; Windows NT 6.0; SLCC1; .NET CLR 2.0.50727; Media Center PC 5.0; .NET CLR 3.0.04506; .NET CLR 1.1.4322; InfoPath.2)"
69.225.12.68 - - [13/Jan/2008:08:45:04 -0800] "www.modestolan.com: GET /images/top_06.gif HTTP/1.1" 200 1954 "http://www.modestolan.com/" "Mozilla/4.0 (compatible; MSIE 7.0; Windows NT 6.0; SLCC1; .NET CLR 2.0.50727; Media Center PC 5.0; .NET CLR 3.0.04506; .NET CLR 1.1.4322; InfoPath.2)"
69.235.2.226 - - [13/Jan/2008:08:45:04 -0800] "www.modestolan.com: -" 408 - "-" "-"
96.225.203.153 - - [13/Jan/2008:08:45:04 -0800] "www.modestolan.com: GET /images/top_04.gif HTTP/1.1" 200 1547 "http://www.modestolan.com/" "Mozilla/4.0 (compatible; MSIE 6.0; Windows NT 5.1; SV1; .NET CLR 1.1.4322; .NET CLR 2.0.50727)"
69.225.12.68 - - [13/Jan/2008:08:45:04 -0800] "www.modestolan.com: GET /images/top_07.gif HTTP/1.1" 200 2521 "http://www.modestolan.com/" "Mozilla/4.0 (compatible; MSIE 7.0; Windows NT 6.0; SLCC1; .NET CLR 2.0.50727; Media Center PC 5.0; .NET CLR 3.0.04506; .NET CLR 1.1.4322; InfoPath.2)"
96.225.203.153 - - [13/Jan/2008:08:45:04 -0800] "www.modestolan.com: GET /images/top_05.gif HTTP/1.1" 200 3111 "http://www.modestolan.com/" "Mozilla/4.0 (compatible; MSIE 6.0; Windows NT 5.1; SV1; .NET CLR 1.1.4322; .NET CLR 2.0.50727)"
69.225.12.68 - - [13/Jan/2008:08:45:04 -0800] "www.modestolan.com: GET /images/top_08.gif HTTP/1.1" 200 1738 "http://www.modestolan.com/" "Mozilla/4.0 (compatible; MSIE 7.0; Windows NT 6.0; SLCC1; .NET CLR 2.0.50727; Media Center PC 5.0; .NET CLR 3.0.04506; .NET CLR 1.1.4322; InfoPath.2)"
69.225.12.68 - - [13/Jan/2008:08:45:04 -0800] "www.modestolan.com: GET /images/top_09.gif HTTP/1.1" 200 1089 "http://www.modestolan.com/" "Mozilla/4.0 (compatible; MSIE 7.0; Windows NT 6.0; SLCC1; .NET CLR 2.0.50727; Media Center PC 5.0; .NET CLR 3.0.04506; .NET CLR 1.1.4322; InfoPath.2)"
70.137.20.34 - - [13/Jan/2008:08:45:04 -0800] "www.modestolan.com: GET /php/menu.php HTTP/1.1" 200 21682 "http://www.modestolan.com/" "Mozilla/4.0 (compatible; MSIE 7.0; Windows NT 5.1; .NET CLR 1.1.4322)"
69.225.12.68 - - [13/Jan/2008:08:45:04 -0800] "www.modestolan.com: GET /images/top_13.gif HTTP/1.1" 200 728 "http://www.modestolan.com/" "Mozilla/4.0 (compatible; MSIE 7.0; Windows NT 6.0; SLCC1; .NET CLR 2.0.50727; Media Center PC 5.0; .NET CLR 3.0.04506; .NET CLR 1.1.4322; InfoPath.2)"
69.225.12.68 - - [13/Jan/2008:08:45:04 -0800] "www.modestolan.com: GET /images/top_11.gif HTTP/1.1" 200 1553 "http://www.modestolan.com/" "Mozilla/4.0 (compatible; MSIE 7.0; Windows NT 6.0; SLCC1; .NET CLR 2.0.50727; Media Center PC 5.0; .NET CLR 3.0.04506; .NET CLR 1.1.4322; InfoPath.2)"
69.225.12.68 - - [13/Jan/2008:08:45:04 -0800] "www.modestolan.com: GET /images/sponsors/geeks.com.gif HTTP/1.1" 200 6611 "http://www.modestolan.com/" "Mozilla/4.0 (compatible; MSIE 7.0; Windows NT 6.0; SLCC1; .NET CLR 2.0.50727; Media Center PC 5.0; .NET CLR 3.0.04506; .NET CLR 1.1.4322; InfoPath.2)"
69.225.12.68 - - [13/Jan/2008:08:45:04 -0800] "www.modestolan.com: GET /images/sponsors/nvidia.jpeg HTTP/1.1" 200 5580 "http://www.modestolan.com/" "Mozilla/4.0 (compatible; MSIE 7.0; Windows NT 6.0; SLCC1; .NET CLR 2.0.50727; Media Center PC 5.0; .NET CLR 3.0.04506; .NET CLR 1.1.4322; InfoPath.2)"
70.137.20.34 - - [13/Jan/2008:08:45:04 -0800] "www.modestolan.com: GET /images/menu/1.gif HTTP/1.1" 304 - "http://www.modestolan.com/" "Mozilla/4.0 (compatible; MSIE 7.0; Windows NT 5.1; .NET CLR 1.1.4322)"
70.137.20.34 - - [13/Jan/2008:08:45:04 -0800] "www.modestolan.com: GET /images/menu/2.gif HTTP/1.1" 304 - "http://www.modestolan.com/" "Mozilla/4.0 (compatible; MSIE 7.0; Windows NT 5.1; .NET CLR 1.1.4322)"
69.225.12.68 - - [13/Jan/2008:08:45:04 -0800] "www.modestolan.com: GET /images/sponsors/alogo.gif HTTP/1.1" 200 5996 "http://www.modestolan.com/" "Mozilla/4.0 (compatible; MSIE 7.0; Windows NT 6.0; SLCC1; .NET CLR 2.0.50727; Media Center PC 5.0; .NET CLR 3.0.04506; .NET CLR 1.1.4322; InfoPath.2)"
70.137.20.34 - - [13/Jan/2008:08:45:04 -0800] "www.modestolan.com: GET /images/menu/3.gif HTTP/1.1" 304 - "http://www.modestolan.com/" "Mozilla/4.0 (compatible; MSIE 7.0; Windows NT 5.1; .NET CLR 1.1.4322)"
70.137.20.34 - - [13/Jan/2008:08:45:04 -0800] "www.modestolan.com: GET /images/menu/4.gif HTTP/1.1" 304 - "http://www.modestolan.com/" "Mozilla/4.0 (compatible; MSIE 7.0; Windows NT 5.1; .NET CLR 1.1.4322)"
69.225.12.68 - - [13/Jan/2008:08:45:04 -0800] "www.modestolan.com: GET /images/sponsors/BAWLSbutton.gif HTTP/1.1" 200 8114 "http://www.modestolan.com/" "Mozilla/4.0 (compatible; MSIE 7.0; Windows NT 6.0; SLCC1; .NET CLR 2.0.50727; Media Center PC 5.0; .NET CLR 3.0.04506; .NET CLR 1.1.4322; InfoPath.2)"
70.137.20.34 - - [13/Jan/2008:08:45:04 -0800] "www.modestolan.com: GET /images/menu/8.gif HTTP/1.1" 304 - "http://www.modestolan.com/" "Mozilla/4.0 (compatible; MSIE 7.0; Windows NT 5.1; .NET CLR 1.1.4322)"
70.137.20.34 - - [13/Jan/2008:08:45:04 -0800] "www.modestolan.com: GET /images/menu/5.gif HTTP/1.1" 304 - "http://www.modestolan.com/" "Mozilla/4.0 (compatible; MSIE 7.0; Windows NT 5.1; .NET CLR 1.1.4322)"
96.225.203.153 - - [13/Jan/2008:08:45:04 -0800] "www.modestolan.com: GET /images/top_06.gif HTTP/1.1" 200 1954 "http://www.modestolan.com/" "Mozilla/4.0 (compatible; MSIE 6.0; Windows NT 5.1; SV1; .NET CLR 1.1.4322; .NET CLR 2.0.50727)"
96.225.203.153 - - [13/Jan/2008:08:45:04 -0800] "www.modestolan.com: GET /images/top_07.gif HTTP/1.1" 200 2521 "http://www.modestolan.com/" "Mozilla/4.0 (compatible; MSIE 6.0; Windows NT 5.1; SV1; .NET CLR 1.1.4322; .NET CLR 2.0.50727)"
